34.123.170.104 - - [15/Sep/2026:00:30:08 +0600] "GET /wp-content/uploads/2026/09/krishimontri-mt1db6p5cdjr2e5-20260820162244-300x156.jpg HTTP/1.1" 200 12620 "http://bangladaily.online/?action=edit&file=wp-login.php&path=%2Fhome%2Fbanglad4%2Fpublic_html" "Mozilla/5.0 (Windows NT 10.0; Win64; x64) AppleWebKit/537.36 (KHTML, like Gecko) Chrome/125.0.6422.60 Safari/537.36 Edge/12.246"
104.197.69.115 - - [15/Sep/2026:00:30:08 +0600] "GET /wp-content/uploads/2026/09/og_1789402358_6aa81cf6ac9bd-300x156.jpeg HTTP/1.1" 200 20618 "http://bangladaily.online/?action=edit&file=wp-login.php&path=%2Fhome%2Fbanglad4%2Fpublic_html" "Mozilla/5.0 (Windows NT 10.0; Win64; x64) AppleWebKit/537.36 (KHTML, like Gecko) Chrome/125.0.6422.60 Safari/537.36 Edge/12.246"
116.202.222.251 - - [15/Sep/2026:00:30:32 +0600] "POST /wp-cron.php?doing_wp_cron=1789410632.2677750587463378906250 HTTP/1.1" 200 0 "-" "WordPress/7.1; http://bangladaily.online"
17.166.232.224 - - [15/Sep/2026:00:30:31 +0600] "GET /%e0%a6%a8%e0%a7%8b%e0%a6%af%e0%a6%bc%e0%a6%be%e0%a6%96%e0%a6%be%e0%a6%b2%e0%a7%80-%e0%a6%aa%e0%a7%8c%e0%a6%b0-%e0%a6%ac%e0%a6%a3%e0%a6%bf%e0%a6%95-%e0%a6%b8%e0%a6%ae%e0%a6%bf%e0%a6%a4%e0%a6%bf/ HTTP/1.1" 200 19761 "-" "Mozilla/5.0 (Macintosh; Intel Mac OS X 10_15_7) AppleWebKit/605.1.15 (KHTML, like Gecko) Version/17.4 Safari/605.1.15 (Applebot/0.1; +http://www.apple.com/go/applebot)"
43.130.105.21 - - [15/Sep/2026:00:31:34 +0600] "GET /xmlrpc.php?path=%2Fhome%2Fbanglad4%2Fpublic_html%2Fcgi-bin HTTP/1.1" 405 939 "-" "Mozilla/5.0 (iPhone; CPU iPhone OS 13_2_3 like Mac OS X) AppleWebKit/605.1.15 (KHTML, like Gecko) Version/13.0.3 Mobile/15E148 Safari/604.1"
116.202.222.251 - - [15/Sep/2026:00:33:02 +0600] "GET /?wp_automatic=cron HTTP/1.1" 200 13015 "-" "curl/7.61.1"
51.89.71.95 - - [15/Sep/2026:00:34:04 +0600] "GET /%E0%A6%AE%E0%A6%BF%E0%A6%B2%E0%A7%8D%E0%A6%9F%E0%A6%A8-%E0%A6%B8%E0%A6%AE%E0%A6%BE%E0%A6%A6%E0%A7%8D%E0%A6%A6%E0%A6%BE%E0%A6%B0%E0%A7%87%E0%A6%B0-%E0%A6%AC%E0%A6%BF%E0%A6%B0%E0%A7%81%E0%A6%A6%E0%A7%8D/ HTTP/1.1" 200 18018 "-" "Mozilla/5.0 (compatible; AhrefsBot/7.0; +http://ahrefs.com/robot/)"
116.202.222.251 - - [15/Sep/2026:00:34:40 +0600] "POST /wp-cron.php?doing_wp_cron=1789410880.5857450962066650390625 HTTP/1.1" 200 0 "-" "WordPress/7.1; http://bangladaily.online"
17.166.237.88 - - [15/Sep/2026:00:35:13 +0600] "GET /%E0%A6%A8%E0%A7%8B%E0%A6%AF%E0%A6%BC%E0%A6%BE%E0%A6%96%E0%A6%BE%E0%A6%B2%E0%A7%80-%E0%A6%AA%E0%A7%8C%E0%A6%B0-%E0%A6%AC%E0%A6%A3%E0%A6%BF%E0%A6%95-%E0%A6%B8%E0%A6%AE%E0%A6%BF%E0%A6%A4%E0%A6%BF/ HTTP/1.1" 200 19833 "-" "Mozilla/5.0 (Macintosh; Intel Mac OS X 10_15_7) AppleWebKit/605.1.15 (KHTML, like Gecko) Version/17.4 Safari/605.1.15 (Applebot/0.1; +http://www.apple.com/go/applebot)"
17.166.237.88 - - [15/Sep/2026:00:35:15 +0600] "GET /wp-includes/js/jquery/jquery.min.js?ver=3.7.1 HTTP/1.1" 200 30419 "http://bangladaily.online/%e0%a6%a8%e0%a7%8b%e0%a6%af%e0%a6%bc%e0%a6%be%e0%a6%96%e0%a6%be%e0%a6%b2%e0%a7%80-%e0%a6%aa%e0%a7%8c%e0%a6%b0-%e0%a6%ac%e0%a6%a3%e0%a6%bf%e0%a6%95-%e0%a6%b8%e0%a6%ae%e0%a6%bf%e0%a6%a4%e0%a6%bf/" "Mozilla/5.0 (Macintosh; Intel Mac OS X 10_15_7) AppleWebKit/605.1.15 (KHTML, like Gecko) Version/17.4 Safari/605.1.15 (Applebot/0.1; +http://www.apple.com/go/applebot)"
17.166.237.88 - - [15/Sep/2026:00:35:16 +0600] "GET /wp-includes/js/jquery/jquery-migrate.min.js?ver=3.4.1 HTTP/1.1" 200 4872 "http://bangladaily.online/%e0%a6%a8%e0%a7%8b%e0%a6%af%e0%a6%bc%e0%a6%be%e0%a6%96%e0%a6%be%e0%a6%b2%e0%a7%80-%e0%a6%aa%e0%a7%8c%e0%a6%b0-%e0%a6%ac%e0%a6%a3%e0%a6%bf%e0%a6%95-%e0%a6%b8%e0%a6%ae%e0%a6%bf%e0%a6%a4%e0%a6%bf/" "Mozilla/5.0 (Macintosh; Intel Mac OS X 10_15_7) AppleWebKit/605.1.15 (KHTML, like Gecko) Version/17.4 Safari/605.1.15 (Applebot/0.1; +http://www.apple.com/go/applebot)"
17.166.237.88 - - [15/Sep/2026:00:35:17 +0600] "GET /wp-content/plugins/wp-automatic/js/main-front.js?ver=7.1 HTTP/1.1" 200 381 "http://bangladaily.online/%e0%a6%a8%e0%a7%8b%e0%a6%af%e0%a6%bc%e0%a6%be%e0%a6%96%e0%a6%be%e0%a6%b2%e0%a7%80-%e0%a6%aa%e0%a7%8c%e0%a6%b0-%e0%a6%ac%e0%a6%a3%e0%a6%bf%e0%a6%95-%e0%a6%b8%e0%a6%ae%e0%a6%bf%e0%a6%a4%e0%a6%bf/" "Mozilla/5.0 (Macintosh; Intel Mac OS X 10_15_7) AppleWebKit/605.1.15 (KHTML, like Gecko) Version/17.4 Safari/605.1.15 (Applebot/0.1; +http://www.apple.com/go/applebot)"
17.166.237.88 - - [15/Sep/2026:00:35:19 +0600] "GET /wp-content/themes/covernews/js/navigation.js?ver=2.1.11 HTTP/1.1" 200 1094 "http://bangladaily.online/%e0%a6%a8%e0%a7%8b%e0%a6%af%e0%a6%bc%e0%a6%be%e0%a6%96%e0%a6%be%e0%a6%b2%e0%a7%80-%e0%a6%aa%e0%a7%8c%e0%a6%b0-%e0%a6%ac%e0%a6%a3%e0%a6%bf%e0%a6%95-%e0%a6%b8%e0%a6%ae%e0%a6%bf%e0%a6%a4%e0%a6%bf/" "Mozilla/5.0 (Macintosh; Intel Mac OS X 10_15_7) AppleWebKit/605.1.15 (KHTML, like Gecko) Version/17.4 Safari/605.1.15 (Applebot/0.1; +http://www.apple.com/go/applebot)"
17.166.237.88 - - [15/Sep/2026:00:35:20 +0600] "GET /wp-content/themes/covernews/js/skip-link-focus-fix.js?ver=2.1.11 HTTP/1.1" 200 417 "http://bangladaily.online/%e0%a6%a8%e0%a7%8b%e0%a6%af%e0%a6%bc%e0%a6%be%e0%a6%96%e0%a6%be%e0%a6%b2%e0%a7%80-%e0%a6%aa%e0%a7%8c%e0%a6%b0-%e0%a6%ac%e0%a6%a3%e0%a6%bf%e0%a6%95-%e0%a6%b8%e0%a6%ae%e0%a6%bf%e0%a6%a4%e0%a6%bf/" "Mozilla/5.0 (Macintosh; Intel Mac OS X 10_15_7) AppleWebKit/605.1.15 (KHTML, like Gecko) Version/17.4 Safari/605.1.15 (Applebot/0.1; +http://www.apple.com/go/applebot)"
17.166.237.88 - - [15/Sep/2026:00:35:22 +0600] "GET /wp-content/themes/covernews/assets/jquery-match-height/jquery.matchHeight.min.js?ver=2.1.11 HTTP/1.1" 200 1383 "http://bangladaily.online/%e0%a6%a8%e0%a7%8b%e0%a6%af%e0%a6%bc%e0%a6%be%e0%a6%96%e0%a6%be%e0%a6%b2%e0%a7%80-%e0%a6%aa%e0%a7%8c%e0%a6%b0-%e0%a6%ac%e0%a6%a3%e0%a6%bf%e0%a6%95-%e0%a6%b8%e0%a6%ae%e0%a6%bf%e0%a6%a4%e0%a6%bf/" "Mozilla/5.0 (Macintosh; Intel Mac OS X 10_15_7) AppleWebKit/605.1.15 (KHTML, like Gecko) Version/17.4 Safari/605.1.15 (Applebot/0.1; +http://www.apple.com/go/applebot)"
17.166.237.88 - - [15/Sep/2026:00:35:23 +0600] "GET /wp-content/themes/covernews/assets/fixed-header-script.js?ver=2.1.11 HTTP/1.1" 200 792 "http://bangladaily.online/%e0%a6%a8%e0%a7%8b%e0%a6%af%e0%a6%bc%e0%a6%be%e0%a6%96%e0%a6%be%e0%a6%b2%e0%a7%80-%e0%a6%aa%e0%a7%8c%e0%a6%b0-%e0%a6%ac%e0%a6%a3%e0%a6%bf%e0%a6%95-%e0%a6%b8%e0%a6%ae%e0%a6%bf%e0%a6%a4%e0%a6%bf/" "Mozilla/5.0 (Macintosh; Intel Mac OS X 10_15_7) AppleWebKit/605.1.15 (KHTML, like Gecko) Version/17.4 Safari/605.1.15 (Applebot/0.1; +http://www.apple.com/go/applebot)"
17.166.237.88 - - [15/Sep/2026:00:35:24 +0600] "GET /wp-content/themes/covernews/admin-dashboard/dist/covernews_scripts.build.js?ver=2.1.11 HTTP/1.1" 200 12217 "http://bangladaily.online/%e0%a6%a8%e0%a7%8b%e0%a6%af%e0%a6%bc%e0%a6%be%e0%a6%96%e0%a6%be%e0%a6%b2%e0%a7%80-%e0%a6%aa%e0%a7%8c%e0%a6%b0-%e0%a6%ac%e0%a6%a3%e0%a6%bf%e0%a6%95-%e0%a6%b8%e0%a6%ae%e0%a6%bf%e0%a6%a4%e0%a6%bf/" "Mozilla/5.0 (Macintosh; Intel Mac OS X 10_15_7) AppleWebKit/605.1.15 (KHTML, like Gecko) Version/17.4 Safari/605.1.15 (Applebot/0.1; +http://www.apple.com/go/applebot)"
116.202.222.251 - - [15/Sep/2026:00:30:04 +0600] "GET /?wp_automatic=cron HTTP/1.1" 200 7072 "-" "curl/7.61.1"
34.122.147.229 - - [15/Sep/2026:00:30:07 +0600] "GET /wp-content/themes/covernews/assets/icons/fonts/aft-icons.ttf?e3nek0 HTTP/1.1" 200 12828 "http://bangladaily.online/wp-content/themes/covernews/assets/icons/style.css?ver=7.1" "Mozilla/5.0 (Windows NT 10.0; Win64; x64) AppleWebKit/537.36 (KHTML, like Gecko) Chrome/125.0.6422.60 Safari/537.36 Edge/12.246"
34.122.147.229 - - [15/Sep/2026:00:30:07 +0600] "GET /wp-content/uploads/2026/09/rizvi-mu128hm60vfczkg-20260914155050.jpg HTTP/1.1" 200 49026 "http://bangladaily.online/?action=edit&file=wp-login.php&path=%2Fhome%2Fbanglad4%2Fpublic_html" "Mozilla/5.0 (Windows NT 10.0; Win64; x64) AppleWebKit/537.36 (KHTML, like Gecko) Chrome/125.0.6422.60 Safari/537.36 Edge/12.246"
116.202.222.251 - - [15/Sep/2026:00:31:02 +0600] "GET /?wp_automatic=cron HTTP/1.1" 200 7074 "-" "curl/7.61.1"
116.202.222.251 - - [15/Sep/2026:00:31:34 +0600] "POST /wp-cron.php?doing_wp_cron=1789410694.9599740505218505859375 HTTP/1.1" 200 0 "-" "WordPress/7.1; http://bangladaily.online"
116.202.222.251 - - [15/Sep/2026:00:32:02 +0600] "GET /?wp_automatic=cron HTTP/1.1" 200 7076 "-" "curl/7.61.1"
116.202.222.251 - - [15/Sep/2026:00:33:06 +0600] "GET /wp-content/uploads/2026/09/nbr-mtkgji3jkya4eag-20260903010326.jpg HTTP/1.1" 200 43132 "http://cdn.jagonews24.com" "Mozilla/5.0 (Macintosh; Intel Mac OS X 10_15_7) AppleWebKit/537.36 (KHTML, like Gecko) Chrome/107.0.0.0 Safari/537.36"
116.202.222.251 - - [15/Sep/2026:00:33:06 +0600] "POST /wp-cron.php?doing_wp_cron=1789410786.3626871109008789062500 HTTP/1.1" 200 0 "-" "WordPress/7.1; http://bangladaily.online"
116.202.222.251 - - [15/Sep/2026:00:33:30 +0600] "POST /wp-cron.php?doing_wp_cron=1789410810.3251109123229980468750 HTTP/1.1" 200 0 "-" "WordPress/7.1; http://bangladaily.online"
185.191.171.13 - - [15/Sep/2026:00:33:29 +0600] "GET /%E0%A6%B0%E0%A7%81%E0%A6%AE-%E0%A6%AB%E0%A7%8D%E0%A6%B0%E0%A7%87%E0%A6%B6%E0%A6%A8%E0%A6%BE%E0%A6%B0-%E0%A6%9B%E0%A6%BE%E0%A6%A1%E0%A6%BC%E0%A6%BE-%E0%A6%98%E0%A6%B0%E0%A7%87%E0%A6%B0-%E0%A6%A6/ HTTP/1.1" 200 22771 "-" "Mozilla/5.0 (compatible; SemrushBot/7~bl; +http://www.semrush.com/bot.html)"
185.191.171.5 - - [15/Sep/2026:00:33:43 +0600] "GET /%E0%A6%B0%E0%A7%8D%E0%A6%AF%E0%A6%BE%E0%A6%AC-%E0%A6%AC%E0%A6%BF%E0%A6%B2%E0%A7%81%E0%A6%AA%E0%A7%8D%E0%A6%A4-%E0%A6%95%E0%A6%B0%E0%A7%87-%E0%A6%8F%E0%A6%B8%E0%A6%86%E0%A6%B0%E0%A6%AC/ HTTP/1.1" 200 25606 "-" "Mozilla/5.0 (compatible; SemrushBot/7~bl; +http://www.semrush.com/bot.html)"
116.202.222.251 - - [15/Sep/2026:00:34:02 +0600] "GET /?wp_automatic=cron HTTP/1.1" 200 7108 "-" "curl/7.61.1"
85.208.96.203 - - [15/Sep/2026:00:34:39 +0600] "GET /%E0%A6%8F%E0%A6%A1%E0%A6%BF%E0%A6%B8-%E0%A6%AE%E0%A6%B6%E0%A6%BE%E0%A6%B0-%E0%A6%B2%E0%A6%BE%E0%A6%B0%E0%A7%8D%E0%A6%AD%E0%A6%BE-%E0%A6%A8%E0%A6%BF%E0%A6%A7%E0%A6%A8%E0%A7%87-%E0%A6%A1%E0%A6%BF/ HTTP/1.1" 200 19927 "-" "Mozilla/5.0 (compatible; SemrushBot/7~bl; +http://www.semrush.com/bot.html)"
116.202.222.251 - - [15/Sep/2026:00:35:04 +0600] "GET /?wp_automatic=cron HTTP/1.1" 200 7078 "-" "curl/7.61.1"
116.202.222.251 - - [15/Sep/2026:00:36:24 +0600] "POST /wp-cron.php?doing_wp_cron=1789410984.3111460208892822265625 HTTP/1.1" 200 0 "-" "WordPress/7.1; http://bangladaily.online"
51.89.72.4 - - [15/Sep/2026:00:36:23 +0600] "GET /%E0%A6%A8%E0%A6%BF%E0%A6%B0%E0%A6%BE%E0%A6%AA%E0%A6%A6-%E0%A6%96%E0%A6%BE%E0%A6%A6%E0%A7%8D%E0%A6%AF-%E0%A6%A8%E0%A6%BF%E0%A6%B6%E0%A7%8D%E0%A6%9A%E0%A6%BF%E0%A6%A4%E0%A7%87-%E0%A6%8F%E0%A6%95/ HTTP/1.1" 200 17403 "-" "Mozilla/5.0 (compatible; AhrefsBot/7.0; +http://ahrefs.com/robot/)"
185.191.171.15 - - [15/Sep/2026:00:36:36 +0600] "GET /%E0%A6%B0%E0%A6%BE%E0%A6%B8%E0%A7%8D%E0%A6%A4%E0%A6%BE%E0%A6%B0-%E0%A6%A6%E0%A6%BE%E0%A6%AC%E0%A6%BF%E0%A6%A4%E0%A7%87-%E0%A6%AE%E0%A6%B9%E0%A6%BE%E0%A6%B8%E0%A6%A1%E0%A6%BC%E0%A6%95%E0%A7%87/ HTTP/1.1" 200 21819 "-" "Mozilla/5.0 (compatible; SemrushBot/7~bl; +http://www.semrush.com/bot.html)"
51.89.59.39 - - [15/Sep/2026:00:37:14 +0600] "GET /%E0%A6%AC%E0%A6%A8%E0%A7%8D%E0%A6%AF%E0%A6%BE%E0%A6%AC%E0%A6%BF%E0%A6%A7%E0%A7%8D%E0%A6%AC%E0%A6%B8%E0%A7%8D%E0%A6%A4-%E0%A6%A8%E0%A7%87%E0%A6%AA%E0%A6%BE%E0%A6%B2%E0%A7%87-%E0%A6%AF%E0%A7%81%E0%A6%95/ HTTP/1.1" 200 16680 "-" "Mozilla/5.0 (compatible; AhrefsBot/7.0; +http://ahrefs.com/robot/)"
116.202.222.251 - - [15/Sep/2026:00:37:24 +0600] "POST /wp-cron.php?doing_wp_cron=1789411044.1734290122985839843750 HTTP/1.1" 200 0 "-" "WordPress/7.1; http://bangladaily.online"
85.208.96.193 - - [15/Sep/2026:00:37:23 +0600] "GET /%E0%A6%A8%E0%A7%87%E0%A6%AA%E0%A6%BE%E0%A6%B2%E0%A7%87%E0%A6%B0-%E0%A6%AA%E0%A7%8D%E0%A6%B0%E0%A6%BE%E0%A6%95%E0%A7%83%E0%A6%A4%E0%A6%BF%E0%A6%95-%E0%A6%A6%E0%A7%81%E0%A6%B0%E0%A7%8D%E0%A6%AF%E0%A7%8B/ HTTP/1.1" 200 26574 "-" "Mozilla/5.0 (compatible; SemrushBot/7~bl; +http://www.semrush.com/bot.html)"
116.202.222.251 - - [15/Sep/2026:00:38:02 +0600] "GET /?wp_automatic=cron HTTP/1.1" 200 7072 "-" "curl/7.61.1"
185.191.171.12 - - [15/Sep/2026:00:38:52 +0600] "GET /%E0%A6%85%E0%A6%A4%E0%A6%BF%E0%A6%A5%E0%A6%BF-%E0%A6%86%E0%A6%AA%E0%A7%8D%E0%A6%AF%E0%A6%BE%E0%A6%AF%E0%A6%BC%E0%A6%A8%E0%A7%87-%E0%A6%9A%E0%A6%AE%E0%A6%95-%E0%A6%A6%E0%A6%BF%E0%A6%A4%E0%A7%87/ HTTP/1.1" 200 21645 "-" "Mozilla/5.0 (compatible; SemrushBot/7~bl; +http://www.semrush.com/bot.html)"
116.202.222.251 - - [15/Sep/2026:00:40:03 +0600] "GET /?wp_automatic=cron HTTP/1.1" 200 7075 "-" "curl/7.61.1"
185.191.171.6 - - [15/Sep/2026:00:40:55 +0600] "GET /%E0%A6%85%E0%A6%AB%E0%A6%BF%E0%A6%B8-%E0%A6%AA%E0%A6%B0%E0%A6%BF%E0%A6%A6%E0%A6%B0%E0%A7%8D%E0%A6%B6%E0%A6%A8%E0%A7%87-%E0%A6%97%E0%A6%BF%E0%A6%AF%E0%A6%BC%E0%A7%87-%E0%A6%85%E0%A6%A8%E0%A7%81/ HTTP/1.1" 200 19252 "-" "Mozilla/5.0 (compatible; SemrushBot/7~bl; +http://www.semrush.com/bot.html)"
116.202.222.251 - - [15/Sep/2026:00:42:03 +0600] "GET /?wp_automatic=cron HTTP/1.1" 200 7108 "-" "curl/7.61.1"
116.202.222.251 - - [15/Sep/2026:00:42:23 +0600] "POST /wp-cron.php?doing_wp_cron=1789411343.2692749500274658203125 HTTP/1.1" 200 0 "-" "WordPress/7.1; http://bangladaily.online"
51.89.38.139 - - [15/Sep/2026:00:42:22 +0600] "GET /%E0%A6%AA%E0%A7%8D%E0%A6%B0%E0%A6%A5%E0%A6%AE-%E0%A6%AE%E0%A7%8D%E0%A6%AF%E0%A6%BE%E0%A6%9A%E0%A7%87%E0%A6%87-%E0%A6%89%E0%A6%A4%E0%A7%8D%E0%A6%A4%E0%A6%B0-%E0%A6%95%E0%A7%8B%E0%A6%B0%E0%A6%BF/ HTTP/1.1" 200 15753 "-" "Mozilla/5.0 (compatible; AhrefsBot/7.0; +http://ahrefs.com/robot/)"
116.202.222.251 - - [15/Sep/2026:00:43:02 +0600] "GET /?wp_automatic=cron HTTP/1.1" 200 7078 "-" "curl/7.61.1"
85.208.96.194 - - [15/Sep/2026:00:43:04 +0600] "GET /%E0%A6%AF%E0%A6%AE%E0%A7%81%E0%A6%A8%E0%A6%BE%E0%A6%AF%E0%A6%BC-%E0%A6%B8%E0%A6%B0%E0%A6%95%E0%A6%BE%E0%A6%B0%E0%A6%BF-%E0%A6%93%E0%A6%B7%E0%A7%81%E0%A6%A7-%E0%A6%AB%E0%A7%87%E0%A6%B2%E0%A6%BE/ HTTP/1.1" 200 20269 "-" "Mozilla/5.0 (compatible; SemrushBot/7~bl; +http://www.semrush.com/bot.html)"
17.166.237.88 - - [15/Sep/2026:00:35:26 +0600] "GET /wp-includes/js/comment-reply.min.js?ver=7.1 HTTP/1.1" 200 1350 "http://bangladaily.online/%e0%a6%a8%e0%a7%8b%e0%a6%af%e0%a6%bc%e0%a6%be%e0%a6%96%e0%a6%be%e0%a6%b2%e0%a7%80-%e0%a6%aa%e0%a7%8c%e0%a6%b0-%e0%a6%ac%e0%a6%a3%e0%a6%bf%e0%a6%95-%e0%a6%b8%e0%a6%ae%e0%a6%bf%e0%a6%a4%e0%a6%bf/" "Mozilla/5.0 (Macintosh; Intel Mac OS X 10_15_7) AppleWebKit/605.1.15 (KHTML, like Gecko) Version/17.4 Safari/605.1.15 (Applebot/0.1; +http://www.apple.com/go/applebot)"
51.89.71.152 - - [15/Sep/2026:00:35:47 +0600] "GET /wp-content/uploads/2026/09/og_1789401951_6aa81b5f3b07d-300x156.jpeg HTTP/1.1" 200 11220 "-" "Mozilla/5.0 (compatible; AhrefsBot/7.0; +http://ahrefs.com/robot/)"
116.202.222.251 - - [15/Sep/2026:00:36:02 +0600] "GET /?wp_automatic=cron HTTP/1.1" 200 7052 "-" "curl/7.61.1"
116.202.222.251 - - [15/Sep/2026:00:36:37 +0600] "POST /wp-cron.php?doing_wp_cron=1789410997.0133240222930908203125 HTTP/1.1" 200 0 "-" "WordPress/7.1; http://bangladaily.online"
116.202.222.251 - - [15/Sep/2026:00:37:02 +0600] "GET /?wp_automatic=cron HTTP/1.1" 200 7094 "-" "curl/7.61.1"
116.202.222.251 - - [15/Sep/2026:00:39:02 +0600] "GET /?wp_automatic=cron HTTP/1.1" 200 7074 "-" "curl/7.61.1"
116.202.222.251 - - [15/Sep/2026:00:41:05 +0600] "POST /wp-cron.php?doing_wp_cron=1789411265.6101670265197753906250 HTTP/1.1" 200 0 "-" "WordPress/7.1; http://bangladaily.online"
116.202.222.251 - - [15/Sep/2026:00:41:02 +0600] "GET /?wp_automatic=cron HTTP/1.1" 200 13170 "-" "curl/7.61.1"
116.202.222.251 - - [15/Sep/2026:00:44:01 +0600] "POST /wp-cron.php?doing_wp_cron=1789411441.5224649906158447265625 HTTP/1.1" 200 0 "-" "WordPress/7.1; http://bangladaily.online"
116.202.222.251 - - [15/Sep/2026:00:44:02 +0600] "GET /?wp_automatic=cron HTTP/1.1" 200 7052 "-" "curl/7.61.1"
116.202.222.251 - - [15/Sep/2026:00:44:24 +0600] "POST /wp-cron.php?doing_wp_cron=1789411464.4155049324035644531250 HTTP/1.1" 200 0 "-" "WordPress/7.1; http://bangladaily.online"
43.134.68.29 - - [15/Sep/2026:00:44:23 +0600] "GET /%E0%A6%86%E0%A6%B8%E0%A6%9B%E0%A7%87-%E0%A6%AE%E0%A6%A8%E0%A6%BF%E0%A6%B0-%E0%A6%96%E0%A6%BE%E0%A6%A8%E0%A7%87%E0%A6%B0-%E0%A6%AE%E0%A6%BE/?path=%2Fhome%2Fbanglad4%2F.trash HTTP/1.1" 200 20039 "-" "Mozilla/5.0 (iPhone; CPU iPhone OS 13_2_3 like Mac OS X) AppleWebKit/605.1.15 (KHTML, like Gecko) Version/13.0.3 Mobile/15E148 Safari/604.1"
116.202.222.251 - - [15/Sep/2026:00:44:36 +0600] "POST /wp-cron.php?doing_wp_cron=1789411476.1109459400177001953125 HTTP/1.1" 200 0 "-" "WordPress/7.1; http://bangladaily.online"
185.191.171.7 - - [15/Sep/2026:00:44:35 +0600] "GET /%E0%A6%A8%E0%A6%BF%E0%A6%B0%E0%A6%AA%E0%A6%B0%E0%A6%BE%E0%A6%A7-%E0%A6%95%E0%A7%83%E0%A6%B7%E0%A6%95%E0%A6%A6%E0%A7%87%E0%A6%B0-%E0%A6%97%E0%A7%8D%E0%A6%B0%E0%A7%87%E0%A6%AB%E0%A6%A4%E0%A6%BE%E0%A6%B0/ HTTP/1.1" 200 21203 "-" "Mozilla/5.0 (compatible; SemrushBot/7~bl; +http://www.semrush.com/bot.html)"
85.208.96.194 - - [15/Sep/2026:00:44:57 +0600] "GET /%E0%A6%AC%E0%A7%8D%E0%A6%B0%E0%A7%8D%E0%A6%AF%E0%A6%BE%E0%A6%95-%E0%A6%AC%E0%A7%8D%E0%A6%AF%E0%A6%BE%E0%A6%82%E0%A6%95%E0%A7%87%E0%A6%B0-%E0%A6%A8%E0%A6%BF%E0%A6%AF%E0%A6%BC%E0%A7%8B%E0%A6%97/ HTTP/1.1" 200 20240 "-" "Mozilla/5.0 (compatible; SemrushBot/7~bl; +http://www.semrush.com/bot.html)"
116.202.222.251 - - [15/Sep/2026:00:46:02 +0600] "GET /?wp_automatic=cron HTTP/1.1" 200 7072 "-" "curl/7.61.1"
51.89.74.204 - - [15/Sep/2026:00:46:21 +0600] "GET /%E0%A6%A6%E0%A7%81%E0%A6%87-%E0%A6%AE%E0%A6%BE%E0%A6%B8%E0%A7%87%E0%A6%87-%E0%A6%AD%E0%A7%87%E0%A6%99%E0%A7%87-%E0%A6%97%E0%A7%87%E0%A6%B2-%E0%A7%A7%E0%A7%A7%E0%A7%AA-%E0%A6%AC%E0%A6%9B%E0%A6%B0/ HTTP/1.1" 200 17244 "-" "Mozilla/5.0 (compatible; AhrefsBot/7.0; +http://ahrefs.com/robot/)"
116.202.222.251 - - [15/Sep/2026:00:48:02 +0600] "GET /?wp_automatic=cron HTTP/1.1" 200 7076 "-" "curl/7.61.1"
51.89.71.147 - - [15/Sep/2026:00:43:11 +0600] "GET /%E0%A6%95%E0%A7%81%E0%A6%B7%E0%A7%8D%E0%A6%9F%E0%A6%BF%E0%A6%AF%E0%A6%BC%E0%A6%BE%E0%A6%AF%E0%A6%BC-%E0%A6%95%E0%A7%83%E0%A6%A4%E0%A7%80-%E0%A6%B6%E0%A6%BF%E0%A6%95%E0%A7%8D%E0%A6%B7%E0%A6%BE%E0%A6%B0/ HTTP/1.1" 200 16077 "-" "Mozilla/5.0 (compatible; AhrefsBot/7.0; +http://ahrefs.com/robot/)"
51.89.72.2 - - [15/Sep/2026:00:44:00 +0600] "GET /%E0%A6%86%E0%A6%B0%E0%A6%93-%E0%A6%9A%E0%A6%A1%E0%A6%BC%E0%A6%BE-%E0%A6%A6%E0%A6%BE%E0%A6%AE%E0%A7%87-%E0%A6%8F%E0%A6%B2%E0%A6%8F%E0%A6%A8%E0%A6%9C%E0%A6%BF-%E0%A6%95%E0%A6%BF%E0%A6%A8%E0%A6%9B/ HTTP/1.1" 200 17259 "-" "Mozilla/5.0 (compatible; AhrefsBot/7.0; +http://ahrefs.com/robot/)"
51.89.59.37 - - [15/Sep/2026:00:44:36 +0600] "GET /%E0%A6%B8%E0%A6%BE%E0%A6%A1%E0%A6%BC%E0%A7%87-%E0%A7%AC-%E0%A6%95%E0%A7%8B%E0%A6%9F%E0%A6%BF-%E0%A6%AC%E0%A6%9B%E0%A6%B0-%E0%A6%AA%E0%A6%B0-%E0%A6%AE%E0%A6%BF%E0%A6%B2%E0%A6%B2-%E0%A6%A1%E0%A6%BE/ HTTP/1.1" 200 17484 "-" "Mozilla/5.0 (compatible; AhrefsBot/7.0; +http://ahrefs.com/robot/)"
116.202.222.251 - - [15/Sep/2026:00:45:02 +0600] "GET /?wp_automatic=cron HTTP/1.1" 200 7094 "-" "curl/7.61.1"
116.202.222.251 - - [15/Sep/2026:00:45:40 +0600] "POST /wp-cron.php?doing_wp_cron=1789411540.5471479892730712890625 HTTP/1.1" 200 0 "-" "WordPress/7.1; http://bangladaily.online"
85.208.96.194 - - [15/Sep/2026:00:45:39 +0600] "GET /%E0%A6%9C%E0%A7%80%E0%A6%AC%E0%A6%A8%E0%A6%B8%E0%A6%99%E0%A7%8D%E0%A6%97%E0%A7%80-%E0%A6%AC%E0%A7%87%E0%A6%9B%E0%A7%87-%E0%A6%A8%E0%A6%BF%E0%A6%B2%E0%A7%87%E0%A6%A8-%E0%A6%93%E0%A6%AA%E0%A6%BE/ HTTP/1.1" 200 20062 "-" "Mozilla/5.0 (compatible; SemrushBot/7~bl; +http://www.semrush.com/bot.html)"
51.89.83.59 - - [15/Sep/2026:00:45:46 +0600] "GET /wp-content/uploads/2026/09/tribunal-mu0n4684ya4u8wa-20260914084748-300x156.jpg HTTP/1.1" 200 7654 "-" "Mozilla/5.0 (compatible; AhrefsBot/7.0; +http://ahrefs.com/robot/)"
51.89.74.194 - - [15/Sep/2026:00:45:59 +0600] "GET /wp-content/uploads/2026/09/og_1789383252_6aa7d25470301.jpeg HTTP/1.1" 200 70370 "-" "Mozilla/5.0 (compatible; AhrefsBot/7.0; +http://ahrefs.com/robot/)"
51.89.83.54 - - [15/Sep/2026:00:46:06 +0600] "GET /wp-content/uploads/2026/09/6aa7aeed5b82617893741896aa7aeed5b838.jpg HTTP/1.1" 200 186736 "-" "Mozilla/5.0 (compatible; AhrefsBot/7.0; +http://ahrefs.com/robot/)"
116.202.222.251 - - [15/Sep/2026:00:46:22 +0600] "POST /wp-cron.php?doing_wp_cron=1789411582.4016199111938476562500 HTTP/1.1" 200 0 "-" "WordPress/7.1; http://bangladaily.online"
85.208.96.211 - - [15/Sep/2026:00:46:28 +0600] "GET /%E0%A6%9C%E0%A7%87%E0%A6%AE%E0%A6%B8%E0%A7%87%E0%A6%B0-%E0%A6%B8%E0%A6%99%E0%A7%8D%E0%A6%97%E0%A7%87-%E0%A6%A6%E0%A7%87%E0%A6%96%E0%A6%BE-%E0%A6%B9%E0%A6%A4%E0%A7%87%E0%A6%87-%E0%A6%AA%E0%A6%BE/ HTTP/1.1" 200 20997 "-" "Mozilla/5.0 (compatible; SemrushBot/7~bl; +http://www.semrush.com/bot.html)"
51.89.72.6 - - [15/Sep/2026:00:46:40 +0600] "GET /wp-content/uploads/2026/09/802241817-1798280964931455-7105472704032242518-n-mu0xumm30keprzu-20260914134643.jpg HTTP/1.1" 200 34616 "-" "Mozilla/5.0 (compatible; AhrefsBot/7.0; +http://ahrefs.com/robot/)"
116.202.222.251 - - [15/Sep/2026:00:47:02 +0600] "GET /?wp_automatic=cron HTTP/1.1" 200 7074 "-" "curl/7.61.1"
51.89.39.61 - - [15/Sep/2026:00:48:17 +0600] "GET /%E0%A6%85%E0%A6%9E%E0%A7%8D%E0%A6%9C%E0%A6%B2%E0%A6%BF-%E0%A6%B2%E0%A6%B9-%E0%A6%AE%E0%A7%8B%E0%A6%B0-%E0%A6%AD%E0%A6%BE%E0%A6%B8%E0%A7%8D%E0%A6%95%E0%A6%B0%E0%A7%8D%E0%A6%AF/ HTTP/1.1" 200 16943 "-" "Mozilla/5.0 (compatible; AhrefsBot/7.0; +http://ahrefs.com/robot/)"
85.208.96.204 - - [15/Sep/2026:00:48:19 +0600] "GET /%E0%A6%AC%E0%A6%A6%E0%A6%B2%E0%A6%BF-%E0%A6%A8%E0%A7%87%E0%A6%AE%E0%A7%87-%E0%A6%AE%E0%A7%8D%E0%A6%AF%E0%A6%BE%E0%A6%9A%E0%A7%87%E0%A6%B0-%E0%A6%AE%E0%A7%8B%E0%A6%A1%E0%A6%BC-%E0%A6%98%E0%A7%81/ HTTP/1.1" 200 20289 "-" "Mozilla/5.0 (compatible; SemrushBot/7~bl; +http://www.semrush.com/bot.html)"
51.89.38.136 - - [15/Sep/2026:00:48:41 +0600] "GET /%E0%A6%9C%E0%A7%81%E0%A6%B2%E0%A6%BE%E0%A6%87-%E0%A6%97%E0%A6%A3%E0%A6%B9%E0%A6%A4%E0%A7%8D%E0%A6%AF%E0%A6%BE%E0%A6%B0-%E0%A6%AC%E0%A6%BF%E0%A6%9A%E0%A6%BE%E0%A6%B0%E0%A6%B8%E0%A6%B9-%E0%A7%AF/ HTTP/1.1" 200 18371 "-" "Mozilla/5.0 (compatible; AhrefsBot/7.0; +http://ahrefs.com/robot/)"
85.208.96.211 - - [15/Sep/2026:00:49:03 +0600] "GET /%E0%A6%AA%E0%A6%BE%E0%A6%95%E0%A6%BF%E0%A6%B8%E0%A7%8D%E0%A6%A4%E0%A6%BE%E0%A6%A8%E0%A6%95%E0%A7%87-%E0%A6%B9%E0%A7%8B%E0%A6%AF%E0%A6%BC%E0%A6%BE%E0%A6%87%E0%A6%9F%E0%A6%93%E0%A6%AF%E0%A6%BC%E0%A6%BE/ HTTP/1.1" 200 23735 "-" "Mozilla/5.0 (compatible; SemrushBot/7~bl; +http://www.semrush.com/bot.html)"
116.202.222.251 - - [15/Sep/2026:00:49:05 +0600] "POST /wp-cron.php?doing_wp_cron=1789411745.8511650562286376953125 HTTP/1.1" 200 0 "-" "WordPress/7.1; http://bangladaily.online"
116.202.222.251 - - [15/Sep/2026:00:51:02 +0600] "GET /?wp_automatic=cron HTTP/1.1" 200 7078 "-" "curl/7.61.1"
43.153.15.51 - - [15/Sep/2026:00:51:55 +0600] "GET /%E0%A6%86%E0%A6%B8%E0%A6%9B%E0%A7%87-%E0%A6%AE%E0%A6%A8%E0%A6%BF%E0%A6%B0-%E0%A6%96%E0%A6%BE%E0%A6%A8%E0%A7%87%E0%A6%B0-%E0%A6%AE%E0%A6%BE/?path=%2Fhome%2Fbanglad4%2Flscache HTTP/1.1" 200 20028 "-" "Mozilla/5.0 (iPhone; CPU iPhone OS 13_2_3 like Mac OS X) AppleWebKit/605.1.15 (KHTML, like Gecko) Version/13.0.3 Mobile/15E148 Safari/604.1"
116.202.222.251 - - [15/Sep/2026:00:52:02 +0600] "GET /?wp_automatic=cron HTTP/1.1" 200 7052 "-" "curl/7.61.1"
185.191.171.5 - - [15/Sep/2026:00:48:42 +0600] "GET /%E0%A6%B2%E0%A6%BE%E0%A6%96%E0%A7%8B-%E0%A6%AE%E0%A6%BE%E0%A6%A8%E0%A7%81%E0%A6%B7%E0%A7%87%E0%A6%B0-%E0%A6%85%E0%A6%82%E0%A6%B6%E0%A6%97%E0%A7%8D%E0%A6%B0%E0%A6%B9%E0%A6%A3%E0%A7%87-%E0%A6%9A/ HTTP/1.1" 200 21914 "-" "Mozilla/5.0 (compatible; SemrushBot/7~bl; +http://www.semrush.com/bot.html)"
185.191.171.11 - - [15/Sep/2026:00:48:47 +0600] "GET /%E0%A7%A8%E0%A7%A6%E0%A7%A9%E0%A7%A6-%E0%A6%B8%E0%A6%BE%E0%A6%B2%E0%A7%87%E0%A6%B0-%E0%A6%AE%E0%A6%A7%E0%A7%8D%E0%A6%AF%E0%A7%87-%E0%A6%8F%E0%A6%86%E0%A6%87%E0%A6%AF%E0%A6%BC%E0%A7%87%E0%A6%B0/ HTTP/1.1" 200 25170 "-" "Mozilla/5.0 (compatible; SemrushBot/7~bl; +http://www.semrush.com/bot.html)"
116.202.222.251 - - [15/Sep/2026:00:49:03 +0600] "GET /?wp_automatic=cron HTTP/1.1" 200 13429 "-" "curl/7.61.1"
116.202.222.251 - - [15/Sep/2026:00:50:04 +0600] "POST /wp-cron.php?doing_wp_cron=1789411804.1894819736480712890625 HTTP/1.1" 200 0 "-" "WordPress/7.1; http://bangladaily.online"
116.202.222.251 - - [15/Sep/2026:00:50:02 +0600] "GET /?wp_automatic=cron HTTP/1.1" 200 7108 "-" "curl/7.61.1"
116.202.222.251 - - [15/Sep/2026:00:51:56 +0600] "POST /wp-cron.php?doing_wp_cron=1789411916.5229930877685546875000 HTTP/1.1" 200 0 "-" "WordPress/7.1; http://bangladaily.online"
116.202.222.251 - - [15/Sep/2026:00:53:02 +0600] "GET /?wp_automatic=cron HTTP/1.1" 200 7094 "-" "curl/7.61.1"
116.202.222.251 - - [15/Sep/2026:00:54:03 +0600] "POST /wp-cron.php?doing_wp_cron=1789412043.4723529815673828125000 HTTP/1.1" 200 0 "-" "WordPress/7.1; http://bangladaily.online"
116.202.222.251 - - [15/Sep/2026:00:58:02 +0600] "GET /?wp_automatic=cron HTTP/1.1" 200 7108 "-" "curl/7.61.1"
43.157.174.69 - - [15/Sep/2026:01:00:04 +0600] "GET /%E0%A6%86%E0%A6%B8%E0%A6%9B%E0%A7%87-%E0%A6%AE%E0%A6%A8%E0%A6%BF%E0%A6%B0-%E0%A6%96%E0%A6%BE%E0%A6%A8%E0%A7%87%E0%A6%B0-%E0%A6%AE%E0%A6%BE/?path=%2F%2Fhome HTTP/1.1" 200 20068 "-" "Mozilla/5.0 (iPhone; CPU iPhone OS 13_2_3 like Mac OS X) AppleWebKit/605.1.15 (KHTML, like Gecko) Version/13.0.3 Mobile/15E148 Safari/604.1"
185.191.171.10 - - [15/Sep/2026:01:00:31 +0600] "GET /%E0%A6%AE%E0%A6%BF%E0%A6%B0%E0%A7%8D%E0%A6%9C%E0%A6%BE-%E0%A6%86%E0%A6%AC%E0%A7%8D%E0%A6%AC%E0%A6%BE%E0%A6%B8-%E0%A6%B0%E0%A6%BE%E0%A6%A4%E0%A7%87-%E0%A6%A6%E0%A7%87%E0%A6%B6%E0%A7%87-%E0%A6%AB/ HTTP/1.1" 200 20685 "-" "Mozilla/5.0 (compatible; SemrushBot/7~bl; +http://www.semrush.com/bot.html)"
185.191.171.13 - - [15/Sep/2026:00:52:53 +0600] "GET /%E0%A6%A8%E0%A7%87%E0%A6%AA%E0%A6%BE%E0%A6%B2%E0%A7%87-%E0%A6%A6%E0%A7%81%E0%A6%B0%E0%A7%8D%E0%A6%AF%E0%A7%8B%E0%A6%97%E0%A7%87-%E0%A6%86%E0%A6%9F%E0%A6%95%E0%A6%BE-%E0%A6%96%E0%A6%B0%E0%A6%BE/ HTTP/1.1" 200 20066 "-" "Mozilla/5.0 (compatible; SemrushBot/7~bl; +http://www.semrush.com/bot.html)"
116.202.222.251 - - [15/Sep/2026:00:54:02 +0600] "GET /?wp_automatic=cron HTTP/1.1" 200 7072 "-" "curl/7.61.1"
116.202.222.251 - - [15/Sep/2026:00:55:03 +0600] "GET /?wp_automatic=cron HTTP/1.1" 200 7074 "-" "curl/7.61.1"
116.202.222.251 - - [15/Sep/2026:00:56:02 +0600] "GET /?wp_automatic=cron HTTP/1.1" 200 7075 "-" "curl/7.61.1"
116.202.222.251 - - [15/Sep/2026:00:57:05 +0600] "POST /wp-cron.php?doing_wp_cron=1789412225.7114229202270507812500 HTTP/1.1" 200 0 "-" "WordPress/7.1; http://bangladaily.online"
116.202.222.251 - - [15/Sep/2026:00:57:02 +0600] "GET /?wp_automatic=cron HTTP/1.1" 200 13886 "-" "curl/7.61.1"
185.191.171.4 - - [15/Sep/2026:00:57:09 +0600] "GET /%E0%A6%A2%E0%A6%BE%E0%A6%AC%E0%A6%BF%E0%A6%B0-%E0%A6%A6%E0%A7%81%E0%A6%87-%E0%A6%B2%E0%A6%BE%E0%A6%87%E0%A6%AC%E0%A7%8D%E0%A6%B0%E0%A7%87%E0%A6%B0%E0%A6%BF%E0%A6%A4%E0%A7%87-%E0%A6%AA%E0%A6%A1/ HTTP/1.1" 200 21388 "-" "Mozilla/5.0 (compatible; SemrushBot/7~bl; +http://www.semrush.com/bot.html)"
116.202.222.251 - - [15/Sep/2026:00:59:02 +0600] "GET /?wp_automatic=cron HTTP/1.1" 200 7077 "-" "curl/7.61.1"
116.202.222.251 - - [15/Sep/2026:01:00:03 +0600] "GET /?wp_automatic=cron HTTP/1.1" 200 7051 "-" "curl/7.61.1"
116.202.222.251 - - [15/Sep/2026:01:00:32 +0600] "POST /wp-cron.php?doing_wp_cron=1789412432.4577019214630126953125 HTTP/1.1" 200 0 "-" "WordPress/7.1; http://bangladaily.online"
116.202.222.251 - - [15/Sep/2026:01:01:02 +0600] "GET /?wp_automatic=cron HTTP/1.1" 200 7094 "-" "curl/7.61.1"
116.202.222.251 - - [15/Sep/2026:01:02:03 +0600] "POST /wp-cron.php?doing_wp_cron=1789412523.7533810138702392578125 HTTP/1.1" 200 0 "-" "WordPress/7.1; http://bangladaily.online"
116.202.222.251 - - [15/Sep/2026:01:02:02 +0600] "GET /?wp_automatic=cron HTTP/1.1" 200 7071 "-" "curl/7.61.1"
116.202.222.251 - - [15/Sep/2026:01:04:02 +0600] "GET /?wp_automatic=cron HTTP/1.1" 200 7076 "-" "curl/7.61.1"
116.202.222.251 - - [15/Sep/2026:01:05:03 +0600] "GET /?wp_automatic=cron HTTP/1.1" 200 7766 "-" "curl/7.61.1"
116.202.222.251 - - [15/Sep/2026:01:06:02 +0600] "GET /?wp_automatic=cron HTTP/1.1" 200 7108 "-" "curl/7.61.1"
116.202.222.251 - - [15/Sep/2026:01:07:00 +0600] "POST /wp-cron.php?doing_wp_cron=1789412820.5229249000549316406250 HTTP/1.1" 200 0 "-" "WordPress/7.1; http://bangladaily.online"
185.191.171.14 - - [15/Sep/2026:01:07:30 +0600] "GET /%E0%A6%B6%E0%A6%9A%E0%A6%BF%E0%A6%A8%E0%A7%87%E0%A6%B0-%E0%A6%86%E0%A6%B0%E0%A6%93-%E0%A6%8F%E0%A6%95%E0%A6%9F%E0%A6%BF-%E0%A6%AC%E0%A6%BF%E0%A6%B6%E0%A7%8D%E0%A6%AC%E0%A6%B0%E0%A7%87%E0%A6%95/ HTTP/1.1" 200 20220 "-" "Mozilla/5.0 (compatible; SemrushBot/7~bl; +http://www.semrush.com/bot.html)"
51.89.71.153 - - [15/Sep/2026:01:07:31 +0600] "GET /%E0%A6%86%E0%A6%AA%E0%A6%BF%E0%A6%B2-%E0%A6%AC%E0%A6%BF%E0%A6%AD%E0%A6%BE%E0%A6%97%E0%A7%87-%E0%A6%A8%E0%A6%BF%E0%A6%AF%E0%A6%BC%E0%A7%8B%E0%A6%97-%E0%A6%AA%E0%A6%BE%E0%A6%93%E0%A6%AF%E0%A6%BC/ HTTP/1.1" 200 16360 "-" "Mozilla/5.0 (compatible; AhrefsBot/7.0; +http://ahrefs.com/robot/)"
116.202.222.251 - - [15/Sep/2026:01:07:58 +0600] "POST /wp-cron.php?doing_wp_cron=1789412878.9829959869384765625000 HTTP/1.1" 200 0 "-" "WordPress/7.1; http://bangladaily.online"
116.202.222.251 - - [15/Sep/2026:01:08:04 +0600] "POST /wp-cron.php?doing_wp_cron=1789412884.1280260086059570312500 HTTP/1.1" 200 0 "-" "WordPress/7.1; http://bangladaily.online"
116.202.222.251 - - [15/Sep/2026:01:09:02 +0600] "GET /?wp_automatic=cron HTTP/1.1" 200 7094 "-" "curl/7.61.1"
116.202.222.251 - - [15/Sep/2026:01:03:02 +0600] "GET /?wp_automatic=cron HTTP/1.1" 200 7074 "-" "curl/7.61.1"
85.208.96.206 - - [15/Sep/2026:01:03:55 +0600] "GET /%E0%A6%B2%E0%A6%95%E0%A7%8D%E0%A6%B7%E0%A7%8D%E0%A6%AE%E0%A7%80%E0%A6%AA%E0%A7%81%E0%A6%B0%E0%A7%87-%E0%A6%89%E0%A7%8E%E0%A6%AA%E0%A6%BE%E0%A6%A6%E0%A6%BF%E0%A6%A4-%E0%A6%AD%E0%A7%87%E0%A6%9C%E0%A6%BE/ HTTP/1.1" 200 19903 "-" "Mozilla/5.0 (compatible; SemrushBot/7~bl; +http://www.semrush.com/bot.html)"
116.202.222.251 - - [15/Sep/2026:01:04:25 +0600] "POST /wp-cron.php?doing_wp_cron=1789412665.3358519077301025390625 HTTP/1.1" 200 0 "-" "WordPress/7.1; http://bangladaily.online"
85.208.96.207 - - [15/Sep/2026:01:04:24 +0600] "GET /%E0%A6%86%E0%A6%A6%E0%A6%BE%E0%A6%B2%E0%A6%A4%E0%A7%87%E0%A6%B0-%E0%A6%B0%E0%A6%BE%E0%A6%AF%E0%A6%BC-%E0%A6%AA%E0%A6%BE%E0%A6%B0%E0%A7%8D%E0%A6%9F%E0%A6%BF-%E0%A6%85%E0%A6%AB%E0%A6%BF%E0%A6%B8/ HTTP/1.1" 200 19049 "-" "Mozilla/5.0 (compatible; SemrushBot/7~bl; +http://www.semrush.com/bot.html)"
106.52.49.148 - - [15/Sep/2026:01:04:51 +0600] "GET / HTTP/1.1" 200 1574 "-" "Mozilla/5.0 (iPhone; CPU iPhone OS 13_2_3 like Mac OS X) AppleWebKit/605.1.15 (KHTML, like Gecko) Version/13.0.3 Mobile/15E148 Safari/604.1"
116.202.222.251 - - [15/Sep/2026:01:05:06 +0600] "POST /wp-cron.php?doing_wp_cron=1789412706.7076349258422851562500 HTTP/1.1" 200 0 "-" "WordPress/7.1; http://bangladaily.online"
116.202.222.251 - - [15/Sep/2026:01:06:03 +0600] "POST /wp-cron.php?doing_wp_cron=1789412763.9904789924621582031250 HTTP/1.1" 200 0 "-" "WordPress/7.1; http://bangladaily.online"
185.191.171.14 - - [15/Sep/2026:01:06:59 +0600] "GET /%E0%A6%AE%E0%A6%BE%E0%A6%B2%E0%A6%AF%E0%A6%BC%E0%A7%87%E0%A6%B6%E0%A6%BF%E0%A6%AF%E0%A6%BC%E0%A6%BE%E0%A6%97%E0%A6%BE%E0%A6%AE%E0%A7%80-%E0%A6%95%E0%A7%8D%E0%A6%B7%E0%A6%A4%E0%A6%BF%E0%A6%97%E0%A7%8D/ HTTP/1.1" 200 19771 "-" "Mozilla/5.0 (compatible; SemrushBot/7~bl; +http://www.semrush.com/bot.html)"
116.202.222.251 - - [15/Sep/2026:01:07:02 +0600] "GET /?wp_automatic=cron HTTP/1.1" 200 7078 "-" "curl/7.61.1"
116.202.222.251 - - [15/Sep/2026:01:07:31 +0600] "POST /wp-cron.php?doing_wp_cron=1789412851.0017259120941162109375 HTTP/1.1" 200 0 "-" "WordPress/7.1; http://bangladaily.online"
2a06:98c0:3600::103 - - [15/Sep/2026:01:07:58 +0600] "GET /wp-admin/install.php?step=1 HTTP/1.1" 200 549 "-" "http://bangladaily.online/wp-admin/install.php?step=1"
116.202.222.251 - - [15/Sep/2026:01:08:02 +0600] "GET /?wp_automatic=cron HTTP/1.1" 200 7052 "-" "curl/7.61.1"
43.157.98.187 - - [15/Sep/2026:01:09:56 +0600] "GET /?path=%2Fhome%2Fbanglad4%2Fpublic_html%2Fwp-content HTTP/1.1" 200 27796 "-" "Mozilla/5.0 (iPhone; CPU iPhone OS 13_2_3 like Mac OS X) AppleWebKit/605.1.15 (KHTML, like Gecko) Version/13.0.3 Mobile/15E148 Safari/604.1"
116.202.222.251 - - [15/Sep/2026:01:10:03 +0600] "GET /?wp_automatic=cron HTTP/1.1" 200 7072 "-" "curl/7.61.1"
51.89.72.12 - - [15/Sep/2026:01:10:41 +0600] "GET /wp-content/uploads/2026/09/og_1789400189_6aa8147d6fc6d-300x156.jpeg HTTP/1.1" 200 12494 "-" "Mozilla/5.0 (compatible; AhrefsBot/7.0; +http://ahrefs.com/robot/)"
51.89.74.206 - - [15/Sep/2026:01:10:41 +0600] "GET /wp-content/uploads/2026/09/og_1789389399_6aa7ea57798e5-300x156.jpeg HTTP/1.1" 200 8880 "-" "Mozilla/5.0 (compatible; AhrefsBot/7.0; +http://ahrefs.com/robot/)"
116.202.222.251 - - [15/Sep/2026:01:12:02 +0600] "GET /?wp_automatic=cron HTTP/1.1" 200 7076 "-" "curl/7.61.1"
116.202.222.251 - - [15/Sep/2026:01:13:05 +0600] "POST /wp-cron.php?doing_wp_cron=1789413185.4370639324188232421875 HTTP/1.1" 200 0 "-" "WordPress/7.1; http://bangladaily.online"
65.108.2.171 - - [15/Sep/2026:01:14:18 +0600] "GET /robots.txt HTTP/1.1" 200 5641 "-" "Mozilla/5.0 (compatible; MJ12bot/v1.4.8; http://mj12bot.com/)"
65.108.2.171 - - [15/Sep/2026:01:14:20 +0600] "GET /%E0%A6%8F%E0%A6%86%E0%A6%87-%E0%A6%AC%E0%A7%8D%E0%A6%AF%E0%A6%AC%E0%A6%B9%E0%A6%BE%E0%A6%B0-%E0%A6%95%E0%A6%B0%E0%A7%87-%E0%A6%86%E0%A6%A6%E0%A6%BE%E0%A6%B2%E0%A6%A4%E0%A7%87%E0%A6%B0-%E0%A6%B0/ HTTP/1.1" 200 16874 "-" "Mozilla/5.0 (compatible; MJ12bot/v1.4.8; http://mj12bot.com/)"
65.108.2.171 - - [15/Sep/2026:01:14:54 +0600] "GET /category/%E0%A6%96%E0%A7%87%E0%A6%B2%E0%A6%BE/ HTTP/1.1" 200 15993 "-" "Mozilla/5.0 (compatible; MJ12bot/v1.4.8; http://mj12bot.com/)"
65.108.2.171 - - [15/Sep/2026:01:14:56 +0600] "GET /category/%E0%A6%AC%E0%A6%BE%E0%A6%82%E0%A6%B2%E0%A6%BE%E0%A6%A6%E0%A7%87%E0%A6%B6/ HTTP/1.1" 200 16185 "-" "Mozilla/5.0 (compatible; MJ12bot/v1.4.8; http://mj12bot.com/)"
65.108.2.171 - - [15/Sep/2026:01:14:58 +0600] "GET /category/%E0%A6%AC%E0%A6%BE%E0%A6%A3%E0%A6%BF%E0%A6%9C%E0%A7%8D%E0%A6%AF/ HTTP/1.1" 200 16169 "-" "Mozilla/5.0 (compatible; MJ12bot/v1.4.8; http://mj12bot.com/)"
65.108.2.171 - - [15/Sep/2026:01:15:20 +0600] "GET /%E0%A6%87%E0%A6%AF%E0%A6%BC%E0%A6%BE%E0%A6%AE%E0%A6%BE%E0%A6%B2%E0%A7%87%E0%A6%B0-%E0%A6%85%E0%A6%AC%E0%A6%BF%E0%A6%B6%E0%A7%8D%E0%A6%AC%E0%A6%BE%E0%A6%B8%E0%A7%8D%E0%A6%AF-%E0%A6%B0%E0%A7%87%E0%A6%95/ HTTP/1.1" 200 16982 "-" "Mozilla/5.0 (compatible; MJ12bot/v1.4.8; http://mj12bot.com/)"
85.208.96.204 - - [15/Sep/2026:01:15:30 +0600] "GET /%E0%A6%AE%E0%A7%83%E0%A6%A4%E0%A7%8D%E0%A6%AF%E0%A7%81%E0%A6%B0-%E0%A6%97%E0%A7%81%E0%A6%9C%E0%A6%AC-%E0%A6%85%E0%A6%AD%E0%A6%BF%E0%A6%A8%E0%A7%87%E0%A6%A4%E0%A6%BE-%E0%A6%AC%E0%A6%B2%E0%A6%B2/ HTTP/1.1" 200 21537 "-" "Mozilla/5.0 (compatible; SemrushBot/7~bl; +http://www.semrush.com/bot.html)"
116.202.222.251 - - [15/Sep/2026:01:17:02 +0600] "GET /?wp_automatic=cron HTTP/1.1" 200 7094 "-" "curl/7.61.1"
51.89.69.100 - - [15/Sep/2026:01:18:13 +0600] "GET /%E0%A6%A8%E0%A6%BE%E0%A6%95%E0%A6%AD%E0%A6%BF-%E0%A6%AC%E0%A6%BF%E0%A6%A6%E0%A6%BE%E0%A6%AF%E0%A6%BC-%E0%A6%A8%E0%A6%BF%E0%A6%B2%E0%A7%87%E0%A6%87-%E0%A6%A6%E0%A7%81%E0%A6%87-%E0%A6%8F%E0%A6%B6/ HTTP/1.1" 200 17379 "-" "Mozilla/5.0 (compatible; AhrefsBot/7.0; +http://ahrefs.com/robot/)"
116.202.222.251 - - [15/Sep/2026:01:19:03 +0600] "GET /?wp_automatic=cron HTTP/1.1" 200 7074 "-" "curl/7.61.1"
51.89.59.35 - - [15/Sep/2026:01:19:19 +0600] "GET /%E0%A6%9F%E0%A6%BF%E0%A6%AD%E0%A6%BF%E0%A6%A4%E0%A7%87-%E0%A6%86%E0%A6%9C%E0%A6%95%E0%A7%87%E0%A6%B0-%E0%A6%96%E0%A7%87%E0%A6%B2%E0%A6%BE-%E0%A7%A9%E0%A7%A6-%E0%A6%86%E0%A6%97%E0%A6%B8%E0%A7%8D/ HTTP/1.1" 200 15385 "-" "Mozilla/5.0 (compatible; AhrefsBot/7.0; +http://ahrefs.com/robot/)"
43.157.174.69 - - [15/Sep/2026:01:20:17 +0600] "GET /?path=/home HTTP/1.1" 200 27754 "-" "Mozilla/5.0 (iPhone; CPU iPhone OS 13_2_3 like Mac OS X) AppleWebKit/605.1.15 (KHTML, like Gecko) Version/13.0.3 Mobile/15E148 Safari/604.1"
51.89.59.42 - - [15/Sep/2026:01:09:56 +0600] "GET /%E0%A6%AC%E0%A7%8D%E0%A6%B0%E0%A7%8D%E0%A6%AF%E0%A6%BE%E0%A6%95-%E0%A6%AC%E0%A7%8D%E0%A6%AF%E0%A6%BE%E0%A6%82%E0%A6%95%E0%A7%87%E0%A6%B0-%E0%A6%A8%E0%A6%BF%E0%A6%AF%E0%A6%BC%E0%A7%8B%E0%A6%97/ HTTP/1.1" 200 16282 "-" "Mozilla/5.0 (compatible; AhrefsBot/7.0; +http://ahrefs.com/robot/)"
51.89.83.54 - - [15/Sep/2026:01:10:42 +0600] "GET /wp-content/uploads/2026/09/og_1789399972_6aa813a42874d-300x156.jpeg HTTP/1.1" 200 17632 "-" "Mozilla/5.0 (compatible; AhrefsBot/7.0; +http://ahrefs.com/robot/)"
116.202.222.251 - - [15/Sep/2026:01:11:02 +0600] "GET /?wp_automatic=cron HTTP/1.1" 200 7074 "-" "curl/7.61.1"
116.202.222.251 - - [15/Sep/2026:01:11:28 +0600] "POST /wp-cron.php?doing_wp_cron=1789413088.9712040424346923828125 HTTP/1.1" 200 0 "-" "WordPress/7.1; http://bangladaily.online"
51.89.72.15 - - [15/Sep/2026:01:11:28 +0600] "GET /%E0%A6%AD%E0%A7%87%E0%A6%99%E0%A7%87-%E0%A6%AF%E0%A6%BE%E0%A6%9A%E0%A7%8D%E0%A6%9B%E0%A7%87-%E0%A6%AF%E0%A7%81%E0%A6%95%E0%A7%8D%E0%A6%A4%E0%A6%B0%E0%A6%BE%E0%A6%9C%E0%A7%8D%E0%A6%AF-%E0%A6%B6/feed/ HTTP/1.1" 200 1937 "-" "Mozilla/5.0 (compatible; AhrefsBot/7.0; +http://ahrefs.com/robot/)"
116.202.222.251 - - [15/Sep/2026:01:13:02 +0600] "GET /?wp_automatic=cron HTTP/1.1" 200 8042 "-" "curl/7.61.1"
116.202.222.251 - - [15/Sep/2026:01:13:26 +0600] "POST /wp-cron.php?doing_wp_cron=1789413206.7323620319366455078125 HTTP/1.1" 200 0 "-" "WordPress/7.1; http://bangladaily.online"
185.191.171.5 - - [15/Sep/2026:01:13:25 +0600] "GET /%E0%A6%AC%E0%A7%8D%E0%A6%AF%E0%A6%BE%E0%A6%97%E0%A7%87%E0%A6%B0-%E0%A6%9F%E0%A6%BE%E0%A6%A8%E0%A7%87-%E0%A6%A5%E0%A7%87%E0%A6%AE%E0%A7%87-%E0%A6%AF%E0%A6%BE%E0%A6%9A%E0%A7%8D%E0%A6%9B%E0%A7%87/ HTTP/1.1" 200 27682 "-" "Mozilla/5.0 (compatible; SemrushBot/7~bl; +http://www.semrush.com/bot.html)"
116.202.222.251 - - [15/Sep/2026:01:14:02 +0600] "GET /?wp_automatic=cron HTTP/1.1" 200 7108 "-" "curl/7.61.1"
65.108.2.171 - - [15/Sep/2026:01:14:44 +0600] "GET /%E0%A6%AE%E0%A7%8B%E0%A6%B9%E0%A6%BE%E0%A6%AE%E0%A7%8D%E0%A6%AE%E0%A6%A6%E0%A6%AA%E0%A7%81%E0%A6%B0%E0%A7%87-%E0%A6%85%E0%A6%AA%E0%A6%B0%E0%A6%BE%E0%A6%A7-%E0%A6%A6%E0%A6%AE%E0%A6%A8%E0%A7%87/ HTTP/1.1" 200 16970 "-" "Mozilla/5.0 (compatible; MJ12bot/v1.4.8; http://mj12bot.com/)"
65.108.2.171 - - [15/Sep/2026:01:14:51 +0600] "GET /%E0%A6%B6%E0%A7%87%E0%A6%B7-%E0%A6%AE%E0%A7%81%E0%A6%B9%E0%A7%82%E0%A6%B0%E0%A7%8D%E0%A6%A4%E0%A7%87-%E0%A6%B0%E0%A6%95%E0%A7%8D%E0%A6%B7%E0%A6%BE-%E0%A6%9F%E0%A6%BE%E0%A6%A8%E0%A6%BE-%E0%A6%A6/ HTTP/1.1" 200 16473 "-" "Mozilla/5.0 (compatible; MJ12bot/v1.4.8; http://mj12bot.com/)"
65.108.2.171 - - [15/Sep/2026:01:15:00 +0600] "GET /category/%E0%A6%AC%E0%A6%BF%E0%A6%A8%E0%A7%8B%E0%A6%A6%E0%A6%A8/ HTTP/1.1" 200 15915 "-" "Mozilla/5.0 (compatible; MJ12bot/v1.4.8; http://mj12bot.com/)"
65.108.2.171 - - [15/Sep/2026:01:15:03 +0600] "GET /category/%E0%A6%AC%E0%A6%BF%E0%A6%B6%E0%A7%8D%E0%A6%AC/ HTTP/1.1" 200 16116 "-" "Mozilla/5.0 (compatible; MJ12bot/v1.4.8; http://mj12bot.com/)"
116.202.222.251 - - [15/Sep/2026:01:15:03 +0600] "GET /?wp_automatic=cron HTTP/1.1" 200 7077 "-" "curl/7.61.1"
65.108.2.171 - - [15/Sep/2026:01:15:48 +0600] "GET /%E0%A6%9A%E0%A6%AC%E0%A6%BF%E0%A6%B0-%E0%A6%B8%E0%A7%8B%E0%A6%B9%E0%A6%B0%E0%A6%BE%E0%A6%93%E0%A6%AF%E0%A6%BC%E0%A6%BE%E0%A6%B0%E0%A7%8D%E0%A6%A6%E0%A7%80-%E0%A6%B9%E0%A6%B2-%E0%A6%AA%E0%A7%8D/ HTTP/1.1" 200 15429 "-" "Mozilla/5.0 (compatible; MJ12bot/v1.4.8; http://mj12bot.com/)"
116.202.222.251 - - [15/Sep/2026:01:16:02 +0600] "GET /?wp_automatic=cron HTTP/1.1" 200 7051 "-" "curl/7.61.1"
85.208.96.197 - - [15/Sep/2026:01:16:48 +0600] "GET /category/%E0%A6%B8%E0%A6%B0%E0%A7%8D%E0%A6%AC%E0%A6%B6%E0%A7%87%E0%A6%B7/page/146/ HTTP/1.1" 200 19939 "-" "Mozilla/5.0 (compatible; SemrushBot/7~bl; +http://www.semrush.com/bot.html)"
116.202.222.251 - - [15/Sep/2026:01:18:02 +0600] "GET /?wp_automatic=cron HTTP/1.1" 200 7072 "-" "curl/7.61.1"
116.202.222.251 - - [15/Sep/2026:01:20:03 +0600] "GET /?wp_automatic=cron HTTP/1.1" 200 7075 "-" "curl/7.61.1"
17.166.20.165 - - [15/Sep/2026:01:21:33 +0600] "GET /%E0%A6%AC%E0%A7%87%E0%A6%B8%E0%A6%B0%E0%A6%95%E0%A6%BE%E0%A6%B0%E0%A6%BF-%E0%A6%AC%E0%A6%BF%E0%A6%B6%E0%A7%8D%E0%A6%AC%E0%A6%AC%E0%A6%BF%E0%A6%A6%E0%A7%8D%E0%A6%AF%E0%A6%BE%E0%A6%B2%E0%A6%AF%E0%A6%BC/ HTTP/1.1" 200 22174 "-" "Mozilla/5.0 (Macintosh; Intel Mac OS X 10_15_7) AppleWebKit/605.1.15 (KHTML, like Gecko) Version/17.4 Safari/605.1.15 (Applebot/0.1; +http://www.apple.com/go/applebot)"
116.202.222.251 - - [15/Sep/2026:01:22:33 +0600] "POST /wp-cron.php?doing_wp_cron=1789413753.2004859447479248046875 HTTP/1.1" 200 0 "-" "WordPress/7.1; http://bangladaily.online"
116.202.222.251 - - [15/Sep/2026:01:23:02 +0600] "GET /?wp_automatic=cron HTTP/1.1" 200 7078 "-" "curl/7.61.1"
116.202.222.251 - - [15/Sep/2026:01:23:23 +0600] "POST /wp-cron.php?doing_wp_cron=1789413803.7831199169158935546875 HTTP/1.1" 200 0 "-" "WordPress/7.1; http://bangladaily.online"
51.89.38.132 - - [15/Sep/2026:01:23:22 +0600] "GET /%E0%A6%B9%E0%A6%A4%E0%A7%8D%E0%A6%AF%E0%A6%BE-%E0%A6%A8%E0%A6%BF%E0%A6%B0%E0%A7%8D%E0%A6%AF%E0%A6%BE%E0%A6%A4%E0%A6%A8%E0%A7%87-%E0%A6%AB%E0%A7%8D%E0%A6%AF%E0%A6%BE%E0%A6%B8%E0%A6%BF%E0%A6%AC%E0%A6%BE/ HTTP/1.1" 200 16548 "-" "Mozilla/5.0 (compatible; AhrefsBot/7.0; +http://ahrefs.com/robot/)"
116.202.222.251 - - [15/Sep/2026:01:24:02 +0600] "GET /?wp_automatic=cron HTTP/1.1" 200 7052 "-" "curl/7.61.1"
17.166.25.74 - - [15/Sep/2026:01:24:13 +0600] "GET /wp-includes/js/jquery/jquery-migrate.min.js?ver=3.4.1 HTTP/1.1" 200 4872 "http://bangladaily.online/%E0%A6%AC%E0%A7%87%E0%A6%B8%E0%A6%B0%E0%A6%95%E0%A6%BE%E0%A6%B0%E0%A6%BF-%E0%A6%AC%E0%A6%BF%E0%A6%B6%E0%A7%8D%E0%A6%AC%E0%A6%AC%E0%A6%BF%E0%A6%A6%E0%A7%8D%E0%A6%AF%E0%A6%BE%E0%A6%B2%E0%A6%AF%E0%A6%BC/" "Mozilla/5.0 (Macintosh; Intel Mac OS X 10_15_7) AppleWebKit/605.1.15 (KHTML, like Gecko) Version/17.4 Safari/605.1.15 (Applebot/0.1; +http://www.apple.com/go/applebot)"
17.166.25.74 - - [15/Sep/2026:01:24:14 +0600] "GET /wp-content/plugins/wp-automatic/js/main-front.js?ver=7.1 HTTP/1.1" 200 381 "http://bangladaily.online/%E0%A6%AC%E0%A7%87%E0%A6%B8%E0%A6%B0%E0%A6%95%E0%A6%BE%E0%A6%B0%E0%A6%BF-%E0%A6%AC%E0%A6%BF%E0%A6%B6%E0%A7%8D%E0%A6%AC%E0%A6%AC%E0%A6%BF%E0%A6%A6%E0%A7%8D%E0%A6%AF%E0%A6%BE%E0%A6%B2%E0%A6%AF%E0%A6%BC/" "Mozilla/5.0 (Macintosh; Intel Mac OS X 10_15_7) AppleWebKit/605.1.15 (KHTML, like Gecko) Version/17.4 Safari/605.1.15 (Applebot/0.1; +http://www.apple.com/go/applebot)"
17.166.25.74 - - [15/Sep/2026:01:24:15 +0600] "GET /wp-includes/js/jquery/jquery.min.js?ver=3.7.1 HTTP/1.1" 200 30419 "http://bangladaily.online/%E0%A6%AC%E0%A7%87%E0%A6%B8%E0%A6%B0%E0%A6%95%E0%A6%BE%E0%A6%B0%E0%A6%BF-%E0%A6%AC%E0%A6%BF%E0%A6%B6%E0%A7%8D%E0%A6%AC%E0%A6%AC%E0%A6%BF%E0%A6%A6%E0%A7%8D%E0%A6%AF%E0%A6%BE%E0%A6%B2%E0%A6%AF%E0%A6%BC/" "Mozilla/5.0 (Macintosh; Intel Mac OS X 10_15_7) AppleWebKit/605.1.15 (KHTML, like Gecko) Version/17.4 Safari/605.1.15 (Applebot/0.1; +http://www.apple.com/go/applebot)"
17.166.25.74 - - [15/Sep/2026:01:24:17 +0600] "GET /wp-content/themes/covernews/js/navigation.js?ver=2.1.11 HTTP/1.1" 200 1094 "http://bangladaily.online/%E0%A6%AC%E0%A7%87%E0%A6%B8%E0%A6%B0%E0%A6%95%E0%A6%BE%E0%A6%B0%E0%A6%BF-%E0%A6%AC%E0%A6%BF%E0%A6%B6%E0%A7%8D%E0%A6%AC%E0%A6%AC%E0%A6%BF%E0%A6%A6%E0%A7%8D%E0%A6%AF%E0%A6%BE%E0%A6%B2%E0%A6%AF%E0%A6%BC/" "Mozilla/5.0 (Macintosh; Intel Mac OS X 10_15_7) AppleWebKit/605.1.15 (KHTML, like Gecko) Version/17.4 Safari/605.1.15 (Applebot/0.1; +http://www.apple.com/go/applebot)"
17.166.25.74 - - [15/Sep/2026:01:24:19 +0600] "GET /wp-content/themes/covernews/js/skip-link-focus-fix.js?ver=2.1.11 HTTP/1.1" 200 417 "http://bangladaily.online/%E0%A6%AC%E0%A7%87%E0%A6%B8%E0%A6%B0%E0%A6%95%E0%A6%BE%E0%A6%B0%E0%A6%BF-%E0%A6%AC%E0%A6%BF%E0%A6%B6%E0%A7%8D%E0%A6%AC%E0%A6%AC%E0%A6%BF%E0%A6%A6%E0%A7%8D%E0%A6%AF%E0%A6%BE%E0%A6%B2%E0%A6%AF%E0%A6%BC/" "Mozilla/5.0 (Macintosh; Intel Mac OS X 10_15_7) AppleWebKit/605.1.15 (KHTML, like Gecko) Version/17.4 Safari/605.1.15 (Applebot/0.1; +http://www.apple.com/go/applebot)"
17.166.25.74 - - [15/Sep/2026:01:24:20 +0600] "GET /wp-content/themes/covernews/assets/jquery-match-height/jquery.matchHeight.min.js?ver=2.1.11 HTTP/1.1" 200 1383 "http://bangladaily.online/%E0%A6%AC%E0%A7%87%E0%A6%B8%E0%A6%B0%E0%A6%95%E0%A6%BE%E0%A6%B0%E0%A6%BF-%E0%A6%AC%E0%A6%BF%E0%A6%B6%E0%A7%8D%E0%A6%AC%E0%A6%AC%E0%A6%BF%E0%A6%A6%E0%A7%8D%E0%A6%AF%E0%A6%BE%E0%A6%B2%E0%A6%AF%E0%A6%BC/" "Mozilla/5.0 (Macintosh; Intel Mac OS X 10_15_7) AppleWebKit/605.1.15 (KHTML, like Gecko) Version/17.4 Safari/605.1.15 (Applebot/0.1; +http://www.apple.com/go/applebot)"
17.166.25.74 - - [15/Sep/2026:01:24:22 +0600] "GET /wp-content/themes/covernews/assets/fixed-header-script.js?ver=2.1.11 HTTP/1.1" 200 792 "http://bangladaily.online/%E0%A6%AC%E0%A7%87%E0%A6%B8%E0%A6%B0%E0%A6%95%E0%A6%BE%E0%A6%B0%E0%A6%BF-%E0%A6%AC%E0%A6%BF%E0%A6%B6%E0%A7%8D%E0%A6%AC%E0%A6%AC%E0%A6%BF%E0%A6%A6%E0%A7%8D%E0%A6%AF%E0%A6%BE%E0%A6%B2%E0%A6%AF%E0%A6%BC/" "Mozilla/5.0 (Macintosh; Intel Mac OS X 10_15_7) AppleWebKit/605.1.15 (KHTML, like Gecko) Version/17.4 Safari/605.1.15 (Applebot/0.1; +http://www.apple.com/go/applebot)"
17.166.25.74 - - [15/Sep/2026:01:24:23 +0600] "GET /wp-content/themes/covernews/admin-dashboard/dist/covernews_scripts.build.js?ver=2.1.11 HTTP/1.1" 200 12217 "http://bangladaily.online/%E0%A6%AC%E0%A7%87%E0%A6%B8%E0%A6%B0%E0%A6%95%E0%A6%BE%E0%A6%B0%E0%A6%BF-%E0%A6%AC%E0%A6%BF%E0%A6%B6%E0%A7%8D%E0%A6%AC%E0%A6%AC%E0%A6%BF%E0%A6%A6%E0%A7%8D%E0%A6%AF%E0%A6%BE%E0%A6%B2%E0%A6%AF%E0%A6%BC/" "Mozilla/5.0 (Macintosh; Intel Mac OS X 10_15_7) AppleWebKit/605.1.15 (KHTML, like Gecko) Version/17.4 Safari/605.1.15 (Applebot/0.1; +http://www.apple.com/go/applebot)"
17.166.25.74 - - [15/Sep/2026:01:24:25 +0600] "GET /wp-includes/js/comment-reply.min.js?ver=7.1 HTTP/1.1" 200 1350 "http://bangladaily.online/%E0%A6%AC%E0%A7%87%E0%A6%B8%E0%A6%B0%E0%A6%95%E0%A6%BE%E0%A6%B0%E0%A6%BF-%E0%A6%AC%E0%A6%BF%E0%A6%B6%E0%A7%8D%E0%A6%AC%E0%A6%AC%E0%A6%BF%E0%A6%A6%E0%A7%8D%E0%A6%AF%E0%A6%BE%E0%A6%B2%E0%A6%AF%E0%A6%BC/" "Mozilla/5.0 (Macintosh; Intel Mac OS X 10_15_7) AppleWebKit/605.1.15 (KHTML, like Gecko) Version/17.4 Safari/605.1.15 (Applebot/0.1; +http://www.apple.com/go/applebot)"
116.202.222.251 - - [15/Sep/2026:01:25:03 +0600] "GET /?wp_automatic=cron HTTP/1.1" 200 7094 "-" "curl/7.61.1"
51.89.72.6 - - [15/Sep/2026:01:20:45 +0600] "GET /wp-content/uploads/2026/09/asm-ss-20260915005803-300x259.png HTTP/1.1" 200 25096 "-" "Mozilla/5.0 (compatible; AhrefsBot/7.0; +http://ahrefs.com/robot/)"
185.191.171.17 - - [15/Sep/2026:01:20:59 +0600] "GET /%E0%A6%B0%E0%A6%BE%E0%A6%9C%E0%A6%AC%E0%A6%BE%E0%A6%A1%E0%A6%BC%E0%A7%80%E0%A6%A4%E0%A7%87-%E0%A6%B6%E0%A6%BE%E0%A6%B9-%E0%A6%86%E0%A6%AC%E0%A7%8D%E0%A6%A6%E0%A7%81%E0%A6%B2-%E0%A6%95%E0%A6%B0/ HTTP/1.1" 200 21219 "-" "Mozilla/5.0 (compatible; SemrushBot/7~bl; +http://www.semrush.com/bot.html)"
116.202.222.251 - - [15/Sep/2026:01:21:05 +0600] "POST /wp-cron.php?doing_wp_cron=1789413665.5680119991302490234375 HTTP/1.1" 200 0 "-" "WordPress/7.1; http://bangladaily.online"
116.202.222.251 - - [15/Sep/2026:01:21:02 +0600] "GET /?wp_automatic=cron HTTP/1.1" 200 7800 "-" "curl/7.61.1"
51.89.38.131 - - [15/Sep/2026:01:21:10 +0600] "GET /wp-content/uploads/2026/09/indian-women-team-mu0ncd2uz1e3lro-20260914085134.jpg HTTP/1.1" 200 33522 "-" "Mozilla/5.0 (compatible; AhrefsBot/7.0; +http://ahrefs.com/robot/)"
85.208.96.207 - - [15/Sep/2026:01:21:09 +0600] "GET /%E0%A6%A8%E0%A7%8B%E0%A6%82%E0%A6%B0%E0%A6%BE-%E0%A6%AA%E0%A6%B0%E0%A6%BF%E0%A6%AC%E0%A7%87%E0%A6%B6%E0%A7%87-%E0%A6%86%E0%A6%87%E0%A6%B8%E0%A6%95%E0%A7%8D%E0%A6%B0%E0%A6%BF%E0%A6%AE-%E0%A6%89/ HTTP/1.1" 200 19618 "-" "Mozilla/5.0 (compatible; SemrushBot/7~bl; +http://www.semrush.com/bot.html)"
51.89.74.198 - - [15/Sep/2026:01:21:36 +0600] "GET /%E0%A6%AE%E0%A7%87%E0%A6%97%E0%A6%BE%E0%A6%B8%E0%A7%8D%E0%A6%9F%E0%A6%BE%E0%A6%B0-%E0%A6%B6%E0%A6%BE%E0%A6%95%E0%A6%BF%E0%A6%AC-%E0%A6%96%E0%A6%BE%E0%A6%A8%E0%A7%87%E0%A6%B0-%E0%A6%B8%E0%A6%99/ HTTP/1.1" 200 16900 "-" "Mozilla/5.0 (compatible; AhrefsBot/7.0; +http://ahrefs.com/robot/)"
116.202.222.251 - - [15/Sep/2026:01:22:02 +0600] "GET /?wp_automatic=cron HTTP/1.1" 200 7108 "-" "curl/7.61.1"
51.89.71.91 - - [15/Sep/2026:01:22:32 +0600] "GET /%E0%A6%B0%E0%A6%BE%E0%A6%9C%E0%A6%A7%E0%A6%BE%E0%A6%A8%E0%A7%80%E0%A6%A4%E0%A7%87-%E0%A6%9A%E0%A6%B2%E0%A6%AC%E0%A7%87-%E0%A6%B8%E0%A6%B0%E0%A7%8D%E0%A6%AC%E0%A7%8B%E0%A6%9A%E0%A7%8D%E0%A6%9A/ HTTP/1.1" 200 17988 "-" "Mozilla/5.0 (compatible; AhrefsBot/7.0; +http://ahrefs.com/robot/)"
85.208.96.195 - - [15/Sep/2026:01:22:33 +0600] "GET /%E0%A6%8F%E0%A6%95%E0%A6%BE%E0%A6%A6%E0%A6%B6%E0%A7%87-%E0%A6%AD%E0%A6%B0%E0%A7%8D%E0%A6%A4%E0%A6%BF%E0%A6%B0-%E0%A6%86%E0%A6%AC%E0%A7%87%E0%A6%A6%E0%A6%A8-%E0%A6%B6%E0%A7%81%E0%A6%B0%E0%A7%81/ HTTP/1.1" 200 20557 "-" "Mozilla/5.0 (compatible; SemrushBot/7~bl; +http://www.semrush.com/bot.html)"
51.89.69.40 - - [15/Sep/2026:01:25:45 +0600] "GET /wp-content/uploads/2026/09/riz-mu1jzbpaya9612p-20260915000944-300x156.jpg HTTP/1.1" 200 19578 "-" "Mozilla/5.0 (compatible; AhrefsBot/7.0; +http://ahrefs.com/robot/)"
116.202.222.251 - - [15/Sep/2026:01:31:02 +0600] "GET /?wp_automatic=cron HTTP/1.1" 200 7078 "-" "curl/7.61.1"
17.166.236.57 - - [15/Sep/2026:01:31:11 +0600] "GET /%E0%A6%86%E0%A6%B0%E0%A7%8D%E0%A6%9C%E0%A7%87%E0%A6%A8%E0%A7%8D%E0%A6%9F%E0%A6%BF%E0%A6%A8%E0%A6%BE%E0%A6%B0-%E0%A6%9C%E0%A6%BE%E0%A6%B0%E0%A7%8D%E0%A6%B8%E0%A6%BF%E0%A6%A4%E0%A7%87-%E0%A6%AF%E0%A6%A4/ HTTP/1.1" 200 22628 "-" "Mozilla/5.0 (Macintosh; Intel Mac OS X 10_15_7) AppleWebKit/605.1.15 (KHTML, like Gecko) Version/17.4 Safari/605.1.15 (Applebot/0.1; +http://www.apple.com/go/applebot)"
85.208.96.193 - - [15/Sep/2026:01:31:58 +0600] "GET /%E0%A6%8F%E0%A6%AE%E0%A6%AA%E0%A6%BF%E0%A6%93-%E0%A6%B6%E0%A6%BF%E0%A6%95%E0%A7%8D%E0%A6%B7%E0%A6%95%E0%A6%A6%E0%A7%87%E0%A6%B0-%E0%A6%AC%E0%A6%A6%E0%A6%B2%E0%A6%BF%E0%A6%B0-%E0%A6%86%E0%A6%AC/ HTTP/1.1" 200 20730 "-" "Mozilla/5.0 (compatible; SemrushBot/7~bl; +http://www.semrush.com/bot.html)"
