74.7.243.200 - - [14/Sep/2026:18:39:49 +0600] "GET /%E0%A6%B8%E0%A6%BE%E0%A6%A4%E0%A6%95%E0%A7%8D%E0%A6%B7%E0%A7%80%E0%A6%B0%E0%A6%BE%E0%A6%AF%E0%A6%BC-%E0%A6%AA%E0%A7%81%E0%A6%95%E0%A7%81%E0%A6%B0%E0%A7%87-%E0%A6%A1%E0%A7%81%E0%A6%AC%E0%A7%87/ HTTP/1.1" 429 0 "http://bangladaily.online/%e0%a6%b8%e0%a6%be%e0%a6%a4%e0%a6%95%e0%a7%8d%e0%a6%b7%e0%a7%80%e0%a6%b0%e0%a6%be%e0%a6%af%e0%a6%bc-%e0%a6%aa%e0%a7%81%e0%a6%95%e0%a7%81%e0%a6%b0%e0%a7%87-%e0%a6%a1%e0%a7%81%e0%a6%ac%e0%a7%87/" "Mozilla/5.0 AppleWebKit/537.36 (KHTML, like Gecko; compatible; GPTBot/1.4; +https://openai.com/gptbot)"
74.7.243.200 - - [14/Sep/2026:18:39:55 +0600] "GET /%e0%a6%ae%e0%a6%af%e0%a6%bc%e0%a6%ae%e0%a6%a8%e0%a6%b8%e0%a6%bf%e0%a6%82%e0%a6%b9%e0%a7%87-%e0%a6%a1%e0%a7%8d%e0%a6%b0%e0%a6%be%e0%a6%ae%e0%a6%9f%e0%a7%8d%e0%a6%b0%e0%a6%be%e0%a6%95-%e0%a6%b8%e0%a6%bf/ HTTP/1.1" 429 0 "http://bangladaily.online/%e0%a6%a8%e0%a6%ad%e0%a7%87%e0%a6%ae%e0%a7%8d%e0%a6%ac%e0%a6%b0%e0%a7%87-%e0%a6%87%e0%a6%89%e0%a6%aa%e0%a6%bf-%e0%a6%ad%e0%a7%8b%e0%a6%9f-%e0%a6%b6%e0%a7%81%e0%a6%b0%e0%a7%81-%e0%a6%b8%e0%a7%8d/" "Mozilla/5.0 AppleWebKit/537.36 (KHTML, like Gecko; compatible; GPTBot/1.4; +https://openai.com/gptbot)"
116.202.222.251 - - [14/Sep/2026:18:40:36 +0600] "POST /wp-cron.php?doing_wp_cron=1789389636.0076000690460205078125 HTTP/1.1" 200 0 "-" "WordPress/7.1; http://bangladaily.online"
51.89.39.49 - - [14/Sep/2026:18:40:35 +0600] "GET /%E0%A6%B0%E0%A6%BE%E0%A6%9C%E0%A6%A7%E0%A6%BE%E0%A6%A8%E0%A7%80%E0%A6%A4%E0%A7%87-%E0%A6%AA%E0%A7%81%E0%A6%B2%E0%A6%BF%E0%A6%B6%E0%A7%87%E0%A6%B0-%E0%A6%85%E0%A6%AD%E0%A6%BF%E0%A6%AF%E0%A6%BE%E0%A6%A8/ HTTP/1.1" 200 14649 "-" "Mozilla/5.0 (compatible; AhrefsBot/7.0; +http://ahrefs.com/robot/)"
51.89.69.111 - - [14/Sep/2026:18:40:44 +0600] "GET /wp-content/uploads/2026/09/6aa7e909caad117893890656aa7e909caae8-300x197.jpg HTTP/1.1" 200 16644 "-" "Mozilla/5.0 (compatible; AhrefsBot/7.0; +http://ahrefs.com/robot/)"
51.89.69.42 - - [14/Sep/2026:18:40:52 +0600] "GET /wp-content/uploads/2026/09/instagram-1-mth0hxr687oglzn-20260831150610.jpg HTTP/1.1" 200 12190 "-" "Mozilla/5.0 (compatible; AhrefsBot/7.0; +http://ahrefs.com/robot/)"
74.7.243.200 - - [14/Sep/2026:18:40:56 +0600] "GET /?p=5013 HTTP/1.1" 429 0 "http://bangladaily.online/%e0%a6%ac%e0%a6%bf%e0%a6%ae%e0%a6%be-%e0%a6%96%e0%a6%be%e0%a6%a4%e0%a7%87-%e0%a6%ac%e0%a6%95%e0%a7%87%e0%a6%af%e0%a6%bc%e0%a6%be-%e0%a6%a6%e0%a6%be%e0%a6%ac%e0%a6%bf-%e0%a7%ad-%e0%a6%b9%e0%a6%be/" "Mozilla/5.0 AppleWebKit/537.36 (KHTML, like Gecko; compatible; GPTBot/1.4; +https://openai.com/gptbot)"
116.202.222.251 - - [14/Sep/2026:18:41:05 +0600] "POST /wp-cron.php?doing_wp_cron=1789389665.5645179748535156250000 HTTP/1.1" 200 0 "-" "WordPress/7.1; http://bangladaily.online"
116.202.222.251 - - [14/Sep/2026:18:41:02 +0600] "GET /?wp_automatic=cron HTTP/1.1" 200 2227 "-" "curl/7.61.1"
74.7.243.200 - - [14/Sep/2026:18:41:51 +0600] "GET /%E0%A6%AC%E0%A6%BF%E0%A6%AE%E0%A6%BE-%E0%A6%96%E0%A6%BE%E0%A6%A4%E0%A7%87-%E0%A6%AC%E0%A6%95%E0%A7%87%E0%A6%AF%E0%A6%BC%E0%A6%BE-%E0%A6%A6%E0%A6%BE%E0%A6%AC%E0%A6%BF-%E0%A7%AD-%E0%A6%B9%E0%A6%BE/ HTTP/1.1" 200 16397 "http://bangladaily.online/%e0%a6%ac%e0%a6%bf%e0%a6%ae%e0%a6%be-%e0%a6%96%e0%a6%be%e0%a6%a4%e0%a7%87-%e0%a6%ac%e0%a6%95%e0%a7%87%e0%a6%af%e0%a6%bc%e0%a6%be-%e0%a6%a6%e0%a6%be%e0%a6%ac%e0%a6%bf-%e0%a7%ad-%e0%a6%b9%e0%a6%be/" "Mozilla/5.0 AppleWebKit/537.36 (KHTML, like Gecko; compatible; GPTBot/1.4; +https://openai.com/gptbot)"
51.89.71.147 - - [14/Sep/2026:18:37:38 +0600] "GET /%E0%A6%87%E0%A6%A8%E0%A6%B8%E0%A7%8D%E0%A6%9F%E0%A6%BE%E0%A6%97%E0%A7%8D%E0%A6%B0%E0%A6%BE%E0%A6%AE%E0%A7%87-%E0%A6%B8%E0%A7%8D%E0%A6%AA%E0%A7%8D%E0%A6%AF%E0%A6%BE%E0%A6%AE-%E0%A6%AB%E0%A6%B2%E0%A7%8B/ HTTP/1.1" 200 16353 "-" "Mozilla/5.0 (compatible; AhrefsBot/7.0; +http://ahrefs.com/robot/)"
74.7.243.200 - - [14/Sep/2026:18:37:39 +0600] "GET /%e0%a6%89%e0%a6%aa%e0%a6%a6%e0%a7%87%e0%a6%b7%e0%a7%8d%e0%a6%9f%e0%a6%be%e0%a6%b0-%e0%a6%b8%e0%a6%87-%e0%a6%9c%e0%a6%be%e0%a6%b2-%e0%a6%95%e0%a6%b0%e0%a7%87-%e0%a6%97%e0%a6%b0%e0%a7%81-%e0%a6%86/ HTTP/1.1" 200 18059 "http://bangladaily.online/" "Mozilla/5.0 AppleWebKit/537.36 (KHTML, like Gecko; compatible; GPTBot/1.4; +https://openai.com/gptbot)"
116.202.222.251 - - [14/Sep/2026:18:38:02 +0600] "GET /?wp_automatic=cron HTTP/1.1" 200 1567 "-" "curl/7.61.1"
51.89.69.108 - - [14/Sep/2026:18:38:20 +0600] "GET /%E0%A6%A8%E0%A6%BE%E0%A6%9F%E0%A7%8B%E0%A6%B0%E0%A7%87-%E0%A6%AA%E0%A7%81%E0%A6%B2%E0%A6%BF%E0%A6%B6%E0%A7%87%E0%A6%B0-%E0%A6%93%E0%A6%AA%E0%A6%B0-%E0%A6%B9%E0%A6%BE%E0%A6%AE%E0%A6%B2%E0%A6%BE/ HTTP/1.1" 200 15561 "-" "Mozilla/5.0 (compatible; AhrefsBot/7.0; +http://ahrefs.com/robot/)"
116.202.222.251 - - [14/Sep/2026:18:39:02 +0600] "GET /?wp_automatic=cron HTTP/1.1" 200 1569 "-" "curl/7.61.1"
116.202.222.251 - - [14/Sep/2026:18:40:03 +0600] "GET /?wp_automatic=cron HTTP/1.1" 200 1570 "-" "curl/7.61.1"
51.89.59.41 - - [14/Sep/2026:18:41:13 +0600] "GET /wp-content/uploads/2026/09/6aa78c0db9f7d17893652616aa78c0db9f92.jpg HTTP/1.1" 200 108956 "-" "Mozilla/5.0 (compatible; AhrefsBot/7.0; +http://ahrefs.com/robot/)"
74.7.243.200 - - [14/Sep/2026:18:41:15 +0600] "GET /wp-content/uploads/2026/09/og_1789382084_6aa7cdc4d939e.jpeg HTTP/1.1" 200 36450 "http://bangladaily.online/%e0%a6%ac%e0%a6%bf%e0%a6%ae%e0%a6%be-%e0%a6%96%e0%a6%be%e0%a6%a4%e0%a7%87-%e0%a6%ac%e0%a6%95%e0%a7%87%e0%a6%af%e0%a6%bc%e0%a6%be-%e0%a6%a6%e0%a6%be%e0%a6%ac%e0%a6%bf-%e0%a7%ad-%e0%a6%b9%e0%a6%be/" "Mozilla/5.0 AppleWebKit/537.36 (KHTML, like Gecko; compatible; GPTBot/1.4; +https://openai.com/gptbot)"
116.202.222.251 - - [14/Sep/2026:18:42:02 +0600] "GET /?wp_automatic=cron HTTP/1.1" 200 1603 "-" "curl/7.61.1"
74.7.243.200 - - [14/Sep/2026:18:42:14 +0600] "GET /%e0%a6%8f%e0%a6%95-%e0%a6%b8%e0%a6%aa%e0%a7%8d%e0%a6%a4%e0%a6%be%e0%a6%b9%e0%a7%87-%e0%a6%a8%e0%a6%bf%e0%a6%b0%e0%a6%be%e0%a6%aa%e0%a6%a6-%e0%a6%96%e0%a6%be%e0%a6%a6%e0%a7%8d%e0%a6%af-%e0%a6%86/ HTTP/1.1" 200 17089 "http://bangladaily.online/%e0%a6%93%e0%a6%ac%e0%a6%be%e0%a6%af%e0%a6%bc%e0%a6%a6%e0%a7%81%e0%a6%b2-%e0%a6%95%e0%a6%be%e0%a6%a6%e0%a7%87%e0%a6%b0%e0%a6%b8%e0%a6%b9-%e0%a7%ad-%e0%a6%9c%e0%a6%a8%e0%a7%87%e0%a6%b0-%e0%a6%b0/" "Mozilla/5.0 AppleWebKit/537.36 (KHTML, like Gecko; compatible; GPTBot/1.4; +https://openai.com/gptbot)"
74.7.243.200 - - [14/Sep/2026:18:42:23 +0600] "GET /%E0%A6%8F%E0%A6%86%E0%A6%87-%E0%A6%AC%E0%A7%8D%E0%A6%AF%E0%A6%AC%E0%A6%B9%E0%A6%BE%E0%A6%B0-%E0%A6%95%E0%A6%B0%E0%A7%87-%E0%A6%86%E0%A6%A6%E0%A6%BE%E0%A6%B2%E0%A6%A4%E0%A7%87%E0%A6%B0-%E0%A6%B0/ HTTP/1.1" 429 0 "http://bangladaily.online/%e0%a6%8f%e0%a6%86%e0%a6%87-%e0%a6%ac%e0%a7%8d%e0%a6%af%e0%a6%ac%e0%a6%b9%e0%a6%be%e0%a6%b0-%e0%a6%95%e0%a6%b0%e0%a7%87-%e0%a6%86%e0%a6%a6%e0%a6%be%e0%a6%b2%e0%a6%a4%e0%a7%87%e0%a6%b0-%e0%a6%b0/" "Mozilla/5.0 AppleWebKit/537.36 (KHTML, like Gecko; compatible; GPTBot/1.4; +https://openai.com/gptbot)"
74.7.243.200 - - [14/Sep/2026:18:42:29 +0600] "GET /%E0%A6%A8%E0%A6%AD%E0%A7%87%E0%A6%AE%E0%A7%8D%E0%A6%AC%E0%A6%B0%E0%A7%87-%E0%A6%87%E0%A6%89%E0%A6%AA%E0%A6%BF-%E0%A6%AD%E0%A7%8B%E0%A6%9F-%E0%A6%B6%E0%A7%81%E0%A6%B0%E0%A7%81-%E0%A6%B8%E0%A7%8D/ HTTP/1.1" 429 0 "http://bangladaily.online/%e0%a6%a8%e0%a6%ad%e0%a7%87%e0%a6%ae%e0%a7%8d%e0%a6%ac%e0%a6%b0%e0%a7%87-%e0%a6%87%e0%a6%89%e0%a6%aa%e0%a6%bf-%e0%a6%ad%e0%a7%8b%e0%a6%9f-%e0%a6%b6%e0%a7%81%e0%a6%b0%e0%a7%81-%e0%a6%b8%e0%a7%8d/" "Mozilla/5.0 AppleWebKit/537.36 (KHTML, like Gecko; compatible; GPTBot/1.4; +https://openai.com/gptbot)"
74.7.243.200 - - [14/Sep/2026:18:42:39 +0600] "GET /%E0%A6%93%E0%A6%AC%E0%A6%BE%E0%A6%AF%E0%A6%BC%E0%A6%A6%E0%A7%81%E0%A6%B2-%E0%A6%95%E0%A6%BE%E0%A6%A6%E0%A7%87%E0%A6%B0%E0%A6%B8%E0%A6%B9-%E0%A7%AD-%E0%A6%9C%E0%A6%A8%E0%A7%87%E0%A6%B0-%E0%A6%B0/ HTTP/1.1" 429 0 "http://bangladaily.online/%e0%a6%93%e0%a6%ac%e0%a6%be%e0%a6%af%e0%a6%bc%e0%a6%a6%e0%a7%81%e0%a6%b2-%e0%a6%95%e0%a6%be%e0%a6%a6%e0%a7%87%e0%a6%b0%e0%a6%b8%e0%a6%b9-%e0%a7%ad-%e0%a6%9c%e0%a6%a8%e0%a7%87%e0%a6%b0-%e0%a6%b0/" "Mozilla/5.0 AppleWebKit/537.36 (KHTML, like Gecko; compatible; GPTBot/1.4; +https://openai.com/gptbot)"
116.202.222.251 - - [14/Sep/2026:18:42:49 +0600] "POST /wp-cron.php?doing_wp_cron=1789389769.3159790039062500000000 HTTP/1.1" 200 0 "-" "WordPress/7.1; http://bangladaily.online"
74.7.243.200 - - [14/Sep/2026:18:43:14 +0600] "GET /%e0%a6%b6%e0%a7%87%e0%a6%b7-%e0%a6%ae%e0%a7%81%e0%a6%b9%e0%a7%82%e0%a6%b0%e0%a7%8d%e0%a6%a4%e0%a7%87-%e0%a6%b0%e0%a6%95%e0%a7%8d%e0%a6%b7%e0%a6%be-%e0%a6%9f%e0%a6%be%e0%a6%a8%e0%a6%be-%e0%a6%a6/ HTTP/1.1" 429 0 "http://bangladaily.online/" "Mozilla/5.0 AppleWebKit/537.36 (KHTML, like Gecko; compatible; GPTBot/1.4; +https://openai.com/gptbot)"
51.89.71.156 - - [14/Sep/2026:18:42:08 +0600] "GET /%E0%A6%85%E0%A7%8D%E0%A6%AF%E0%A6%BE%E0%A6%B2%E0%A6%BE%E0%A6%B0%E0%A7%8D%E0%A6%AE-%E0%A6%AC%E0%A6%BE%E0%A6%9C%E0%A6%B2%E0%A7%87%E0%A6%93-%E0%A6%B8%E0%A6%95%E0%A6%BE%E0%A6%B2%E0%A7%87-%E0%A6%98/ HTTP/1.1" 200 16766 "-" "Mozilla/5.0 (compatible; AhrefsBot/7.0; +http://ahrefs.com/robot/)"
51.89.71.157 - - [14/Sep/2026:18:42:48 +0600] "GET /%E0%A6%AC%E0%A7%8D%E0%A6%AF%E0%A6%BE%E0%A6%82%E0%A6%95%E0%A7%87%E0%A6%B0-%E0%A6%8F%E0%A6%AE%E0%A6%A1%E0%A6%BF%E0%A6%A6%E0%A7%87%E0%A6%B0-%E0%A6%95%E0%A6%B0%E0%A7%8D%E0%A6%AE%E0%A6%A6%E0%A6%95%E0%A7%8D/feed/ HTTP/1.1" 200 639 "-" "Mozilla/5.0 (compatible; AhrefsBot/7.0; +http://ahrefs.com/robot/)"
116.202.222.251 - - [14/Sep/2026:18:43:02 +0600] "GET /?wp_automatic=cron HTTP/1.1" 200 1573 "-" "curl/7.61.1"
74.7.243.200 - - [14/Sep/2026:18:43:50 +0600] "GET /%e0%a6%b6%e0%a6%9a%e0%a6%bf%e0%a6%a8%e0%a6%95%e0%a7%87-%e0%a6%9f%e0%a6%aa%e0%a6%95%e0%a7%87-%e0%a6%b0%e0%a7%87%e0%a6%95%e0%a6%b0%e0%a7%8d%e0%a6%a1%e0%a7%87%e0%a6%b0-%e0%a6%9a%e0%a7%82%e0%a6%a1/ HTTP/1.1" 200 16401 "http://bangladaily.online/%e0%a6%93%e0%a6%ac%e0%a6%be%e0%a6%af%e0%a6%bc%e0%a6%a6%e0%a7%81%e0%a6%b2-%e0%a6%95%e0%a6%be%e0%a6%a6%e0%a7%87%e0%a6%b0%e0%a6%b8%e0%a6%b9-%e0%a7%ad-%e0%a6%9c%e0%a6%a8%e0%a7%87%e0%a6%b0-%e0%a6%b0/" "Mozilla/5.0 AppleWebKit/537.36 (KHTML, like Gecko; compatible; GPTBot/1.4; +https://openai.com/gptbot)"
116.202.222.251 - - [14/Sep/2026:18:44:02 +0600] "GET /?wp_automatic=cron HTTP/1.1" 200 2422 "-" "curl/7.61.1"
51.89.72.7 - - [14/Sep/2026:18:44:09 +0600] "GET /%E0%A6%95%E0%A7%87-%E0%A6%95%E0%A6%BE%E0%A6%B0-%E0%A6%AC%E0%A7%87%E0%A6%A1%E0%A6%BC%E0%A6%BE-%E0%A6%95%E0%A7%87%E0%A6%9F%E0%A7%87-%E0%A6%9B%E0%A6%BE%E0%A6%97%E0%A6%B2-%E0%A6%96%E0%A7%87%E0%A6%AF/ HTTP/1.1" 200 16922 "-" "Mozilla/5.0 (compatible; AhrefsBot/7.0; +http://ahrefs.com/robot/)"
74.7.243.200 - - [14/Sep/2026:18:44:19 +0600] "GET /?p=5013 HTTP/1.1" 301 52 "http://bangladaily.online/%E0%A6%AC%E0%A6%BF%E0%A6%AE%E0%A6%BE-%E0%A6%96%E0%A6%BE%E0%A6%A4%E0%A7%87-%E0%A6%AC%E0%A6%95%E0%A7%87%E0%A6%AF%E0%A6%BC%E0%A6%BE-%E0%A6%A6%E0%A6%BE%E0%A6%AC%E0%A6%BF-%E0%A7%AD-%E0%A6%B9%E0%A6%BE/" "Mozilla/5.0 AppleWebKit/537.36 (KHTML, like Gecko; compatible; GPTBot/1.4; +https://openai.com/gptbot)"
74.7.243.200 - - [14/Sep/2026:18:44:37 +0600] "GET /?p=5029 HTTP/1.1" 429 0 "http://bangladaily.online/%e0%a6%8f%e0%a6%95-%e0%a6%b8%e0%a6%aa%e0%a7%8d%e0%a6%a4%e0%a6%be%e0%a6%b9%e0%a7%87-%e0%a6%a8%e0%a6%bf%e0%a6%b0%e0%a6%be%e0%a6%aa%e0%a6%a6-%e0%a6%96%e0%a6%be%e0%a6%a6%e0%a7%8d%e0%a6%af-%e0%a6%86/" "Mozilla/5.0 AppleWebKit/537.36 (KHTML, like Gecko; compatible; GPTBot/1.4; +https://openai.com/gptbot)"
74.7.243.200 - - [14/Sep/2026:18:44:43 +0600] "GET /wp-content/uploads/2026/09/6aa7da30d917717893852646aa7da30d917a.jpg HTTP/1.1" 429 0 "http://bangladaily.online/%e0%a6%8f%e0%a6%95-%e0%a6%b8%e0%a6%aa%e0%a7%8d%e0%a6%a4%e0%a6%be%e0%a6%b9%e0%a7%87-%e0%a6%a8%e0%a6%bf%e0%a6%b0%e0%a6%be%e0%a6%aa%e0%a6%a6-%e0%a6%96%e0%a6%be%e0%a6%a6%e0%a7%8d%e0%a6%af-%e0%a6%86/" "Mozilla/5.0 AppleWebKit/537.36 (KHTML, like Gecko; compatible; GPTBot/1.4; +https://openai.com/gptbot)"
74.7.243.200 - - [14/Sep/2026:18:44:53 +0600] "GET /wp-content/uploads/2026/09/og_1789389637_6aa7eb45e2093-300x156.jpeg HTTP/1.1" 429 0 "http://bangladaily.online/%E0%A6%AC%E0%A6%BF%E0%A6%AE%E0%A6%BE-%E0%A6%96%E0%A6%BE%E0%A6%A4%E0%A7%87-%E0%A6%AC%E0%A6%95%E0%A7%87%E0%A6%AF%E0%A6%BC%E0%A6%BE-%E0%A6%A6%E0%A6%BE%E0%A6%AC%E0%A6%BF-%E0%A7%AD-%E0%A6%B9%E0%A6%BE/" "Mozilla/5.0 AppleWebKit/537.36 (KHTML, like Gecko; compatible; GPTBot/1.4; +https://openai.com/gptbot)"
51.89.38.140 - - [14/Sep/2026:18:44:57 +0600] "GET /%E0%A6%AE%E0%A6%B9%E0%A6%BE%E0%A6%B8%E0%A6%A1%E0%A6%BC%E0%A6%95%E0%A7%87-%E0%A6%AE%E0%A6%BF%E0%A6%9B%E0%A6%BF%E0%A6%B2-%E0%A6%95%E0%A6%B0%E0%A6%BE%E0%A6%AF%E0%A6%BC-%E0%A6%B8%E0%A7%8D%E0%A6%AC/ HTTP/1.1" 200 14596 "-" "Mozilla/5.0 (compatible; AhrefsBot/7.0; +http://ahrefs.com/robot/)"
116.202.222.251 - - [14/Sep/2026:18:44:06 +0600] "POST /wp-cron.php?doing_wp_cron=1789389846.6572840213775634765625 HTTP/1.1" 200 0 "-" "WordPress/7.1; http://bangladaily.online"
116.202.222.251 - - [14/Sep/2026:18:45:03 +0600] "GET /?wp_automatic=cron HTTP/1.1" 200 1589 "-" "curl/7.61.1"
51.89.69.47 - - [14/Sep/2026:18:45:19 +0600] "GET /%E0%A6%B0%E0%A7%8B%E0%A6%A8%E0%A6%BE%E0%A6%B2%E0%A6%A6%E0%A7%8B%E0%A6%B0-%E0%A6%97%E0%A7%8B%E0%A6%B2%E0%A7%87-%E0%A6%86%E0%A6%B2-%E0%A6%A8%E0%A6%BE%E0%A6%B8%E0%A6%B0%E0%A7%87%E0%A6%B0-%E0%A6%9C-2/ HTTP/1.1" 200 14920 "-" "Mozilla/5.0 (compatible; AhrefsBot/7.0; +http://ahrefs.com/robot/)"
116.202.222.251 - - [14/Sep/2026:18:45:40 +0600] "POST /wp-cron.php?doing_wp_cron=1789389940.9968469142913818359375 HTTP/1.1" 200 0 "-" "WordPress/7.1; http://bangladaily.online"
51.89.59.33 - - [14/Sep/2026:18:45:40 +0600] "GET /%E0%A6%95%E0%A6%BE%E0%A6%81%E0%A6%9A%E0%A6%BE%E0%A6%AE%E0%A6%B0%E0%A6%BF%E0%A6%9A-%E0%A7%AA%E0%A7%A6%E0%A7%A6-%E0%A6%B2%E0%A6%BE%E0%A6%97%E0%A6%BE%E0%A6%AE%E0%A6%B9%E0%A7%80%E0%A6%A8-%E0%A6%B8/ HTTP/1.1" 200 15655 "-" "Mozilla/5.0 (compatible; AhrefsBot/7.0; +http://ahrefs.com/robot/)"
51.89.83.58 - - [14/Sep/2026:18:45:58 +0600] "GET /wp-content/uploads/2026/09/6aa7eb76e7f0d17893896866aa7eb76e7f28-300x197.jpg HTTP/1.1" 200 17400 "-" "Mozilla/5.0 (compatible; AhrefsBot/7.0; +http://ahrefs.com/robot/)"
51.89.72.1 - - [14/Sep/2026:18:45:59 +0600] "GET /wp-content/uploads/2026/09/og_1789389637_6aa7eb45e2093-300x156.jpeg HTTP/1.1" 200 17158 "-" "Mozilla/5.0 (compatible; AhrefsBot/7.0; +http://ahrefs.com/robot/)"
116.202.222.251 - - [14/Sep/2026:18:46:02 +0600] "GET /?wp_automatic=cron HTTP/1.1" 200 1566 "-" "curl/7.61.1"
74.7.243.200 - - [14/Sep/2026:18:46:28 +0600] "GET /?p=5052 HTTP/1.1" 301 52 "http://bangladaily.online/%e0%a6%b6%e0%a6%9a%e0%a6%bf%e0%a6%a8%e0%a6%95%e0%a7%87-%e0%a6%9f%e0%a6%aa%e0%a6%95%e0%a7%87-%e0%a6%b0%e0%a7%87%e0%a6%95%e0%a6%b0%e0%a7%8d%e0%a6%a1%e0%a7%87%e0%a6%b0-%e0%a6%9a%e0%a7%82%e0%a6%a1/" "Mozilla/5.0 AppleWebKit/537.36 (KHTML, like Gecko; compatible; GPTBot/1.4; +https://openai.com/gptbot)"
74.7.243.200 - - [14/Sep/2026:18:46:44 +0600] "GET /wp-content/uploads/2026/09/6aa7e909caad117893890656aa7e909caae8.jpg HTTP/1.1" 200 109135 "http://bangladaily.online/%e0%a6%b6%e0%a6%9a%e0%a6%bf%e0%a6%a8%e0%a6%95%e0%a7%87-%e0%a6%9f%e0%a6%aa%e0%a6%95%e0%a7%87-%e0%a6%b0%e0%a7%87%e0%a6%95%e0%a6%b0%e0%a7%8d%e0%a6%a1%e0%a7%87%e0%a6%b0-%e0%a6%9a%e0%a7%82%e0%a6%a1/" "Mozilla/5.0 AppleWebKit/537.36 (KHTML, like Gecko; compatible; GPTBot/1.4; +https://openai.com/gptbot)"
116.202.222.251 - - [14/Sep/2026:18:47:02 +0600] "GET /?wp_automatic=cron HTTP/1.1" 200 1569 "-" "curl/7.61.1"
74.7.243.200 - - [14/Sep/2026:18:47:07 +0600] "GET /wp-content/uploads/2026/09/6aa7cf43df5aa17893824676aa7cf43df5ad-300x197.jpg HTTP/1.1" 200 21523 "http://bangladaily.online/%e0%a6%b6%e0%a6%9a%e0%a6%bf%e0%a6%a8%e0%a6%95%e0%a7%87-%e0%a6%9f%e0%a6%aa%e0%a6%95%e0%a7%87-%e0%a6%b0%e0%a7%87%e0%a6%95%e0%a6%b0%e0%a7%8d%e0%a6%a1%e0%a7%87%e0%a6%b0-%e0%a6%9a%e0%a7%82%e0%a6%a1/" "Mozilla/5.0 AppleWebKit/537.36 (KHTML, like Gecko; compatible; GPTBot/1.4; +https://openai.com/gptbot)"
74.7.243.200 - - [14/Sep/2026:18:47:32 +0600] "GET /wp-content/uploads/2026/09/6aa79f171d92a17893701356aa79f171d93b-300x197.jpg HTTP/1.1" 200 16932 "http://bangladaily.online/%e0%a6%b6%e0%a6%9a%e0%a6%bf%e0%a6%a8%e0%a6%95%e0%a7%87-%e0%a6%9f%e0%a6%aa%e0%a6%95%e0%a7%87-%e0%a6%b0%e0%a7%87%e0%a6%95%e0%a6%b0%e0%a7%8d%e0%a6%a1%e0%a7%87%e0%a6%b0-%e0%a6%9a%e0%a7%82%e0%a6%a1/" "Mozilla/5.0 AppleWebKit/537.36 (KHTML, like Gecko; compatible; GPTBot/1.4; +https://openai.com/gptbot)"
51.89.71.154 - - [14/Sep/2026:18:45:57 +0600] "GET /wp-content/uploads/2026/09/og_1789357166_6aa76c6e63e4a.jpeg HTTP/1.1" 200 36874 "-" "Mozilla/5.0 (compatible; AhrefsBot/7.0; +http://ahrefs.com/robot/)"
116.202.222.251 - - [14/Sep/2026:18:46:29 +0600] "POST /wp-cron.php?doing_wp_cron=1789389989.3699018955230712890625 HTTP/1.1" 200 0 "-" "WordPress/7.1; http://bangladaily.online"
51.89.74.196 - - [14/Sep/2026:18:46:35 +0600] "GET /wp-content/uploads/2026/09/goat-20240623190232.jpg HTTP/1.1" 200 22330 "-" "Mozilla/5.0 (compatible; AhrefsBot/7.0; +http://ahrefs.com/robot/)"
74.7.243.200 - - [14/Sep/2026:18:48:30 +0600] "GET /%e0%a6%8f%e0%a6%b6%e0%a6%bf%e0%a6%af%e0%a6%bc%e0%a6%be-%e0%a6%95%e0%a6%be%e0%a6%aa%e0%a7%87%e0%a6%b0-%e0%a6%9f%e0%a7%8d%e0%a6%b0%e0%a6%ab%e0%a6%bf-%e0%a6%a8%e0%a6%be-%e0%a6%a8%e0%a7%87%e0%a6%93/ HTTP/1.1" 429 0 "http://bangladaily.online/%e0%a6%b6%e0%a6%9a%e0%a6%bf%e0%a6%a8%e0%a6%95%e0%a7%87-%e0%a6%9f%e0%a6%aa%e0%a6%95%e0%a7%87-%e0%a6%b0%e0%a7%87%e0%a6%95%e0%a6%b0%e0%a7%8d%e0%a6%a1%e0%a7%87%e0%a6%b0-%e0%a6%9a%e0%a7%82%e0%a6%a1/" "Mozilla/5.0 AppleWebKit/537.36 (KHTML, like Gecko; compatible; GPTBot/1.4; +https://openai.com/gptbot)"
116.202.222.251 - - [14/Sep/2026:18:49:24 +0600] "POST /wp-cron.php?doing_wp_cron=1789390164.0897541046142578125000 HTTP/1.1" 200 0 "-" "WordPress/7.1; http://bangladaily.online"
74.7.243.200 - - [14/Sep/2026:18:49:23 +0600] "GET /%E0%A6%8F%E0%A6%95-%E0%A6%B8%E0%A6%AA%E0%A7%8D%E0%A6%A4%E0%A6%BE%E0%A6%B9%E0%A7%87-%E0%A6%A8%E0%A6%BF%E0%A6%B0%E0%A6%BE%E0%A6%AA%E0%A6%A6-%E0%A6%96%E0%A6%BE%E0%A6%A6%E0%A7%8D%E0%A6%AF-%E0%A6%86/ HTTP/1.1" 200 17033 "http://bangladaily.online/%e0%a6%8f%e0%a6%95-%e0%a6%b8%e0%a6%aa%e0%a7%8d%e0%a6%a4%e0%a6%be%e0%a6%b9%e0%a7%87-%e0%a6%a8%e0%a6%bf%e0%a6%b0%e0%a6%be%e0%a6%aa%e0%a6%a6-%e0%a6%96%e0%a6%be%e0%a6%a6%e0%a7%8d%e0%a6%af-%e0%a6%86/" "Mozilla/5.0 AppleWebKit/537.36 (KHTML, like Gecko; compatible; GPTBot/1.4; +https://openai.com/gptbot)"
74.7.243.200 - - [14/Sep/2026:18:49:39 +0600] "GET /%E0%A6%AC%E0%A6%BE%E0%A6%B0%E0%A7%8D%E0%A6%A8-%E0%A6%87%E0%A6%A8%E0%A6%B8%E0%A7%8D%E0%A6%9F%E0%A6%BF%E0%A6%9F%E0%A6%BF%E0%A6%89%E0%A6%9F%E0%A7%87%E0%A6%B0-%E0%A6%B8%E0%A6%BE%E0%A6%AE%E0%A6%A8%E0%A7%87/ HTTP/1.1" 429 0 "http://bangladaily.online/%e0%a6%ac%e0%a6%be%e0%a6%b0%e0%a7%8d%e0%a6%a8-%e0%a6%87%e0%a6%a8%e0%a6%b8%e0%a7%8d%e0%a6%9f%e0%a6%bf%e0%a6%9f%e0%a6%bf%e0%a6%89%e0%a6%9f%e0%a7%87%e0%a6%b0-%e0%a6%b8%e0%a6%be%e0%a6%ae%e0%a6%a8%e0%a7%87/" "Mozilla/5.0 AppleWebKit/537.36 (KHTML, like Gecko; compatible; GPTBot/1.4; +https://openai.com/gptbot)"
116.202.222.251 - - [14/Sep/2026:18:50:04 +0600] "POST /wp-cron.php?doing_wp_cron=1789390204.1747689247131347656250 HTTP/1.1" 200 0 "-" "WordPress/7.1; http://bangladaily.online"
116.202.222.251 - - [14/Sep/2026:18:50:02 +0600] "GET /?wp_automatic=cron HTTP/1.1" 200 1603 "-" "curl/7.61.1"
74.7.243.200 - - [14/Sep/2026:18:50:05 +0600] "GET /%e0%a6%86%e0%a6%93%e0%a6%af%e0%a6%bc%e0%a6%be%e0%a6%b0%e0%a6%be%e0%a6%aa%e0%a6%a8-%e0%a6%8f%e0%a6%b0-%e0%a6%a8%e0%a6%be%e0%a6%af%e0%a6%bc%e0%a6%bf%e0%a6%95%e0%a6%be-%e0%a6%b6/ HTTP/1.1" 429 0 "http://bangladaily.online/" "Mozilla/5.0 AppleWebKit/537.36 (KHTML, like Gecko; compatible; GPTBot/1.4; +https://openai.com/gptbot)"
74.7.243.200 - - [14/Sep/2026:18:50:25 +0600] "GET /%e0%a6%9d%e0%a7%8b%e0%a6%aa%e0%a6%9d%e0%a6%be%e0%a6%a1%e0%a6%bc%e0%a7%87-%e0%a6%ac%e0%a6%bf%e0%a6%b2%e0%a7%80%e0%a6%a8-%e0%a6%b8%e0%a7%8b%e0%a6%af%e0%a6%bc%e0%a6%be-%e0%a6%95%e0%a7%8b%e0%a6%9f/ HTTP/1.1" 429 0 "http://bangladaily.online/" "Mozilla/5.0 AppleWebKit/537.36 (KHTML, like Gecko; compatible; GPTBot/1.4; +https://openai.com/gptbot)"
74.7.243.200 - - [14/Sep/2026:18:51:05 +0600] "GET /wp-content/uploads/2026/09/og_1789389637_6aa7eb45e2093-300x156.jpeg HTTP/1.1" 200 17158 "http://bangladaily.online/%e0%a6%a1%e0%a6%be%e0%a6%95%e0%a6%b8%e0%a7%81%e0%a6%b0-%e0%a6%ac%e0%a6%bf%e0%a6%ad%e0%a6%bf%e0%a6%a8%e0%a7%8d%e0%a6%a8-%e0%a6%95%e0%a6%b0%e0%a7%8d%e0%a6%ae%e0%a6%95%e0%a6%be%e0%a6%a3%e0%a7%8d%e0%a6%a1/" "Mozilla/5.0 AppleWebKit/537.36 (KHTML, like Gecko; compatible; GPTBot/1.4; +https://openai.com/gptbot)"
74.7.243.200 - - [14/Sep/2026:18:51:52 +0600] "GET /?p=5029 HTTP/1.1" 429 0 "http://bangladaily.online/%E0%A6%8F%E0%A6%95-%E0%A6%B8%E0%A6%AA%E0%A7%8D%E0%A6%A4%E0%A6%BE%E0%A6%B9%E0%A7%87-%E0%A6%A8%E0%A6%BF%E0%A6%B0%E0%A6%BE%E0%A6%AA%E0%A6%A6-%E0%A6%96%E0%A6%BE%E0%A6%A6%E0%A7%8D%E0%A6%AF-%E0%A6%86/" "Mozilla/5.0 AppleWebKit/537.36 (KHTML, like Gecko; compatible; GPTBot/1.4; +https://openai.com/gptbot)"
116.202.222.251 - - [14/Sep/2026:18:52:02 +0600] "GET /?wp_automatic=cron HTTP/1.1" 200 10051 "-" "curl/7.61.1"
74.7.243.200 - - [14/Sep/2026:18:52:08 +0600] "GET /wp-content/uploads/2026/09/6aa7da30d917717893852646aa7da30d917a.jpg HTTP/1.1" 429 0 "http://bangladaily.online/%E0%A6%8F%E0%A6%95-%E0%A6%B8%E0%A6%AA%E0%A7%8D%E0%A6%A4%E0%A6%BE%E0%A6%B9%E0%A7%87-%E0%A6%A8%E0%A6%BF%E0%A6%B0%E0%A6%BE%E0%A6%AA%E0%A6%A6-%E0%A6%96%E0%A6%BE%E0%A6%A6%E0%A7%8D%E0%A6%AF-%E0%A6%86/" "Mozilla/5.0 AppleWebKit/537.36 (KHTML, like Gecko; compatible; GPTBot/1.4; +https://openai.com/gptbot)"
74.7.243.200 - - [14/Sep/2026:18:52:43 +0600] "GET /wp-content/uploads/2026/09/og_1789390130_6aa7ed32c6fb3-300x156.jpeg HTTP/1.1" 429 0 "http://bangladaily.online/%E0%A6%8F%E0%A6%95-%E0%A6%B8%E0%A6%AA%E0%A7%8D%E0%A6%A4%E0%A6%BE%E0%A6%B9%E0%A7%87-%E0%A6%A8%E0%A6%BF%E0%A6%B0%E0%A6%BE%E0%A6%AA%E0%A6%A6-%E0%A6%96%E0%A6%BE%E0%A6%A6%E0%A7%8D%E0%A6%AF-%E0%A6%86/" "Mozilla/5.0 AppleWebKit/537.36 (KHTML, like Gecko; compatible; GPTBot/1.4; +https://openai.com/gptbot)"
116.202.222.251 - - [14/Sep/2026:18:53:03 +0600] "POST /wp-cron.php?doing_wp_cron=1789390383.3598721027374267578125 HTTP/1.1" 200 0 "-" "WordPress/7.1; http://bangladaily.online"
116.202.222.251 - - [14/Sep/2026:18:53:02 +0600] "GET /?wp_automatic=cron HTTP/1.1" 200 1589 "-" "curl/7.61.1"
74.7.243.200 - - [14/Sep/2026:18:53:23 +0600] "GET /wp-content/uploads/2026/09/6aa7ecdcb43a617893900446aa7ecdcb43ba-300x197.jpg HTTP/1.1" 200 17618 "http://bangladaily.online/%e0%a6%a1%e0%a6%be%e0%a6%95%e0%a6%b8%e0%a7%81%e0%a6%b0-%e0%a6%ac%e0%a6%bf%e0%a6%ad%e0%a6%bf%e0%a6%a8%e0%a7%8d%e0%a6%a8-%e0%a6%95%e0%a6%b0%e0%a7%8d%e0%a6%ae%e0%a6%95%e0%a6%be%e0%a6%a3%e0%a7%8d%e0%a6%a1/" "Mozilla/5.0 AppleWebKit/537.36 (KHTML, like Gecko; compatible; GPTBot/1.4; +https://openai.com/gptbot)"
116.202.222.251 - - [14/Sep/2026:18:54:05 +0600] "POST /wp-cron.php?doing_wp_cron=1789390445.6766951084136962890625 HTTP/1.1" 200 0 "-" "WordPress/7.1; http://bangladaily.online"
74.7.243.200 - - [14/Sep/2026:18:54:30 +0600] "GET /wp-content/uploads/2026/09/duu-mu138lwxgllxzsv-20260914161645.jpg HTTP/1.1" 429 0 "http://bangladaily.online/%e0%a6%a1%e0%a6%be%e0%a6%95%e0%a6%b8%e0%a7%81%e0%a6%b0-%e0%a6%ac%e0%a6%bf%e0%a6%ad%e0%a6%bf%e0%a6%a8%e0%a7%8d%e0%a6%a8-%e0%a6%95%e0%a6%b0%e0%a7%8d%e0%a6%ae%e0%a6%95%e0%a6%be%e0%a6%a3%e0%a7%8d%e0%a6%a1/" "Mozilla/5.0 AppleWebKit/537.36 (KHTML, like Gecko; compatible; GPTBot/1.4; +https://openai.com/gptbot)"
85.208.96.202 - - [14/Sep/2026:18:55:00 +0600] "GET /robots.txt HTTP/1.1" 200 126 "-" "Mozilla/5.0 (compatible; SemrushBot/7~bl; +http://www.semrush.com/bot.html)"
185.191.171.16 - - [14/Sep/2026:18:55:01 +0600] "GET /%E0%A6%85%E0%A6%AC%E0%A6%B6%E0%A7%87%E0%A6%B7%E0%A7%87-%E0%A6%B9%E0%A7%8D%E0%A6%AF%E0%A6%BE%E0%A6%A8%E0%A7%8D%E0%A6%A1%E0%A6%95%E0%A6%BE%E0%A6%AB%E0%A6%B8%E0%A6%B9-%E0%A6%AA%E0%A6%BE%E0%A6%B2%E0%A6%BE/ HTTP/1.1" 200 19132 "-" "Mozilla/5.0 (compatible; SemrushBot/7~bl; +http://www.semrush.com/bot.html)"
116.202.222.251 - - [14/Sep/2026:18:55:42 +0600] "POST /wp-cron.php?doing_wp_cron=1789390542.6855859756469726562500 HTTP/1.1" 200 0 "-" "WordPress/7.1; http://bangladaily.online"
74.7.243.200 - - [14/Sep/2026:18:57:40 +0600] "GET /%e0%a6%87%e0%a6%af%e0%a6%bc%e0%a7%87%e0%a6%ae%e0%a7%87%e0%a6%a8%e0%a7%87-%e0%a7%a8%e0%a7%aa-%e0%a6%98%e0%a6%a3%e0%a7%8d%e0%a6%9f%e0%a6%be%e0%a6%af%e0%a6%bc-%e0%a6%b8%e0%a7%8c%e0%a6%a6%e0%a6%bf/ HTTP/1.1" 200 15980 "http://bangladaily.online/%e0%a6%a8%e0%a6%af%e0%a6%bc%e0%a6%be%e0%a6%a6%e0%a6%bf%e0%a6%b2%e0%a7%8d%e0%a6%b2%e0%a6%bf-%e0%a6%98%e0%a7%8b%e0%a6%b7%e0%a6%a3%e0%a6%be%e0%a6%aa%e0%a6%a4%e0%a7%8d%e0%a6%b0%e0%a7%87-%e0%a6%b8%e0%a6%a8/" "Mozilla/5.0 AppleWebKit/537.36 (KHTML, like Gecko; compatible; GPTBot/1.4; +https://openai.com/gptbot)"
74.7.243.200 - - [14/Sep/2026:18:58:00 +0600] "GET /%e0%a6%b8%e0%a6%a8%e0%a7%8d%e0%a6%a4%e0%a7%8d%e0%a6%b0%e0%a6%be%e0%a6%b8-%e0%a6%ac%e0%a6%bf%e0%a6%b0%e0%a7%8b%e0%a6%a7%e0%a7%80-%e0%a6%86%e0%a6%87%e0%a6%a8%e0%a7%87-%e0%a6%97%e0%a7%8d%e0%a6%b0/ HTTP/1.1" 200 15763 "http://bangladaily.online/" "Mozilla/5.0 AppleWebKit/537.36 (KHTML, like Gecko; compatible; GPTBot/1.4; +https://openai.com/gptbot)"
116.202.222.251 - - [14/Sep/2026:18:58:02 +0600] "GET /?wp_automatic=cron HTTP/1.1" 200 1603 "-" "curl/7.61.1"
74.7.243.200 - - [14/Sep/2026:18:58:54 +0600] "GET /wp-content/uploads/2026/09/og_1789390130_6aa7ed32c6fb3-300x156.jpeg HTTP/1.1" 200 12130 "http://bangladaily.online/%e0%a6%b9%e0%a6%be%e0%a6%93%e0%a6%b0%e0%a7%87-%e0%a6%a6%e0%a7%81%e0%a6%87%e0%a6%aa%e0%a6%95%e0%a7%8d%e0%a6%b7%e0%a7%87%e0%a6%b0-%e0%a6%b8%e0%a6%82%e0%a6%98%e0%a6%b0%e0%a7%8d%e0%a6%b7%e0%a7%87/" "Mozilla/5.0 AppleWebKit/537.36 (KHTML, like Gecko; compatible; GPTBot/1.4; +https://openai.com/gptbot)"
74.7.243.200 - - [14/Sep/2026:18:59:03 +0600] "GET /wp-content/uploads/2026/09/6aa7eddb2d68f17893902996aa7eddb2d6a0-300x197.jpg HTTP/1.1" 200 13826 "http://bangladaily.online/%e0%a6%b9%e0%a6%be%e0%a6%93%e0%a6%b0%e0%a7%87-%e0%a6%a6%e0%a7%81%e0%a6%87%e0%a6%aa%e0%a6%95%e0%a7%8d%e0%a6%b7%e0%a7%87%e0%a6%b0-%e0%a6%b8%e0%a6%82%e0%a6%98%e0%a6%b0%e0%a7%8d%e0%a6%b7%e0%a7%87/" "Mozilla/5.0 AppleWebKit/537.36 (KHTML, like Gecko; compatible; GPTBot/1.4; +https://openai.com/gptbot)"
116.202.222.251 - - [14/Sep/2026:18:59:02 +0600] "GET /?wp_automatic=cron HTTP/1.1" 200 1573 "-" "curl/7.61.1"
74.7.243.200 - - [14/Sep/2026:18:59:09 +0600] "GET /wp-content/uploads/2026/09/duu-mu138lwxgllxzsv-20260914161645.jpg HTTP/1.1" 200 53792 "http://bangladaily.online/%E0%A6%A1%E0%A6%BE%E0%A6%95%E0%A6%B8%E0%A7%81%E0%A6%B0-%E0%A6%AC%E0%A6%BF%E0%A6%AD%E0%A6%BF%E0%A6%A8%E0%A7%8D%E0%A6%A8-%E0%A6%95%E0%A6%B0%E0%A7%8D%E0%A6%AE%E0%A6%95%E0%A6%BE%E0%A6%A3%E0%A7%8D%E0%A6%A1/" "Mozilla/5.0 AppleWebKit/537.36 (KHTML, like Gecko; compatible; GPTBot/1.4; +https://openai.com/gptbot)"
74.7.243.200 - - [14/Sep/2026:18:59:11 +0600] "GET /?p=4937 HTTP/1.1" 301 52 "http://bangladaily.online/%e0%a6%87%e0%a6%af%e0%a6%bc%e0%a7%87%e0%a6%ae%e0%a7%87%e0%a6%a8%e0%a7%87-%e0%a7%a8%e0%a7%aa-%e0%a6%98%e0%a6%a3%e0%a7%8d%e0%a6%9f%e0%a6%be%e0%a6%af%e0%a6%bc-%e0%a6%b8%e0%a7%8c%e0%a6%a6%e0%a6%bf/" "Mozilla/5.0 AppleWebKit/537.36 (KHTML, like Gecko; compatible; GPTBot/1.4; +https://openai.com/gptbot)"
74.7.243.200 - - [14/Sep/2026:18:59:13 +0600] "GET /?p=5038 HTTP/1.1" 301 52 "http://bangladaily.online/%e0%a6%b8%e0%a6%a8%e0%a7%8d%e0%a6%a4%e0%a7%8d%e0%a6%b0%e0%a6%be%e0%a6%b8-%e0%a6%ac%e0%a6%bf%e0%a6%b0%e0%a7%8b%e0%a6%a7%e0%a7%80-%e0%a6%86%e0%a6%87%e0%a6%a8%e0%a7%87-%e0%a6%97%e0%a7%8d%e0%a6%b0/" "Mozilla/5.0 AppleWebKit/537.36 (KHTML, like Gecko; compatible; GPTBot/1.4; +https://openai.com/gptbot)"
74.7.243.200 - - [14/Sep/2026:18:59:14 +0600] "GET /wp-json/wp/v2/posts/4937 HTTP/1.1" 200 3320 "http://bangladaily.online/%e0%a6%87%e0%a6%af%e0%a6%bc%e0%a7%87%e0%a6%ae%e0%a7%87%e0%a6%a8%e0%a7%87-%e0%a7%a8%e0%a7%aa-%e0%a6%98%e0%a6%a3%e0%a7%8d%e0%a6%9f%e0%a6%be%e0%a6%af%e0%a6%bc-%e0%a6%b8%e0%a7%8c%e0%a6%a6%e0%a6%bf/" "Mozilla/5.0 AppleWebKit/537.36 (KHTML, like Gecko; compatible; GPTBot/1.4; +https://openai.com/gptbot)"
74.7.243.200 - - [14/Sep/2026:18:59:15 +0600] "GET /wp-content/uploads/2026/09/img-20260907-143040-20260914154253-mu12clphfqiklp8-20260914155143.jpg HTTP/1.1" 200 38366 "http://bangladaily.online/%e0%a6%b8%e0%a6%a8%e0%a7%8d%e0%a6%a4%e0%a7%8d%e0%a6%b0%e0%a6%be%e0%a6%b8-%e0%a6%ac%e0%a6%bf%e0%a6%b0%e0%a7%8b%e0%a6%a7%e0%a7%80-%e0%a6%86%e0%a6%87%e0%a6%a8%e0%a7%87-%e0%a6%97%e0%a7%8d%e0%a6%b0/" "Mozilla/5.0 AppleWebKit/537.36 (KHTML, like Gecko; compatible; GPTBot/1.4; +https://openai.com/gptbot)"
74.7.243.200 - - [14/Sep/2026:18:59:16 +0600] "GET /wp-content/uploads/2026/09/6aa7990a1d8b017893685866aa7990a1d8c0.jpg HTTP/1.1" 200 76577 "http://bangladaily.online/%e0%a6%87%e0%a6%af%e0%a6%bc%e0%a7%87%e0%a6%ae%e0%a7%87%e0%a6%a8%e0%a7%87-%e0%a7%a8%e0%a7%aa-%e0%a6%98%e0%a6%a3%e0%a7%8d%e0%a6%9f%e0%a6%be%e0%a6%af%e0%a6%bc-%e0%a6%b8%e0%a7%8c%e0%a6%a6%e0%a6%bf/" "Mozilla/5.0 AppleWebKit/537.36 (KHTML, like Gecko; compatible; GPTBot/1.4; +https://openai.com/gptbot)"
74.7.243.200 - - [14/Sep/2026:18:59:18 +0600] "GET /wp-content/uploads/2026/09/og_1789390444_6aa7ee6c76008-300x156.jpeg HTTP/1.1" 200 11414 "http://bangladaily.online/%e0%a6%87%e0%a6%af%e0%a6%bc%e0%a7%87%e0%a6%ae%e0%a7%87%e0%a6%a8%e0%a7%87-%e0%a7%a8%e0%a7%aa-%e0%a6%98%e0%a6%a3%e0%a7%8d%e0%a6%9f%e0%a6%be%e0%a6%af%e0%a6%bc-%e0%a6%b8%e0%a7%8c%e0%a6%a6%e0%a6%bf/" "Mozilla/5.0 AppleWebKit/537.36 (KHTML, like Gecko; compatible; GPTBot/1.4; +https://openai.com/gptbot)"
74.7.243.200 - - [14/Sep/2026:18:59:20 +0600] "GET /wp-content/uploads/2026/09/og_1789390130_6aa7ed32c6fb3.jpeg HTTP/1.1" 200 30512 "http://bangladaily.online/%e0%a6%b9%e0%a6%be%e0%a6%93%e0%a6%b0%e0%a7%87-%e0%a6%a6%e0%a7%81%e0%a6%87%e0%a6%aa%e0%a6%95%e0%a7%8d%e0%a6%b7%e0%a7%87%e0%a6%b0-%e0%a6%b8%e0%a6%82%e0%a6%98%e0%a6%b0%e0%a7%8d%e0%a6%b7%e0%a7%87/" "Mozilla/5.0 AppleWebKit/537.36 (KHTML, like Gecko; compatible; GPTBot/1.4; +https://openai.com/gptbot)"
74.7.243.200 - - [14/Sep/2026:18:59:22 +0600] "GET /wp-content/uploads/2026/09/6aa7db31c63d017893855216aa7db31c63d4-300x197.jpg HTTP/1.1" 200 13901 "http://bangladaily.online/%e0%a6%87%e0%a6%af%e0%a6%bc%e0%a7%87%e0%a6%ae%e0%a7%87%e0%a6%a8%e0%a7%87-%e0%a7%a8%e0%a7%aa-%e0%a6%98%e0%a6%a3%e0%a7%8d%e0%a6%9f%e0%a6%be%e0%a6%af%e0%a6%bc-%e0%a6%b8%e0%a7%8c%e0%a6%a6%e0%a6%bf/" "Mozilla/5.0 AppleWebKit/537.36 (KHTML, like Gecko; compatible; GPTBot/1.4; +https://openai.com/gptbot)"
74.7.243.200 - - [14/Sep/2026:18:59:23 +0600] "GET /%e0%a6%aa%e0%a7%8d%e0%a6%b0%e0%a6%a5%e0%a6%ae%e0%a6%ac%e0%a6%be%e0%a6%b0-%e0%a6%ad%e0%a6%be%e0%a6%b0%e0%a6%a4-%e0%a6%a5%e0%a7%87%e0%a6%95%e0%a7%87-%e0%a6%8f%e0%a6%b2%e0%a7%8b-%e0%a7%ab%e0%a7%a6/ HTTP/1.1" 200 15319 "http://bangladaily.online/%e0%a6%87%e0%a6%af%e0%a6%bc%e0%a7%87%e0%a6%ae%e0%a7%87%e0%a6%a8%e0%a7%87-%e0%a7%a8%e0%a7%aa-%e0%a6%98%e0%a6%a3%e0%a7%8d%e0%a6%9f%e0%a6%be%e0%a6%af%e0%a6%bc-%e0%a6%b8%e0%a7%8c%e0%a6%a6%e0%a6%bf/" "Mozilla/5.0 AppleWebKit/537.36 (KHTML, like Gecko; compatible; GPTBot/1.4; +https://openai.com/gptbot)"
74.7.243.200 - - [14/Sep/2026:18:59:24 +0600] "GET /%e0%a6%aa%e0%a6%b2%e0%a7%8d%e0%a6%b2%e0%a6%ac%e0%a7%80%e0%a6%a4%e0%a7%87-%e0%a6%ac%e0%a6%b8%e0%a7%8d%e0%a6%a4%e0%a6%be%e0%a6%ac%e0%a6%a8%e0%a7%8d%e0%a6%a6%e0%a6%bf%e0%a6%b0-%e0%a6%ad%e0%a6%bf%e0%a6%a1/ HTTP/1.1" 200 15426 "http://bangladaily.online/%e0%a6%87%e0%a6%af%e0%a6%bc%e0%a7%87%e0%a6%ae%e0%a7%87%e0%a6%a8%e0%a7%87-%e0%a7%a8%e0%a7%aa-%e0%a6%98%e0%a6%a3%e0%a7%8d%e0%a6%9f%e0%a6%be%e0%a6%af%e0%a6%bc-%e0%a6%b8%e0%a7%8c%e0%a6%a6%e0%a6%bf/" "Mozilla/5.0 AppleWebKit/537.36 (KHTML, like Gecko; compatible; GPTBot/1.4; +https://openai.com/gptbot)"
74.7.243.200 - - [14/Sep/2026:18:59:30 +0600] "GET /%E0%A6%B9%E0%A6%BE%E0%A6%93%E0%A6%B0%E0%A7%87-%E0%A6%A6%E0%A7%81%E0%A6%87%E0%A6%AA%E0%A6%95%E0%A7%8D%E0%A6%B7%E0%A7%87%E0%A6%B0-%E0%A6%B8%E0%A6%82%E0%A6%98%E0%A6%B0%E0%A7%8D%E0%A6%B7%E0%A7%87/ HTTP/1.1" 200 14939 "http://bangladaily.online/%e0%a6%b9%e0%a6%be%e0%a6%93%e0%a6%b0%e0%a7%87-%e0%a6%a6%e0%a7%81%e0%a6%87%e0%a6%aa%e0%a6%95%e0%a7%8d%e0%a6%b7%e0%a7%87%e0%a6%b0-%e0%a6%b8%e0%a6%82%e0%a6%98%e0%a6%b0%e0%a7%8d%e0%a6%b7%e0%a7%87/" "Mozilla/5.0 AppleWebKit/537.36 (KHTML, like Gecko; compatible; GPTBot/1.4; +https://openai.com/gptbot)"
116.202.222.251 - - [14/Sep/2026:18:59:38 +0600] "POST /wp-cron.php?doing_wp_cron=1789390778.8453760147094726562500 HTTP/1.1" 200 0 "-" "WordPress/7.1; http://bangladaily.online"
74.7.243.200 - - [14/Sep/2026:18:59:38 +0600] "GET /?p=5007 HTTP/1.1" 301 52 "http://bangladaily.online/%e0%a6%aa%e0%a7%8d%e0%a6%b0%e0%a6%a5%e0%a6%ae%e0%a6%ac%e0%a6%be%e0%a6%b0-%e0%a6%ad%e0%a6%be%e0%a6%b0%e0%a6%a4-%e0%a6%a5%e0%a7%87%e0%a6%95%e0%a7%87-%e0%a6%8f%e0%a6%b2%e0%a7%8b-%e0%a7%ab%e0%a7%a6/" "Mozilla/5.0 AppleWebKit/537.36 (KHTML, like Gecko; compatible; GPTBot/1.4; +https://openai.com/gptbot)"
74.7.243.200 - - [14/Sep/2026:18:59:42 +0600] "GET /?p=5064 HTTP/1.1" 429 0 "http://bangladaily.online/%e0%a6%aa%e0%a6%b2%e0%a7%8d%e0%a6%b2%e0%a6%ac%e0%a7%80%e0%a6%a4%e0%a7%87-%e0%a6%ac%e0%a6%b8%e0%a7%8d%e0%a6%a4%e0%a6%be%e0%a6%ac%e0%a6%a8%e0%a7%8d%e0%a6%a6%e0%a6%bf%e0%a6%b0-%e0%a6%ad%e0%a6%bf%e0%a6%a1/" "Mozilla/5.0 AppleWebKit/537.36 (KHTML, like Gecko; compatible; GPTBot/1.4; +https://openai.com/gptbot)"
116.202.222.251 - - [14/Sep/2026:19:00:03 +0600] "GET /?wp_automatic=cron HTTP/1.1" 200 1547 "-" "curl/7.61.1"
116.202.222.251 - - [14/Sep/2026:19:00:23 +0600] "POST /wp-cron.php?doing_wp_cron=1789390823.2895588874816894531250 HTTP/1.1" 200 0 "-" "WordPress/7.1; http://bangladaily.online"
47.79.202.31 - - [14/Sep/2026:19:00:22 +0600] "GET /%E0%A6%A8%E0%A7%87%E0%A6%AA%E0%A6%BE%E0%A6%B2%E0%A7%87-%E0%A6%86%E0%A6%A8%E0%A7%8D%E0%A6%A4%E0%A6%B0%E0%A7%8D%E0%A6%9C%E0%A6%BE%E0%A6%A4%E0%A6%BF%E0%A6%95-%E0%A6%B8%E0%A6%AE%E0%A7%8D%E0%A6%AE%E0%A6%BE/ HTTP/1.1" 200 19309 "https://www.google.com/" "Mozilla/5.0 (Windows NT 10.0; Win64; x64) AppleWebKit/537.36 (KHTML, like Gecko) Chrome/132.0.0.0 Safari/537.36"
47.79.200.167 - - [14/Sep/2026:19:00:24 +0600] "GET /%E0%A6%B6%E0%A6%BE%E0%A6%B0%E0%A7%80%E0%A6%B0%E0%A6%BF%E0%A6%95-%E0%A6%B8%E0%A6%AE%E0%A6%B8%E0%A7%8D%E0%A6%AF%E0%A6%BE%E0%A6%AF%E0%A6%BC-%E0%A6%9C%E0%A7%8B%E0%A6%95%E0%A7%8B%E0%A6%AD%E0%A6%BF%E0%A6%9A HTTP/1.1" 301 56 "https://www.google.com/" "Mozilla/5.0 (Linux; Android 10; K) AppleWebKit/537.36 (KHTML, like Gecko) Chrome/132.0.0.0 Mobile Safari/537.36"
47.79.206.196 - - [14/Sep/2026:19:00:24 +0600] "GET /%E0%A6%97%E0%A7%81%E0%A6%B2%E0%A6%B6%E0%A6%BE%E0%A6%A8%E0%A7%87-%E0%A6%AC%E0%A7%88%E0%A6%A0%E0%A6%95%E0%A7%87-%E0%A6%AC%E0%A6%BF%E0%A6%8F%E0%A6%A8%E0%A6%AA%E0%A6%BF%E0%A6%B0-%E0%A6%B8%E0%A7%8D HTTP/1.1" 301 56 "https://www.google.com/" "Mozilla/5.0 (Linux; Android 10; K) AppleWebKit/537.36 (KHTML, like Gecko) Chrome/128.0.0.0 Mobile Safari/537.36"
47.79.206.196 - - [14/Sep/2026:19:00:25 +0600] "GET /%E0%A6%97%E0%A7%81%E0%A6%B2%E0%A6%B6%E0%A6%BE%E0%A6%A8%E0%A7%87-%E0%A6%AC%E0%A7%88%E0%A6%A0%E0%A6%95%E0%A7%87-%E0%A6%AC%E0%A6%BF%E0%A6%8F%E0%A6%A8%E0%A6%AA%E0%A6%BF%E0%A6%B0-%E0%A6%B8%E0%A7%8D/ HTTP/1.1" 200 18291 "https://www.google.com/" "Mozilla/5.0 (Linux; Android 10; K) AppleWebKit/537.36 (KHTML, like Gecko) Chrome/128.0.0.0 Mobile Safari/537.36"
116.202.222.251 - - [14/Sep/2026:19:00:35 +0600] "POST /wp-cron.php?doing_wp_cron=1789390835.4556250572204589843750 HTTP/1.1" 200 0 "-" "WordPress/7.1; http://bangladaily.online"
51.89.38.138 - - [14/Sep/2026:19:00:34 +0600] "GET /%E0%A6%9C%E0%A6%AF%E0%A6%BC-%E0%A6%A6%E0%A6%BF%E0%A6%AF%E0%A6%BC%E0%A7%87-%E0%A6%A8%E0%A6%A4%E0%A7%81%E0%A6%A8-%E0%A6%AE%E0%A7%8C%E0%A6%B8%E0%A7%81%E0%A6%AE-%E0%A6%B6%E0%A7%81%E0%A6%B0%E0%A7%81/ HTTP/1.1" 200 15007 "-" "Mozilla/5.0 (compatible; AhrefsBot/7.0; +http://ahrefs.com/robot/)"
47.79.206.201 - - [14/Sep/2026:19:00:34 +0600] "GET /%E0%A6%89%E0%A6%9C%E0%A6%BE%E0%A6%A8%E0%A7%87%E0%A6%B0-%E0%A6%A2%E0%A6%B2%E0%A7%87-%E0%A6%AA%E0%A6%A6%E0%A7%8D%E0%A6%AE%E0%A6%BE%E0%A6%AF%E0%A6%BC-%E0%A6%AA%E0%A6%BE%E0%A6%A8%E0%A6%BF-%E0%A6%AC/feed HTTP/1.1" 301 56 "https://www.google.com/" "Mozilla/5.0 (Linux; Android 10; K) AppleWebKit/537.36 (KHTML, like Gecko) Chrome/133.0.0.0 Mobile Safari/537.36"
47.79.207.216 - - [14/Sep/2026:19:00:39 +0600] "GET /%E0%A6%89%E0%A6%9C%E0%A6%BE%E0%A6%A8%E0%A7%87%E0%A6%B0-%E0%A6%A2%E0%A6%B2%E0%A7%87-%E0%A6%AA%E0%A6%A6%E0%A7%8D%E0%A6%AE%E0%A6%BE%E0%A6%AF%E0%A6%BC-%E0%A6%AA%E0%A6%BE%E0%A6%A8%E0%A6%BF-%E0%A6%AC/feed/ HTTP/1.1" 200 678 "https://www.google.com/" "Mozilla/5.0 (Linux; Android 10; K) AppleWebKit/537.36 (KHTML, like Gecko) Chrome/133.0.0.0 Mobile Safari/537.36"
47.79.207.91 - - [14/Sep/2026:19:00:39 +0600] "GET /%e0%a6%9c%e0%a7%87%e0%a6%b2%e0%a6%bf-%e0%a6%aa%e0%a7%81%e0%a6%b6-%e0%a6%95%e0%a6%b0%e0%a6%be-%e0%a7%a7%e0%a7%a6%e0%a7%ab-%e0%a6%95%e0%a7%87%e0%a6%9c%e0%a6%bf-%e0%a6%9a%e0%a6%bf%e0%a6%82%e0%a6%a1/ HTTP/1.1" 200 18943 "https://www.google.com/" "Mozilla/5.0 (Windows NT 10.0; Win64; x64) AppleWebKit/537.36 (KHTML, like Gecko) Chrome/131.0.0.0 Safari/537.36 OPR/116.0.0.0"
116.202.222.251 - - [14/Sep/2026:19:01:02 +0600] "GET /?wp_automatic=cron HTTP/1.1" 200 1589 "-" "curl/7.61.1"
74.7.243.200 - - [14/Sep/2026:19:01:31 +0600] "GET /%e0%a6%95%e0%a7%8b%e0%a6%9a-%e0%a6%ac%e0%a6%be%e0%a6%9f%e0%a6%b2%e0%a6%be%e0%a6%b0%e0%a7%87%e0%a6%b0-%e0%a6%b6%e0%a6%bf%e0%a6%b6%e0%a7%81%e0%a6%b8%e0%a7%81%e0%a6%b2%e0%a6%ad-%e0%a6%aa%e0%a6%b0/ HTTP/1.1" 200 15867 "http://bangladaily.online/%e0%a6%aa%e0%a7%8d%e0%a6%b0%e0%a6%a5%e0%a6%ae%e0%a6%ac%e0%a6%be%e0%a6%b0-%e0%a6%ad%e0%a6%be%e0%a6%b0%e0%a6%a4-%e0%a6%a5%e0%a7%87%e0%a6%95%e0%a7%87-%e0%a6%8f%e0%a6%b2%e0%a7%8b-%e0%a7%ab%e0%a7%a6/" "Mozilla/5.0 AppleWebKit/537.36 (KHTML, like Gecko; compatible; GPTBot/1.4; +https://openai.com/gptbot)"
47.79.200.111 - - [14/Sep/2026:19:01:32 +0600] "GET /%E0%A6%B6%E0%A6%A8%E0%A6%BF%E0%A6%AC%E0%A6%BE%E0%A6%B0-%E0%A6%B8%E0%A7%8D%E0%A6%A5%E0%A6%BE%E0%A6%AF%E0%A6%BC%E0%A7%80-%E0%A6%95%E0%A6%AE%E0%A6%BF%E0%A6%9F%E0%A6%BF%E0%A6%B0-%E0%A6%AC%E0%A7%88/feed HTTP/1.1" 301 56 "https://www.google.com/" "Mozilla/5.0 (Linux; Android 10; K) AppleWebKit/537.36 (KHTML, like Gecko) Chrome/133.0.0.0 Safari/537.36"
47.79.200.111 - - [14/Sep/2026:19:01:34 +0600] "GET /%E0%A6%B6%E0%A6%A8%E0%A6%BF%E0%A6%AC%E0%A6%BE%E0%A6%B0-%E0%A6%B8%E0%A7%8D%E0%A6%A5%E0%A6%BE%E0%A6%AF%E0%A6%BC%E0%A7%80-%E0%A6%95%E0%A6%AE%E0%A6%BF%E0%A6%9F%E0%A6%BF%E0%A6%B0-%E0%A6%AC%E0%A7%88/feed/ HTTP/1.1" 200 649 "https://www.google.com/" "Mozilla/5.0 (Linux; Android 10; K) AppleWebKit/537.36 (KHTML, like Gecko) Chrome/133.0.0.0 Safari/537.36"
47.79.200.110 - - [14/Sep/2026:19:01:39 +0600] "GET /%E0%A6%AA%E0%A6%A1%E0%A6%BC%E0%A6%BE%E0%A6%B6%E0%A7%8B%E0%A6%A8%E0%A6%BE%E0%A6%B0-%E0%A6%AB%E0%A6%BE%E0%A6%81%E0%A6%95%E0%A7%87-%E0%A7%A9%E0%A7%AC%E0%A7%A6-%E0%A6%9F%E0%A6%BE%E0%A6%95%E0%A6%BE/feed HTTP/1.1" 301 56 "https://www.google.com/" "Mozilla/5.0 (Linux; Android 10; K) AppleWebKit/537.36 (KHTML, like Gecko) Chrome/133.0.0.0 Mobile Safari/537.36"
47.79.201.238 - - [14/Sep/2026:19:01:44 +0600] "GET /%E0%A6%AA%E0%A6%A1%E0%A6%BC%E0%A6%BE%E0%A6%B6%E0%A7%8B%E0%A6%A8%E0%A6%BE%E0%A6%B0-%E0%A6%AB%E0%A6%BE%E0%A6%81%E0%A6%95%E0%A7%87-%E0%A7%A9%E0%A7%AC%E0%A7%A6-%E0%A6%9F%E0%A6%BE%E0%A6%95%E0%A6%BE/feed/ HTTP/1.1" 200 670 "https://www.google.com/" "Mozilla/5.0 (Linux; Android 10; K) AppleWebKit/537.36 (KHTML, like Gecko) Chrome/133.0.0.0 Mobile Safari/537.36"
116.202.222.251 - - [14/Sep/2026:18:57:41 +0600] "POST /wp-cron.php?doing_wp_cron=1789390661.0172629356384277343750 HTTP/1.1" 200 0 "-" "WordPress/7.1; http://bangladaily.online"
74.7.243.200 - - [14/Sep/2026:18:58:16 +0600] "GET /?p=5060 HTTP/1.1" 301 52 "http://bangladaily.online/%e0%a6%b9%e0%a6%be%e0%a6%93%e0%a6%b0%e0%a7%87-%e0%a6%a6%e0%a7%81%e0%a6%87%e0%a6%aa%e0%a6%95%e0%a7%8d%e0%a6%b7%e0%a7%87%e0%a6%b0-%e0%a6%b8%e0%a6%82%e0%a6%98%e0%a6%b0%e0%a7%8d%e0%a6%b7%e0%a7%87/" "Mozilla/5.0 AppleWebKit/537.36 (KHTML, like Gecko; compatible; GPTBot/1.4; +https://openai.com/gptbot)"
74.7.243.200 - - [14/Sep/2026:19:00:00 +0600] "GET /wp-content/uploads/2026/09/og_1789390444_6aa7ee6c76008.jpeg HTTP/1.1" 429 0 "http://bangladaily.online/%e0%a6%aa%e0%a6%b2%e0%a7%8d%e0%a6%b2%e0%a6%ac%e0%a7%80%e0%a6%a4%e0%a7%87-%e0%a6%ac%e0%a6%b8%e0%a7%8d%e0%a6%a4%e0%a6%be%e0%a6%ac%e0%a6%a8%e0%a7%8d%e0%a6%a6%e0%a6%bf%e0%a6%b0-%e0%a6%ad%e0%a6%bf%e0%a6%a1/" "Mozilla/5.0 AppleWebKit/537.36 (KHTML, like Gecko; compatible; GPTBot/1.4; +https://openai.com/gptbot)"
47.79.202.31 - - [14/Sep/2026:19:00:15 +0600] "GET /%E0%A6%A8%E0%A7%87%E0%A6%AA%E0%A6%BE%E0%A6%B2%E0%A7%87-%E0%A6%86%E0%A6%A8%E0%A7%8D%E0%A6%A4%E0%A6%B0%E0%A7%8D%E0%A6%9C%E0%A6%BE%E0%A6%A4%E0%A6%BF%E0%A6%95-%E0%A6%B8%E0%A6%AE%E0%A7%8D%E0%A6%AE%E0%A6%BE HTTP/1.1" 301 56 "https://www.google.com/" "Mozilla/5.0 (Windows NT 10.0; Win64; x64) AppleWebKit/537.36 (KHTML, like Gecko) Chrome/132.0.0.0 Safari/537.36"
47.79.200.118 - - [14/Sep/2026:19:00:28 +0600] "GET /%E0%A6%B6%E0%A6%BE%E0%A6%B0%E0%A7%80%E0%A6%B0%E0%A6%BF%E0%A6%95-%E0%A6%B8%E0%A6%AE%E0%A6%B8%E0%A7%8D%E0%A6%AF%E0%A6%BE%E0%A6%AF%E0%A6%BC-%E0%A6%9C%E0%A7%8B%E0%A6%95%E0%A7%8B%E0%A6%AD%E0%A6%BF%E0%A6%9A/ HTTP/1.1" 200 20407 "https://www.google.com/" "Mozilla/5.0 (Linux; Android 10; K) AppleWebKit/537.36 (KHTML, like Gecko) Chrome/132.0.0.0 Mobile Safari/537.36"
17.166.20.139 - - [14/Sep/2026:19:00:29 +0600] "GET /%E0%A6%AE%E0%A6%BE%E0%A6%9D-%E0%A6%86%E0%A6%95%E0%A6%BE%E0%A6%B6%E0%A7%87%E0%A6%87-%E0%A6%AB%E0%A7%81%E0%A6%B0%E0%A6%BF%E0%A6%AF%E0%A6%BC%E0%A7%87-%E0%A6%97%E0%A7%87%E0%A6%B2-%E0%A6%AA%E0%A7%8D/ HTTP/1.1" 200 18847 "-" "Mozilla/5.0 (Macintosh; Intel Mac OS X 10_15_7) AppleWebKit/605.1.15 (KHTML, like Gecko) Version/17.4 Safari/605.1.15 (Applebot/0.1; +http://www.apple.com/go/applebot)"
74.7.243.200 - - [14/Sep/2026:19:00:31 +0600] "GET /wp-content/uploads/2026/09/6aa7cbc82df5017893815766aa7cbc82df53.jpg HTTP/1.1" 429 0 "http://bangladaily.online/%e0%a6%aa%e0%a7%8d%e0%a6%b0%e0%a6%a5%e0%a6%ae%e0%a6%ac%e0%a6%be%e0%a6%b0-%e0%a6%ad%e0%a6%be%e0%a6%b0%e0%a6%a4-%e0%a6%a5%e0%a7%87%e0%a6%95%e0%a7%87-%e0%a6%8f%e0%a6%b2%e0%a7%8b-%e0%a7%ab%e0%a7%a6/" "Mozilla/5.0 AppleWebKit/537.36 (KHTML, like Gecko; compatible; GPTBot/1.4; +https://openai.com/gptbot)"
47.79.207.251 - - [14/Sep/2026:19:00:34 +0600] "GET /?p=3854 HTTP/1.1" 301 56 "https://www.google.com/" "Mozilla/5.0 (Windows NT 10.0; Win64; x64) AppleWebKit/537.36 (KHTML, like Gecko) Chrome/131.0.0.0 Safari/537.36 OPR/116.0.0.0"
47.79.205.240 - - [14/Sep/2026:19:01:30 +0600] "GET /?p=3642 HTTP/1.1" 301 56 "https://www.google.com/" "Mozilla/5.0 (Linux; arm_64; Android 14; SM-A346E) AppleWebKit/537.36 (KHTML, like Gecko) Chrome/130.0.6723.1012 YaSearchBrowser/24.125.1 BroPP/1.0 YaSearchApp/24.125.1 webOmni SA/3 Mobile Safari/537.36"
47.79.205.240 - - [14/Sep/2026:19:01:31 +0600] "GET /%e0%a6%a8%e0%a6%ac%e0%a7%8d%e0%a6%ac%e0%a6%87%e0%a6%af%e0%a6%bc%e0%a7%87%e0%a6%b0-%e0%a6%a6%e0%a6%b6%e0%a6%95%e0%a7%87-%e0%a6%af%e0%a7%87%e0%a6%b8%e0%a6%ac-%e0%a6%b8%e0%a6%bf%e0%a6%a8%e0%a7%87/ HTTP/1.1" 200 23354 "https://www.google.com/" "Mozilla/5.0 (Linux; arm_64; Android 14; SM-A346E) AppleWebKit/537.36 (KHTML, like Gecko) Chrome/130.0.6723.1012 YaSearchBrowser/24.125.1 BroPP/1.0 YaSearchApp/24.125.1 webOmni SA/3 Mobile Safari/537.36"
116.202.222.251 - - [14/Sep/2026:19:01:33 +0600] "POST /wp-cron.php?doing_wp_cron=1789390893.9545400142669677734375 HTTP/1.1" 200 0 "-" "WordPress/7.1; http://bangladaily.online"
17.166.20.35 - - [14/Sep/2026:19:02:01 +0600] "GET /wp-includes/js/jquery/jquery.min.js?ver=3.7.1 HTTP/1.1" 200 30419 "http://bangladaily.online/%E0%A6%AE%E0%A6%BE%E0%A6%9D-%E0%A6%86%E0%A6%95%E0%A6%BE%E0%A6%B6%E0%A7%87%E0%A6%87-%E0%A6%AB%E0%A7%81%E0%A6%B0%E0%A6%BF%E0%A6%AF%E0%A6%BC%E0%A7%87-%E0%A6%97%E0%A7%87%E0%A6%B2-%E0%A6%AA%E0%A7%8D/" "Mozilla/5.0 (Macintosh; Intel Mac OS X 10_15_7) AppleWebKit/605.1.15 (KHTML, like Gecko) Version/17.4 Safari/605.1.15 (Applebot/0.1; +http://www.apple.com/go/applebot)"
17.166.20.35 - - [14/Sep/2026:19:02:02 +0600] "GET /wp-includes/js/jquery/jquery-migrate.min.js?ver=3.4.1 HTTP/1.1" 200 4872 "http://bangladaily.online/%E0%A6%AE%E0%A6%BE%E0%A6%9D-%E0%A6%86%E0%A6%95%E0%A6%BE%E0%A6%B6%E0%A7%87%E0%A6%87-%E0%A6%AB%E0%A7%81%E0%A6%B0%E0%A6%BF%E0%A6%AF%E0%A6%BC%E0%A7%87-%E0%A6%97%E0%A7%87%E0%A6%B2-%E0%A6%AA%E0%A7%8D/" "Mozilla/5.0 (Macintosh; Intel Mac OS X 10_15_7) AppleWebKit/605.1.15 (KHTML, like Gecko) Version/17.4 Safari/605.1.15 (Applebot/0.1; +http://www.apple.com/go/applebot)"
116.202.222.251 - - [14/Sep/2026:19:02:02 +0600] "GET /?wp_automatic=cron HTTP/1.1" 200 10204 "-" "curl/7.61.1"
17.166.20.35 - - [14/Sep/2026:19:02:04 +0600] "GET /wp-content/plugins/wp-automatic/js/main-front.js?ver=7.1 HTTP/1.1" 200 381 "http://bangladaily.online/%E0%A6%AE%E0%A6%BE%E0%A6%9D-%E0%A6%86%E0%A6%95%E0%A6%BE%E0%A6%B6%E0%A7%87%E0%A6%87-%E0%A6%AB%E0%A7%81%E0%A6%B0%E0%A6%BF%E0%A6%AF%E0%A6%BC%E0%A7%87-%E0%A6%97%E0%A7%87%E0%A6%B2-%E0%A6%AA%E0%A7%8D/" "Mozilla/5.0 (Macintosh; Intel Mac OS X 10_15_7) AppleWebKit/605.1.15 (KHTML, like Gecko) Version/17.4 Safari/605.1.15 (Applebot/0.1; +http://www.apple.com/go/applebot)"
17.166.20.35 - - [14/Sep/2026:19:02:05 +0600] "GET /wp-content/themes/covernews/js/navigation.js?ver=2.1.11 HTTP/1.1" 200 1094 "http://bangladaily.online/%E0%A6%AE%E0%A6%BE%E0%A6%9D-%E0%A6%86%E0%A6%95%E0%A6%BE%E0%A6%B6%E0%A7%87%E0%A6%87-%E0%A6%AB%E0%A7%81%E0%A6%B0%E0%A6%BF%E0%A6%AF%E0%A6%BC%E0%A7%87-%E0%A6%97%E0%A7%87%E0%A6%B2-%E0%A6%AA%E0%A7%8D/" "Mozilla/5.0 (Macintosh; Intel Mac OS X 10_15_7) AppleWebKit/605.1.15 (KHTML, like Gecko) Version/17.4 Safari/605.1.15 (Applebot/0.1; +http://www.apple.com/go/applebot)"
17.166.20.35 - - [14/Sep/2026:19:02:07 +0600] "GET /wp-content/themes/covernews/js/skip-link-focus-fix.js?ver=2.1.11 HTTP/1.1" 200 417 "http://bangladaily.online/%E0%A6%AE%E0%A6%BE%E0%A6%9D-%E0%A6%86%E0%A6%95%E0%A6%BE%E0%A6%B6%E0%A7%87%E0%A6%87-%E0%A6%AB%E0%A7%81%E0%A6%B0%E0%A6%BF%E0%A6%AF%E0%A6%BC%E0%A7%87-%E0%A6%97%E0%A7%87%E0%A6%B2-%E0%A6%AA%E0%A7%8D/" "Mozilla/5.0 (Macintosh; Intel Mac OS X 10_15_7) AppleWebKit/605.1.15 (KHTML, like Gecko) Version/17.4 Safari/605.1.15 (Applebot/0.1; +http://www.apple.com/go/applebot)"
17.166.20.35 - - [14/Sep/2026:19:02:09 +0600] "GET /wp-content/themes/covernews/assets/jquery-match-height/jquery.matchHeight.min.js?ver=2.1.11 HTTP/1.1" 200 1383 "http://bangladaily.online/%E0%A6%AE%E0%A6%BE%E0%A6%9D-%E0%A6%86%E0%A6%95%E0%A6%BE%E0%A6%B6%E0%A7%87%E0%A6%87-%E0%A6%AB%E0%A7%81%E0%A6%B0%E0%A6%BF%E0%A6%AF%E0%A6%BC%E0%A7%87-%E0%A6%97%E0%A7%87%E0%A6%B2-%E0%A6%AA%E0%A7%8D/" "Mozilla/5.0 (Macintosh; Intel Mac OS X 10_15_7) AppleWebKit/605.1.15 (KHTML, like Gecko) Version/17.4 Safari/605.1.15 (Applebot/0.1; +http://www.apple.com/go/applebot)"
17.166.20.35 - - [14/Sep/2026:19:02:11 +0600] "GET /wp-content/themes/covernews/assets/fixed-header-script.js?ver=2.1.11 HTTP/1.1" 200 792 "http://bangladaily.online/%E0%A6%AE%E0%A6%BE%E0%A6%9D-%E0%A6%86%E0%A6%95%E0%A6%BE%E0%A6%B6%E0%A7%87%E0%A6%87-%E0%A6%AB%E0%A7%81%E0%A6%B0%E0%A6%BF%E0%A6%AF%E0%A6%BC%E0%A7%87-%E0%A6%97%E0%A7%87%E0%A6%B2-%E0%A6%AA%E0%A7%8D/" "Mozilla/5.0 (Macintosh; Intel Mac OS X 10_15_7) AppleWebKit/605.1.15 (KHTML, like Gecko) Version/17.4 Safari/605.1.15 (Applebot/0.1; +http://www.apple.com/go/applebot)"
74.7.243.200 - - [14/Sep/2026:18:47:58 +0600] "GET /wp-content/uploads/2026/09/6aa7c12d95e3e17893788616aa7c12d95e54-300x197.jpg HTTP/1.1" 200 12958 "http://bangladaily.online/%e0%a6%b6%e0%a6%9a%e0%a6%bf%e0%a6%a8%e0%a6%95%e0%a7%87-%e0%a6%9f%e0%a6%aa%e0%a6%95%e0%a7%87-%e0%a6%b0%e0%a7%87%e0%a6%95%e0%a6%b0%e0%a7%8d%e0%a6%a1%e0%a7%87%e0%a6%b0-%e0%a6%9a%e0%a7%82%e0%a6%a1/" "Mozilla/5.0 AppleWebKit/537.36 (KHTML, like Gecko; compatible; GPTBot/1.4; +https://openai.com/gptbot)"
116.202.222.251 - - [14/Sep/2026:18:48:07 +0600] "POST /wp-cron.php?doing_wp_cron=1789390087.6853070259094238281250 HTTP/1.1" 200 0 "-" "WordPress/7.1; http://bangladaily.online"
116.202.222.251 - - [14/Sep/2026:18:48:02 +0600] "GET /?wp_automatic=cron HTTP/1.1" 200 2461 "-" "curl/7.61.1"
74.7.243.200 - - [14/Sep/2026:18:48:16 +0600] "GET /%e0%a6%a1%e0%a6%be%e0%a6%95%e0%a6%b8%e0%a7%81%e0%a6%b0-%e0%a6%ac%e0%a6%bf%e0%a6%ad%e0%a6%bf%e0%a6%a8%e0%a7%8d%e0%a6%a8-%e0%a6%95%e0%a6%b0%e0%a7%8d%e0%a6%ae%e0%a6%95%e0%a6%be%e0%a6%a3%e0%a7%8d%e0%a6%a1/ HTTP/1.1" 200 17189 "http://bangladaily.online/%e0%a6%8f%e0%a6%95-%e0%a6%b8%e0%a6%aa%e0%a7%8d%e0%a6%a4%e0%a6%be%e0%a6%b9%e0%a7%87-%e0%a6%a8%e0%a6%bf%e0%a6%b0%e0%a6%be%e0%a6%aa%e0%a6%a6-%e0%a6%96%e0%a6%be%e0%a6%a6%e0%a7%8d%e0%a6%af-%e0%a6%86/" "Mozilla/5.0 AppleWebKit/537.36 (KHTML, like Gecko; compatible; GPTBot/1.4; +https://openai.com/gptbot)"
116.202.222.251 - - [14/Sep/2026:18:49:06 +0600] "POST /wp-cron.php?doing_wp_cron=1789390146.3029260635375976562500 HTTP/1.1" 200 0 "-" "WordPress/7.1; http://bangladaily.online"
116.202.222.251 - - [14/Sep/2026:18:49:02 +0600] "GET /?wp_automatic=cron HTTP/1.1" 200 2190 "-" "curl/7.61.1"
116.202.222.251 - - [14/Sep/2026:18:50:45 +0600] "POST /wp-cron.php?doing_wp_cron=1789390245.8156108856201171875000 HTTP/1.1" 200 0 "-" "WordPress/7.1; http://bangladaily.online"
74.7.243.200 - - [14/Sep/2026:18:50:45 +0600] "GET /?p=5031 HTTP/1.1" 301 52 "http://bangladaily.online/%e0%a6%a1%e0%a6%be%e0%a6%95%e0%a6%b8%e0%a7%81%e0%a6%b0-%e0%a6%ac%e0%a6%bf%e0%a6%ad%e0%a6%bf%e0%a6%a8%e0%a7%8d%e0%a6%a8-%e0%a6%95%e0%a6%b0%e0%a7%8d%e0%a6%ae%e0%a6%95%e0%a6%be%e0%a6%a3%e0%a7%8d%e0%a6%a1/" "Mozilla/5.0 AppleWebKit/537.36 (KHTML, like Gecko; compatible; GPTBot/1.4; +https://openai.com/gptbot)"
116.202.222.251 - - [14/Sep/2026:18:51:02 +0600] "GET /?wp_automatic=cron HTTP/1.1" 200 1573 "-" "curl/7.61.1"
116.202.222.251 - - [14/Sep/2026:18:54:02 +0600] "GET /?wp_automatic=cron HTTP/1.1" 200 2393 "-" "curl/7.61.1"
74.7.243.200 - - [14/Sep/2026:18:54:12 +0600] "GET /wp-content/uploads/2026/09/6aa7eb76e7f0d17893896866aa7eb76e7f28-300x197.jpg HTTP/1.1" 200 17400 "http://bangladaily.online/%e0%a6%a1%e0%a6%be%e0%a6%95%e0%a6%b8%e0%a7%81%e0%a6%b0-%e0%a6%ac%e0%a6%bf%e0%a6%ad%e0%a6%bf%e0%a6%a8%e0%a7%8d%e0%a6%a8-%e0%a6%95%e0%a6%b0%e0%a7%8d%e0%a6%ae%e0%a6%95%e0%a6%be%e0%a6%a3%e0%a7%8d%e0%a6%a1/" "Mozilla/5.0 AppleWebKit/537.36 (KHTML, like Gecko; compatible; GPTBot/1.4; +https://openai.com/gptbot)"
116.202.222.251 - - [14/Sep/2026:18:55:01 +0600] "POST /wp-cron.php?doing_wp_cron=1789390501.2204859256744384765625 HTTP/1.1" 200 0 "-" "WordPress/7.1; http://bangladaily.online"
116.202.222.251 - - [14/Sep/2026:18:55:02 +0600] "GET /?wp_automatic=cron HTTP/1.1" 200 1569 "-" "curl/7.61.1"
