74.7.243.200 - - [14/Sep/2026:19:17:49 +0600] "GET /?p=5034 HTTP/1.1" 301 52 "http://bangladaily.online/%e0%a6%86%e0%a6%93%e0%a6%af%e0%a6%bc%e0%a6%be%e0%a6%b0%e0%a6%be%e0%a6%aa%e0%a6%a8-%e0%a6%8f%e0%a6%b0-%e0%a6%a8%e0%a6%be%e0%a6%af%e0%a6%bc%e0%a6%bf%e0%a6%95%e0%a6%be-%e0%a6%b6/" "Mozilla/5.0 AppleWebKit/537.36 (KHTML, like Gecko; compatible; GPTBot/1.4; +https://openai.com/gptbot)"
116.202.222.251 - - [14/Sep/2026:19:18:05 +0600] "POST /wp-cron.php?doing_wp_cron=1789391885.8190760612487792968750 HTTP/1.1" 200 0 "-" "WordPress/7.1; http://bangladaily.online"
74.7.243.200 - - [14/Sep/2026:19:18:25 +0600] "GET /wp-content/uploads/2026/09/og_1789390870_6aa7f01657570.jpeg HTTP/1.1" 429 0 "http://bangladaily.online/%e0%a6%ae%e0%a6%be-%e0%a6%b9%e0%a6%be%e0%a6%b0%e0%a6%bf%e0%a6%af%e0%a6%bc%e0%a7%87-%e0%a6%95%e0%a6%be%e0%a6%81%e0%a6%a6%e0%a6%9b%e0%a7%87%e0%a6%a8-%e0%a6%9a%e0%a6%bf%e0%a6%a8%e0%a7%8d%e0%a6%ae/" "Mozilla/5.0 AppleWebKit/537.36 (KHTML, like Gecko; compatible; GPTBot/1.4; +https://openai.com/gptbot)"
74.7.243.200 - - [14/Sep/2026:19:19:25 +0600] "GET /wp-content/uploads/2026/09/bn-7-20260914172902.jpg HTTP/1.1" 429 0 "http://bangladaily.online/%e0%a6%86%e0%a6%93%e0%a6%af%e0%a6%bc%e0%a6%be%e0%a6%b0%e0%a6%be%e0%a6%aa%e0%a6%a8-%e0%a6%8f%e0%a6%b0-%e0%a6%a8%e0%a6%be%e0%a6%af%e0%a6%bc%e0%a6%bf%e0%a6%95%e0%a6%be-%e0%a6%b6/" "Mozilla/5.0 AppleWebKit/537.36 (KHTML, like Gecko; compatible; GPTBot/1.4; +https://openai.com/gptbot)"
74.7.243.200 - - [14/Sep/2026:19:20:05 +0600] "GET /?p=4971 HTTP/1.1" 429 0 "http://bangladaily.online/%e0%a6%ac%e0%a6%bf%e0%a6%af%e0%a6%bc%e0%a7%87%e0%a6%a4%e0%a7%87-%e0%a6%ac%e0%a6%af%e0%a6%bc%e0%a6%b8%e0%a7%87%e0%a6%b0-%e0%a6%ac%e0%a7%8d%e0%a6%af%e0%a6%ac%e0%a6%a7%e0%a6%be%e0%a6%a8-%e0%a6%95/" "Mozilla/5.0 AppleWebKit/537.36 (KHTML, like Gecko; compatible; GPTBot/1.4; +https://openai.com/gptbot)"
116.202.222.251 - - [14/Sep/2026:19:20:34 +0600] "POST /wp-cron.php?doing_wp_cron=1789392034.2872509956359863281250 HTTP/1.1" 200 0 "-" "WordPress/7.1; http://bangladaily.online"
74.7.243.200 - - [14/Sep/2026:19:19:45 +0600] "GET /wp-content/uploads/2026/09/og_1789389637_6aa7eb45e2093.jpeg HTTP/1.1" 429 0 "http://bangladaily.online/%E0%A6%A8%E0%A6%BF%E0%A6%B0%E0%A7%8D%E0%A6%AC%E0%A6%BE%E0%A6%9A%E0%A6%A8%E0%A7%87-%E0%A6%B9%E0%A7%87%E0%A6%B0%E0%A7%87%E0%A6%93-%E0%A6%95%E0%A6%A5%E0%A6%BE-%E0%A6%B0%E0%A6%BE%E0%A6%96%E0%A6%B2/" "Mozilla/5.0 AppleWebKit/537.36 (KHTML, like Gecko; compatible; GPTBot/1.4; +https://openai.com/gptbot)"
116.202.222.251 - - [14/Sep/2026:19:20:03 +0600] "GET /?wp_automatic=cron HTTP/1.1" 200 1570 "-" "curl/7.61.1"
74.7.243.200 - - [14/Sep/2026:19:20:25 +0600] "GET /wp-content/uploads/2026/09/vg-1-mttzit1mckba2xk-20260909165905.jpg HTTP/1.1" 429 0 "http://bangladaily.online/%e0%a6%ac%e0%a6%bf%e0%a6%af%e0%a6%bc%e0%a7%87%e0%a6%a4%e0%a7%87-%e0%a6%ac%e0%a6%af%e0%a6%bc%e0%a6%b8%e0%a7%87%e0%a6%b0-%e0%a6%ac%e0%a7%8d%e0%a6%af%e0%a6%ac%e0%a6%a7%e0%a6%be%e0%a6%a8-%e0%a6%95/" "Mozilla/5.0 AppleWebKit/537.36 (KHTML, like Gecko; compatible; GPTBot/1.4; +https://openai.com/gptbot)"
51.89.74.197 - - [14/Sep/2026:19:20:33 +0600] "GET /%E0%A6%AB%E0%A6%B0%E0%A6%BF%E0%A6%A6%E0%A6%AA%E0%A7%81%E0%A6%B0%E0%A7%87-%E0%A6%97%E0%A6%BE%E0%A6%A1%E0%A6%BC%E0%A6%BF%E0%A6%B0-%E0%A6%A7%E0%A6%BE%E0%A6%95%E0%A7%8D%E0%A6%95%E0%A6%BE%E0%A6%AF%E0%A6%BC/ HTTP/1.1" 200 15498 "-" "Mozilla/5.0 (compatible; AhrefsBot/7.0; +http://ahrefs.com/robot/)"
116.202.222.251 - - [14/Sep/2026:19:21:05 +0600] "POST /wp-cron.php?doing_wp_cron=1789392065.2993340492248535156250 HTTP/1.1" 200 0 "-" "WordPress/7.1; http://bangladaily.online"
51.89.38.130 - - [14/Sep/2026:19:21:14 +0600] "GET /wp-content/uploads/2026/09/6aa7f15380c3317893911876aa7f15380c4b-300x197.jpg HTTP/1.1" 200 12369 "-" "Mozilla/5.0 (compatible; AhrefsBot/7.0; +http://ahrefs.com/robot/)"
51.89.69.110 - - [14/Sep/2026:19:21:14 +0600] "GET /wp-content/uploads/2026/09/802241817-1798280964931455-7105472704032242518-n-mu0xumm30keprzu-20260914134643-300x156.jpg HTTP/1.1" 200 11448 "-" "Mozilla/5.0 (compatible; AhrefsBot/7.0; +http://ahrefs.com/robot/)"
74.7.243.200 - - [14/Sep/2026:19:21:21 +0600] "GET /wp-content/uploads/2026/09/motamot-20260914094528.jpg HTTP/1.1" 429 0 "http://bangladaily.online/%E0%A6%9D%E0%A7%8B%E0%A6%AA%E0%A6%9D%E0%A6%BE%E0%A6%A1%E0%A6%BC%E0%A7%87-%E0%A6%AC%E0%A6%BF%E0%A6%B2%E0%A7%80%E0%A6%A8-%E0%A6%B8%E0%A7%8B%E0%A6%AF%E0%A6%BC%E0%A6%BE-%E0%A6%95%E0%A7%8B%E0%A6%9F/" "Mozilla/5.0 AppleWebKit/537.36 (KHTML, like Gecko; compatible; GPTBot/1.4; +https://openai.com/gptbot)"
74.7.243.200 - - [14/Sep/2026:19:21:41 +0600] "GET /wp-content/uploads/2026/09/802241817-1798280964931455-7105472704032242518-n-mu0xumm30keprzu-20260914134643-300x156.jpg HTTP/1.1" 200 11448 "http://bangladaily.online/%e0%a6%ae%e0%a6%be-%e0%a6%b9%e0%a6%be%e0%a6%b0%e0%a6%bf%e0%a6%af%e0%a6%bc%e0%a7%87-%e0%a6%95%e0%a6%be%e0%a6%81%e0%a6%a6%e0%a6%9b%e0%a7%87%e0%a6%a8-%e0%a6%9a%e0%a6%bf%e0%a6%a8%e0%a7%8d%e0%a6%ae/" "Mozilla/5.0 AppleWebKit/537.36 (KHTML, like Gecko; compatible; GPTBot/1.4; +https://openai.com/gptbot)"
51.89.39.56 - - [14/Sep/2026:19:22:02 +0600] "GET /%E0%A6%A6%E0%A7%87%E0%A6%B6%E0%A7%87-%E0%A6%AB%E0%A6%BF%E0%A6%B0%E0%A7%87-%E0%A6%AC%E0%A6%BF%E0%A6%AE%E0%A6%BE%E0%A6%A8%E0%A6%AC%E0%A6%A8%E0%A7%8D%E0%A6%A6%E0%A6%B0%E0%A7%87-%E0%A6%AF%E0%A6%BE/ HTTP/1.1" 200 15346 "-" "Mozilla/5.0 (compatible; AhrefsBot/7.0; +http://ahrefs.com/robot/)"
74.7.243.200 - - [14/Sep/2026:19:22:17 +0600] "GET /%e0%a6%a6%e0%a6%95%e0%a7%8d%e0%a6%b7%e0%a6%bf%e0%a6%a3-%e0%a6%86%e0%a6%ab%e0%a7%8d%e0%a6%b0%e0%a6%bf%e0%a6%95%e0%a6%be%e0%a6%af%e0%a6%bc-%e0%a6%ad%e0%a6%af%e0%a6%bc%e0%a6%be%e0%a6%ac%e0%a6%b9/ HTTP/1.1" 429 0 "http://bangladaily.online/%e0%a6%ae%e0%a6%be-%e0%a6%b9%e0%a6%be%e0%a6%b0%e0%a6%bf%e0%a6%af%e0%a6%bc%e0%a7%87-%e0%a6%95%e0%a6%be%e0%a6%81%e0%a6%a6%e0%a6%9b%e0%a7%87%e0%a6%a8-%e0%a6%9a%e0%a6%bf%e0%a6%a8%e0%a7%8d%e0%a6%ae/" "Mozilla/5.0 AppleWebKit/537.36 (KHTML, like Gecko; compatible; GPTBot/1.4; +https://openai.com/gptbot)"
116.202.222.251 - - [14/Sep/2026:19:23:02 +0600] "GET /?wp_automatic=cron HTTP/1.1" 200 1573 "-" "curl/7.61.1"
85.208.96.197 - - [14/Sep/2026:19:23:13 +0600] "GET /%E0%A6%B8%E0%A6%B0%E0%A6%95%E0%A6%BE%E0%A6%B0%E0%A6%BF-%E0%A6%B0%E0%A7%87%E0%A6%B2%E0%A6%AA%E0%A6%A5%E0%A7%87-%E0%A6%AC%E0%A7%87%E0%A6%B8%E0%A6%B0%E0%A6%95%E0%A6%BE%E0%A6%B0%E0%A6%BF-%E0%A6%9F/ HTTP/1.1" 200 26399 "-" "Mozilla/5.0 (compatible; SemrushBot/7~bl; +http://www.semrush.com/bot.html)"
74.7.243.200 - - [14/Sep/2026:19:23:17 +0600] "GET /%e0%a6%a1%e0%a6%be%e0%a6%95%e0%a6%b8%e0%a7%81%e0%a6%b0-%e0%a6%b8%e0%a6%82%e0%a6%97%e0%a7%8d%e0%a6%b0%e0%a6%b9%e0%a6%b6%e0%a6%be%e0%a6%b2%e0%a6%be%e0%a6%af%e0%a6%bc-%e0%a6%9c%e0%a6%bf%e0%a6%a8%e0%a7%8d/ HTTP/1.1" 429 0 "http://bangladaily.online/%E0%A6%95%E0%A7%8B%E0%A6%9A-%E0%A6%AC%E0%A6%BE%E0%A6%9F%E0%A6%B2%E0%A6%BE%E0%A6%B0%E0%A7%87%E0%A6%B0-%E0%A6%B6%E0%A6%BF%E0%A6%B6%E0%A7%81%E0%A6%B8%E0%A7%81%E0%A6%B2%E0%A6%AD-%E0%A6%AA%E0%A6%B0/" "Mozilla/5.0 AppleWebKit/537.36 (KHTML, like Gecko; compatible; GPTBot/1.4; +https://openai.com/gptbot)"
116.202.222.251 - - [14/Sep/2026:19:23:34 +0600] "POST /wp-cron.php?doing_wp_cron=1789392214.8354198932647705078125 HTTP/1.1" 200 0 "-" "WordPress/7.1; http://bangladaily.online"
74.7.243.200 - - [14/Sep/2026:19:23:57 +0600] "GET /%e0%a6%86%e0%a6%b0%e0%a6%93-%e0%a6%9a%e0%a6%a1%e0%a6%bc%e0%a6%be-%e0%a6%a6%e0%a6%be%e0%a6%ae%e0%a7%87-%e0%a6%8f%e0%a6%b2%e0%a6%8f%e0%a6%a8%e0%a6%9c%e0%a6%bf-%e0%a6%95%e0%a6%bf%e0%a6%a8%e0%a6%9b/ HTTP/1.1" 429 0 "http://bangladaily.online/%e0%a6%ae%e0%a6%be-%e0%a6%b9%e0%a6%be%e0%a6%b0%e0%a6%bf%e0%a6%af%e0%a6%bc%e0%a7%87-%e0%a6%95%e0%a6%be%e0%a6%81%e0%a6%a6%e0%a6%9b%e0%a7%87%e0%a6%a8-%e0%a6%9a%e0%a6%bf%e0%a6%a8%e0%a7%8d%e0%a6%ae/" "Mozilla/5.0 AppleWebKit/537.36 (KHTML, like Gecko; compatible; GPTBot/1.4; +https://openai.com/gptbot)"
116.202.222.251 - - [14/Sep/2026:19:24:02 +0600] "GET /?wp_automatic=cron HTTP/1.1" 200 1547 "-" "curl/7.61.1"
74.7.243.200 - - [14/Sep/2026:19:24:17 +0600] "GET /%E0%A6%AE%E0%A6%BE-%E0%A6%B9%E0%A6%BE%E0%A6%B0%E0%A6%BF%E0%A6%AF%E0%A6%BC%E0%A7%87-%E0%A6%95%E0%A6%BE%E0%A6%81%E0%A6%A6%E0%A6%9B%E0%A7%87%E0%A6%A8-%E0%A6%9A%E0%A6%BF%E0%A6%A8%E0%A7%8D%E0%A6%AE/ HTTP/1.1" 429 0 "http://bangladaily.online/%e0%a6%ae%e0%a6%be-%e0%a6%b9%e0%a6%be%e0%a6%b0%e0%a6%bf%e0%a6%af%e0%a6%bc%e0%a7%87-%e0%a6%95%e0%a6%be%e0%a6%81%e0%a6%a6%e0%a6%9b%e0%a7%87%e0%a6%a8-%e0%a6%9a%e0%a6%bf%e0%a6%a8%e0%a7%8d%e0%a6%ae/" "Mozilla/5.0 AppleWebKit/537.36 (KHTML, like Gecko; compatible; GPTBot/1.4; +https://openai.com/gptbot)"
51.89.71.149 - - [14/Sep/2026:19:24:42 +0600] "GET /%E0%A6%A8%E0%A6%9C%E0%A6%B0%E0%A7%81%E0%A6%B2%E0%A6%9C%E0%A6%AF%E0%A6%BC%E0%A6%A8%E0%A7%8D%E0%A6%A4%E0%A7%80%E0%A6%A4%E0%A7%87-%E0%A7%AA-%E0%A6%97%E0%A7%81%E0%A6%A3%E0%A7%80%E0%A6%95%E0%A7%87/ HTTP/1.1" 200 15273 "-" "Mozilla/5.0 (compatible; AhrefsBot/7.0; +http://ahrefs.com/robot/)"
74.7.243.200 - - [14/Sep/2026:19:25:17 +0600] "GET /%e0%a6%85%e0%a6%b2%e0%a7%8d%e0%a6%aa%e0%a7%87%e0%a6%b0-%e0%a6%9c%e0%a6%a8%e0%a7%8d%e0%a6%af-%e0%a6%b0%e0%a6%95%e0%a7%8d%e0%a6%b7%e0%a6%be-%e0%a6%aa%e0%a7%87%e0%a6%b2%e0%a7%87%e0%a6%a8-%e0%a6%ac/ HTTP/1.1" 200 16292 "http://bangladaily.online/%e0%a6%ae%e0%a6%be-%e0%a6%b9%e0%a6%be%e0%a6%b0%e0%a6%bf%e0%a6%af%e0%a6%bc%e0%a7%87-%e0%a6%95%e0%a6%be%e0%a6%81%e0%a6%a6%e0%a6%9b%e0%a7%87%e0%a6%a8-%e0%a6%9a%e0%a6%bf%e0%a6%a8%e0%a7%8d%e0%a6%ae/" "Mozilla/5.0 AppleWebKit/537.36 (KHTML, like Gecko; compatible; GPTBot/1.4; +https://openai.com/gptbot)"
116.202.222.251 - - [14/Sep/2026:19:25:35 +0600] "POST /wp-cron.php?doing_wp_cron=1789392335.7709178924560546875000 HTTP/1.1" 200 0 "-" "WordPress/7.1; http://bangladaily.online"
74.7.243.200 - - [14/Sep/2026:19:20:45 +0600] "GET /wp-content/uploads/2026/09/6aa7f15380c3317893911876aa7f15380c4b-300x197.jpg HTTP/1.1" 200 12369 "http://bangladaily.online/%e0%a6%ae%e0%a6%be-%e0%a6%b9%e0%a6%be%e0%a6%b0%e0%a6%bf%e0%a6%af%e0%a6%bc%e0%a7%87-%e0%a6%95%e0%a6%be%e0%a6%81%e0%a6%a6%e0%a6%9b%e0%a7%87%e0%a6%a8-%e0%a6%9a%e0%a6%bf%e0%a6%a8%e0%a7%8d%e0%a6%ae/" "Mozilla/5.0 AppleWebKit/537.36 (KHTML, like Gecko; compatible; GPTBot/1.4; +https://openai.com/gptbot)"
116.202.222.251 - - [14/Sep/2026:19:21:02 +0600] "GET /?wp_automatic=cron HTTP/1.1" 200 2267 "-" "curl/7.61.1"
51.89.39.49 - - [14/Sep/2026:19:21:13 +0600] "GET /wp-content/uploads/2026/09/6aa7f3d00cb6617893918246aa7f3d00cb69-300x197.jpg HTTP/1.1" 200 15810 "-" "Mozilla/5.0 (compatible; AhrefsBot/7.0; +http://ahrefs.com/robot/)"
116.202.222.251 - - [14/Sep/2026:19:22:03 +0600] "POST /wp-cron.php?doing_wp_cron=1789392123.7719628810882568359375 HTTP/1.1" 200 0 "-" "WordPress/7.1; http://bangladaily.online"
116.202.222.251 - - [14/Sep/2026:19:22:02 +0600] "GET /?wp_automatic=cron HTTP/1.1" 200 1603 "-" "curl/7.61.1"
116.202.222.251 - - [14/Sep/2026:19:22:59 +0600] "POST /wp-cron.php?doing_wp_cron=1789392179.0258209705352783203125 HTTP/1.1" 200 0 "-" "WordPress/7.1; http://bangladaily.online"
185.191.171.9 - - [14/Sep/2026:19:22:58 +0600] "GET /%E0%A7%A9%E0%A7%A8%E0%A7%AD-%E0%A6%95%E0%A7%87%E0%A6%9C%E0%A6%BF-%E0%A6%97%E0%A6%BE%E0%A6%81%E0%A6%9C%E0%A6%BE%E0%A6%B8%E0%A6%B9-%E0%A6%9A%E0%A6%9F%E0%A7%8D%E0%A6%9F%E0%A6%97%E0%A7%8D%E0%A6%B0/ HTTP/1.1" 200 18507 "-" "Mozilla/5.0 (compatible; SemrushBot/7~bl; +http://www.semrush.com/bot.html)"
51.89.74.207 - - [14/Sep/2026:19:23:34 +0600] "GET /%E0%A6%AE%E0%A6%BE%E0%A6%A6%E0%A6%95-%E0%A6%9A%E0%A6%BE%E0%A6%81%E0%A6%A6%E0%A6%BE%E0%A6%AC%E0%A6%BE%E0%A6%9C%E0%A6%BF-%E0%A6%A5%E0%A7%87%E0%A6%95%E0%A7%87-%E0%A6%AF%E0%A6%BE%E0%A6%A8%E0%A6%9C/feed/ HTTP/1.1" 200 637 "-" "Mozilla/5.0 (compatible; AhrefsBot/7.0; +http://ahrefs.com/robot/)"
74.7.243.200 - - [14/Sep/2026:19:24:37 +0600] "GET /%e0%a6%9c%e0%a7%8d%e0%a6%ac%e0%a6%be%e0%a6%b2%e0%a6%be%e0%a6%a8%e0%a6%bf-%e0%a6%b8%e0%a6%82%e0%a6%95%e0%a6%9f-%e0%a6%b8%e0%a6%ae%e0%a6%be%e0%a6%a7%e0%a6%be%e0%a6%a8%e0%a7%87-%e0%a6%b8%e0%a6%b0/ HTTP/1.1" 429 0 "http://bangladaily.online/%e0%a6%ac%e0%a6%bf%e0%a6%af%e0%a6%bc%e0%a7%87%e0%a6%a4%e0%a7%87-%e0%a6%ac%e0%a6%af%e0%a6%bc%e0%a6%b8%e0%a7%87%e0%a6%b0-%e0%a6%ac%e0%a7%8d%e0%a6%af%e0%a6%ac%e0%a6%a7%e0%a6%be%e0%a6%a8-%e0%a6%95/" "Mozilla/5.0 AppleWebKit/537.36 (KHTML, like Gecko; compatible; GPTBot/1.4; +https://openai.com/gptbot)"
116.202.222.251 - - [14/Sep/2026:19:24:43 +0600] "POST /wp-cron.php?doing_wp_cron=1789392283.2182359695434570312500 HTTP/1.1" 200 0 "-" "WordPress/7.1; http://bangladaily.online"
74.7.243.200 - - [14/Sep/2026:19:24:57 +0600] "GET /%E0%A6%86%E0%A6%93%E0%A6%AF%E0%A6%BC%E0%A6%BE%E0%A6%B0%E0%A6%BE%E0%A6%AA%E0%A6%A8-%E0%A6%8F%E0%A6%B0-%E0%A6%A8%E0%A6%BE%E0%A6%AF%E0%A6%BC%E0%A6%BF%E0%A6%95%E0%A6%BE-%E0%A6%B6/ HTTP/1.1" 429 0 "http://bangladaily.online/%e0%a6%86%e0%a6%93%e0%a6%af%e0%a6%bc%e0%a6%be%e0%a6%b0%e0%a6%be%e0%a6%aa%e0%a6%a8-%e0%a6%8f%e0%a6%b0-%e0%a6%a8%e0%a6%be%e0%a6%af%e0%a6%bc%e0%a6%bf%e0%a6%95%e0%a6%be-%e0%a6%b6/" "Mozilla/5.0 AppleWebKit/537.36 (KHTML, like Gecko; compatible; GPTBot/1.4; +https://openai.com/gptbot)"
116.202.222.251 - - [14/Sep/2026:19:25:03 +0600] "GET /?wp_automatic=cron HTTP/1.1" 200 1589 "-" "curl/7.61.1"
51.89.38.128 - - [14/Sep/2026:19:25:35 +0600] "GET /%E0%A6%9F%E0%A6%BE%E0%A6%A8%E0%A6%BE-%E0%A7%AB-%E0%A6%A6%E0%A6%BF%E0%A6%A8-%E0%A6%AC%E0%A7%83%E0%A6%B7%E0%A7%8D%E0%A6%9F%E0%A6%BF%E0%A6%B0-%E0%A6%86%E0%A6%AD%E0%A6%BE%E0%A6%B8/ HTTP/1.1" 200 15573 "-" "Mozilla/5.0 (compatible; AhrefsBot/7.0; +http://ahrefs.com/robot/)"
51.89.83.61 - - [14/Sep/2026:19:25:44 +0600] "GET /wp-content/uploads/2026/09/ju-1-20260914191107-300x156.jpg HTTP/1.1" 200 4900 "-" "Mozilla/5.0 (compatible; AhrefsBot/7.0; +http://ahrefs.com/robot/)"
116.202.222.251 - - [14/Sep/2026:19:26:02 +0600] "GET /?wp_automatic=cron HTTP/1.1" 200 10204 "-" "curl/7.61.1"
74.7.243.200 - - [14/Sep/2026:19:25:37 +0600] "GET /%E0%A6%AC%E0%A6%BF%E0%A6%AF%E0%A6%BC%E0%A7%87%E0%A6%A4%E0%A7%87-%E0%A6%AC%E0%A6%AF%E0%A6%BC%E0%A6%B8%E0%A7%87%E0%A6%B0-%E0%A6%AC%E0%A7%8D%E0%A6%AF%E0%A6%AC%E0%A6%A7%E0%A6%BE%E0%A6%A8-%E0%A6%95/ HTTP/1.1" 429 0 "http://bangladaily.online/%e0%a6%ac%e0%a6%bf%e0%a6%af%e0%a6%bc%e0%a7%87%e0%a6%a4%e0%a7%87-%e0%a6%ac%e0%a6%af%e0%a6%bc%e0%a6%b8%e0%a7%87%e0%a6%b0-%e0%a6%ac%e0%a7%8d%e0%a6%af%e0%a6%ac%e0%a6%a7%e0%a6%be%e0%a6%a8-%e0%a6%95/" "Mozilla/5.0 AppleWebKit/537.36 (KHTML, like Gecko; compatible; GPTBot/1.4; +https://openai.com/gptbot)"
74.7.243.200 - - [14/Sep/2026:19:25:53 +0600] "GET /%e0%a6%b6%e0%a6%bf%e0%a6%95%e0%a7%8d%e0%a6%b7%e0%a6%be-%e0%a6%aa%e0%a7%8d%e0%a6%b0%e0%a6%af%e0%a7%81%e0%a6%95%e0%a7%8d%e0%a6%a4%e0%a6%bf%e0%a6%a4%e0%a7%87-%e0%a6%af%e0%a7%81%e0%a6%95%e0%a7%8d%e0%a6%a4/ HTTP/1.1" 429 0 "http://bangladaily.online/%e0%a6%93%e0%a6%ac%e0%a6%be%e0%a6%af%e0%a6%bc%e0%a6%a6%e0%a7%81%e0%a6%b2-%e0%a6%95%e0%a6%be%e0%a6%a6%e0%a7%87%e0%a6%b0%e0%a6%b8%e0%a6%b9-%e0%a7%ad-%e0%a6%9c%e0%a6%a8%e0%a7%87%e0%a6%b0-%e0%a6%b0/" "Mozilla/5.0 AppleWebKit/537.36 (KHTML, like Gecko; compatible; GPTBot/1.4; +https://openai.com/gptbot)"
85.208.96.212 - - [14/Sep/2026:19:26:19 +0600] "GET /%E0%A6%87%E0%A6%89%E0%A6%B0%E0%A7%8B%E0%A6%AA%E0%A7%80%E0%A6%AF%E0%A6%BC-%E0%A6%87%E0%A6%89%E0%A6%A8%E0%A6%BF%E0%A6%AF%E0%A6%BC%E0%A6%A8%E0%A7%87-%E0%A6%95%E0%A6%A1%E0%A6%BC%E0%A6%BE%E0%A6%95%E0%A6%A1/ HTTP/1.1" 200 21456 "-" "Mozilla/5.0 (compatible; SemrushBot/7~bl; +http://www.semrush.com/bot.html)"
51.89.71.150 - - [14/Sep/2026:19:26:41 +0600] "GET /wp-content/uploads/2026/09/6aa546ab6813617892164276aa546ab68138-300x197.jpg HTTP/1.1" 200 10722 "-" "Mozilla/5.0 (compatible; AhrefsBot/7.0; +http://ahrefs.com/robot/)"
51.89.59.38 - - [14/Sep/2026:19:26:42 +0600] "GET /wp-content/uploads/2026/09/6aa78a82bbd9017893648666aa78a82bbda7.jpg HTTP/1.1" 200 71152 "-" "Mozilla/5.0 (compatible; AhrefsBot/7.0; +http://ahrefs.com/robot/)"
74.7.243.200 - - [14/Sep/2026:19:26:49 +0600] "GET /%E0%A6%B6%E0%A6%9A%E0%A6%BF%E0%A6%A8%E0%A6%95%E0%A7%87-%E0%A6%9F%E0%A6%AA%E0%A6%95%E0%A7%87-%E0%A6%B0%E0%A7%87%E0%A6%95%E0%A6%B0%E0%A7%8D%E0%A6%A1%E0%A7%87%E0%A6%B0-%E0%A6%9A%E0%A7%82%E0%A6%A1/ HTTP/1.1" 429 0 "http://bangladaily.online/%e0%a6%b6%e0%a6%9a%e0%a6%bf%e0%a6%a8%e0%a6%95%e0%a7%87-%e0%a6%9f%e0%a6%aa%e0%a6%95%e0%a7%87-%e0%a6%b0%e0%a7%87%e0%a6%95%e0%a6%b0%e0%a7%8d%e0%a6%a1%e0%a7%87%e0%a6%b0-%e0%a6%9a%e0%a7%82%e0%a6%a1/" "Mozilla/5.0 AppleWebKit/537.36 (KHTML, like Gecko; compatible; GPTBot/1.4; +https://openai.com/gptbot)"
116.202.222.251 - - [14/Sep/2026:19:27:02 +0600] "GET /?wp_automatic=cron HTTP/1.1" 200 1569 "-" "curl/7.61.1"
116.202.222.251 - - [14/Sep/2026:19:28:02 +0600] "GET /?wp_automatic=cron HTTP/1.1" 200 1571 "-" "curl/7.61.1"
74.7.243.200 - - [14/Sep/2026:19:28:25 +0600] "GET /%e0%a6%aa%e0%a6%af%e0%a6%bc%e0%a7%87%e0%a6%a8%e0%a7%8d%e0%a6%9f-%e0%a6%b9%e0%a6%be%e0%a6%b0%e0%a6%bf%e0%a6%af%e0%a6%bc%e0%a7%87-%e0%a6%9f%e0%a7%87%e0%a6%b8%e0%a7%8d%e0%a6%9f-%e0%a6%b0/ HTTP/1.1" 429 0 "http://bangladaily.online/%e0%a6%a1%e0%a6%be%e0%a6%95%e0%a6%b8%e0%a7%81%e0%a6%b0-%e0%a6%ac%e0%a6%bf%e0%a6%ad%e0%a6%bf%e0%a6%a8%e0%a7%8d%e0%a6%a8-%e0%a6%95%e0%a6%b0%e0%a7%8d%e0%a6%ae%e0%a6%95%e0%a6%be%e0%a6%a3%e0%a7%8d%e0%a6%a1/" "Mozilla/5.0 AppleWebKit/537.36 (KHTML, like Gecko; compatible; GPTBot/1.4; +https://openai.com/gptbot)"
85.208.96.203 - - [14/Sep/2026:19:28:29 +0600] "GET /%E0%A6%86%E0%A6%A1%E0%A6%BC%E0%A6%82%E0%A6%AF%E0%A6%BC%E0%A7%87%E0%A6%B0-%E0%A6%A8%E0%A6%BF%E0%A6%AF%E0%A6%BC%E0%A7%8B%E0%A6%97-%E0%A6%AC%E0%A6%BF%E0%A6%9C%E0%A7%8D%E0%A6%9E%E0%A6%AA%E0%A7%8D%E0%A6%A4/ HTTP/1.1" 200 18946 "-" "Mozilla/5.0 (compatible; SemrushBot/7~bl; +http://www.semrush.com/bot.html)"
2a06:98c0:3600::103 - - [14/Sep/2026:19:34:43 +0600] "GET /wp-admin/install.php?step=1 HTTP/1.1" 200 549 "-" "http://bangladaily.online/wp-admin/install.php?step=1"
116.202.222.251 - - [14/Sep/2026:19:35:02 +0600] "GET /?wp_automatic=cron HTTP/1.1" 200 1569 "-" "curl/7.61.1"
74.7.243.200 - - [14/Sep/2026:19:35:04 +0600] "GET /%e0%a6%95%e0%a6%be%e0%a6%b0%e0%a7%8d%e0%a6%a1%e0%a6%bf%e0%a6%ab%e0%a7%87-%e0%a6%ac%e0%a7%88%e0%a6%a0%e0%a6%95%e0%a7%87-%e0%a6%ac%e0%a6%b8%e0%a6%9b%e0%a7%87%e0%a6%a8-%e0%a6%b8%e0%a7%8d%e0%a6%95/ HTTP/1.1" 200 16327 "http://bangladaily.online/%e0%a6%85%e0%a6%b2%e0%a7%8d%e0%a6%aa%e0%a7%87%e0%a6%b0-%e0%a6%9c%e0%a6%a8%e0%a7%8d%e0%a6%af-%e0%a6%b0%e0%a6%95%e0%a7%8d%e0%a6%b7%e0%a6%be-%e0%a6%aa%e0%a7%87%e0%a6%b2%e0%a7%87%e0%a6%a8-%e0%a6%ac/" "Mozilla/5.0 AppleWebKit/537.36 (KHTML, like Gecko; compatible; GPTBot/1.4; +https://openai.com/gptbot)"
74.7.243.200 - - [14/Sep/2026:19:35:14 +0600] "GET /%e0%a6%ae%e0%a7%82%e0%a6%b2-%e0%a6%b8%e0%a6%a1%e0%a6%bc%e0%a6%95-%e0%a6%a5%e0%a7%87%e0%a6%95%e0%a7%87-%e0%a6%ac%e0%a7%8d%e0%a6%af%e0%a6%be%e0%a6%9f%e0%a6%be%e0%a6%b0%e0%a6%bf%e0%a6%9a%e0%a6%be/ HTTP/1.1" 200 14768 "http://bangladaily.online/%e0%a6%87%e0%a6%af%e0%a6%bc%e0%a7%87%e0%a6%ae%e0%a7%87%e0%a6%a8%e0%a7%87-%e0%a7%a8%e0%a7%aa-%e0%a6%98%e0%a6%a3%e0%a7%8d%e0%a6%9f%e0%a6%be%e0%a6%af%e0%a6%bc-%e0%a6%b8%e0%a7%8c%e0%a6%a6%e0%a6%bf/" "Mozilla/5.0 AppleWebKit/537.36 (KHTML, like Gecko; compatible; GPTBot/1.4; +https://openai.com/gptbot)"
74.7.243.200 - - [14/Sep/2026:19:35:34 +0600] "GET /%e0%a7%a7%e0%a7%a6-%e0%a6%a6%e0%a7%87%e0%a6%b6%e0%a7%87%e0%a6%b0-%e0%a7%a8%e0%a7%a6%e0%a7%a6-%e0%a6%aa%e0%a7%8d%e0%a6%b0%e0%a6%a4%e0%a6%bf%e0%a6%b7%e0%a7%8d%e0%a6%a0%e0%a6%be%e0%a6%a8-%e0%a6%a2/ HTTP/1.1" 200 16893 "http://bangladaily.online/%e0%a6%87%e0%a6%af%e0%a6%bc%e0%a7%87%e0%a6%ae%e0%a7%87%e0%a6%a8%e0%a7%87-%e0%a7%a8%e0%a7%aa-%e0%a6%98%e0%a6%a3%e0%a7%8d%e0%a6%9f%e0%a6%be%e0%a6%af%e0%a6%bc-%e0%a6%b8%e0%a7%8c%e0%a6%a6%e0%a6%bf/" "Mozilla/5.0 AppleWebKit/537.36 (KHTML, like Gecko; compatible; GPTBot/1.4; +https://openai.com/gptbot)"
74.7.243.200 - - [14/Sep/2026:19:35:38 +0600] "GET /%e0%a6%95%e0%a6%be%e0%a6%b2-%e0%a6%a5%e0%a7%87%e0%a6%95%e0%a7%87-%e0%a6%95%e0%a6%be%e0%a6%b0%e0%a6%96%e0%a6%be%e0%a6%a8%e0%a6%be%e0%a6%af%e0%a6%bc-%e0%a6%9a%e0%a6%be%e0%a6%b9%e0%a6%bf%e0%a6%a6/ HTTP/1.1" 200 15178 "http://bangladaily.online/%e0%a6%a1%e0%a6%be%e0%a6%95%e0%a6%b8%e0%a7%81%e0%a6%b0-%e0%a6%ac%e0%a6%bf%e0%a6%ad%e0%a6%bf%e0%a6%a8%e0%a7%8d%e0%a6%a8-%e0%a6%95%e0%a6%b0%e0%a7%8d%e0%a6%ae%e0%a6%95%e0%a6%be%e0%a6%a3%e0%a7%8d%e0%a6%a1/" "Mozilla/5.0 AppleWebKit/537.36 (KHTML, like Gecko; compatible; GPTBot/1.4; +https://openai.com/gptbot)"
74.7.243.200 - - [14/Sep/2026:19:35:42 +0600] "GET /?p=5074 HTTP/1.1" 301 52 "http://bangladaily.online/%e0%a6%9c%e0%a6%be%e0%a6%ac%e0%a6%bf%e0%a6%a4%e0%a7%87-%e0%a6%a6%e0%a7%8b%e0%a6%95%e0%a6%be%e0%a6%a8-%e0%a6%a6%e0%a6%96%e0%a6%b2-%e0%a6%a8%e0%a6%bf%e0%a6%af%e0%a6%bc%e0%a7%87-%e0%a6%a6%e0%a7%81/" "Mozilla/5.0 AppleWebKit/537.36 (KHTML, like Gecko; compatible; GPTBot/1.4; +https://openai.com/gptbot)"
74.7.243.200 - - [14/Sep/2026:19:35:45 +0600] "GET /wp-content/uploads/2026/09/indian-women-team-mu0ncd2uz1e3lro-20260914085134-300x156.jpg HTTP/1.1" 200 13236 "http://bangladaily.online/%e0%a6%9c%e0%a6%be%e0%a6%ac%e0%a6%bf%e0%a6%a4%e0%a7%87-%e0%a6%a6%e0%a7%8b%e0%a6%95%e0%a6%be%e0%a6%a8-%e0%a6%a6%e0%a6%96%e0%a6%b2-%e0%a6%a8%e0%a6%bf%e0%a6%af%e0%a6%bc%e0%a7%87-%e0%a6%a6%e0%a7%81/" "Mozilla/5.0 AppleWebKit/537.36 (KHTML, like Gecko; compatible; GPTBot/1.4; +https://openai.com/gptbot)"
74.7.243.200 - - [14/Sep/2026:19:35:50 +0600] "GET /?p=5027 HTTP/1.1" 301 52 "http://bangladaily.online/%e0%a6%95%e0%a6%95%e0%a7%8d%e0%a6%b8%e0%a6%ac%e0%a6%be%e0%a6%9c%e0%a6%be%e0%a6%b0-%e0%a6%a5%e0%a7%87%e0%a6%95%e0%a7%87-%e0%a6%b2%e0%a6%a8%e0%a7%8d%e0%a6%a1%e0%a6%a8-%e0%a6%8f%e0%a6%95%e0%a7%8d/" "Mozilla/5.0 AppleWebKit/537.36 (KHTML, like Gecko; compatible; GPTBot/1.4; +https://openai.com/gptbot)"
74.7.243.200 - - [14/Sep/2026:19:35:51 +0600] "GET /?p=5072 HTTP/1.1" 301 52 "http://bangladaily.online/%e0%a6%95%e0%a6%be%e0%a6%b0%e0%a7%8d%e0%a6%a1%e0%a6%bf%e0%a6%ab%e0%a7%87-%e0%a6%ac%e0%a7%88%e0%a6%a0%e0%a6%95%e0%a7%87-%e0%a6%ac%e0%a6%b8%e0%a6%9b%e0%a7%87%e0%a6%a8-%e0%a6%b8%e0%a7%8d%e0%a6%95/" "Mozilla/5.0 AppleWebKit/537.36 (KHTML, like Gecko; compatible; GPTBot/1.4; +https://openai.com/gptbot)"
74.7.243.200 - - [14/Sep/2026:19:35:52 +0600] "GET /?p=4939 HTTP/1.1" 301 52 "http://bangladaily.online/%e0%a6%ae%e0%a7%82%e0%a6%b2-%e0%a6%b8%e0%a6%a1%e0%a6%bc%e0%a6%95-%e0%a6%a5%e0%a7%87%e0%a6%95%e0%a7%87-%e0%a6%ac%e0%a7%8d%e0%a6%af%e0%a6%be%e0%a6%9f%e0%a6%be%e0%a6%b0%e0%a6%bf%e0%a6%9a%e0%a6%be/" "Mozilla/5.0 AppleWebKit/537.36 (KHTML, like Gecko; compatible; GPTBot/1.4; +https://openai.com/gptbot)"
74.7.243.200 - - [14/Sep/2026:19:35:54 +0600] "GET /?p=4935 HTTP/1.1" 301 52 "http://bangladaily.online/%e0%a7%a7%e0%a7%a6-%e0%a6%a6%e0%a7%87%e0%a6%b6%e0%a7%87%e0%a6%b0-%e0%a7%a8%e0%a7%a6%e0%a7%a6-%e0%a6%aa%e0%a7%8d%e0%a6%b0%e0%a6%a4%e0%a6%bf%e0%a6%b7%e0%a7%8d%e0%a6%a0%e0%a6%be%e0%a6%a8-%e0%a6%a2/" "Mozilla/5.0 AppleWebKit/537.36 (KHTML, like Gecko; compatible; GPTBot/1.4; +https://openai.com/gptbot)"
74.7.243.200 - - [14/Sep/2026:19:35:55 +0600] "GET /?p=5058 HTTP/1.1" 301 52 "http://bangladaily.online/%e0%a6%95%e0%a6%be%e0%a6%b2-%e0%a6%a5%e0%a7%87%e0%a6%95%e0%a7%87-%e0%a6%95%e0%a6%be%e0%a6%b0%e0%a6%96%e0%a6%be%e0%a6%a8%e0%a6%be%e0%a6%af%e0%a6%bc-%e0%a6%9a%e0%a6%be%e0%a6%b9%e0%a6%bf%e0%a6%a6/" "Mozilla/5.0 AppleWebKit/537.36 (KHTML, like Gecko; compatible; GPTBot/1.4; +https://openai.com/gptbot)"
74.7.243.200 - - [14/Sep/2026:19:35:56 +0600] "GET /wp-content/uploads/2026/09/img-20260908-wa0012-20260908173641-mtslo3dgunh3t4z-20260908174540.jpg HTTP/1.1" 200 48934 "http://bangladaily.online/%e0%a7%a7%e0%a7%a6-%e0%a6%a6%e0%a7%87%e0%a6%b6%e0%a7%87%e0%a6%b0-%e0%a7%a8%e0%a7%a6%e0%a7%a6-%e0%a6%aa%e0%a7%8d%e0%a6%b0%e0%a6%a4%e0%a6%bf%e0%a6%b7%e0%a7%8d%e0%a6%a0%e0%a6%be%e0%a6%a8-%e0%a6%a2/" "Mozilla/5.0 AppleWebKit/537.36 (KHTML, like Gecko; compatible; GPTBot/1.4; +https://openai.com/gptbot)"
74.7.243.200 - - [14/Sep/2026:19:35:57 +0600] "GET /wp-content/uploads/2026/09/6aa7ecdcb43a617893900446aa7ecdcb43ba.jpg HTTP/1.1" 200 96148 "http://bangladaily.online/%e0%a6%95%e0%a6%be%e0%a6%b2-%e0%a6%a5%e0%a7%87%e0%a6%95%e0%a7%87-%e0%a6%95%e0%a6%be%e0%a6%b0%e0%a6%96%e0%a6%be%e0%a6%a8%e0%a6%be%e0%a6%af%e0%a6%bc-%e0%a6%9a%e0%a6%be%e0%a6%b9%e0%a6%bf%e0%a6%a6/" "Mozilla/5.0 AppleWebKit/537.36 (KHTML, like Gecko; compatible; GPTBot/1.4; +https://openai.com/gptbot)"
74.7.243.200 - - [14/Sep/2026:19:35:58 +0600] "GET /wp-content/uploads/2026/09/ju-1-20260914191107-300x156.jpg HTTP/1.1" 200 4900 "http://bangladaily.online/%e0%a6%9c%e0%a6%be%e0%a6%ac%e0%a6%bf%e0%a6%a4%e0%a7%87-%e0%a6%a6%e0%a7%8b%e0%a6%95%e0%a6%be%e0%a6%a8-%e0%a6%a6%e0%a6%96%e0%a6%b2-%e0%a6%a8%e0%a6%bf%e0%a6%af%e0%a6%bc%e0%a7%87-%e0%a6%a6%e0%a7%81/" "Mozilla/5.0 AppleWebKit/537.36 (KHTML, like Gecko; compatible; GPTBot/1.4; +https://openai.com/gptbot)"
74.7.243.200 - - [14/Sep/2026:19:35:59 +0600] "GET /wp-content/uploads/2026/09/fb-img-1789368151442-20260914124705-20260914125030.jpg HTTP/1.1" 200 562 "http://bangladaily.online/%e0%a6%ae%e0%a7%82%e0%a6%b2-%e0%a6%b8%e0%a6%a1%e0%a6%bc%e0%a6%95-%e0%a6%a5%e0%a7%87%e0%a6%95%e0%a7%87-%e0%a6%ac%e0%a7%8d%e0%a6%af%e0%a6%be%e0%a6%9f%e0%a6%be%e0%a6%b0%e0%a6%bf%e0%a6%9a%e0%a6%be/" "Mozilla/5.0 AppleWebKit/537.36 (KHTML, like Gecko; compatible; GPTBot/1.4; +https://openai.com/gptbot)"
74.7.243.200 - - [14/Sep/2026:19:35:59 +0600] "GET /wp-content/uploads/2026/09/6aa7f3d00cb6617893918246aa7f3d00cb69.jpg HTTP/1.1" 200 106231 "http://bangladaily.online/%e0%a6%95%e0%a6%be%e0%a6%b0%e0%a7%8d%e0%a6%a1%e0%a6%bf%e0%a6%ab%e0%a7%87-%e0%a6%ac%e0%a7%88%e0%a6%a0%e0%a6%95%e0%a7%87-%e0%a6%ac%e0%a6%b8%e0%a6%9b%e0%a7%87%e0%a6%a8-%e0%a6%b8%e0%a7%8d%e0%a6%95/" "Mozilla/5.0 AppleWebKit/537.36 (KHTML, like Gecko; compatible; GPTBot/1.4; +https://openai.com/gptbot)"
74.7.243.200 - - [14/Sep/2026:19:36:00 +0600] "GET /wp-content/uploads/2026/09/og_1789384646_6aa7d7c6362b8.jpeg HTTP/1.1" 200 26478 "http://bangladaily.online/%e0%a6%95%e0%a6%95%e0%a7%8d%e0%a6%b8%e0%a6%ac%e0%a6%be%e0%a6%9c%e0%a6%be%e0%a6%b0-%e0%a6%a5%e0%a7%87%e0%a6%95%e0%a7%87-%e0%a6%b2%e0%a6%a8%e0%a7%8d%e0%a6%a1%e0%a6%a8-%e0%a6%8f%e0%a6%95%e0%a7%8d/" "Mozilla/5.0 AppleWebKit/537.36 (KHTML, like Gecko; compatible; GPTBot/1.4; +https://openai.com/gptbot)"
74.7.243.200 - - [14/Sep/2026:19:36:01 +0600] "GET /wp-content/uploads/2026/09/ju-1-20260914191107.jpg HTTP/1.1" 200 11444 "http://bangladaily.online/%e0%a6%9c%e0%a6%be%e0%a6%ac%e0%a6%bf%e0%a6%a4%e0%a7%87-%e0%a6%a6%e0%a7%8b%e0%a6%95%e0%a6%be%e0%a6%a8-%e0%a6%a6%e0%a6%96%e0%a6%b2-%e0%a6%a8%e0%a6%bf%e0%a6%af%e0%a6%bc%e0%a7%87-%e0%a6%a6%e0%a7%81/" "Mozilla/5.0 AppleWebKit/537.36 (KHTML, like Gecko; compatible; GPTBot/1.4; +https://openai.com/gptbot)"
74.7.243.200 - - [14/Sep/2026:19:36:02 +0600] "GET /wp-content/uploads/2026/09/6aa7f3d00cb6617893918246aa7f3d00cb69-300x197.jpg HTTP/1.1" 429 0 "http://bangladaily.online/%e0%a6%9c%e0%a6%be%e0%a6%ac%e0%a6%bf%e0%a6%a4%e0%a7%87-%e0%a6%a6%e0%a7%8b%e0%a6%95%e0%a6%be%e0%a6%a8-%e0%a6%a6%e0%a6%96%e0%a6%b2-%e0%a6%a8%e0%a6%bf%e0%a6%af%e0%a6%bc%e0%a7%87-%e0%a6%a6%e0%a7%81/" "Mozilla/5.0 AppleWebKit/537.36 (KHTML, like Gecko; compatible; GPTBot/1.4; +https://openai.com/gptbot)"
74.7.243.200 - - [14/Sep/2026:19:36:02 +0600] "GET /%e0%a6%a6%e0%a6%95%e0%a7%8d%e0%a6%b7%e0%a6%bf%e0%a6%a3-%e0%a6%86%e0%a6%ab%e0%a7%8d%e0%a6%b0%e0%a6%bf%e0%a6%95%e0%a6%be%e0%a6%af%e0%a6%bc-%e0%a6%ad%e0%a6%af%e0%a6%bc%e0%a6%be%e0%a6%ac%e0%a6%b9/ HTTP/1.1" 429 0 "http://bangladaily.online/%e0%a6%9c%e0%a6%be%e0%a6%ac%e0%a6%bf%e0%a6%a4%e0%a7%87-%e0%a6%a6%e0%a7%8b%e0%a6%95%e0%a6%be%e0%a6%a8-%e0%a6%a6%e0%a6%96%e0%a6%b2-%e0%a6%a8%e0%a6%bf%e0%a6%af%e0%a6%bc%e0%a7%87-%e0%a6%a6%e0%a7%81/" "Mozilla/5.0 AppleWebKit/537.36 (KHTML, like Gecko; compatible; GPTBot/1.4; +https://openai.com/gptbot)"
116.202.222.251 - - [14/Sep/2026:19:36:02 +0600] "GET /?wp_automatic=cron HTTP/1.1" 200 1570 "-" "curl/7.61.1"
74.7.243.200 - - [14/Sep/2026:19:36:05 +0600] "GET /%e0%a6%a8%e0%a6%be%e0%a6%95%e0%a6%ad%e0%a6%bf-%e0%a6%ac%e0%a6%bf%e0%a6%a6%e0%a6%be%e0%a6%af%e0%a6%bc-%e0%a6%a8%e0%a6%bf%e0%a6%b2%e0%a7%87%e0%a6%87-%e0%a6%a6%e0%a7%81%e0%a6%87-%e0%a6%8f%e0%a6%b6/ HTTP/1.1" 429 0 "http://bangladaily.online/%e0%a6%9c%e0%a6%be%e0%a6%ac%e0%a6%bf%e0%a6%a4%e0%a7%87-%e0%a6%a6%e0%a7%8b%e0%a6%95%e0%a6%be%e0%a6%a8-%e0%a6%a6%e0%a6%96%e0%a6%b2-%e0%a6%a8%e0%a6%bf%e0%a6%af%e0%a6%bc%e0%a7%87-%e0%a6%a6%e0%a7%81/" "Mozilla/5.0 AppleWebKit/537.36 (KHTML, like Gecko; compatible; GPTBot/1.4; +https://openai.com/gptbot)"
85.208.96.199 - - [14/Sep/2026:19:36:07 +0600] "GET /%E0%A6%86%E0%A6%9C-%E0%A6%B8%E0%A7%8B%E0%A6%A8%E0%A6%BE%E0%A6%B0-%E0%A6%AD%E0%A6%B0%E0%A6%BF-%E0%A6%95%E0%A6%A4/ HTTP/1.1" 200 17918 "-" "Mozilla/5.0 (compatible; SemrushBot/7~bl; +http://www.semrush.com/bot.html)"
74.7.243.200 - - [14/Sep/2026:19:36:14 +0600] "GET /%e0%a6%86%e0%a6%b0%e0%a6%93-%e0%a6%9a%e0%a6%a1%e0%a6%bc%e0%a6%be-%e0%a6%a6%e0%a6%be%e0%a6%ae%e0%a7%87-%e0%a6%8f%e0%a6%b2%e0%a6%8f%e0%a6%a8%e0%a6%9c%e0%a6%bf-%e0%a6%95%e0%a6%bf%e0%a6%a8%e0%a6%9b/ HTTP/1.1" 429 0 "http://bangladaily.online/%e0%a6%9c%e0%a6%be%e0%a6%ac%e0%a6%bf%e0%a6%a4%e0%a7%87-%e0%a6%a6%e0%a7%8b%e0%a6%95%e0%a6%be%e0%a6%a8-%e0%a6%a6%e0%a6%96%e0%a6%b2-%e0%a6%a8%e0%a6%bf%e0%a6%af%e0%a6%bc%e0%a7%87-%e0%a6%a6%e0%a7%81/" "Mozilla/5.0 AppleWebKit/537.36 (KHTML, like Gecko; compatible; GPTBot/1.4; +https://openai.com/gptbot)"
185.191.171.1 - - [14/Sep/2026:19:34:15 +0600] "GET /%E0%A6%AE%E0%A7%8B%E0%A6%B9%E0%A6%BE%E0%A6%AE%E0%A7%8D%E0%A6%AE%E0%A6%A6%E0%A6%AA%E0%A7%81%E0%A6%B0%E0%A7%87-%E0%A6%A5%E0%A6%BE%E0%A6%95%E0%A6%AC%E0%A7%87-%E0%A6%A8%E0%A6%BE-%E0%A6%95%E0%A6%BF/ HTTP/1.1" 200 20953 "-" "Mozilla/5.0 (compatible; SemrushBot/7~bl; +http://www.semrush.com/bot.html)"
74.7.243.200 - - [14/Sep/2026:19:34:51 +0600] "GET /%e0%a6%95%e0%a6%95%e0%a7%8d%e0%a6%b8%e0%a6%ac%e0%a6%be%e0%a6%9c%e0%a6%be%e0%a6%b0-%e0%a6%a5%e0%a7%87%e0%a6%95%e0%a7%87-%e0%a6%b2%e0%a6%a8%e0%a7%8d%e0%a6%a1%e0%a6%a8-%e0%a6%8f%e0%a6%95%e0%a7%8d/ HTTP/1.1" 200 15133 "http://bangladaily.online/%e0%a6%8f%e0%a6%95-%e0%a6%b8%e0%a6%aa%e0%a7%8d%e0%a6%a4%e0%a6%be%e0%a6%b9%e0%a7%87-%e0%a6%a8%e0%a6%bf%e0%a6%b0%e0%a6%be%e0%a6%aa%e0%a6%a6-%e0%a6%96%e0%a6%be%e0%a6%a6%e0%a7%8d%e0%a6%af-%e0%a6%86/" "Mozilla/5.0 AppleWebKit/537.36 (KHTML, like Gecko; compatible; GPTBot/1.4; +https://openai.com/gptbot)"
116.202.222.251 - - [14/Sep/2026:19:35:36 +0600] "POST /wp-cron.php?doing_wp_cron=1789392936.1005320549011230468750 HTTP/1.1" 200 0 "-" "WordPress/7.1; http://bangladaily.online"
185.191.171.16 - - [14/Sep/2026:19:35:35 +0600] "GET /category/%E0%A6%B8%E0%A6%B0%E0%A7%8D%E0%A6%AC%E0%A6%B6%E0%A7%87%E0%A6%B7/page/10/ HTTP/1.1" 200 19184 "-" "Mozilla/5.0 (compatible; SemrushBot/7~bl; +http://www.semrush.com/bot.html)"
74.7.243.200 - - [14/Sep/2026:19:36:31 +0600] "GET /%e0%a6%b0%e0%a6%be%e0%a6%af%e0%a6%bc%e0%a7%87%e0%a6%b0%e0%a6%ac%e0%a6%be%e0%a6%9c%e0%a6%be%e0%a6%b0%e0%a7%87-%e0%a6%85%e0%a6%ac%e0%a7%88%e0%a6%a7-%e0%a6%85%e0%a6%9f%e0%a7%8b%e0%a6%b0%e0%a6%bf%e0%a6%95/ HTTP/1.1" 429 0 "http://bangladaily.online/%e0%a6%ae%e0%a7%82%e0%a6%b2-%e0%a6%b8%e0%a6%a1%e0%a6%bc%e0%a6%95-%e0%a6%a5%e0%a7%87%e0%a6%95%e0%a7%87-%e0%a6%ac%e0%a7%8d%e0%a6%af%e0%a6%be%e0%a6%9f%e0%a6%be%e0%a6%b0%e0%a6%bf%e0%a6%9a%e0%a6%be/" "Mozilla/5.0 AppleWebKit/537.36 (KHTML, like Gecko; compatible; GPTBot/1.4; +https://openai.com/gptbot)"
51.89.38.131 - - [14/Sep/2026:19:37:20 +0600] "GET /%E0%A6%8F%E0%A6%AE%E0%A6%8F%E0%A6%B2%E0%A6%8F%E0%A6%B8%E0%A7%87-%E0%A6%87%E0%A6%A4%E0%A6%BF%E0%A6%B9%E0%A6%BE%E0%A6%B8-%E0%A6%97%E0%A6%A1%E0%A6%BC%E0%A6%B2%E0%A7%87%E0%A6%A8-%E0%A6%AC%E0%A6%BE/ HTTP/1.1" 200 15190 "-" "Mozilla/5.0 (compatible; AhrefsBot/7.0; +http://ahrefs.com/robot/)"
74.7.243.200 - - [14/Sep/2026:19:37:47 +0600] "GET /%E0%A6%9C%E0%A6%BE%E0%A6%AC%E0%A6%BF%E0%A6%A4%E0%A7%87-%E0%A6%A6%E0%A7%8B%E0%A6%95%E0%A6%BE%E0%A6%A8-%E0%A6%A6%E0%A6%96%E0%A6%B2-%E0%A6%A8%E0%A6%BF%E0%A6%AF%E0%A6%BC%E0%A7%87-%E0%A6%A6%E0%A7%81/ HTTP/1.1" 200 15433 "http://bangladaily.online/%e0%a6%9c%e0%a6%be%e0%a6%ac%e0%a6%bf%e0%a6%a4%e0%a7%87-%e0%a6%a6%e0%a7%8b%e0%a6%95%e0%a6%be%e0%a6%a8-%e0%a6%a6%e0%a6%96%e0%a6%b2-%e0%a6%a8%e0%a6%bf%e0%a6%af%e0%a6%bc%e0%a7%87-%e0%a6%a6%e0%a7%81/" "Mozilla/5.0 AppleWebKit/537.36 (KHTML, like Gecko; compatible; GPTBot/1.4; +https://openai.com/gptbot)"
74.7.243.200 - - [14/Sep/2026:19:38:03 +0600] "GET /%e0%a6%ae%e0%a7%87%e0%a6%98%e0%a6%a8%e0%a6%be-%e0%a6%97%e0%a7%8d%e0%a6%b0%e0%a7%81%e0%a6%aa%e0%a7%87-%e0%a6%9c%e0%a6%a8%e0%a6%ac%e0%a6%b2-%e0%a6%a8%e0%a6%bf%e0%a6%af%e0%a6%bc%e0%a7%8b%e0%a6%97/ HTTP/1.1" 200 15457 "http://bangladaily.online/%e0%a7%a7%e0%a7%a6-%e0%a6%a6%e0%a7%87%e0%a6%b6%e0%a7%87%e0%a6%b0-%e0%a7%a8%e0%a7%a6%e0%a7%a6-%e0%a6%aa%e0%a7%8d%e0%a6%b0%e0%a6%a4%e0%a6%bf%e0%a6%b7%e0%a7%8d%e0%a6%a0%e0%a6%be%e0%a6%a8-%e0%a6%a2/" "Mozilla/5.0 AppleWebKit/537.36 (KHTML, like Gecko; compatible; GPTBot/1.4; +https://openai.com/gptbot)"
116.202.222.251 - - [14/Sep/2026:19:38:02 +0600] "GET /?wp_automatic=cron HTTP/1.1" 200 1603 "-" "curl/7.61.1"
74.7.243.200 - - [14/Sep/2026:19:28:45 +0600] "GET /?p=5062 HTTP/1.1" 429 0 "http://bangladaily.online/%e0%a6%85%e0%a6%b2%e0%a7%8d%e0%a6%aa%e0%a7%87%e0%a6%b0-%e0%a6%9c%e0%a6%a8%e0%a7%8d%e0%a6%af-%e0%a6%b0%e0%a6%95%e0%a7%8d%e0%a6%b7%e0%a6%be-%e0%a6%aa%e0%a7%87%e0%a6%b2%e0%a7%87%e0%a6%a8-%e0%a6%ac/" "Mozilla/5.0 AppleWebKit/537.36 (KHTML, like Gecko; compatible; GPTBot/1.4; +https://openai.com/gptbot)"
116.202.222.251 - - [14/Sep/2026:19:29:02 +0600] "GET /?wp_automatic=cron HTTP/1.1" 200 2272 "-" "curl/7.61.1"
74.7.243.200 - - [14/Sep/2026:19:29:05 +0600] "GET /wp-content/uploads/2026/09/6aa7eddb2d68f17893902996aa7eddb2d6a0.jpg HTTP/1.1" 429 0 "http://bangladaily.online/%e0%a6%85%e0%a6%b2%e0%a7%8d%e0%a6%aa%e0%a7%87%e0%a6%b0-%e0%a6%9c%e0%a6%a8%e0%a7%8d%e0%a6%af-%e0%a6%b0%e0%a6%95%e0%a7%8d%e0%a6%b7%e0%a6%be-%e0%a6%aa%e0%a7%87%e0%a6%b2%e0%a7%87%e0%a6%a8-%e0%a6%ac/" "Mozilla/5.0 AppleWebKit/537.36 (KHTML, like Gecko; compatible; GPTBot/1.4; +https://openai.com/gptbot)"
74.7.243.200 - - [14/Sep/2026:19:29:25 +0600] "GET /wp-content/uploads/2026/09/ju-1-20260914191107-300x156.jpg HTTP/1.1" 429 0 "http://bangladaily.online/%e0%a6%85%e0%a6%b2%e0%a7%8d%e0%a6%aa%e0%a7%87%e0%a6%b0-%e0%a6%9c%e0%a6%a8%e0%a7%8d%e0%a6%af-%e0%a6%b0%e0%a6%95%e0%a7%8d%e0%a6%b7%e0%a6%be-%e0%a6%aa%e0%a7%87%e0%a6%b2%e0%a7%87%e0%a6%a8-%e0%a6%ac/" "Mozilla/5.0 AppleWebKit/537.36 (KHTML, like Gecko; compatible; GPTBot/1.4; +https://openai.com/gptbot)"
116.202.222.251 - - [14/Sep/2026:19:30:03 +0600] "GET /?wp_automatic=cron HTTP/1.1" 200 1603 "-" "curl/7.61.1"
74.7.243.200 - - [14/Sep/2026:19:31:01 +0600] "GET /wp-content/uploads/2026/09/6aa7f3d00cb6617893918246aa7f3d00cb69-300x197.jpg HTTP/1.1" 429 0 "http://bangladaily.online/%e0%a6%85%e0%a6%b2%e0%a7%8d%e0%a6%aa%e0%a7%87%e0%a6%b0-%e0%a6%9c%e0%a6%a8%e0%a7%8d%e0%a6%af-%e0%a6%b0%e0%a6%95%e0%a7%8d%e0%a6%b7%e0%a6%be-%e0%a6%aa%e0%a7%87%e0%a6%b2%e0%a7%87%e0%a6%a8-%e0%a6%ac/" "Mozilla/5.0 AppleWebKit/537.36 (KHTML, like Gecko; compatible; GPTBot/1.4; +https://openai.com/gptbot)"
116.202.222.251 - - [14/Sep/2026:19:31:03 +0600] "POST /wp-cron.php?doing_wp_cron=1789392663.6061089038848876953125 HTTP/1.1" 200 0 "-" "WordPress/7.1; http://bangladaily.online"
116.202.222.251 - - [14/Sep/2026:19:31:02 +0600] "GET /?wp_automatic=cron HTTP/1.1" 200 1573 "-" "curl/7.61.1"
116.202.222.251 - - [14/Sep/2026:19:32:02 +0600] "GET /?wp_automatic=cron HTTP/1.1" 200 1547 "-" "curl/7.61.1"
74.7.243.200 - - [14/Sep/2026:19:32:39 +0600] "GET /%e0%a6%86%e0%a6%b0%e0%a6%93-%e0%a6%9a%e0%a6%a1%e0%a6%bc%e0%a6%be-%e0%a6%a6%e0%a6%be%e0%a6%ae%e0%a7%87-%e0%a6%8f%e0%a6%b2%e0%a6%8f%e0%a6%a8%e0%a6%9c%e0%a6%bf-%e0%a6%95%e0%a6%bf%e0%a6%a8%e0%a6%9b/ HTTP/1.1" 429 0 "http://bangladaily.online/%e0%a6%85%e0%a6%b2%e0%a7%8d%e0%a6%aa%e0%a7%87%e0%a6%b0-%e0%a6%9c%e0%a6%a8%e0%a7%8d%e0%a6%af-%e0%a6%b0%e0%a6%95%e0%a7%8d%e0%a6%b7%e0%a6%be-%e0%a6%aa%e0%a7%87%e0%a6%b2%e0%a7%87%e0%a6%a8-%e0%a6%ac/" "Mozilla/5.0 AppleWebKit/537.36 (KHTML, like Gecko; compatible; GPTBot/1.4; +https://openai.com/gptbot)"
116.202.222.251 - - [14/Sep/2026:19:33:03 +0600] "POST /wp-cron.php?doing_wp_cron=1789392783.6062219142913818359375 HTTP/1.1" 200 0 "-" "WordPress/7.1; http://bangladaily.online"
116.202.222.251 - - [14/Sep/2026:19:33:02 +0600] "GET /?wp_automatic=cron HTTP/1.1" 200 1589 "-" "curl/7.61.1"
74.7.243.200 - - [14/Sep/2026:19:33:39 +0600] "GET /%e0%a6%9c%e0%a6%be%e0%a6%ac%e0%a6%bf%e0%a6%a4%e0%a7%87-%e0%a6%a6%e0%a7%8b%e0%a6%95%e0%a6%be%e0%a6%a8-%e0%a6%a6%e0%a6%96%e0%a6%b2-%e0%a6%a8%e0%a6%bf%e0%a6%af%e0%a6%bc%e0%a7%87-%e0%a6%a6%e0%a7%81/ HTTP/1.1" 200 15497 "http://bangladaily.online/%e0%a6%85%e0%a6%b2%e0%a7%8d%e0%a6%aa%e0%a7%87%e0%a6%b0-%e0%a6%9c%e0%a6%a8%e0%a7%8d%e0%a6%af-%e0%a6%b0%e0%a6%95%e0%a7%8d%e0%a6%b7%e0%a6%be-%e0%a6%aa%e0%a7%87%e0%a6%b2%e0%a7%87%e0%a6%a8-%e0%a6%ac/" "Mozilla/5.0 AppleWebKit/537.36 (KHTML, like Gecko; compatible; GPTBot/1.4; +https://openai.com/gptbot)"
74.7.243.200 - - [14/Sep/2026:19:27:09 +0600] "GET /%e0%a6%aa%e0%a6%b2%e0%a7%8d%e0%a6%b2%e0%a6%ac%e0%a7%80%e0%a6%a4%e0%a7%87-%e0%a6%ac%e0%a6%b8%e0%a7%8d%e0%a6%a4%e0%a6%be%e0%a6%ac%e0%a6%a8%e0%a7%8d%e0%a6%a6%e0%a6%bf%e0%a6%b0-%e0%a6%ad%e0%a6%bf%e0%a6%a1/feed/ HTTP/1.1" 429 0 "http://bangladaily.online/%e0%a6%aa%e0%a6%b2%e0%a7%8d%e0%a6%b2%e0%a6%ac%e0%a7%80%e0%a6%a4%e0%a7%87-%e0%a6%ac%e0%a6%b8%e0%a7%8d%e0%a6%a4%e0%a6%be%e0%a6%ac%e0%a6%a8%e0%a7%8d%e0%a6%a6%e0%a6%bf%e0%a6%b0-%e0%a6%ad%e0%a6%bf%e0%a6%a1/" "Mozilla/5.0 AppleWebKit/537.36 (KHTML, like Gecko; compatible; GPTBot/1.4; +https://openai.com/gptbot)"
116.202.222.251 - - [14/Sep/2026:19:28:30 +0600] "POST /wp-cron.php?doing_wp_cron=1789392510.7451930046081542968750 HTTP/1.1" 200 0 "-" "WordPress/7.1; http://bangladaily.online"
116.202.222.251 - - [14/Sep/2026:19:29:05 +0600] "POST /wp-cron.php?doing_wp_cron=1789392545.0021810531616210937500 HTTP/1.1" 200 0 "-" "WordPress/7.1; http://bangladaily.online"
116.202.222.251 - - [14/Sep/2026:19:30:04 +0600] "POST /wp-cron.php?doing_wp_cron=1789392604.3930521011352539062500 HTTP/1.1" 200 0 "-" "WordPress/7.1; http://bangladaily.online"
74.7.243.200 - - [14/Sep/2026:19:31:49 +0600] "GET /%e0%a6%a6%e0%a6%95%e0%a7%8d%e0%a6%b7%e0%a6%bf%e0%a6%a3-%e0%a6%86%e0%a6%ab%e0%a7%8d%e0%a6%b0%e0%a6%bf%e0%a6%95%e0%a6%be%e0%a6%af%e0%a6%bc-%e0%a6%ad%e0%a6%af%e0%a6%bc%e0%a6%be%e0%a6%ac%e0%a6%b9/ HTTP/1.1" 429 0 "http://bangladaily.online/%e0%a6%85%e0%a6%b2%e0%a7%8d%e0%a6%aa%e0%a7%87%e0%a6%b0-%e0%a6%9c%e0%a6%a8%e0%a7%8d%e0%a6%af-%e0%a6%b0%e0%a6%95%e0%a7%8d%e0%a6%b7%e0%a6%be-%e0%a6%aa%e0%a7%87%e0%a6%b2%e0%a7%87%e0%a6%a8-%e0%a6%ac/" "Mozilla/5.0 AppleWebKit/537.36 (KHTML, like Gecko; compatible; GPTBot/1.4; +https://openai.com/gptbot)"
116.202.222.251 - - [14/Sep/2026:19:32:04 +0600] "POST /wp-cron.php?doing_wp_cron=1789392724.0057010650634765625000 HTTP/1.1" 200 0 "-" "WordPress/7.1; http://bangladaily.online"
74.7.243.200 - - [14/Sep/2026:19:32:59 +0600] "GET /%E0%A6%85%E0%A6%B2%E0%A7%8D%E0%A6%AA%E0%A7%87%E0%A6%B0-%E0%A6%9C%E0%A6%A8%E0%A7%8D%E0%A6%AF-%E0%A6%B0%E0%A6%95%E0%A7%8D%E0%A6%B7%E0%A6%BE-%E0%A6%AA%E0%A7%87%E0%A6%B2%E0%A7%87%E0%A6%A8-%E0%A6%AC/ HTTP/1.1" 429 0 "http://bangladaily.online/%e0%a6%85%e0%a6%b2%e0%a7%8d%e0%a6%aa%e0%a7%87%e0%a6%b0-%e0%a6%9c%e0%a6%a8%e0%a7%8d%e0%a6%af-%e0%a6%b0%e0%a6%95%e0%a7%8d%e0%a6%b7%e0%a6%be-%e0%a6%aa%e0%a7%87%e0%a6%b2%e0%a7%87%e0%a6%a8-%e0%a6%ac/" "Mozilla/5.0 AppleWebKit/537.36 (KHTML, like Gecko; compatible; GPTBot/1.4; +https://openai.com/gptbot)"
116.202.222.251 - - [14/Sep/2026:19:33:40 +0600] "POST /wp-cron.php?doing_wp_cron=1789392820.7884280681610107421875 HTTP/1.1" 200 0 "-" "WordPress/7.1; http://bangladaily.online"
116.202.222.251 - - [14/Sep/2026:19:34:02 +0600] "GET /?wp_automatic=cron HTTP/1.1" 200 1567 "-" "curl/7.61.1"
74.7.243.200 - - [14/Sep/2026:19:36:47 +0600] "GET /%e0%a6%9c%e0%a6%bf%e0%a6%a8%e0%a7%8d%e0%a6%a8%e0%a6%be%e0%a6%b9%e0%a6%b0-%e0%a6%9b%e0%a6%ac%e0%a6%bf-%e0%a6%9b%e0%a6%bf%e0%a6%81%e0%a6%a1%e0%a6%bc%e0%a7%87-%e0%a6%ab%e0%a7%87%e0%a6%b2%e0%a6%b2/ HTTP/1.1" 429 0 "http://bangladaily.online/%e0%a6%95%e0%a6%95%e0%a7%8d%e0%a6%b8%e0%a6%ac%e0%a6%be%e0%a6%9c%e0%a6%be%e0%a6%b0-%e0%a6%a5%e0%a7%87%e0%a6%95%e0%a7%87-%e0%a6%b2%e0%a6%a8%e0%a7%8d%e0%a6%a1%e0%a6%a8-%e0%a6%8f%e0%a6%95%e0%a7%8d/" "Mozilla/5.0 AppleWebKit/537.36 (KHTML, like Gecko; compatible; GPTBot/1.4; +https://openai.com/gptbot)"
116.202.222.251 - - [14/Sep/2026:19:37:06 +0600] "POST /wp-cron.php?doing_wp_cron=1789393026.1609621047973632812500 HTTP/1.1" 200 0 "-" "WordPress/7.1; http://bangladaily.online"
116.202.222.251 - - [14/Sep/2026:19:37:02 +0600] "GET /?wp_automatic=cron HTTP/1.1" 200 2243 "-" "curl/7.61.1"
116.202.222.251 - - [14/Sep/2026:19:38:35 +0600] "POST /wp-cron.php?doing_wp_cron=1789393115.2033588886260986328125 HTTP/1.1" 200 0 "-" "WordPress/7.1; http://bangladaily.online"
74.7.243.200 - - [14/Sep/2026:19:38:34 +0600] "GET /%e0%a6%b6%e0%a6%bf%e0%a6%95%e0%a7%8d%e0%a6%b7%e0%a6%be-%e0%a6%aa%e0%a7%8d%e0%a6%b0%e0%a6%af%e0%a7%81%e0%a6%95%e0%a7%8d%e0%a6%a4%e0%a6%bf%e0%a6%a4%e0%a7%87-%e0%a6%af%e0%a7%81%e0%a6%95%e0%a7%8d%e0%a6%a4/ HTTP/1.1" 200 15304 "http://bangladaily.online/%e0%a6%95%e0%a6%be%e0%a6%b2-%e0%a6%a5%e0%a7%87%e0%a6%95%e0%a7%87-%e0%a6%95%e0%a6%be%e0%a6%b0%e0%a6%96%e0%a6%be%e0%a6%a8%e0%a6%be%e0%a6%af%e0%a6%bc-%e0%a6%9a%e0%a6%be%e0%a6%b9%e0%a6%bf%e0%a6%a6/" "Mozilla/5.0 AppleWebKit/537.36 (KHTML, like Gecko; compatible; GPTBot/1.4; +https://openai.com/gptbot)"
74.7.243.200 - - [14/Sep/2026:19:38:40 +0600] "GET /%e0%a6%aa%e0%a6%af%e0%a6%bc%e0%a7%87%e0%a6%a8%e0%a7%8d%e0%a6%9f-%e0%a6%b9%e0%a6%be%e0%a6%b0%e0%a6%bf%e0%a6%af%e0%a6%bc%e0%a7%87-%e0%a6%9f%e0%a7%87%e0%a6%b8%e0%a7%8d%e0%a6%9f-%e0%a6%b0/ HTTP/1.1" 429 0 "http://bangladaily.online/%e0%a6%95%e0%a6%be%e0%a6%b2-%e0%a6%a5%e0%a7%87%e0%a6%95%e0%a7%87-%e0%a6%95%e0%a6%be%e0%a6%b0%e0%a6%96%e0%a6%be%e0%a6%a8%e0%a6%be%e0%a6%af%e0%a6%bc-%e0%a6%9a%e0%a6%be%e0%a6%b9%e0%a6%bf%e0%a6%a6/" "Mozilla/5.0 AppleWebKit/537.36 (KHTML, like Gecko; compatible; GPTBot/1.4; +https://openai.com/gptbot)"
85.208.96.202 - - [14/Sep/2026:19:38:47 +0600] "GET /%E0%A6%B6%E0%A6%BF%E0%A6%B2%E0%A7%8D%E0%A6%AA-%E0%A6%95%E0%A7%8B%E0%A6%A8%E0%A7%8B-%E0%A6%AA%E0%A6%BE%E0%A6%AA-%E0%A6%A8%E0%A6%AF%E0%A6%BC-%E0%A6%AA%E0%A6%AA%E0%A6%BF%E0%A6%B0/ HTTP/1.1" 200 20436 "-" "Mozilla/5.0 (compatible; SemrushBot/7~bl; +http://www.semrush.com/bot.html)"
116.202.222.251 - - [14/Sep/2026:19:40:41 +0600] "POST /wp-cron.php?doing_wp_cron=1789393241.8001549243927001953125 HTTP/1.1" 200 0 "-" "WordPress/7.1; http://bangladaily.online"
51.89.74.202 - - [14/Sep/2026:19:40:43 +0600] "GET /wp-content/uploads/2026/09/indian-women-team-mu0ncd2uz1e3lro-20260914085134-300x156.jpg HTTP/1.1" 200 13236 "-" "Mozilla/5.0 (compatible; AhrefsBot/7.0; +http://ahrefs.com/robot/)"
116.202.222.251 - - [14/Sep/2026:19:41:02 +0600] "GET /?wp_automatic=cron HTTP/1.1" 200 1589 "-" "curl/7.61.1"
74.7.243.200 - - [14/Sep/2026:19:41:23 +0600] "GET /wp-content/uploads/2026/09/6aa7d1721c7d917893830266aa7d1721c7ed.jpg HTTP/1.1" 200 135857 "http://bangladaily.online/%e0%a6%b6%e0%a6%bf%e0%a6%95%e0%a7%8d%e0%a6%b7%e0%a6%be-%e0%a6%aa%e0%a7%8d%e0%a6%b0%e0%a6%af%e0%a7%81%e0%a6%95%e0%a7%8d%e0%a6%a4%e0%a6%bf%e0%a6%a4%e0%a7%87-%e0%a6%af%e0%a7%81%e0%a6%95%e0%a7%8d%e0%a6%a4/" "Mozilla/5.0 AppleWebKit/537.36 (KHTML, like Gecko; compatible; GPTBot/1.4; +https://openai.com/gptbot)"
74.7.243.200 - - [14/Sep/2026:19:41:31 +0600] "GET /wp-content/uploads/2026/09/og_1789392930_6aa7f8223cf51-300x156.jpeg HTTP/1.1" 429 0 "http://bangladaily.online/%E0%A6%9C%E0%A6%BE%E0%A6%AC%E0%A6%BF%E0%A6%A4%E0%A7%87-%E0%A6%A6%E0%A7%8B%E0%A6%95%E0%A6%BE%E0%A6%A8-%E0%A6%A6%E0%A6%96%E0%A6%B2-%E0%A6%A8%E0%A6%BF%E0%A6%AF%E0%A6%BC%E0%A7%87-%E0%A6%A6%E0%A7%81/" "Mozilla/5.0 AppleWebKit/537.36 (KHTML, like Gecko; compatible; GPTBot/1.4; +https://openai.com/gptbot)"
74.7.243.200 - - [14/Sep/2026:19:39:00 +0600] "GET /%E0%A6%95%E0%A6%BE%E0%A6%B0%E0%A7%8D%E0%A6%A1%E0%A6%BF%E0%A6%AB%E0%A7%87-%E0%A6%AC%E0%A7%88%E0%A6%A0%E0%A6%95%E0%A7%87-%E0%A6%AC%E0%A6%B8%E0%A6%9B%E0%A7%87%E0%A6%A8-%E0%A6%B8%E0%A7%8D%E0%A6%95/ HTTP/1.1" 429 0 "http://bangladaily.online/%e0%a6%95%e0%a6%be%e0%a6%b0%e0%a7%8d%e0%a6%a1%e0%a6%bf%e0%a6%ab%e0%a7%87-%e0%a6%ac%e0%a7%88%e0%a6%a0%e0%a6%95%e0%a7%87-%e0%a6%ac%e0%a6%b8%e0%a6%9b%e0%a7%87%e0%a6%a8-%e0%a6%b8%e0%a7%8d%e0%a6%95/" "Mozilla/5.0 AppleWebKit/537.36 (KHTML, like Gecko; compatible; GPTBot/1.4; +https://openai.com/gptbot)"
116.202.222.251 - - [14/Sep/2026:19:39:02 +0600] "GET /?wp_automatic=cron HTTP/1.1" 200 1573 "-" "curl/7.61.1"
74.7.243.200 - - [14/Sep/2026:19:39:09 +0600] "GET /%E0%A6%AE%E0%A7%82%E0%A6%B2-%E0%A6%B8%E0%A6%A1%E0%A6%BC%E0%A6%95-%E0%A6%A5%E0%A7%87%E0%A6%95%E0%A7%87-%E0%A6%AC%E0%A7%8D%E0%A6%AF%E0%A6%BE%E0%A6%9F%E0%A6%BE%E0%A6%B0%E0%A6%BF%E0%A6%9A%E0%A6%BE/ HTTP/1.1" 429 0 "http://bangladaily.online/%e0%a6%ae%e0%a7%82%e0%a6%b2-%e0%a6%b8%e0%a6%a1%e0%a6%bc%e0%a6%95-%e0%a6%a5%e0%a7%87%e0%a6%95%e0%a7%87-%e0%a6%ac%e0%a7%8d%e0%a6%af%e0%a6%be%e0%a6%9f%e0%a6%be%e0%a6%b0%e0%a6%bf%e0%a6%9a%e0%a6%be/" "Mozilla/5.0 AppleWebKit/537.36 (KHTML, like Gecko; compatible; GPTBot/1.4; +https://openai.com/gptbot)"
74.7.243.200 - - [14/Sep/2026:19:40:04 +0600] "GET /?p=4933 HTTP/1.1" 429 0 "http://bangladaily.online/%e0%a6%ae%e0%a7%87%e0%a6%98%e0%a6%a8%e0%a6%be-%e0%a6%97%e0%a7%8d%e0%a6%b0%e0%a7%81%e0%a6%aa%e0%a7%87-%e0%a6%9c%e0%a6%a8%e0%a6%ac%e0%a6%b2-%e0%a6%a8%e0%a6%bf%e0%a6%af%e0%a6%bc%e0%a7%8b%e0%a6%97/" "Mozilla/5.0 AppleWebKit/537.36 (KHTML, like Gecko; compatible; GPTBot/1.4; +https://openai.com/gptbot)"
116.202.222.251 - - [14/Sep/2026:19:40:03 +0600] "GET /?wp_automatic=cron HTTP/1.1" 200 1547 "-" "curl/7.61.1"
85.208.96.199 - - [14/Sep/2026:19:40:40 +0600] "GET /%E0%A6%AC%E0%A7%8D%E0%A6%B0%E0%A7%8D%E0%A6%AF%E0%A6%BE%E0%A6%95%E0%A7%87-%E0%A6%A1%E0%A7%87%E0%A6%AA%E0%A7%81%E0%A6%9F%E0%A6%BF-%E0%A6%AE%E0%A7%8D%E0%A6%AF%E0%A6%BE%E0%A6%A8%E0%A7%87%E0%A6%9C%E0%A6%BE/ HTTP/1.1" 200 19196 "-" "Mozilla/5.0 (compatible; SemrushBot/7~bl; +http://www.semrush.com/bot.html)"
51.89.69.107 - - [14/Sep/2026:19:40:42 +0600] "GET /wp-content/uploads/2026/09/og_1789392930_6aa7f8223cf51-300x156.jpeg HTTP/1.1" 200 13738 "-" "Mozilla/5.0 (compatible; AhrefsBot/7.0; +http://ahrefs.com/robot/)"
74.7.243.200 - - [14/Sep/2026:19:41:00 +0600] "GET /?p=5019 HTTP/1.1" 301 52 "http://bangladaily.online/%e0%a6%b6%e0%a6%bf%e0%a6%95%e0%a7%8d%e0%a6%b7%e0%a6%be-%e0%a6%aa%e0%a7%8d%e0%a6%b0%e0%a6%af%e0%a7%81%e0%a6%95%e0%a7%8d%e0%a6%a4%e0%a6%bf%e0%a6%a4%e0%a7%87-%e0%a6%af%e0%a7%81%e0%a6%95%e0%a7%8d%e0%a6%a4/" "Mozilla/5.0 AppleWebKit/537.36 (KHTML, like Gecko; compatible; GPTBot/1.4; +https://openai.com/gptbot)"
116.202.222.251 - - [14/Sep/2026:19:42:02 +0600] "GET /?wp_automatic=cron HTTP/1.1" 200 2476 "-" "curl/7.61.1"
116.202.222.251 - - [14/Sep/2026:19:42:37 +0600] "POST /wp-cron.php?doing_wp_cron=1789393357.5661261081695556640625 HTTP/1.1" 200 0 "-" "WordPress/7.1; http://bangladaily.online"
74.7.243.200 - - [14/Sep/2026:19:42:36 +0600] "GET /%e0%a6%a8%e0%a6%be%e0%a6%95%e0%a6%ad%e0%a6%bf-%e0%a6%ac%e0%a6%bf%e0%a6%a6%e0%a6%be%e0%a6%af%e0%a6%bc-%e0%a6%a8%e0%a6%bf%e0%a6%b2%e0%a7%87%e0%a6%87-%e0%a6%a6%e0%a7%81%e0%a6%87-%e0%a6%8f%e0%a6%b6/ HTTP/1.1" 200 16231 "http://bangladaily.online/%E0%A6%9C%E0%A6%BE%E0%A6%AC%E0%A6%BF%E0%A6%A4%E0%A7%87-%E0%A6%A6%E0%A7%8B%E0%A6%95%E0%A6%BE%E0%A6%A8-%E0%A6%A6%E0%A6%96%E0%A6%B2-%E0%A6%A8%E0%A6%BF%E0%A6%AF%E0%A6%BC%E0%A7%87-%E0%A6%A6%E0%A7%81/" "Mozilla/5.0 AppleWebKit/537.36 (KHTML, like Gecko; compatible; GPTBot/1.4; +https://openai.com/gptbot)"
74.7.243.200 - - [14/Sep/2026:19:42:45 +0600] "GET /%e0%a6%b8%e0%a7%8d%e0%a6%a5%e0%a6%be%e0%a6%a8%e0%a7%80%e0%a6%af%e0%a6%bc-%e0%a6%b8%e0%a6%b0%e0%a6%95%e0%a6%be%e0%a6%b0-%e0%a6%a8%e0%a6%bf%e0%a6%b0%e0%a7%8d%e0%a6%ac%e0%a6%be%e0%a6%9a%e0%a6%a8/ HTTP/1.1" 429 0 "http://bangladaily.online/%e0%a6%b6%e0%a6%bf%e0%a6%95%e0%a7%8d%e0%a6%b7%e0%a6%be-%e0%a6%aa%e0%a7%8d%e0%a6%b0%e0%a6%af%e0%a7%81%e0%a6%95%e0%a7%8d%e0%a6%a4%e0%a6%bf%e0%a6%a4%e0%a7%87-%e0%a6%af%e0%a7%81%e0%a6%95%e0%a7%8d%e0%a6%a4/" "Mozilla/5.0 AppleWebKit/537.36 (KHTML, like Gecko; compatible; GPTBot/1.4; +https://openai.com/gptbot)"
116.202.222.251 - - [14/Sep/2026:19:43:02 +0600] "GET /?wp_automatic=cron HTTP/1.1" 200 1568 "-" "curl/7.61.1"
74.7.243.200 - - [14/Sep/2026:19:43:03 +0600] "GET /%e0%a6%86%e0%a6%b0%e0%a6%93-%e0%a6%9a%e0%a6%a1%e0%a6%bc%e0%a6%be-%e0%a6%a6%e0%a6%be%e0%a6%ae%e0%a7%87-%e0%a6%8f%e0%a6%b2%e0%a6%8f%e0%a6%a8%e0%a6%9c%e0%a6%bf-%e0%a6%95%e0%a6%bf%e0%a6%a8%e0%a6%9b/ HTTP/1.1" 429 0 "http://bangladaily.online/%E0%A6%9C%E0%A6%BE%E0%A6%AC%E0%A6%BF%E0%A6%A4%E0%A7%87-%E0%A6%A6%E0%A7%8B%E0%A6%95%E0%A6%BE%E0%A6%A8-%E0%A6%A6%E0%A6%96%E0%A6%B2-%E0%A6%A8%E0%A6%BF%E0%A6%AF%E0%A6%BC%E0%A7%87-%E0%A6%A6%E0%A7%81/" "Mozilla/5.0 AppleWebKit/537.36 (KHTML, like Gecko; compatible; GPTBot/1.4; +https://openai.com/gptbot)"
116.202.222.251 - - [14/Sep/2026:19:43:35 +0600] "POST /wp-cron.php?doing_wp_cron=1789393415.1251399517059326171875 HTTP/1.1" 200 0 "-" "WordPress/7.1; http://bangladaily.online"
185.191.171.13 - - [14/Sep/2026:19:43:34 +0600] "GET /%E0%A6%AD%E0%A6%AF%E0%A6%BC%E0%A6%BE%E0%A6%AC%E0%A6%B9-%E0%A6%96%E0%A6%AC%E0%A6%B0-%E0%A6%A6%E0%A7%87%E0%A6%96%E0%A6%B2%E0%A7%87-%E0%A6%AE%E0%A6%A8%E0%A7%87%E0%A6%B0-%E0%A6%93%E0%A6%AA%E0%A6%B0/ HTTP/1.1" 200 22502 "-" "Mozilla/5.0 (compatible; SemrushBot/7~bl; +http://www.semrush.com/bot.html)"
74.7.243.200 - - [14/Sep/2026:19:43:40 +0600] "GET /%E0%A6%AE%E0%A7%87%E0%A6%98%E0%A6%A8%E0%A6%BE-%E0%A6%97%E0%A7%8D%E0%A6%B0%E0%A7%81%E0%A6%AA%E0%A7%87-%E0%A6%9C%E0%A6%A8%E0%A6%AC%E0%A6%B2-%E0%A6%A8%E0%A6%BF%E0%A6%AF%E0%A6%BC%E0%A7%8B%E0%A6%97/ HTTP/1.1" 429 0 "http://bangladaily.online/%e0%a6%ae%e0%a7%87%e0%a6%98%e0%a6%a8%e0%a6%be-%e0%a6%97%e0%a7%8d%e0%a6%b0%e0%a7%81%e0%a6%aa%e0%a7%87-%e0%a6%9c%e0%a6%a8%e0%a6%ac%e0%a6%b2-%e0%a6%a8%e0%a6%bf%e0%a6%af%e0%a6%bc%e0%a7%8b%e0%a6%97/" "Mozilla/5.0 AppleWebKit/537.36 (KHTML, like Gecko; compatible; GPTBot/1.4; +https://openai.com/gptbot)"
51.89.39.48 - - [14/Sep/2026:19:43:41 +0600] "GET /robots.txt HTTP/1.1" 200 110 "-" "Mozilla/5.0 (compatible; AhrefsBot/7.0; +http://ahrefs.com/robot/)"
51.89.74.201 - - [14/Sep/2026:19:43:42 +0600] "GET /%E0%A6%AA%E0%A6%A5%E0%A6%9A%E0%A6%BE%E0%A6%B0%E0%A7%80%E0%A6%95%E0%A7%87-%E0%A6%9A%E0%A6%BE%E0%A6%AA%E0%A6%BE-%E0%A6%A6%E0%A6%BF%E0%A6%AF%E0%A6%BC%E0%A7%87-%E0%A6%B9%E0%A6%A4%E0%A7%8D%E0%A6%AF/ HTTP/1.1" 200 15214 "-" "Mozilla/5.0 (compatible; AhrefsBot/7.0; +http://ahrefs.com/robot/)"
