74.7.243.200 - - [14/Sep/2026:22:28:20 +0600] "GET /wp-json/oembed/1.0/embed?url=http%3A%2F%2Fbangladaily.online%2F%25e0%25a6%25aa%25e0%25a6%25be%25e0%25a6%2595%25e0%25a6%25bf%25e0%25a6%25b8%25e0%25a7%258d%25e0%25a6%25a4%25e0%25a6%25be%25e0%25a6%25a8%25e0%25a7%2587%25e0%25a6%25b0-%25e0%25a6%25b9%25e0%25a6%25be%25e0%25a6%25b8%25e0%25a6%25aa%25e0%25a6%25be%25e0%25a6%25a4%25e0%25a6%25be%25e0%25a6%25b2%25e0%25a7%2587-%25e0%25a6%2586%25e0%25a6%2597%2F HTTP/1.1" 200 1285 "http://bangladaily.online/%e0%a6%aa%e0%a6%be%e0%a6%95%e0%a6%bf%e0%a6%b8%e0%a7%8d%e0%a6%a4%e0%a6%be%e0%a6%a8%e0%a7%87%e0%a6%b0-%e0%a6%b9%e0%a6%be%e0%a6%b8%e0%a6%aa%e0%a6%be%e0%a6%a4%e0%a6%be%e0%a6%b2%e0%a7%87-%e0%a6%86%e0%a6%97/" "Mozilla/5.0 AppleWebKit/537.36 (KHTML, like Gecko; compatible; GPTBot/1.4; +https://openai.com/gptbot)"
74.7.243.200 - - [14/Sep/2026:22:28:25 +0600] "GET /wp-json/oembed/1.0/embed?url=http%3A%2F%2Fbangladaily.online%2F%25e0%25a6%25b9%25e0%25a6%25be%25e0%25a6%2593%25e0%25a6%25b0%25e0%25a7%2587-%25e0%25a6%25a6%25e0%25a7%2581%25e0%25a6%2587%25e0%25a6%25aa%25e0%25a6%2595%25e0%25a7%258d%25e0%25a6%25b7%25e0%25a7%2587%25e0%25a6%25b0-%25e0%25a6%25b8%25e0%25a6%2582%25e0%25a6%2598%25e0%25a6%25b0%25e0%25a7%258d%25e0%25a6%25b7%25e0%25a7%2587%2F HTTP/1.1" 200 1270 "http://bangladaily.online/%e0%a6%b9%e0%a6%be%e0%a6%93%e0%a6%b0%e0%a7%87-%e0%a6%a6%e0%a7%81%e0%a6%87%e0%a6%aa%e0%a6%95%e0%a7%8d%e0%a6%b7%e0%a7%87%e0%a6%b0-%e0%a6%b8%e0%a6%82%e0%a6%98%e0%a6%b0%e0%a7%8d%e0%a6%b7%e0%a7%87/" "Mozilla/5.0 AppleWebKit/537.36 (KHTML, like Gecko; compatible; GPTBot/1.4; +https://openai.com/gptbot)"
74.7.243.200 - - [14/Sep/2026:22:28:30 +0600] "GET /wp-json/oembed/1.0/embed?url=http%3A%2F%2Fbangladaily.online%2F%25e0%25a6%25a8%25e0%25a7%258d%25e0%25a6%25af%25e0%25a6%25be%25e0%25a6%25af%25e0%25a6%25bc%25e0%25a6%25ac%25e0%25a6%25bf%25e0%25a6%259a%25e0%25a6%25be%25e0%25a6%25b0%25e0%25a7%2587%25e0%25a6%2587-%25e0%25a6%25b6%25e0%25a6%25be%25e0%25a6%25a8%25e0%25a7%258d%25e0%25a6%25a4%25e0%25a6%25bf%25e0%25a6%25b0-%25e0%25a6%25b8%25e0%25a6%2582%2F HTTP/1.1" 200 1267 "http://bangladaily.online/%e0%a6%a8%e0%a7%8d%e0%a6%af%e0%a6%be%e0%a6%af%e0%a6%bc%e0%a6%ac%e0%a6%bf%e0%a6%9a%e0%a6%be%e0%a6%b0%e0%a7%87%e0%a6%87-%e0%a6%b6%e0%a6%be%e0%a6%a8%e0%a7%8d%e0%a6%a4%e0%a6%bf%e0%a6%b0-%e0%a6%b8%e0%a6%82/" "Mozilla/5.0 AppleWebKit/537.36 (KHTML, like Gecko; compatible; GPTBot/1.4; +https://openai.com/gptbot)"
74.7.243.200 - - [14/Sep/2026:22:28:36 +0600] "GET /wp-json/wp/v2/users/1 HTTP/1.1" 200 339 "http://bangladaily.online/author/admin/" "Mozilla/5.0 AppleWebKit/537.36 (KHTML, like Gecko; compatible; GPTBot/1.4; +https://openai.com/gptbot)"
74.7.243.200 - - [14/Sep/2026:22:28:38 +0600] "GET /wp-json/oembed/1.0/embed?url=http%3A%2F%2Fbangladaily.online%2F%25e0%25a6%2587%25e0%25a6%25b8%25e0%25a6%25b2%25e0%25a6%25be%25e0%25a6%25ae%25e0%25a7%2580-%25e0%25a6%2586%25e0%25a6%2587%25e0%25a6%25a8%25e0%25a7%2587-%25e0%25a6%25a8%25e0%25a7%2587%25e0%25a6%2587-%25e0%25a6%25ac%25e0%25a6%25b2%25e0%25a7%2587-%25e0%25a6%2586%25e0%25a6%25ab%25e0%25a6%2597%2F HTTP/1.1" 200 1306 "http://bangladaily.online/%e0%a6%87%e0%a6%b8%e0%a6%b2%e0%a6%be%e0%a6%ae%e0%a7%80-%e0%a6%86%e0%a6%87%e0%a6%a8%e0%a7%87-%e0%a6%a8%e0%a7%87%e0%a6%87-%e0%a6%ac%e0%a6%b2%e0%a7%87-%e0%a6%86%e0%a6%ab%e0%a6%97/" "Mozilla/5.0 AppleWebKit/537.36 (KHTML, like Gecko; compatible; GPTBot/1.4; +https://openai.com/gptbot)"
74.7.243.200 - - [14/Sep/2026:22:28:40 +0600] "GET /wp-json/wp/v2/posts/1821 HTTP/1.1" 200 2161 "http://bangladaily.online/%e0%a6%a8%e0%a7%8d%e0%a6%af%e0%a6%be%e0%a6%af%e0%a6%bc%e0%a6%ac%e0%a6%bf%e0%a6%9a%e0%a6%be%e0%a6%b0%e0%a7%87%e0%a6%87-%e0%a6%b6%e0%a6%be%e0%a6%a8%e0%a7%8d%e0%a6%a4%e0%a6%bf%e0%a6%b0-%e0%a6%b8%e0%a6%82/" "Mozilla/5.0 AppleWebKit/537.36 (KHTML, like Gecko; compatible; GPTBot/1.4; +https://openai.com/gptbot)"
74.7.243.200 - - [14/Sep/2026:22:28:41 +0600] "GET /wp-json/wp/v2/posts/5052 HTTP/1.1" 200 4241 "http://bangladaily.online/%e0%a6%b6%e0%a6%9a%e0%a6%bf%e0%a6%a8%e0%a6%95%e0%a7%87-%e0%a6%9f%e0%a6%aa%e0%a6%95%e0%a7%87-%e0%a6%b0%e0%a7%87%e0%a6%95%e0%a6%b0%e0%a7%8d%e0%a6%a1%e0%a7%87%e0%a6%b0-%e0%a6%9a%e0%a7%82%e0%a6%a1/" "Mozilla/5.0 AppleWebKit/537.36 (KHTML, like Gecko; compatible; GPTBot/1.4; +https://openai.com/gptbot)"
74.7.243.200 - - [14/Sep/2026:22:28:42 +0600] "GET /wp-json/wp/v2/posts/1233 HTTP/1.1" 200 4426 "http://bangladaily.online/%e0%a6%a8%e0%a6%be%e0%a6%ae-%e0%a6%ac%e0%a6%a6%e0%a6%b2%e0%a7%87-%e0%a6%a4%e0%a6%be%e0%a6%b0%e0%a6%95%e0%a6%be-%e0%a6%b9%e0%a6%93%e0%a6%af%e0%a6%bc%e0%a6%be-%e0%a6%af%e0%a7%87%e0%a6%b8%e0%a6%ac-3/" "Mozilla/5.0 AppleWebKit/537.36 (KHTML, like Gecko; compatible; GPTBot/1.4; +https://openai.com/gptbot)"
74.7.243.200 - - [14/Sep/2026:22:28:43 +0600] "GET /wp-json/wp/v2/posts/5050 HTTP/1.1" 200 1888 "http://bangladaily.online/%e0%a6%b8%e0%a6%be%e0%a6%a4%e0%a6%95%e0%a7%8d%e0%a6%b7%e0%a7%80%e0%a6%b0%e0%a6%be%e0%a6%af%e0%a6%bc-%e0%a6%aa%e0%a7%81%e0%a6%95%e0%a7%81%e0%a6%b0%e0%a7%87-%e0%a6%a1%e0%a7%81%e0%a6%ac%e0%a7%87/" "Mozilla/5.0 AppleWebKit/537.36 (KHTML, like Gecko; compatible; GPTBot/1.4; +https://openai.com/gptbot)"
74.7.243.200 - - [14/Sep/2026:22:28:46 +0600] "GET /wp-json/wp/v2/posts/141 HTTP/1.1" 200 1882 "http://bangladaily.online/%e0%a6%ad%e0%a6%b0%e0%a6%bf%e0%a6%a4%e0%a7%87-%e0%a6%b8%e0%a7%8b%e0%a6%a8%e0%a6%be%e0%a6%b0-%e0%a6%a6%e0%a6%be%e0%a6%ae-%e0%a6%ac%e0%a6%be%e0%a6%a1%e0%a6%bc%e0%a6%b2-%e0%a7%ab%e0%a7%aa%e0%a7%ae/" "Mozilla/5.0 AppleWebKit/537.36 (KHTML, like Gecko; compatible; GPTBot/1.4; +https://openai.com/gptbot)"
74.7.243.200 - - [14/Sep/2026:22:28:47 +0600] "GET /wp-json/wp/v2/posts/144 HTTP/1.1" 200 2143 "http://bangladaily.online/%e0%a6%aa%e0%a6%be%e0%a6%95%e0%a6%bf%e0%a6%b8%e0%a7%8d%e0%a6%a4%e0%a6%be%e0%a6%a8%e0%a7%87%e0%a6%b0-%e0%a6%b9%e0%a6%be%e0%a6%b8%e0%a6%aa%e0%a6%be%e0%a6%a4%e0%a6%be%e0%a6%b2%e0%a7%87-%e0%a6%86%e0%a6%97/" "Mozilla/5.0 AppleWebKit/537.36 (KHTML, like Gecko; compatible; GPTBot/1.4; +https://openai.com/gptbot)"
74.7.243.200 - - [14/Sep/2026:22:28:48 +0600] "GET /wp-json/wp/v2/posts/129 HTTP/1.1" 200 2426 "http://bangladaily.online/%e0%a6%b9%e0%a6%be%e0%a6%a8%e0%a6%bf%e0%a6%af%e0%a6%bc%e0%a6%be-%e0%a6%86%e0%a6%ae%e0%a6%bf%e0%a6%b0%e0%a7%87%e0%a6%b0-%e0%a6%ad%e0%a6%bf%e0%a6%a1%e0%a6%bf%e0%a6%93-%e0%a6%ad%e0%a6%be%e0%a6%87/" "Mozilla/5.0 AppleWebKit/537.36 (KHTML, like Gecko; compatible; GPTBot/1.4; +https://openai.com/gptbot)"
74.7.243.200 - - [14/Sep/2026:22:28:48 +0600] "GET /wp-json/wp/v2/posts/5111 HTTP/1.1" 200 3722 "http://bangladaily.online/%e0%a6%aa%e0%a6%b6%e0%a7%8d%e0%a6%9a%e0%a6%bf%e0%a6%ae%e0%a6%ac%e0%a6%99%e0%a7%8d%e0%a6%97%e0%a7%87-%e0%a7%a8%e0%a7%ab%e0%a7%a8-%e0%a6%ae%e0%a6%be%e0%a6%a6%e0%a7%8d%e0%a6%b0%e0%a6%be%e0%a6%b8%e0%a6%be/" "Mozilla/5.0 AppleWebKit/537.36 (KHTML, like Gecko; compatible; GPTBot/1.4; +https://openai.com/gptbot)"
74.7.243.200 - - [14/Sep/2026:22:28:50 +0600] "GET /wp-json/oembed/1.0/embed?url=http%3A%2F%2Fbangladaily.online%2F%25e0%25a6%259d%25e0%25a7%258b%25e0%25a6%25aa%25e0%25a6%259d%25e0%25a6%25be%25e0%25a6%25a1%25e0%25a6%25bc%25e0%25a7%2587-%25e0%25a6%25ac%25e0%25a6%25bf%25e0%25a6%25b2%25e0%25a7%2580%25e0%25a6%25a8-%25e0%25a6%25b8%25e0%25a7%258b%25e0%25a6%25af%25e0%25a6%25bc%25e0%25a6%25be-%25e0%25a6%2595%25e0%25a7%258b%25e0%25a6%259f%2F HTTP/1.1" 200 1252 "http://bangladaily.online/%e0%a6%9d%e0%a7%8b%e0%a6%aa%e0%a6%9d%e0%a6%be%e0%a6%a1%e0%a6%bc%e0%a7%87-%e0%a6%ac%e0%a6%bf%e0%a6%b2%e0%a7%80%e0%a6%a8-%e0%a6%b8%e0%a7%8b%e0%a6%af%e0%a6%bc%e0%a6%be-%e0%a6%95%e0%a7%8b%e0%a6%9f/" "Mozilla/5.0 AppleWebKit/537.36 (KHTML, like Gecko; compatible; GPTBot/1.4; +https://openai.com/gptbot)"
74.7.243.200 - - [14/Sep/2026:22:28:51 +0600] "GET /wp-json/oembed/1.0/embed?url=http%3A%2F%2Fbangladaily.online%2F%25e0%25a6%258f%25e0%25a6%2595%25e0%25a6%25be%25e0%25a6%25a6%25e0%25a6%25b6%25e0%25a7%2587-%25e0%25a6%25ad%25e0%25a6%25b0%25e0%25a7%258d%25e0%25a6%25a4%25e0%25a6%25bf%25e0%25a6%25a4%25e0%25a7%2587-%25e0%25a6%25aa%25e0%25a7%258d%25e0%25a6%25b0%25e0%25a6%25be%25e0%25a6%25af%25e0%25a6%25bc-%25e0%25a7%25a7%25e0%25a7%25a6%2F HTTP/1.1" 200 1287 "http://bangladaily.online/%e0%a6%8f%e0%a6%95%e0%a6%be%e0%a6%a6%e0%a6%b6%e0%a7%87-%e0%a6%ad%e0%a6%b0%e0%a7%8d%e0%a6%a4%e0%a6%bf%e0%a6%a4%e0%a7%87-%e0%a6%aa%e0%a7%8d%e0%a6%b0%e0%a6%be%e0%a6%af%e0%a6%bc-%e0%a7%a7%e0%a7%a6/" "Mozilla/5.0 AppleWebKit/537.36 (KHTML, like Gecko; compatible; GPTBot/1.4; +https://openai.com/gptbot)"
74.7.243.200 - - [14/Sep/2026:22:28:52 +0600] "GET /wp-json/oembed/1.0/embed?url=http%3A%2F%2Fbangladaily.online%2F%25e0%25a6%25ae%25e0%25a7%2587%25e0%25a6%2598%25e0%25a6%25a8%25e0%25a6%25be-%25e0%25a6%2597%25e0%25a7%258d%25e0%25a6%25b0%25e0%25a7%2581%25e0%25a6%25aa%25e0%25a7%2587-%25e0%25a6%259c%25e0%25a6%25a8%25e0%25a6%25ac%25e0%25a6%25b2-%25e0%25a6%25a8%25e0%25a6%25bf%25e0%25a6%25af%25e0%25a6%25bc%25e0%25a7%258b%25e0%25a6%2597%2F HTTP/1.1" 200 1276 "http://bangladaily.online/%e0%a6%ae%e0%a7%87%e0%a6%98%e0%a6%a8%e0%a6%be-%e0%a6%97%e0%a7%8d%e0%a6%b0%e0%a7%81%e0%a6%aa%e0%a7%87-%e0%a6%9c%e0%a6%a8%e0%a6%ac%e0%a6%b2-%e0%a6%a8%e0%a6%bf%e0%a6%af%e0%a6%bc%e0%a7%8b%e0%a6%97/" "Mozilla/5.0 AppleWebKit/537.36 (KHTML, like Gecko; compatible; GPTBot/1.4; +https://openai.com/gptbot)"
74.7.243.200 - - [14/Sep/2026:22:28:52 +0600] "GET /wp-json/oembed/1.0/embed?url=http%3A%2F%2Fbangladaily.online%2F%25e0%25a6%2589%25e0%25a6%25a4%25e0%25a7%258d%25e0%25a6%25a4%25e0%25a6%25b0-%25e0%25a6%2595%25e0%25a7%258b%25e0%25a6%25b0%25e0%25a6%25bf%25e0%25a6%25af%25e0%25a6%25bc%25e0%25a6%25be%25e0%25a6%25b0-%25e0%25a6%25ac%25e0%25a6%25bf%25e0%25a6%25aa%25e0%25a6%2595%25e0%25a7%258d%25e0%25a6%25b7%25e0%25a7%2587-%25e0%25a7%25a7%2F HTTP/1.1" 200 1333 "http://bangladaily.online/%e0%a6%89%e0%a6%a4%e0%a7%8d%e0%a6%a4%e0%a6%b0-%e0%a6%95%e0%a7%8b%e0%a6%b0%e0%a6%bf%e0%a6%af%e0%a6%bc%e0%a6%be%e0%a6%b0-%e0%a6%ac%e0%a6%bf%e0%a6%aa%e0%a6%95%e0%a7%8d%e0%a6%b7%e0%a7%87-%e0%a7%a7/" "Mozilla/5.0 AppleWebKit/537.36 (KHTML, like Gecko; compatible; GPTBot/1.4; +https://openai.com/gptbot)"
74.7.243.200 - - [14/Sep/2026:22:28:54 +0600] "GET /wp-json/oembed/1.0/embed?url=http%3A%2F%2Fbangladaily.online%2F%25e0%25a6%25b8%25e0%25a6%25a8%25e0%25a7%258d%25e0%25a6%25a4%25e0%25a7%258d%25e0%25a6%25b0%25e0%25a6%25be%25e0%25a6%25b8-%25e0%25a6%25ac%25e0%25a6%25bf%25e0%25a6%25b0%25e0%25a7%258b%25e0%25a6%25a7%25e0%25a7%2580-%25e0%25a6%2586%25e0%25a6%2587%25e0%25a6%25a8%25e0%25a7%2587-%25e0%25a6%2597%25e0%25a7%258d%25e0%25a6%25b0%2F HTTP/1.1" 200 1315 "http://bangladaily.online/%e0%a6%b8%e0%a6%a8%e0%a7%8d%e0%a6%a4%e0%a7%8d%e0%a6%b0%e0%a6%be%e0%a6%b8-%e0%a6%ac%e0%a6%bf%e0%a6%b0%e0%a7%8b%e0%a6%a7%e0%a7%80-%e0%a6%86%e0%a6%87%e0%a6%a8%e0%a7%87-%e0%a6%97%e0%a7%8d%e0%a6%b0/" "Mozilla/5.0 AppleWebKit/537.36 (KHTML, like Gecko; compatible; GPTBot/1.4; +https://openai.com/gptbot)"
74.7.243.200 - - [14/Sep/2026:22:28:55 +0600] "GET /wp-json/oembed/1.0/embed?url=http%3A%2F%2Fbangladaily.online%2F%25e0%25a6%2589%25e0%25a6%25aa%25e0%25a6%25a6%25e0%25a7%2587%25e0%25a6%25b7%25e0%25a7%258d%25e0%25a6%259f%25e0%25a6%25be%25e0%25a6%25b0-%25e0%25a6%25b8%25e0%25a6%2587-%25e0%25a6%259c%25e0%25a6%25be%25e0%25a6%25b2-%25e0%25a6%2595%25e0%25a6%25b0%25e0%25a7%2587-%25e0%25a6%2597%25e0%25a6%25b0%25e0%25a7%2581-%25e0%25a6%2586%2F HTTP/1.1" 429 0 "http://bangladaily.online/%e0%a6%89%e0%a6%aa%e0%a6%a6%e0%a7%87%e0%a6%b7%e0%a7%8d%e0%a6%9f%e0%a6%be%e0%a6%b0-%e0%a6%b8%e0%a6%87-%e0%a6%9c%e0%a6%be%e0%a6%b2-%e0%a6%95%e0%a6%b0%e0%a7%87-%e0%a6%97%e0%a6%b0%e0%a7%81-%e0%a6%86/" "Mozilla/5.0 AppleWebKit/537.36 (KHTML, like Gecko; compatible; GPTBot/1.4; +https://openai.com/gptbot)"
74.7.243.200 - - [14/Sep/2026:22:28:56 +0600] "GET /wp-json/oembed/1.0/embed?url=http%3A%2F%2Fbangladaily.online%2F%25e0%25a6%25aa%25e0%25a6%25b0%25e0%25a6%25bf%25e0%25a6%25b6%25e0%25a7%258b%25e0%25a6%25a7%25e0%25a6%25a8-%25e0%25a6%25b8%25e0%25a6%2595%25e0%25a7%258d%25e0%25a6%25b7%25e0%25a6%25ae%25e0%25a6%25a4%25e0%25a6%25be-%25e0%25a6%25a4%25e0%25a6%25bf%25e0%25a6%25a8%25e0%25a6%2597%25e0%25a7%2581%25e0%25a6%25a3-%25e0%25a6%25ac%2F HTTP/1.1" 429 0 "http://bangladaily.online/%e0%a6%aa%e0%a6%b0%e0%a6%bf%e0%a6%b6%e0%a7%8b%e0%a6%a7%e0%a6%a8-%e0%a6%b8%e0%a6%95%e0%a7%8d%e0%a6%b7%e0%a6%ae%e0%a6%a4%e0%a6%be-%e0%a6%a4%e0%a6%bf%e0%a6%a8%e0%a6%97%e0%a7%81%e0%a6%a3-%e0%a6%ac/" "Mozilla/5.0 AppleWebKit/537.36 (KHTML, like Gecko; compatible; GPTBot/1.4; +https://openai.com/gptbot)"
74.7.243.200 - - [14/Sep/2026:22:28:57 +0600] "GET /wp-json/oembed/1.0/embed?url=http%3A%2F%2Fbangladaily.online%2F%25e0%25a6%25ae%25e0%25a6%25be-%25e0%25a6%25b9%25e0%25a6%2593%25e0%25a6%25af%25e0%25a6%25bc%25e0%25a6%25be%25e0%25a6%25b0-%25e0%25a6%2585%25e0%25a6%25aa%25e0%25a7%2587%25e0%25a6%2595%25e0%25a7%258d%25e0%25a6%25b7%25e0%25a6%25be%25e0%25a6%25af%25e0%25a6%25bc-%25e0%25a6%25ae%25e0%25a7%258c%25e0%25a6%25b8%25e0%25a7%2581%2F HTTP/1.1" 429 0 "http://bangladaily.online/%e0%a6%ae%e0%a6%be-%e0%a6%b9%e0%a6%93%e0%a6%af%e0%a6%bc%e0%a6%be%e0%a6%b0-%e0%a6%85%e0%a6%aa%e0%a7%87%e0%a6%95%e0%a7%8d%e0%a6%b7%e0%a6%be%e0%a6%af%e0%a6%bc-%e0%a6%ae%e0%a7%8c%e0%a6%b8%e0%a7%81/" "Mozilla/5.0 AppleWebKit/537.36 (KHTML, like Gecko; compatible; GPTBot/1.4; +https://openai.com/gptbot)"
185.191.171.4 - - [14/Sep/2026:22:28:56 +0600] "GET /%E0%A6%B8%E0%A6%BF%E0%A6%A6%E0%A7%8D%E0%A6%A7%E0%A6%BE%E0%A6%B0%E0%A7%8D%E0%A6%A5-%E0%A6%93-%E0%A6%AE%E0%A7%81%E0%A6%97%E0%A7%8D%E0%A6%A7%E0%A6%95%E0%A7%87-%E0%A6%9C%E0%A7%87%E0%A6%B2%E0%A6%97/ HTTP/1.1" 200 19888 "-" "Mozilla/5.0 (compatible; SemrushBot/7~bl; +http://www.semrush.com/bot.html)"
74.7.243.200 - - [14/Sep/2026:22:27:27 +0600] "GET /wp-json/oembed/1.0/embed?url=http%3A%2F%2Fbangladaily.online%2F%25e0%25a6%259c%25e0%25a6%25be%25e0%25a6%25ac%25e0%25a6%25bf%25e0%25a6%25a4%25e0%25a7%2587-%25e0%25a6%25a6%25e0%25a7%258b%25e0%25a6%2595%25e0%25a6%25be%25e0%25a6%25a8-%25e0%25a6%25a6%25e0%25a6%2596%25e0%25a6%25b2-%25e0%25a6%25a8%25e0%25a6%25bf%25e0%25a6%25af%25e0%25a6%25bc%25e0%25a7%2587-%25e0%25a6%25a6%25e0%25a7%2581%2F HTTP/1.1" 200 1283 "http://bangladaily.online/%e0%a6%9c%e0%a6%be%e0%a6%ac%e0%a6%bf%e0%a6%a4%e0%a7%87-%e0%a6%a6%e0%a7%8b%e0%a6%95%e0%a6%be%e0%a6%a8-%e0%a6%a6%e0%a6%96%e0%a6%b2-%e0%a6%a8%e0%a6%bf%e0%a6%af%e0%a6%bc%e0%a7%87-%e0%a6%a6%e0%a7%81/" "Mozilla/5.0 AppleWebKit/537.36 (KHTML, like Gecko; compatible; GPTBot/1.4; +https://openai.com/gptbot)"
116.202.222.251 - - [14/Sep/2026:22:27:32 +0600] "POST /wp-cron.php?doing_wp_cron=1789403252.9284660816192626953125 HTTP/1.1" 200 0 "-" "WordPress/7.1; http://bangladaily.online"
185.191.171.7 - - [14/Sep/2026:22:27:32 +0600] "GET /%E0%A6%B6%E0%A6%BF%E0%A6%95%E0%A7%8D%E0%A6%B7%E0%A6%BE%E0%A6%B0%E0%A7%8D%E0%A6%A5%E0%A7%80%E0%A6%B0%E0%A6%BE-%E0%A6%8F%E0%A6%A4%E0%A7%8B-%E0%A6%95%E0%A6%B7%E0%A7%8D%E0%A6%9F-%E0%A6%95%E0%A6%B0/ HTTP/1.1" 200 19525 "-" "Mozilla/5.0 (compatible; SemrushBot/7~bl; +http://www.semrush.com/bot.html)"
74.7.243.200 - - [14/Sep/2026:22:27:43 +0600] "GET /wp-json/oembed/1.0/embed?url=http%3A%2F%2Fbangladaily.online%2F%25e0%25a6%25a6%25e0%25a7%2587%25e0%25a6%25b6%25e0%25a7%2587-%25e0%25a6%25ab%25e0%25a6%25bf%25e0%25a6%25b0%25e0%25a6%25b2%25e0%25a7%2587%25e0%25a6%25a8-%25e0%25a6%259f%25e0%25a6%25be%25e0%25a6%2587%25e0%25a6%2597%25e0%25a6%25be%25e0%25a6%25b0%25e0%25a6%25a6%25e0%25a7%2587%25e0%25a6%25b0-%25e0%25a6%258f%25e0%25a6%2595%2F HTTP/1.1" 200 1250 "http://bangladaily.online/%e0%a6%a6%e0%a7%87%e0%a6%b6%e0%a7%87-%e0%a6%ab%e0%a6%bf%e0%a6%b0%e0%a6%b2%e0%a7%87%e0%a6%a8-%e0%a6%9f%e0%a6%be%e0%a6%87%e0%a6%97%e0%a6%be%e0%a6%b0%e0%a6%a6%e0%a7%87%e0%a6%b0-%e0%a6%8f%e0%a6%95/" "Mozilla/5.0 AppleWebKit/537.36 (KHTML, like Gecko; compatible; GPTBot/1.4; +https://openai.com/gptbot)"
74.7.243.200 - - [14/Sep/2026:22:27:55 +0600] "GET /wp-json/oembed/1.0/embed?url=http%3A%2F%2Fbangladaily.online%2F%25e0%25a6%25a6%25e0%25a7%258d%25e0%25a6%25ac%25e0%25a6%25bf%25e0%25a6%25a4%25e0%25a7%2580%25e0%25a6%25af%25e0%25a6%25bc-%25e0%25a6%25ac%25e0%25a6%25bf%25e0%25a6%25af%25e0%25a6%25bc%25e0%25a7%2587-%25e0%25a6%2595%25e0%25a6%25b0%25e0%25a6%25b2%25e0%25a7%2587%25e0%25a6%25a8-%25e0%25a6%2587%25e0%25a6%25ae%25e0%25a6%25b0%2F HTTP/1.1" 200 1262 "http://bangladaily.online/%e0%a6%a6%e0%a7%8d%e0%a6%ac%e0%a6%bf%e0%a6%a4%e0%a7%80%e0%a6%af%e0%a6%bc-%e0%a6%ac%e0%a6%bf%e0%a6%af%e0%a6%bc%e0%a7%87-%e0%a6%95%e0%a6%b0%e0%a6%b2%e0%a7%87%e0%a6%a8-%e0%a6%87%e0%a6%ae%e0%a6%b0/" "Mozilla/5.0 AppleWebKit/537.36 (KHTML, like Gecko; compatible; GPTBot/1.4; +https://openai.com/gptbot)"
116.202.222.251 - - [14/Sep/2026:22:28:26 +0600] "POST /wp-cron.php?doing_wp_cron=1789403306.5794448852539062500000 HTTP/1.1" 200 0 "-" "WordPress/7.1; http://bangladaily.online"
47.113.205.75 - - [14/Sep/2026:22:28:45 +0600] "GET / HTTP/1.1" 200 26533 "-" "Mozilla/5.0 (iPhone; CPU iPhone OS 13_2_3 like Mac OS X) AppleWebKit/605.1.15 (KHTML, like Gecko) Version/13.0.3 Mobile/15E148 Safari/604.1"
74.7.243.200 - - [14/Sep/2026:22:29:12 +0600] "GET /wp-json/oembed/1.0/embed?url=http%3A%2F%2Fbangladaily.online%2F%25e0%25a6%2587%25e0%25a6%25af%25e0%25a6%25bc%25e0%25a7%2587%25e0%25a6%25ae%25e0%25a7%2587%25e0%25a6%25a8%25e0%25a7%2587-%25e0%25a7%25a8%25e0%25a7%25aa-%25e0%25a6%2598%25e0%25a6%25a3%25e0%25a7%258d%25e0%25a6%259f%25e0%25a6%25be%25e0%25a6%25af%25e0%25a6%25bc-%25e0%25a6%25b8%25e0%25a7%258c%25e0%25a6%25a6%25e0%25a6%25bf%2F HTTP/1.1" 429 0 "http://bangladaily.online/%e0%a6%87%e0%a6%af%e0%a6%bc%e0%a7%87%e0%a6%ae%e0%a7%87%e0%a6%a8%e0%a7%87-%e0%a7%a8%e0%a7%aa-%e0%a6%98%e0%a6%a3%e0%a7%8d%e0%a6%9f%e0%a6%be%e0%a6%af%e0%a6%bc-%e0%a6%b8%e0%a7%8c%e0%a6%a6%e0%a6%bf/" "Mozilla/5.0 AppleWebKit/537.36 (KHTML, like Gecko; compatible; GPTBot/1.4; +https://openai.com/gptbot)"
116.202.222.251 - - [14/Sep/2026:22:25:05 +0600] "POST /wp-cron.php?doing_wp_cron=1789403105.7376410961151123046875 HTTP/1.1" 200 0 "-" "WordPress/7.1; http://bangladaily.online"
85.208.96.198 - - [14/Sep/2026:22:25:39 +0600] "GET /%E0%A6%B8%E0%A6%B0%E0%A6%95%E0%A6%BE%E0%A6%B0%E0%A6%95%E0%A7%87-%E0%A6%AC%E0%A7%8D%E0%A6%AF%E0%A6%B0%E0%A7%8D%E0%A6%A5-%E0%A6%AA%E0%A7%8D%E0%A6%B0%E0%A6%AE%E0%A6%BE%E0%A6%A3%E0%A7%87-%E0%A6%AE/ HTTP/1.1" 200 21105 "-" "Mozilla/5.0 (compatible; SemrushBot/7~bl; +http://www.semrush.com/bot.html)"
116.202.222.251 - - [14/Sep/2026:22:26:02 +0600] "GET /?wp_automatic=cron HTTP/1.1" 200 1603 "-" "curl/7.61.1"
116.202.222.251 - - [14/Sep/2026:22:25:03 +0600] "GET /?wp_automatic=cron HTTP/1.1" 200 2482 "-" "curl/7.61.1"
74.7.243.200 - - [14/Sep/2026:22:25:48 +0600] "GET /wp-json/oembed/1.0/embed?url=http%3A%2F%2Fbangladaily.online%2F%25e0%25a6%25a6%25e0%25a7%2587%25e0%25a6%25b6%25e0%25a7%2587-%25e0%25a6%25ab%25e0%25a6%25bf%25e0%25a6%25b0%25e0%25a7%2587-%25e0%25a6%25ac%25e0%25a6%25bf%25e0%25a6%25ae%25e0%25a6%25be%25e0%25a6%25a8%25e0%25a6%25ac%25e0%25a6%25a8%25e0%25a7%258d%25e0%25a6%25a6%25e0%25a6%25b0%25e0%25a7%2587-%25e0%25a6%25af%25e0%25a6%25be%2F HTTP/1.1" 200 1252 "http://bangladaily.online/%e0%a6%a6%e0%a7%87%e0%a6%b6%e0%a7%87-%e0%a6%ab%e0%a6%bf%e0%a6%b0%e0%a7%87-%e0%a6%ac%e0%a6%bf%e0%a6%ae%e0%a6%be%e0%a6%a8%e0%a6%ac%e0%a6%a8%e0%a7%8d%e0%a6%a6%e0%a6%b0%e0%a7%87-%e0%a6%af%e0%a6%be/" "Mozilla/5.0 AppleWebKit/537.36 (KHTML, like Gecko; compatible; GPTBot/1.4; +https://openai.com/gptbot)"
74.7.243.200 - - [14/Sep/2026:22:26:04 +0600] "GET /wp-json/oembed/1.0/embed?url=http%3A%2F%2Fbangladaily.online%2F%25e0%25a6%25ae%25e0%25a7%2587%25e0%25a6%25b8%25e0%25a6%25bf%25e0%25a6%2595%25e0%25a7%2587-%25e0%25a6%25a8%25e0%25a6%25bf%25e0%25a6%25af%25e0%25a6%25bc%25e0%25a7%2587-%25e0%25a6%25a8%25e0%25a6%25be%25e0%25a6%25a6%25e0%25a6%25bf%25e0%25a6%25af%25e0%25a6%25bc%25e0%25a6%25be%25e0%25a6%25b0-%25e0%25a6%25b9%25e0%25a7%2583-2%2F HTTP/1.1" 200 1255 "http://bangladaily.online/%e0%a6%ae%e0%a7%87%e0%a6%b8%e0%a6%bf%e0%a6%95%e0%a7%87-%e0%a6%a8%e0%a6%bf%e0%a6%af%e0%a6%bc%e0%a7%87-%e0%a6%a8%e0%a6%be%e0%a6%a6%e0%a6%bf%e0%a6%af%e0%a6%bc%e0%a6%be%e0%a6%b0-%e0%a6%b9%e0%a7%83-2/" "Mozilla/5.0 AppleWebKit/537.36 (KHTML, like Gecko; compatible; GPTBot/1.4; +https://openai.com/gptbot)"
74.7.243.200 - - [14/Sep/2026:22:26:35 +0600] "GET /wp-json/oembed/1.0/embed?url=http%3A%2F%2Fbangladaily.online%2F%25e0%25a6%2595%25e0%25a6%25be%25e0%25a6%25b2-%25e0%25a6%25a5%25e0%25a7%2587%25e0%25a6%2595%25e0%25a7%2587-%25e0%25a6%2595%25e0%25a6%25be%25e0%25a6%25b0%25e0%25a6%2596%25e0%25a6%25be%25e0%25a6%25a8%25e0%25a6%25be%25e0%25a6%25af%25e0%25a6%25bc-%25e0%25a6%259a%25e0%25a6%25be%25e0%25a6%25b9%25e0%25a6%25bf%25e0%25a6%25a6%2F HTTP/1.1" 429 0 "http://bangladaily.online/%e0%a6%95%e0%a6%be%e0%a6%b2-%e0%a6%a5%e0%a7%87%e0%a6%95%e0%a7%87-%e0%a6%95%e0%a6%be%e0%a6%b0%e0%a6%96%e0%a6%be%e0%a6%a8%e0%a6%be%e0%a6%af%e0%a6%bc-%e0%a6%9a%e0%a6%be%e0%a6%b9%e0%a6%bf%e0%a6%a6/" "Mozilla/5.0 AppleWebKit/537.36 (KHTML, like Gecko; compatible; GPTBot/1.4; +https://openai.com/gptbot)"
74.7.243.200 - - [14/Sep/2026:22:26:52 +0600] "GET /wp-json/oembed/1.0/embed?url=http%3A%2F%2Fbangladaily.online%2F%25e0%25a6%2585%25e0%25a6%25b2%25e0%25a7%258d%25e0%25a6%25aa%25e0%25a7%2587%25e0%25a6%25b0-%25e0%25a6%259c%25e0%25a6%25a8%25e0%25a7%258d%25e0%25a6%25af-%25e0%25a6%25b0%25e0%25a6%2595%25e0%25a7%258d%25e0%25a6%25b7%25e0%25a6%25be-%25e0%25a6%25aa%25e0%25a7%2587%25e0%25a6%25b2%25e0%25a7%2587%25e0%25a6%25a8-%25e0%25a6%25ac%2F HTTP/1.1" 429 0 "http://bangladaily.online/%e0%a6%85%e0%a6%b2%e0%a7%8d%e0%a6%aa%e0%a7%87%e0%a6%b0-%e0%a6%9c%e0%a6%a8%e0%a7%8d%e0%a6%af-%e0%a6%b0%e0%a6%95%e0%a7%8d%e0%a6%b7%e0%a6%be-%e0%a6%aa%e0%a7%87%e0%a6%b2%e0%a7%87%e0%a6%a8-%e0%a6%ac/" "Mozilla/5.0 AppleWebKit/537.36 (KHTML, like Gecko; compatible; GPTBot/1.4; +https://openai.com/gptbot)"
116.202.222.251 - - [14/Sep/2026:22:27:02 +0600] "GET /?wp_automatic=cron HTTP/1.1" 200 1573 "-" "curl/7.61.1"
74.7.243.200 - - [14/Sep/2026:22:29:17 +0600] "GET /wp-json/oembed/1.0/embed?url=http%3A%2F%2Fbangladaily.online%2F%25e0%25a6%25b6%25e0%25a7%2587%25e0%25a6%25b2%25e0%25a7%258d%25e0%25a6%259f%25e0%25a6%25a8%25e0%25a6%2595%25e0%25a7%2587-%25e0%25a6%25b9%25e0%25a6%25be%25e0%25a6%25b0%25e0%25a6%25bf%25e0%25a6%25af%25e0%25a6%25bc%25e0%25a7%2587-%25e0%25a6%2587%25e0%25a6%2589%25e0%25a6%258f%25e0%25a6%25b8-%25e0%25a6%2593%25e0%25a6%25aa%2F HTTP/1.1" 429 0 "http://bangladaily.online/%e0%a6%b6%e0%a7%87%e0%a6%b2%e0%a7%8d%e0%a6%9f%e0%a6%a8%e0%a6%95%e0%a7%87-%e0%a6%b9%e0%a6%be%e0%a6%b0%e0%a6%bf%e0%a6%af%e0%a6%bc%e0%a7%87-%e0%a6%87%e0%a6%89%e0%a6%8f%e0%a6%b8-%e0%a6%93%e0%a6%aa/" "Mozilla/5.0 AppleWebKit/537.36 (KHTML, like Gecko; compatible; GPTBot/1.4; +https://openai.com/gptbot)"
74.7.243.200 - - [14/Sep/2026:22:29:26 +0600] "GET /wp-json/oembed/1.0/embed?url=http%3A%2F%2Fbangladaily.online%2F%25e0%25a6%258f%25e0%25a6%2586%25e0%25a6%2587-%25e0%25a6%25ac%25e0%25a7%258d%25e0%25a6%25af%25e0%25a6%25ac%25e0%25a6%25b9%25e0%25a6%25be%25e0%25a6%25b0-%25e0%25a6%2595%25e0%25a6%25b0%25e0%25a7%2587-%25e0%25a6%2586%25e0%25a6%25a6%25e0%25a6%25be%25e0%25a6%25b2%25e0%25a6%25a4%25e0%25a7%2587%25e0%25a6%25b0-%25e0%25a6%25b0%2F HTTP/1.1" 429 0 "http://bangladaily.online/%e0%a6%8f%e0%a6%86%e0%a6%87-%e0%a6%ac%e0%a7%8d%e0%a6%af%e0%a6%ac%e0%a6%b9%e0%a6%be%e0%a6%b0-%e0%a6%95%e0%a6%b0%e0%a7%87-%e0%a6%86%e0%a6%a6%e0%a6%be%e0%a6%b2%e0%a6%a4%e0%a7%87%e0%a6%b0-%e0%a6%b0/" "Mozilla/5.0 AppleWebKit/537.36 (KHTML, like Gecko; compatible; GPTBot/1.4; +https://openai.com/gptbot)"
74.7.243.200 - - [14/Sep/2026:22:29:38 +0600] "GET /wp-json/oembed/1.0/embed?url=http%3A%2F%2Fbangladaily.online%2F%25e0%25a7%25a7%25e0%25a7%25a6-%25e0%25a6%25a6%25e0%25a7%2587%25e0%25a6%25b6%25e0%25a7%2587%25e0%25a6%25b0-%25e0%25a7%25a8%25e0%25a7%25a6%25e0%25a7%25a6-%25e0%25a6%25aa%25e0%25a7%258d%25e0%25a6%25b0%25e0%25a6%25a4%25e0%25a6%25bf%25e0%25a6%25b7%25e0%25a7%258d%25e0%25a6%25a0%25e0%25a6%25be%25e0%25a6%25a8-%25e0%25a6%25a2%2F HTTP/1.1" 429 0 "http://bangladaily.online/%e0%a7%a7%e0%a7%a6-%e0%a6%a6%e0%a7%87%e0%a6%b6%e0%a7%87%e0%a6%b0-%e0%a7%a8%e0%a7%a6%e0%a7%a6-%e0%a6%aa%e0%a7%8d%e0%a6%b0%e0%a6%a4%e0%a6%bf%e0%a6%b7%e0%a7%8d%e0%a6%a0%e0%a6%be%e0%a6%a8-%e0%a6%a2/" "Mozilla/5.0 AppleWebKit/537.36 (KHTML, like Gecko; compatible; GPTBot/1.4; +https://openai.com/gptbot)"
74.7.243.200 - - [14/Sep/2026:22:28:57 +0600] "GET /wp-json/oembed/1.0/embed?url=http%3A%2F%2Fbangladaily.online%2F%25e0%25a6%2593%25e0%25a6%25ac%25e0%25a6%25be%25e0%25a6%25af%25e0%25a6%25bc%25e0%25a6%25a6%25e0%25a7%2581%25e0%25a6%25b2-%25e0%25a6%2595%25e0%25a6%25be%25e0%25a6%25a6%25e0%25a7%2587%25e0%25a6%25b0%25e0%25a6%25b8%25e0%25a6%25b9-%25e0%25a7%25ad-%25e0%25a6%259c%25e0%25a6%25a8%25e0%25a7%2587%25e0%25a6%25b0-%25e0%25a6%25b0%2F HTTP/1.1" 429 0 "http://bangladaily.online/%e0%a6%93%e0%a6%ac%e0%a6%be%e0%a6%af%e0%a6%bc%e0%a6%a6%e0%a7%81%e0%a6%b2-%e0%a6%95%e0%a6%be%e0%a6%a6%e0%a7%87%e0%a6%b0%e0%a6%b8%e0%a6%b9-%e0%a7%ad-%e0%a6%9c%e0%a6%a8%e0%a7%87%e0%a6%b0-%e0%a6%b0/" "Mozilla/5.0 AppleWebKit/537.36 (KHTML, like Gecko; compatible; GPTBot/1.4; +https://openai.com/gptbot)"
74.7.243.200 - - [14/Sep/2026:22:28:59 +0600] "GET /wp-json/oembed/1.0/embed?url=http%3A%2F%2Fbangladaily.online%2F%25e0%25a6%25b9%25e0%25a6%25be%25e0%25a6%25b2%25e0%25a6%25be%25e0%25a6%25a8%25e0%25a7%258d%25e0%25a6%25a1%25e0%25a7%2587%25e0%25a6%25b0-%25e0%25a6%2597%25e0%25a7%258b%25e0%25a6%25b2-%25e0%25a6%25ac%25e0%25a6%25be%25e0%25a6%25a4%25e0%25a6%25bf%25e0%25a6%25b2-%25e0%25a6%2595%25e0%25a6%25b0%25e0%25a7%2587-%25e0%25a6%25a6%2F HTTP/1.1" 429 0 "http://bangladaily.online/%e0%a6%b9%e0%a6%be%e0%a6%b2%e0%a6%be%e0%a6%a8%e0%a7%8d%e0%a6%a1%e0%a7%87%e0%a6%b0-%e0%a6%97%e0%a7%8b%e0%a6%b2-%e0%a6%ac%e0%a6%be%e0%a6%a4%e0%a6%bf%e0%a6%b2-%e0%a6%95%e0%a6%b0%e0%a7%87-%e0%a6%a6/" "Mozilla/5.0 AppleWebKit/537.36 (KHTML, like Gecko; compatible; GPTBot/1.4; +https://openai.com/gptbot)"
74.7.243.200 - - [14/Sep/2026:22:29:01 +0600] "GET /wp-json/oembed/1.0/embed?url=http%3A%2F%2Fbangladaily.online%2F%25e0%25a6%25a8%25e0%25a6%25bf%25e0%25a6%25b0%25e0%25a7%258d%25e0%25a6%25ac%25e0%25a6%25be%25e0%25a6%259a%25e0%25a6%25a8%25e0%25a7%2587-%25e0%25a6%25b9%25e0%25a7%2587%25e0%25a6%25b0%25e0%25a7%2587%25e0%25a6%2593-%25e0%25a6%2595%25e0%25a6%25a5%25e0%25a6%25be-%25e0%25a6%25b0%25e0%25a6%25be%25e0%25a6%2596%25e0%25a6%25b2%2F HTTP/1.1" 429 0 "http://bangladaily.online/%e0%a6%a8%e0%a6%bf%e0%a6%b0%e0%a7%8d%e0%a6%ac%e0%a6%be%e0%a6%9a%e0%a6%a8%e0%a7%87-%e0%a6%b9%e0%a7%87%e0%a6%b0%e0%a7%87%e0%a6%93-%e0%a6%95%e0%a6%a5%e0%a6%be-%e0%a6%b0%e0%a6%be%e0%a6%96%e0%a6%b2/" "Mozilla/5.0 AppleWebKit/537.36 (KHTML, like Gecko; compatible; GPTBot/1.4; +https://openai.com/gptbot)"
116.202.222.251 - - [14/Sep/2026:22:29:02 +0600] "GET /?wp_automatic=cron HTTP/1.1" 200 1589 "-" "curl/7.61.1"
116.202.222.251 - - [14/Sep/2026:22:30:04 +0600] "GET /?wp_automatic=cron HTTP/1.1" 200 1566 "-" "curl/7.61.1"
74.7.243.200 - - [14/Sep/2026:22:30:57 +0600] "GET /wp-json/oembed/1.0/embed?url=http%3A%2F%2Fbangladaily.online%2F%25e0%25a6%25a8%25e0%25a6%25be%25e0%25a6%2595%25e0%25a6%25ad%25e0%25a6%25bf-%25e0%25a6%25ac%25e0%25a6%25bf%25e0%25a6%25a6%25e0%25a6%25be%25e0%25a6%25af%25e0%25a6%25bc-%25e0%25a6%25a8%25e0%25a6%25bf%25e0%25a6%25b2%25e0%25a7%2587%25e0%25a6%2587-%25e0%25a6%25a6%25e0%25a7%2581%25e0%25a6%2587-%25e0%25a6%258f%25e0%25a6%25b6%2F HTTP/1.1" 200 1282 "http://bangladaily.online/%e0%a6%a8%e0%a6%be%e0%a6%95%e0%a6%ad%e0%a6%bf-%e0%a6%ac%e0%a6%bf%e0%a6%a6%e0%a6%be%e0%a6%af%e0%a6%bc-%e0%a6%a8%e0%a6%bf%e0%a6%b2%e0%a7%87%e0%a6%87-%e0%a6%a6%e0%a7%81%e0%a6%87-%e0%a6%8f%e0%a6%b6/" "Mozilla/5.0 AppleWebKit/537.36 (KHTML, like Gecko; compatible; GPTBot/1.4; +https://openai.com/gptbot)"
74.7.243.200 - - [14/Sep/2026:22:31:25 +0600] "GET /wp-json/oembed/1.0/embed?url=http%3A%2F%2Fbangladaily.online%2F%25e0%25a6%2595%25e0%25a7%258b%25e0%25a6%259a-%25e0%25a6%25ac%25e0%25a6%25be%25e0%25a6%259f%25e0%25a6%25b2%25e0%25a6%25be%25e0%25a6%25b0%25e0%25a7%2587%25e0%25a6%25b0-%25e0%25a6%25b6%25e0%25a6%25bf%25e0%25a6%25b6%25e0%25a7%2581%25e0%25a6%25b8%25e0%25a7%2581%25e0%25a6%25b2%25e0%25a6%25ad-%25e0%25a6%25aa%25e0%25a6%25b0%2F HTTP/1.1" 200 1239 "http://bangladaily.online/%e0%a6%95%e0%a7%8b%e0%a6%9a-%e0%a6%ac%e0%a6%be%e0%a6%9f%e0%a6%b2%e0%a6%be%e0%a6%b0%e0%a7%87%e0%a6%b0-%e0%a6%b6%e0%a6%bf%e0%a6%b6%e0%a7%81%e0%a6%b8%e0%a7%81%e0%a6%b2%e0%a6%ad-%e0%a6%aa%e0%a6%b0/" "Mozilla/5.0 AppleWebKit/537.36 (KHTML, like Gecko; compatible; GPTBot/1.4; +https://openai.com/gptbot)"
74.7.243.200 - - [14/Sep/2026:22:31:35 +0600] "GET /wp-json/oembed/1.0/embed?url=http%3A%2F%2Fbangladaily.online%2F%25e0%25a6%25aa%25e0%25a7%258d%25e0%25a6%25b0%25e0%25a6%25a5%25e0%25a6%25ae%25e0%25a6%25ac%25e0%25a6%25be%25e0%25a6%25b0-%25e0%25a6%25ad%25e0%25a6%25be%25e0%25a6%25b0%25e0%25a6%25a4-%25e0%25a6%25a5%25e0%25a7%2587%25e0%25a6%2595%25e0%25a7%2587-%25e0%25a6%258f%25e0%25a6%25b2%25e0%25a7%258b-%25e0%25a7%25ab%25e0%25a7%25a6%2F HTTP/1.1" 200 1270 "http://bangladaily.online/%e0%a6%aa%e0%a7%8d%e0%a6%b0%e0%a6%a5%e0%a6%ae%e0%a6%ac%e0%a6%be%e0%a6%b0-%e0%a6%ad%e0%a6%be%e0%a6%b0%e0%a6%a4-%e0%a6%a5%e0%a7%87%e0%a6%95%e0%a7%87-%e0%a6%8f%e0%a6%b2%e0%a7%8b-%e0%a7%ab%e0%a7%a6/" "Mozilla/5.0 AppleWebKit/537.36 (KHTML, like Gecko; compatible; GPTBot/1.4; +https://openai.com/gptbot)"
74.7.243.200 - - [14/Sep/2026:22:31:44 +0600] "GET /wp-json/oembed/1.0/embed?url=http%3A%2F%2Fbangladaily.online%2F%25e0%25a6%25ae%25e0%25a6%25be-%25e0%25a6%25b9%25e0%25a6%25be%25e0%25a6%25b0%25e0%25a6%25bf%25e0%25a6%25af%25e0%25a6%25bc%25e0%25a7%2587-%25e0%25a6%2595%25e0%25a6%25be%25e0%25a6%2581%25e0%25a6%25a6%25e0%25a6%259b%25e0%25a7%2587%25e0%25a6%25a8-%25e0%25a6%259a%25e0%25a6%25bf%25e0%25a6%25a8%25e0%25a7%258d%25e0%25a6%25ae%2F HTTP/1.1" 429 0 "http://bangladaily.online/%e0%a6%ae%e0%a6%be-%e0%a6%b9%e0%a6%be%e0%a6%b0%e0%a6%bf%e0%a6%af%e0%a6%bc%e0%a7%87-%e0%a6%95%e0%a6%be%e0%a6%81%e0%a6%a6%e0%a6%9b%e0%a7%87%e0%a6%a8-%e0%a6%9a%e0%a6%bf%e0%a6%a8%e0%a7%8d%e0%a6%ae/" "Mozilla/5.0 AppleWebKit/537.36 (KHTML, like Gecko; compatible; GPTBot/1.4; +https://openai.com/gptbot)"
74.7.243.200 - - [14/Sep/2026:22:31:50 +0600] "GET /wp-json/oembed/1.0/embed?url=http%3A%2F%2Fbangladaily.online%2F%25e0%25a6%2595%25e0%25a6%2595%25e0%25a7%258d%25e0%25a6%25b8%25e0%25a6%25ac%25e0%25a6%25be%25e0%25a6%259c%25e0%25a6%25be%25e0%25a6%25b0-%25e0%25a6%25a5%25e0%25a7%2587%25e0%25a6%2595%25e0%25a7%2587-%25e0%25a6%25b2%25e0%25a6%25a8%25e0%25a7%258d%25e0%25a6%25a1%25e0%25a6%25a8-%25e0%25a6%258f%25e0%25a6%2595%25e0%25a7%258d%2F HTTP/1.1" 429 0 "http://bangladaily.online/%e0%a6%95%e0%a6%95%e0%a7%8d%e0%a6%b8%e0%a6%ac%e0%a6%be%e0%a6%9c%e0%a6%be%e0%a6%b0-%e0%a6%a5%e0%a7%87%e0%a6%95%e0%a7%87-%e0%a6%b2%e0%a6%a8%e0%a7%8d%e0%a6%a1%e0%a6%a8-%e0%a6%8f%e0%a6%95%e0%a7%8d/" "Mozilla/5.0 AppleWebKit/537.36 (KHTML, like Gecko; compatible; GPTBot/1.4; +https://openai.com/gptbot)"
74.7.243.200 - - [14/Sep/2026:22:32:00 +0600] "GET /wp-json/oembed/1.0/embed?url=http%3A%2F%2Fbangladaily.online%2F%25e0%25a6%25b2%25e0%25a6%25be%25e0%25a6%25b2%25e0%25a6%2595%25e0%25a7%2581%25e0%25a6%25a0%25e0%25a6%25bf%25e0%25a6%25b0-%25e0%25a6%25b8%25e0%25a6%2582%25e0%25a6%25b8%25e0%25a7%258d%25e0%25a6%2595%25e0%25a6%25be%25e0%25a6%25b0-%25e0%25a6%25aa%25e0%25a7%2581%25e0%25a6%25b0%25e0%25a6%25be%25e0%25a6%25a8-%25e0%25a6%25a2%2F HTTP/1.1" 429 0 "http://bangladaily.online/%e0%a6%b2%e0%a6%be%e0%a6%b2%e0%a6%95%e0%a7%81%e0%a6%a0%e0%a6%bf%e0%a6%b0-%e0%a6%b8%e0%a6%82%e0%a6%b8%e0%a7%8d%e0%a6%95%e0%a6%be%e0%a6%b0-%e0%a6%aa%e0%a7%81%e0%a6%b0%e0%a6%be%e0%a6%a8-%e0%a6%a2/" "Mozilla/5.0 AppleWebKit/537.36 (KHTML, like Gecko; compatible; GPTBot/1.4; +https://openai.com/gptbot)"
74.7.243.200 - - [14/Sep/2026:22:33:04 +0600] "GET /wp-json/oembed/1.0/embed?url=http%3A%2F%2Fbangladaily.online%2F%25e0%25a6%25ad%25e0%25a7%2587%25e0%25a6%25a8%25e0%25a6%25bf%25e0%25a6%25b8%25e0%25a7%2587-%25e0%25a6%25ac%25e0%25a6%25be%25e0%25a6%2581%25e0%25a6%25a7%25e0%25a6%25a8%25e0%25a7%2587%25e0%25a6%25b0-%25e0%25a6%2593%25e0%25a6%25aa%25e0%25a6%25b0-%25e0%25a6%25b9%25e0%25a6%25be%25e0%25a6%25ae%25e0%25a6%25b2%25e0%25a6%25be-2%2F HTTP/1.1" 200 1310 "http://bangladaily.online/%e0%a6%ad%e0%a7%87%e0%a6%a8%e0%a6%bf%e0%a6%b8%e0%a7%87-%e0%a6%ac%e0%a6%be%e0%a6%81%e0%a6%a7%e0%a6%a8%e0%a7%87%e0%a6%b0-%e0%a6%93%e0%a6%aa%e0%a6%b0-%e0%a6%b9%e0%a6%be%e0%a6%ae%e0%a6%b2%e0%a6%be-2/" "Mozilla/5.0 AppleWebKit/537.36 (KHTML, like Gecko; compatible; GPTBot/1.4; +https://openai.com/gptbot)"
116.202.222.251 - - [14/Sep/2026:22:33:07 +0600] "POST /wp-cron.php?doing_wp_cron=1789403587.8121070861816406250000 HTTP/1.1" 200 0 "-" "WordPress/7.1; http://bangladaily.online"
116.202.222.251 - - [14/Sep/2026:22:33:02 +0600] "GET /?wp_automatic=cron HTTP/1.1" 200 2330 "-" "curl/7.61.1"
74.7.243.200 - - [14/Sep/2026:22:33:14 +0600] "GET /wp-json/oembed/1.0/embed?url=http%3A%2F%2Fbangladaily.online%2F%25e0%25a6%2587%25e0%25a6%25a8%25e0%25a7%2587%25e0%25a6%25b8%25e0%25a7%2587%25e0%25a6%25b0-%25e0%25a6%25b8%25e0%25a6%2599%25e0%25a7%258d%25e0%25a6%2597%25e0%25a7%2587-%25e0%25a6%2587%25e0%25a6%25af%25e0%25a6%25bc%25e0%25a6%25be%25e0%25a6%25ae%25e0%25a6%25be%25e0%25a6%25b2%25e0%25a7%2587%25e0%25a6%25b0%2F HTTP/1.1" 200 1204 "http://bangladaily.online/%e0%a6%87%e0%a6%a8%e0%a7%87%e0%a6%b8%e0%a7%87%e0%a6%b0-%e0%a6%b8%e0%a6%99%e0%a7%8d%e0%a6%97%e0%a7%87-%e0%a6%87%e0%a6%af%e0%a6%bc%e0%a6%be%e0%a6%ae%e0%a6%be%e0%a6%b2%e0%a7%87%e0%a6%b0/" "Mozilla/5.0 AppleWebKit/537.36 (KHTML, like Gecko; compatible; GPTBot/1.4; +https://openai.com/gptbot)"
85.208.96.196 - - [14/Sep/2026:22:33:16 +0600] "GET /%E0%A6%A2%E0%A6%BE%E0%A6%95%E0%A6%BE-%E0%A6%B6%E0%A6%B9%E0%A6%B0%E0%A7%87%E0%A6%B0-%E0%A6%B8%E0%A7%8D%E0%A6%AE%E0%A6%BE%E0%A6%B0%E0%A7%8D%E0%A6%9F-%E0%A6%95%E0%A6%AC%E0%A6%B0%E0%A6%B8/ HTTP/1.1" 200 27201 "-" "Mozilla/5.0 (compatible; SemrushBot/7~bl; +http://www.semrush.com/bot.html)"
74.7.243.200 - - [14/Sep/2026:22:33:22 +0600] "GET /wp-json/oembed/1.0/embed?url=http%3A%2F%2Fbangladaily.online%2F%25e0%25a6%258f%25e0%25a6%2595-%25e0%25a6%25b8%25e0%25a6%25aa%25e0%25a7%258d%25e0%25a6%25a4%25e0%25a6%25be%25e0%25a6%25b9%25e0%25a7%2587-%25e0%25a6%25a8%25e0%25a6%25bf%25e0%25a6%25b0%25e0%25a6%25be%25e0%25a6%25aa%25e0%25a6%25a6-%25e0%25a6%2596%25e0%25a6%25be%25e0%25a6%25a6%25e0%25a7%258d%25e0%25a6%25af-%25e0%25a6%2586%2F HTTP/1.1" 429 0 "http://bangladaily.online/%e0%a6%8f%e0%a6%95-%e0%a6%b8%e0%a6%aa%e0%a7%8d%e0%a6%a4%e0%a6%be%e0%a6%b9%e0%a7%87-%e0%a6%a8%e0%a6%bf%e0%a6%b0%e0%a6%be%e0%a6%aa%e0%a6%a6-%e0%a6%96%e0%a6%be%e0%a6%a6%e0%a7%8d%e0%a6%af-%e0%a6%86/" "Mozilla/5.0 AppleWebKit/537.36 (KHTML, like Gecko; compatible; GPTBot/1.4; +https://openai.com/gptbot)"
116.202.222.251 - - [14/Sep/2026:22:31:02 +0600] "GET /?wp_automatic=cron HTTP/1.1" 200 1569 "-" "curl/7.61.1"
74.7.243.200 - - [14/Sep/2026:22:31:13 +0600] "GET /wp-json/oembed/1.0/embed?url=http%3A%2F%2Fbangladaily.online%2F%25e0%25a6%2585%25e0%25a6%25ae%25e0%25a6%25bf%25e0%25a6%25a4%25e0%25a6%25be%25e0%25a6%25ad-%25e0%25a6%25ac%25e0%25a6%259a%25e0%25a7%258d%25e0%25a6%259a%25e0%25a6%25a8%25e0%25a7%2587%25e0%25a6%25b0-%25e0%25a6%25ae%25e0%25a6%25a8%25e0%25a7%2587-%25e0%25a6%25b0%25e0%25a6%25af%25e0%25a6%25bc%25e0%25a7%2587-%25e0%25a6%2597%2F HTTP/1.1" 200 1268 "http://bangladaily.online/%e0%a6%85%e0%a6%ae%e0%a6%bf%e0%a6%a4%e0%a6%be%e0%a6%ad-%e0%a6%ac%e0%a6%9a%e0%a7%8d%e0%a6%9a%e0%a6%a8%e0%a7%87%e0%a6%b0-%e0%a6%ae%e0%a6%a8%e0%a7%87-%e0%a6%b0%e0%a6%af%e0%a6%bc%e0%a7%87-%e0%a6%97/" "Mozilla/5.0 AppleWebKit/537.36 (KHTML, like Gecko; compatible; GPTBot/1.4; +https://openai.com/gptbot)"
43.157.82.252 - - [14/Sep/2026:22:31:16 +0600] "GET /?p=5108 HTTP/1.1" 301 56 "-" "Mozilla/5.0 (iPhone; CPU iPhone OS 13_2_3 like Mac OS X) AppleWebKit/605.1.15 (KHTML, like Gecko) Version/13.0.3 Mobile/15E148 Safari/604.1"
43.157.82.252 - - [14/Sep/2026:22:31:20 +0600] "GET /%e0%a6%86%e0%a6%b8%e0%a6%9b%e0%a7%87-%e0%a6%ae%e0%a6%a8%e0%a6%bf%e0%a6%b0-%e0%a6%96%e0%a6%be%e0%a6%a8%e0%a7%87%e0%a6%b0-%e0%a6%ae%e0%a6%be/ HTTP/1.1" 200 19131 "http://bangladaily.online/?p=5108" "Mozilla/5.0 (iPhone; CPU iPhone OS 13_2_3 like Mac OS X) AppleWebKit/605.1.15 (KHTML, like Gecko) Version/13.0.3 Mobile/15E148 Safari/604.1"
116.202.222.251 - - [14/Sep/2026:22:32:02 +0600] "GET /?wp_automatic=cron HTTP/1.1" 200 1570 "-" "curl/7.61.1"
74.7.243.200 - - [14/Sep/2026:22:33:53 +0600] "GET /wp-json/oembed/1.0/embed?url=http%3A%2F%2Fbangladaily.online%2F%25e0%25a6%25a8%25e0%25a6%25ad%25e0%25a7%2587%25e0%25a6%25ae%25e0%25a7%258d%25e0%25a6%25ac%25e0%25a6%25b0%25e0%25a7%2587-%25e0%25a6%2587%25e0%25a6%2589%25e0%25a6%25aa%25e0%25a6%25bf-%25e0%25a6%25ad%25e0%25a7%258b%25e0%25a6%259f-%25e0%25a6%25b6%25e0%25a7%2581%25e0%25a6%25b0%25e0%25a7%2581-%25e0%25a6%25b8%25e0%25a7%258d%2F HTTP/1.1" 200 1272 "http://bangladaily.online/%e0%a6%a8%e0%a6%ad%e0%a7%87%e0%a6%ae%e0%a7%8d%e0%a6%ac%e0%a6%b0%e0%a7%87-%e0%a6%87%e0%a6%89%e0%a6%aa%e0%a6%bf-%e0%a6%ad%e0%a7%8b%e0%a6%9f-%e0%a6%b6%e0%a7%81%e0%a6%b0%e0%a7%81-%e0%a6%b8%e0%a7%8d/" "Mozilla/5.0 AppleWebKit/537.36 (KHTML, like Gecko; compatible; GPTBot/1.4; +https://openai.com/gptbot)"
116.202.222.251 - - [14/Sep/2026:22:34:02 +0600] "GET /?wp_automatic=cron HTTP/1.1" 200 1603 "-" "curl/7.61.1"
74.7.243.200 - - [14/Sep/2026:22:34:05 +0600] "GET /wp-json/oembed/1.0/embed?url=http%3A%2F%2Fbangladaily.online%2F%25e0%25a7%25a7%25e0%25a7%25ad%25e0%25a7%25ac-%25e0%25a6%2595%25e0%25a7%258b%25e0%25a6%259f%25e0%25a6%25bf-%25e0%25a6%259f%25e0%25a6%25be%25e0%25a6%2595%25e0%25a6%25be-%25e0%25a6%2586%25e0%25a6%25a4%25e0%25a7%258d%25e0%25a6%25ae%25e0%25a6%25b8%25e0%25a6%25be%25e0%25a7%258e-%25e0%25a6%25b9%25e0%25a6%25be%25e0%25a6%25b8%2F HTTP/1.1" 200 1300 "http://bangladaily.online/%e0%a7%a7%e0%a7%ad%e0%a7%ac-%e0%a6%95%e0%a7%8b%e0%a6%9f%e0%a6%bf-%e0%a6%9f%e0%a6%be%e0%a6%95%e0%a6%be-%e0%a6%86%e0%a6%a4%e0%a7%8d%e0%a6%ae%e0%a6%b8%e0%a6%be%e0%a7%8e-%e0%a6%b9%e0%a6%be%e0%a6%b8/" "Mozilla/5.0 AppleWebKit/537.36 (KHTML, like Gecko; compatible; GPTBot/1.4; +https://openai.com/gptbot)"
74.7.243.200 - - [14/Sep/2026:22:34:14 +0600] "GET /wp-json/oembed/1.0/embed?url=http%3A%2F%2Fbangladaily.online%2F%25e0%25a6%2587%25e0%25a6%25af%25e0%25a6%25bc%25e0%25a6%25be%25e0%25a6%25ae%25e0%25a6%25be%25e0%25a6%25b2%25e0%25a6%2595%25e0%25a7%2587-%25e0%25a6%25b8%25e0%25a6%25be%25e0%25a6%25ac%25e0%25a7%2587%25e0%25a6%2595-%25e0%25a6%25ac%25e0%25a6%25be%25e0%25a6%25b0%25e0%25a7%258d%25e0%25a6%25b8%25e0%25a6%25be-%25e0%25a6%25a4%2F HTTP/1.1" 429 0 "http://bangladaily.online/%e0%a6%87%e0%a6%af%e0%a6%bc%e0%a6%be%e0%a6%ae%e0%a6%be%e0%a6%b2%e0%a6%95%e0%a7%87-%e0%a6%b8%e0%a6%be%e0%a6%ac%e0%a7%87%e0%a6%95-%e0%a6%ac%e0%a6%be%e0%a6%b0%e0%a7%8d%e0%a6%b8%e0%a6%be-%e0%a6%a4/" "Mozilla/5.0 AppleWebKit/537.36 (KHTML, like Gecko; compatible; GPTBot/1.4; +https://openai.com/gptbot)"
74.7.243.200 - - [14/Sep/2026:22:35:39 +0600] "GET /wp-json/oembed/1.0/embed?url=http%3A%2F%2Fbangladaily.online%2F%25e0%25a6%25b2%25e0%25a6%2595%25e0%25a7%258d%25e0%25a6%25b7%25e0%25a7%258d%25e0%25a6%25ae%25e0%25a7%2580%25e0%25a6%25aa%25e0%25a7%2581%25e0%25a6%25b0%25e0%25a7%2587-%25e0%25a6%2585%25e0%25a6%25ac%25e0%25a7%2588%25e0%25a6%25a7%25e0%25a6%25ad%25e0%25a6%25be%25e0%25a6%25ac%25e0%25a7%2587-%25e0%25a6%25ae%25e0%25a6%259c%25e0%25a7%2581%2F HTTP/1.1" 200 1268 "http://bangladaily.online/%e0%a6%b2%e0%a6%95%e0%a7%8d%e0%a6%b7%e0%a7%8d%e0%a6%ae%e0%a7%80%e0%a6%aa%e0%a7%81%e0%a6%b0%e0%a7%87-%e0%a6%85%e0%a6%ac%e0%a7%88%e0%a6%a7%e0%a6%ad%e0%a6%be%e0%a6%ac%e0%a7%87-%e0%a6%ae%e0%a6%9c%e0%a7%81/" "Mozilla/5.0 AppleWebKit/537.36 (KHTML, like Gecko; compatible; GPTBot/1.4; +https://openai.com/gptbot)"
74.7.243.200 - - [14/Sep/2026:22:35:49 +0600] "GET /wp-json/oembed/1.0/embed?url=http%3A%2F%2Fbangladaily.online%2F%25e0%25a6%25ac%25e0%25a6%25a1%25e0%25a6%25bc%25e0%25a6%25a6%25e0%25a7%2587%25e0%25a6%25b6%25e0%25a7%2580%25e0%25a6%25a4%25e0%25a7%2587-%25e0%25a6%2585%25e0%25a6%25aa%25e0%25a6%25b0%25e0%25a6%25be%25e0%25a6%25a7%25e0%25a7%2587%25e0%25a6%25b0-%25e0%25a6%25b6%25e0%25a7%2587%25e0%25a6%2595%25e0%25a6%25a1%25e0%25a6%25bc%2F HTTP/1.1" 200 1238 "http://bangladaily.online/%e0%a6%ac%e0%a6%a1%e0%a6%bc%e0%a6%a6%e0%a7%87%e0%a6%b6%e0%a7%80%e0%a6%a4%e0%a7%87-%e0%a6%85%e0%a6%aa%e0%a6%b0%e0%a6%be%e0%a6%a7%e0%a7%87%e0%a6%b0-%e0%a6%b6%e0%a7%87%e0%a6%95%e0%a6%a1%e0%a6%bc/" "Mozilla/5.0 AppleWebKit/537.36 (KHTML, like Gecko; compatible; GPTBot/1.4; +https://openai.com/gptbot)"
74.7.243.200 - - [14/Sep/2026:22:35:58 +0600] "GET /wp-json/oembed/1.0/embed?url=http%3A%2F%2Fbangladaily.online%2F%25e0%25a6%25a1%25e0%25a6%25be%25e0%25a6%2595%25e0%25a6%25b8%25e0%25a7%2581%25e0%25a6%25b0-%25e0%25a6%25ac%25e0%25a6%25bf%25e0%25a6%25ad%25e0%25a6%25bf%25e0%25a6%25a8%25e0%25a7%258d%25e0%25a6%25a8-%25e0%25a6%2595%25e0%25a6%25b0%25e0%25a7%258d%25e0%25a6%25ae%25e0%25a6%2595%25e0%25a6%25be%25e0%25a6%25a3%25e0%25a7%258d%25e0%25a6%25a1%2F HTTP/1.1" 200 1301 "http://bangladaily.online/%e0%a6%a1%e0%a6%be%e0%a6%95%e0%a6%b8%e0%a7%81%e0%a6%b0-%e0%a6%ac%e0%a6%bf%e0%a6%ad%e0%a6%bf%e0%a6%a8%e0%a7%8d%e0%a6%a8-%e0%a6%95%e0%a6%b0%e0%a7%8d%e0%a6%ae%e0%a6%95%e0%a6%be%e0%a6%a3%e0%a7%8d%e0%a6%a1/" "Mozilla/5.0 AppleWebKit/537.36 (KHTML, like Gecko; compatible; GPTBot/1.4; +https://openai.com/gptbot)"
116.202.222.251 - - [14/Sep/2026:22:36:03 +0600] "GET /?wp_automatic=cron HTTP/1.1" 200 1547 "-" "curl/7.61.1"
74.7.243.200 - - [14/Sep/2026:22:36:04 +0600] "GET /wp-json/oembed/1.0/embed?url=http%3A%2F%2Fbangladaily.online%2F%25e0%25a6%25b8%25e0%25a7%258d%25e0%25a6%25a5%25e0%25a6%25be%25e0%25a6%25a8%25e0%25a7%2580%25e0%25a6%25af%25e0%25a6%25bc-%25e0%25a6%25b8%25e0%25a6%25b0%25e0%25a6%2595%25e0%25a6%25be%25e0%25a6%25b0-%25e0%25a6%25a8%25e0%25a6%25bf%25e0%25a6%25b0%25e0%25a7%258d%25e0%25a6%25ac%25e0%25a6%25be%25e0%25a6%259a%25e0%25a6%25a8%2F HTTP/1.1" 200 1274 "http://bangladaily.online/%e0%a6%b8%e0%a7%8d%e0%a6%a5%e0%a6%be%e0%a6%a8%e0%a7%80%e0%a6%af%e0%a6%bc-%e0%a6%b8%e0%a6%b0%e0%a6%95%e0%a6%be%e0%a6%b0-%e0%a6%a8%e0%a6%bf%e0%a6%b0%e0%a7%8d%e0%a6%ac%e0%a6%be%e0%a6%9a%e0%a6%a8/" "Mozilla/5.0 AppleWebKit/537.36 (KHTML, like Gecko; compatible; GPTBot/1.4; +https://openai.com/gptbot)"
74.7.243.200 - - [14/Sep/2026:22:36:09 +0600] "GET /wp-json/oembed/1.0/embed?url=http%3A%2F%2Fbangladaily.online%2F%25e0%25a6%25aa%25e0%25a6%25b6%25e0%25a7%258d%25e0%25a6%259a%25e0%25a6%25bf%25e0%25a6%25ae%25e0%25a6%25ac%25e0%25a6%2599%25e0%25a7%258d%25e0%25a6%2597%25e0%25a7%2587-%25e0%25a7%25a8%25e0%25a7%25ab%25e0%25a7%25a8-%25e0%25a6%25ae%25e0%25a6%25be%25e0%25a6%25a6%25e0%25a7%258d%25e0%25a6%25b0%25e0%25a6%25be%25e0%25a6%25b8%25e0%25a6%25be%2F HTTP/1.1" 200 1300 "http://bangladaily.online/%e0%a6%aa%e0%a6%b6%e0%a7%8d%e0%a6%9a%e0%a6%bf%e0%a6%ae%e0%a6%ac%e0%a6%99%e0%a7%8d%e0%a6%97%e0%a7%87-%e0%a7%a8%e0%a7%ab%e0%a7%a8-%e0%a6%ae%e0%a6%be%e0%a6%a6%e0%a7%8d%e0%a6%b0%e0%a6%be%e0%a6%b8%e0%a6%be/" "Mozilla/5.0 AppleWebKit/537.36 (KHTML, like Gecko; compatible; GPTBot/1.4; +https://openai.com/gptbot)"
17.166.151.64 - - [14/Sep/2026:22:36:09 +0600] "GET /%E0%A6%97%E0%A7%81%E0%A6%B2%E0%A6%B6%E0%A6%BE%E0%A6%A8%E0%A7%87-%E0%A6%86%E0%A6%93%E0%A6%AF%E0%A6%BC%E0%A6%BE%E0%A6%AE%E0%A7%80-%E0%A6%B2%E0%A7%80%E0%A6%97%E0%A7%87%E0%A6%B0-%E0%A6%AE%E0%A6%BF/ HTTP/1.1" 200 18811 "-" "Mozilla/5.0 (Macintosh; Intel Mac OS X 10_15_7) AppleWebKit/605.1.15 (KHTML, like Gecko) Version/17.4 Safari/605.1.15 (Applebot/0.1; +http://www.apple.com/go/applebot)"
17.166.151.64 - - [14/Sep/2026:22:36:12 +0600] "GET /wp-includes/js/jquery/jquery.min.js?ver=3.7.1 HTTP/1.1" 200 30419 "http://bangladaily.online/%e0%a6%97%e0%a7%81%e0%a6%b2%e0%a6%b6%e0%a6%be%e0%a6%a8%e0%a7%87-%e0%a6%86%e0%a6%93%e0%a6%af%e0%a6%bc%e0%a6%be%e0%a6%ae%e0%a7%80-%e0%a6%b2%e0%a7%80%e0%a6%97%e0%a7%87%e0%a6%b0-%e0%a6%ae%e0%a6%bf/" "Mozilla/5.0 (Macintosh; Intel Mac OS X 10_15_7) AppleWebKit/605.1.15 (KHTML, like Gecko) Version/17.4 Safari/605.1.15 (Applebot/0.1; +http://www.apple.com/go/applebot)"
17.166.151.64 - - [14/Sep/2026:22:36:14 +0600] "GET /wp-content/plugins/wp-automatic/js/main-front.js?ver=7.1 HTTP/1.1" 200 381 "http://bangladaily.online/%e0%a6%97%e0%a7%81%e0%a6%b2%e0%a6%b6%e0%a6%be%e0%a6%a8%e0%a7%87-%e0%a6%86%e0%a6%93%e0%a6%af%e0%a6%bc%e0%a6%be%e0%a6%ae%e0%a7%80-%e0%a6%b2%e0%a7%80%e0%a6%97%e0%a7%87%e0%a6%b0-%e0%a6%ae%e0%a6%bf/" "Mozilla/5.0 (Macintosh; Intel Mac OS X 10_15_7) AppleWebKit/605.1.15 (KHTML, like Gecko) Version/17.4 Safari/605.1.15 (Applebot/0.1; +http://www.apple.com/go/applebot)"
74.7.243.200 - - [14/Sep/2026:22:36:13 +0600] "GET /wp-json/oembed/1.0/embed?url=http%3A%2F%2Fbangladaily.online%2F%25e0%25a6%25b8%25e0%25a6%25be%25e0%25a6%25a4%25e0%25a6%2595%25e0%25a7%258d%25e0%25a6%25b7%25e0%25a7%2580%25e0%25a6%25b0%25e0%25a6%25be%25e0%25a6%25af%25e0%25a6%25bc-%25e0%25a6%25aa%25e0%25a7%2581%25e0%25a6%2595%25e0%25a7%2581%25e0%25a6%25b0%25e0%25a7%2587-%25e0%25a6%25a1%25e0%25a7%2581%25e0%25a6%25ac%25e0%25a7%2587%2F HTTP/1.1" 200 1260 "http://bangladaily.online/%e0%a6%b8%e0%a6%be%e0%a6%a4%e0%a6%95%e0%a7%8d%e0%a6%b7%e0%a7%80%e0%a6%b0%e0%a6%be%e0%a6%af%e0%a6%bc-%e0%a6%aa%e0%a7%81%e0%a6%95%e0%a7%81%e0%a6%b0%e0%a7%87-%e0%a6%a1%e0%a7%81%e0%a6%ac%e0%a7%87/" "Mozilla/5.0 AppleWebKit/537.36 (KHTML, like Gecko; compatible; GPTBot/1.4; +https://openai.com/gptbot)"
51.89.74.207 - - [14/Sep/2026:22:36:14 +0600] "GET /%E0%A6%A8%E0%A6%AD%E0%A7%87%E0%A6%AE%E0%A7%8D%E0%A6%AC%E0%A6%B0%E0%A7%87-%E0%A6%87%E0%A6%89%E0%A6%AA%E0%A6%BF-%E0%A6%AD%E0%A7%8B%E0%A6%9F-%E0%A6%B6%E0%A7%81%E0%A6%B0%E0%A7%81-%E0%A6%B8%E0%A7%8D/ HTTP/1.1" 200 15328 "-" "Mozilla/5.0 (compatible; AhrefsBot/7.0; +http://ahrefs.com/robot/)"
17.166.151.64 - - [14/Sep/2026:22:36:16 +0600] "GET /wp-includes/js/jquery/jquery-migrate.min.js?ver=3.4.1 HTTP/1.1" 200 4872 "http://bangladaily.online/%e0%a6%97%e0%a7%81%e0%a6%b2%e0%a6%b6%e0%a6%be%e0%a6%a8%e0%a7%87-%e0%a6%86%e0%a6%93%e0%a6%af%e0%a6%bc%e0%a6%be%e0%a6%ae%e0%a7%80-%e0%a6%b2%e0%a7%80%e0%a6%97%e0%a7%87%e0%a6%b0-%e0%a6%ae%e0%a6%bf/" "Mozilla/5.0 (Macintosh; Intel Mac OS X 10_15_7) AppleWebKit/605.1.15 (KHTML, like Gecko) Version/17.4 Safari/605.1.15 (Applebot/0.1; +http://www.apple.com/go/applebot)"
17.166.151.64 - - [14/Sep/2026:22:36:17 +0600] "GET /wp-content/themes/covernews/js/skip-link-focus-fix.js?ver=2.1.11 HTTP/1.1" 200 417 "http://bangladaily.online/%e0%a6%97%e0%a7%81%e0%a6%b2%e0%a6%b6%e0%a6%be%e0%a6%a8%e0%a7%87-%e0%a6%86%e0%a6%93%e0%a6%af%e0%a6%bc%e0%a6%be%e0%a6%ae%e0%a7%80-%e0%a6%b2%e0%a7%80%e0%a6%97%e0%a7%87%e0%a6%b0-%e0%a6%ae%e0%a6%bf/" "Mozilla/5.0 (Macintosh; Intel Mac OS X 10_15_7) AppleWebKit/605.1.15 (KHTML, like Gecko) Version/17.4 Safari/605.1.15 (Applebot/0.1; +http://www.apple.com/go/applebot)"
74.7.243.200 - - [14/Sep/2026:22:36:17 +0600] "GET /wp-json/oembed/1.0/embed?url=http%3A%2F%2Fbangladaily.online%2F%25e0%25a6%25aa%25e0%25a6%25b2%25e0%25a7%258d%25e0%25a6%25b2%25e0%25a6%25ac%25e0%25a7%2580%25e0%25a6%25a4%25e0%25a7%2587-%25e0%25a6%25ac%25e0%25a6%25b8%25e0%25a7%258d%25e0%25a6%25a4%25e0%25a6%25be%25e0%25a6%25ac%25e0%25a6%25a8%25e0%25a7%258d%25e0%25a6%25a6%25e0%25a6%25bf%25e0%25a6%25b0-%25e0%25a6%25ad%25e0%25a6%25bf%25e0%25a6%25a1%2F HTTP/1.1" 200 1326 "http://bangladaily.online/%e0%a6%aa%e0%a6%b2%e0%a7%8d%e0%a6%b2%e0%a6%ac%e0%a7%80%e0%a6%a4%e0%a7%87-%e0%a6%ac%e0%a6%b8%e0%a7%8d%e0%a6%a4%e0%a6%be%e0%a6%ac%e0%a6%a8%e0%a7%8d%e0%a6%a6%e0%a6%bf%e0%a6%b0-%e0%a6%ad%e0%a6%bf%e0%a6%a1/" "Mozilla/5.0 AppleWebKit/537.36 (KHTML, like Gecko; compatible; GPTBot/1.4; +https://openai.com/gptbot)"
17.166.151.64 - - [14/Sep/2026:22:36:19 +0600] "GET /wp-content/themes/covernews/js/navigation.js?ver=2.1.11 HTTP/1.1" 200 1094 "http://bangladaily.online/%e0%a6%97%e0%a7%81%e0%a6%b2%e0%a6%b6%e0%a6%be%e0%a6%a8%e0%a7%87-%e0%a6%86%e0%a6%93%e0%a6%af%e0%a6%bc%e0%a6%be%e0%a6%ae%e0%a7%80-%e0%a6%b2%e0%a7%80%e0%a6%97%e0%a7%87%e0%a6%b0-%e0%a6%ae%e0%a6%bf/" "Mozilla/5.0 (Macintosh; Intel Mac OS X 10_15_7) AppleWebKit/605.1.15 (KHTML, like Gecko) Version/17.4 Safari/605.1.15 (Applebot/0.1; +http://www.apple.com/go/applebot)"
74.7.243.200 - - [14/Sep/2026:22:36:20 +0600] "GET /wp-json/oembed/1.0/embed?url=http%3A%2F%2Fbangladaily.online%2F%25e0%25a6%25b0%25e0%25a6%25be%25e0%25a6%25ae%25e0%25a7%2587%25e0%25a6%2595-%25e0%25a6%25b9%25e0%25a6%25be%25e0%25a6%25b8%25e0%25a6%25aa%25e0%25a6%25be%25e0%25a6%25a4%25e0%25a6%25be%25e0%25a6%25b2%25e0%25a7%2587-%25e0%25a6%25aa%25e0%25a7%258d%25e0%25a6%25b0%25e0%25a6%25a5%25e0%25a6%25ae%25e0%25a6%25ac%25e0%25a6%25be%25e0%25a6%25b0%2F HTTP/1.1" 200 1295 "http://bangladaily.online/%e0%a6%b0%e0%a6%be%e0%a6%ae%e0%a7%87%e0%a6%95-%e0%a6%b9%e0%a6%be%e0%a6%b8%e0%a6%aa%e0%a6%be%e0%a6%a4%e0%a6%be%e0%a6%b2%e0%a7%87-%e0%a6%aa%e0%a7%8d%e0%a6%b0%e0%a6%a5%e0%a6%ae%e0%a6%ac%e0%a6%be%e0%a6%b0/" "Mozilla/5.0 AppleWebKit/537.36 (KHTML, like Gecko; compatible; GPTBot/1.4; +https://openai.com/gptbot)"
17.166.151.64 - - [14/Sep/2026:22:36:20 +0600] "GET /wp-content/themes/covernews/assets/jquery-match-height/jquery.matchHeight.min.js?ver=2.1.11 HTTP/1.1" 200 1383 "http://bangladaily.online/%e0%a6%97%e0%a7%81%e0%a6%b2%e0%a6%b6%e0%a6%be%e0%a6%a8%e0%a7%87-%e0%a6%86%e0%a6%93%e0%a6%af%e0%a6%bc%e0%a6%be%e0%a6%ae%e0%a7%80-%e0%a6%b2%e0%a7%80%e0%a6%97%e0%a7%87%e0%a6%b0-%e0%a6%ae%e0%a6%bf/" "Mozilla/5.0 (Macintosh; Intel Mac OS X 10_15_7) AppleWebKit/605.1.15 (KHTML, like Gecko) Version/17.4 Safari/605.1.15 (Applebot/0.1; +http://www.apple.com/go/applebot)"
17.166.151.64 - - [14/Sep/2026:22:36:22 +0600] "GET /wp-content/themes/covernews/assets/fixed-header-script.js?ver=2.1.11 HTTP/1.1" 200 792 "http://bangladaily.online/%e0%a6%97%e0%a7%81%e0%a6%b2%e0%a6%b6%e0%a6%be%e0%a6%a8%e0%a7%87-%e0%a6%86%e0%a6%93%e0%a6%af%e0%a6%bc%e0%a6%be%e0%a6%ae%e0%a7%80-%e0%a6%b2%e0%a7%80%e0%a6%97%e0%a7%87%e0%a6%b0-%e0%a6%ae%e0%a6%bf/" "Mozilla/5.0 (Macintosh; Intel Mac OS X 10_15_7) AppleWebKit/605.1.15 (KHTML, like Gecko) Version/17.4 Safari/605.1.15 (Applebot/0.1; +http://www.apple.com/go/applebot)"
17.166.151.64 - - [14/Sep/2026:22:36:23 +0600] "GET /wp-content/themes/covernews/admin-dashboard/dist/covernews_scripts.build.js?ver=2.1.11 HTTP/1.1" 200 12217 "http://bangladaily.online/%e0%a6%97%e0%a7%81%e0%a6%b2%e0%a6%b6%e0%a6%be%e0%a6%a8%e0%a7%87-%e0%a6%86%e0%a6%93%e0%a6%af%e0%a6%bc%e0%a6%be%e0%a6%ae%e0%a7%80-%e0%a6%b2%e0%a7%80%e0%a6%97%e0%a7%87%e0%a6%b0-%e0%a6%ae%e0%a6%bf/" "Mozilla/5.0 (Macintosh; Intel Mac OS X 10_15_7) AppleWebKit/605.1.15 (KHTML, like Gecko) Version/17.4 Safari/605.1.15 (Applebot/0.1; +http://www.apple.com/go/applebot)"
