JezK
Edit File: bangladaily.online
116.202.222.251 - - [14/Sep/2026:18:08:53 +0600] "POST /wp-cron.php?doing_wp_cron=1789387733.8326869010925292968750 HTTP/1.1" 200 0 "-" "WordPress/7.1; http://bangladaily.online"
47.79.206.27 - - [14/Sep/2026:18:08:53 +0600] "GET /%E0%A6%A1%E0%A6%BE%E0%A6%95%E0%A6%B8%E0%A7%81%E0%A6%B0-%E0%A6%89%E0%A6%A6%E0%A7%8D%E0%A6%AF%E0%A7%8B%E0%A6%97%E0%A7%87-%E0%A6%AE%E0%A6%BE%E0%A6%B8%E0%A6%AC%E0%A7%8D%E0%A6%AF%E0%A6%BE%E0%A6%AA%E0%A7%80 HTTP/1.1" 301 56 "https://www.google.com/" "Mozilla/5.0 (Windows NT 10.0; Win64; x64) AppleWebKit/537.36 (KHTML, like Gecko) Chrome/132.0.0.0 Safari/537.36"
47.79.206.110 - - [14/Sep/2026:18:08:58 +0600] "GET /%E0%A6%A1%E0%A6%BE%E0%A6%95%E0%A6%B8%E0%A7%81%E0%A6%B0-%E0%A6%89%E0%A6%A6%E0%A7%8D%E0%A6%AF%E0%A7%8B%E0%A6%97%E0%A7%87-%E0%A6%AE%E0%A6%BE%E0%A6%B8%E0%A6%AC%E0%A7%8D%E0%A6%AF%E0%A6%BE%E0%A6%AA%E0%A7%80/ HTTP/1.1" 200 19468 "https://www.google.com/" "Mozilla/5.0 (Windows NT 10.0; Win64; x64) AppleWebKit/537.36 (KHTML, like Gecko) Chrome/132.0.0.0 Safari/537.36"
116.202.222.251 - - [14/Sep/2026:18:09:04 +0600] "POST /wp-cron.php?doing_wp_cron=1789387744.8736660480499267578125 HTTP/1.1" 200 0 "-" "WordPress/7.1; http://bangladaily.online"
116.202.222.251 - - [14/Sep/2026:18:09:25 +0600] "POST /wp-cron.php?doing_wp_cron=1789387765.8224821090698242187500 HTTP/1.1" 200 0 "-" "WordPress/7.1; http://bangladaily.online"
47.79.201.10 - - [14/Sep/2026:18:09:37 +0600] "GET /?p=1474 HTTP/1.1" 301 56 "https://www.google.com/" "Mozilla/5.0 (Linux; Android 10; K) AppleWebKit/537.36 (KHTML, like Gecko) Chrome/132.0.0.0 Mobile Safari/537.36"
47.79.200.5 - - [14/Sep/2026:18:09:44 +0600] "GET /%E0%A6%B8%E0%A7%8D%E0%A6%9F%E0%A7%8D%E0%A6%AF%E0%A6%BE%E0%A6%A8%E0%A7%8D%E0%A6%A1%E0%A6%BE%E0%A6%B0%E0%A7%8D%E0%A6%A1-%E0%A6%AC%E0%A7%8D%E0%A6%AF%E0%A6%BE%E0%A6%82%E0%A6%95%E0%A7%87%E0%A6%B0-%E0%A6%A8/ HTTP/1.1" 200 19110 "https://www.google.com/" "Mozilla/5.0 (Linux; Android 10; K) AppleWebKit/537.36 (KHTML, like Gecko) Chrome/132.0.0.0 Mobile Safari/537.36"
116.202.222.251 - - [14/Sep/2026:18:10:03 +0600] "GET /?wp_automatic=cron HTTP/1.1" 200 1603 "-" "curl/7.61.1"
47.79.206.116 - - [14/Sep/2026:18:10:31 +0600] "GET /%E0%A6%9F%E0%A6%99%E0%A7%8D%E0%A6%97%E0%A7%80%E0%A6%A4%E0%A7%87-%E0%A6%AF%E0%A7%81%E0%A6%AC%E0%A6%95%E0%A6%95%E0%A7%87-%E0%A6%AC%E0%A6%BE%E0%A6%B8%E0%A6%BE-%E0%A6%A5%E0%A7%87%E0%A6%95%E0%A7%87 HTTP/1.1" 301 56 "https://www.google.com/" "Mozilla/5.0 (Linux; Android 10; K) AppleWebKit/537.36 (KHTML, like Gecko) Chrome/133.0.0.0 Mobile Safari/537.36"
51.89.69.96 - - [14/Sep/2026:18:10:39 +0600] "GET /%E0%A6%AC%E0%A7%8D%E0%A6%B0%E0%A6%BE%E0%A6%B9%E0%A7%8D%E0%A6%AE%E0%A6%A3%E0%A6%AC%E0%A6%BE%E0%A6%A1%E0%A6%BC%E0%A6%BF%E0%A6%AF%E0%A6%BC%E0%A6%BE%E0%A6%AC%E0%A6%BE%E0%A6%B8%E0%A7%80%E0%A6%B0-%E0%A6%95/ HTTP/1.1" 200 15929 "-" "Mozilla/5.0 (compatible; AhrefsBot/7.0; +http://ahrefs.com/robot/)"
47.79.207.50 - - [14/Sep/2026:18:10:54 +0600] "GET /%E0%A6%AE%E0%A6%BE%E0%A6%B2%E0%A6%A6%E0%A7%8D%E0%A6%AC%E0%A7%80%E0%A6%AA%E0%A7%87-%E0%A6%A1%E0%A6%B2%E0%A6%BE%E0%A6%B0-%E0%A6%B8%E0%A6%BF%E0%A6%A8%E0%A7%8D%E0%A6%A1%E0%A6%BF%E0%A6%95%E0%A7%87%E0%A6%9F HTTP/1.1" 301 56 "https://www.google.com/" "Mozilla/5.0 (Linux; Android 10; K) AppleWebKit/537.36 (KHTML, like Gecko) Chrome/132.0.0.0 Mobile Safari/537.36"
47.79.207.50 - - [14/Sep/2026:18:10:57 +0600] "GET /%E0%A6%AE%E0%A6%BE%E0%A6%B2%E0%A6%A6%E0%A7%8D%E0%A6%AC%E0%A7%80%E0%A6%AA%E0%A7%87-%E0%A6%A1%E0%A6%B2%E0%A6%BE%E0%A6%B0-%E0%A6%B8%E0%A6%BF%E0%A6%A8%E0%A7%8D%E0%A6%A1%E0%A6%BF%E0%A6%95%E0%A7%87%E0%A6%9F/ HTTP/1.1" 200 18702 "https://www.google.com/" "Mozilla/5.0 (Linux; Android 10; K) AppleWebKit/537.36 (KHTML, like Gecko) Chrome/132.0.0.0 Mobile Safari/537.36"
116.202.222.251 - - [14/Sep/2026:18:11:02 +0600] "GET /?wp_automatic=cron HTTP/1.1" 200 1573 "-" "curl/7.61.1"
47.79.200.131 - - [14/Sep/2026:18:11:11 +0600] "GET /?p=3763 HTTP/1.1" 301 56 "https://www.google.com/" "Mozilla/5.0 (Linux; Android 10; K) AppleWebKit/537.36 (KHTML, like Gecko) Chrome/133.0.0.0 Mobile Safari/537.36"
116.202.222.251 - - [14/Sep/2026:18:09:02 +0600] "GET /?wp_automatic=cron HTTP/1.1" 200 2322 "-" "curl/7.61.1"
47.79.202.41 - - [14/Sep/2026:18:09:25 +0600] "GET /?p=2353 HTTP/1.1" 301 56 "https://www.google.com/" "Mozilla/5.0 (Linux; Android 10; K) AppleWebKit/537.36 (KHTML, like Gecko) Chrome/132.0.0.0 Mobile Safari/537.36"
47.79.202.41 - - [14/Sep/2026:18:09:26 +0600] "GET /%e0%a6%a8%e0%a7%87%e0%a6%aa%e0%a6%be%e0%a6%b2%e0%a7%87%e0%a6%b0-%e0%a6%b8%e0%a7%81%e0%a6%a1%e0%a6%bc%e0%a6%99%e0%a7%8d%e0%a6%97%e0%a7%87-%e0%a6%86%e0%a6%b0-%e0%a6%95%e0%a7%87%e0%a6%89-%e0%a6%ac/ HTTP/1.1" 200 20159 "https://www.google.com/" "Mozilla/5.0 (Linux; Android 10; K) AppleWebKit/537.36 (KHTML, like Gecko) Chrome/132.0.0.0 Mobile Safari/537.36"
47.79.201.158 - - [14/Sep/2026:18:09:40 +0600] "GET /%E0%A6%B8%E0%A7%8D%E0%A6%9F%E0%A7%8D%E0%A6%AF%E0%A6%BE%E0%A6%A8%E0%A7%8D%E0%A6%A1%E0%A6%BE%E0%A6%B0%E0%A7%8D%E0%A6%A1-%E0%A6%AC%E0%A7%8D%E0%A6%AF%E0%A6%BE%E0%A6%82%E0%A6%95%E0%A7%87%E0%A6%B0-%E0%A6%A8 HTTP/1.1" 301 56 "https://www.google.com/" "Mozilla/5.0 (Linux; Android 10; K) AppleWebKit/537.36 (KHTML, like Gecko) Chrome/132.0.0.0 Mobile Safari/537.36"
47.79.201.21 - - [14/Sep/2026:18:09:41 +0600] "GET /%e0%a6%a8%e0%a7%87%e0%a6%aa%e0%a6%be%e0%a6%b2%e0%a7%87-%e0%a6%ac%e0%a6%a8%e0%a7%8d%e0%a6%af%e0%a6%be%e0%a6%af%e0%a6%bc-%e0%a6%a8%e0%a6%bf%e0%a6%b9%e0%a6%a4-%e0%a6%ac%e0%a7%87%e0%a6%a1%e0%a6%bc/ HTTP/1.1" 200 19191 "https://www.google.com/" "Mozilla/5.0 (Linux; Android 10; K) AppleWebKit/537.36 (KHTML, like Gecko) Chrome/132.0.0.0 Mobile Safari/537.36"
116.202.222.251 - - [14/Sep/2026:18:10:32 +0600] "POST /wp-cron.php?doing_wp_cron=1789387832.3680050373077392578125 HTTP/1.1" 200 0 "-" "WordPress/7.1; http://bangladaily.online"
47.79.206.82 - - [14/Sep/2026:18:10:35 +0600] "GET /%E0%A6%9F%E0%A6%99%E0%A7%8D%E0%A6%97%E0%A7%80%E0%A6%A4%E0%A7%87-%E0%A6%AF%E0%A7%81%E0%A6%AC%E0%A6%95%E0%A6%95%E0%A7%87-%E0%A6%AC%E0%A6%BE%E0%A6%B8%E0%A6%BE-%E0%A6%A5%E0%A7%87%E0%A6%95%E0%A7%87/ HTTP/1.1" 200 19068 "https://www.google.com/" "Mozilla/5.0 (Linux; Android 10; K) AppleWebKit/537.36 (KHTML, like Gecko) Chrome/133.0.0.0 Mobile Safari/537.36"
47.79.207.119 - - [14/Sep/2026:18:10:38 +0600] "GET /?p=1892 HTTP/1.1" 301 56 "https://www.google.com/" "Mozilla/5.0 (Linux; Android 11; RMX3581 Build/RP1A.201005.001) AppleWebKit/537.36 (KHTML, like Gecko) Chrome/132.0.6834.163 Mobile Safari/537.36"
47.79.201.115 - - [14/Sep/2026:18:10:40 +0600] "GET /%e0%a6%b9%e0%a6%be%e0%a6%ae%e0%a7%87-%e0%a6%86%e0%a6%b0%e0%a6%93-%e0%a7%a9-%e0%a6%ae%e0%a7%83%e0%a6%a4%e0%a7%8d%e0%a6%af%e0%a7%81-%e0%a6%a8%e0%a6%a4%e0%a7%81%e0%a6%a8-%e0%a6%b0%e0%a7%8b%e0%a6%97/ HTTP/1.1" 200 18508 "https://www.google.com/" "Mozilla/5.0 (Linux; Android 11; RMX3581 Build/RP1A.201005.001) AppleWebKit/537.36 (KHTML, like Gecko) Chrome/132.0.6834.163 Mobile Safari/537.36"
116.202.222.251 - - [14/Sep/2026:18:12:02 +0600] "GET /?wp_automatic=cron HTTP/1.1" 200 1547 "-" "curl/7.61.1"
47.79.201.101 - - [14/Sep/2026:18:12:16 +0600] "GET /%E0%A6%9C%E0%A6%BE%E0%A6%B0%E0%A7%8D%E0%A6%AE%E0%A6%BE%E0%A6%A8-%E0%A6%9A%E0%A7%8D%E0%A6%AF%E0%A6%BE%E0%A6%A8%E0%A7%8D%E0%A6%B8%E0%A7%87%E0%A6%B2%E0%A6%B0%E0%A7%87%E0%A6%B0-%E0%A6%AC%E0%A6%BF%E0%A6%B0 HTTP/1.1" 301 56 "https://www.google.com/" "Mozilla/5.0 (Linux; Android 10; K) AppleWebKit/537.36 (KHTML, like Gecko) Chrome/133.0.0.0 Mobile Safari/537.36"
47.79.200.198 - - [14/Sep/2026:18:12:39 +0600] "GET /%E0%A6%86%E0%A6%AE%E0%A6%BE%E0%A6%A6%E0%A7%87%E0%A6%B0-%E0%A6%AC%E0%A6%BE%E0%A6%81%E0%A6%9A%E0%A6%BE%E0%A6%A8-%E0%A6%AD%E0%A6%BE%E0%A6%87-%E0%A6%A6%E0%A6%AE-%E0%A6%AC%E0%A6%A8%E0%A7%8D HTTP/1.1" 301 56 "https://www.google.com/" "Mozilla/5.0 (Windows NT 10.0; Win64; x64) AppleWebKit/537.36 (KHTML, like Gecko) Chrome/133.0.0.0 Safari/537.36"
47.79.206.148 - - [14/Sep/2026:18:11:18 +0600] "GET /%e0%a6%ac%e0%a6%bf%e0%a6%8f%e0%a6%a8%e0%a6%aa%e0%a6%bf-%e0%a6%95%e0%a7%87%e0%a6%ac%e0%a6%b2-%e0%a6%95%e0%a6%a5%e0%a6%be-%e0%a6%ac%e0%a6%b2%e0%a6%be%e0%a6%b0-%e0%a6%a6%e0%a6%b2-%e0%a6%a8%e0%a6%af/ HTTP/1.1" 200 20089 "https://www.google.com/" "Mozilla/5.0 (Linux; Android 10; K) AppleWebKit/537.36 (KHTML, like Gecko) Chrome/133.0.0.0 Mobile Safari/537.36"
47.79.206.152 - - [14/Sep/2026:18:11:50 +0600] "GET /?p=3916 HTTP/1.1" 301 56 "https://www.google.com/" "Mozilla/5.0 (Linux; Android 10; K) AppleWebKit/537.36 (KHTML, like Gecko) Chrome/133.0.0.0 Mobile Safari/537.36"
47.79.206.152 - - [14/Sep/2026:18:11:51 +0600] "GET /%e0%a6%ad%e0%a6%be%e0%a6%b0%e0%a6%a4%e0%a7%87-%e0%a6%ac%e0%a7%8d%e0%a6%b0%e0%a6%bf%e0%a6%95%e0%a6%b8-%e0%a6%b8%e0%a6%ae%e0%a7%8d%e0%a6%ae%e0%a7%87%e0%a6%b2%e0%a6%a8%e0%a7%87-%e0%a6%af%e0%a6%be/ HTTP/1.1" 200 18713 "https://www.google.com/" "Mozilla/5.0 (Linux; Android 10; K) AppleWebKit/537.36 (KHTML, like Gecko) Chrome/133.0.0.0 Mobile Safari/537.36"
47.79.207.208 - - [14/Sep/2026:18:12:12 +0600] "GET /?p=847 HTTP/1.1" 301 56 "https://www.google.com/" "Mozilla/5.0 (Linux; Android 10; K) AppleWebKit/537.36 (KHTML, like Gecko) Chrome/132.0.0.0 Mobile Safari/537.36"
47.79.207.153 - - [14/Sep/2026:18:12:15 +0600] "GET /%e0%a6%a4%e0%a6%be%e0%a6%aa%e0%a6%b8%e0%a7%80%e0%a6%b0-%e0%a6%ad%e0%a6%bf%e0%a6%a1%e0%a6%bf%e0%a6%93-%e0%a6%ab%e0%a6%be%e0%a6%81%e0%a6%b8%e0%a7%87%e0%a6%b0-%e0%a6%96%e0%a6%ac%e0%a6%b0%e0%a7%87/ HTTP/1.1" 200 20015 "https://www.google.com/" "Mozilla/5.0 (Linux; Android 10; K) AppleWebKit/537.36 (KHTML, like Gecko) Chrome/132.0.0.0 Mobile Safari/537.36"
47.79.206.201 - - [14/Sep/2026:18:12:19 +0600] "GET /%E0%A6%9C%E0%A6%BE%E0%A6%B0%E0%A7%8D%E0%A6%AE%E0%A6%BE%E0%A6%A8-%E0%A6%9A%E0%A7%8D%E0%A6%AF%E0%A6%BE%E0%A6%A8%E0%A7%8D%E0%A6%B8%E0%A7%87%E0%A6%B2%E0%A6%B0%E0%A7%87%E0%A6%B0-%E0%A6%AC%E0%A6%BF%E0%A6%B0/ HTTP/1.1" 200 20718 "https://www.google.com/" "Mozilla/5.0 (Linux; Android 10; K) AppleWebKit/537.36 (KHTML, like Gecko) Chrome/133.0.0.0 Mobile Safari/537.36"
47.79.207.12 - - [14/Sep/2026:18:12:52 +0600] "GET /%E0%A6%AE%E0%A7%8B%E0%A6%B9%E0%A6%BE%E0%A6%AE%E0%A7%8D%E0%A6%AE%E0%A6%A6%E0%A6%AA%E0%A7%81%E0%A6%B0%E0%A7%87-%E0%A6%95%E0%A6%BF%E0%A6%B6%E0%A7%8B%E0%A6%B0-%E0%A6%97%E0%A7%8D%E0%A6%AF%E0%A6%BE%E0%A6%82/ HTTP/1.1" 200 21354 "https://www.google.com/" "Mozilla/5.0 (Linux; Android 10; K) AppleWebKit/537.36 (KHTML, like Gecko) Chrome/132.0.0.0 Mobile Safari/537.36"
116.202.222.251 - - [14/Sep/2026:18:13:02 +0600] "GET /?wp_automatic=cron HTTP/1.1" 200 1589 "-" "curl/7.61.1"
116.202.222.251 - - [14/Sep/2026:18:14:02 +0600] "GET /?wp_automatic=cron HTTP/1.1" 200 1567 "-" "curl/7.61.1"
47.79.207.114 - - [14/Sep/2026:18:14:10 +0600] "GET /%E0%A6%B6%E0%A6%9C%E0%A6%BF%E0%A6%AE%E0%A7%87%E0%A6%95%E0%A7%87-%E0%A6%87%E0%A6%A8%E0%A7%8D%E0%A6%9F%E0%A6%BE%E0%A6%B0%E0%A7%8D%E0%A6%A8%E0%A6%A6%E0%A7%87%E0%A6%B0-%E0%A6%95%E0%A6%B0%E0%A7%8D%E0%A6%AE HTTP/1.1" 301 56 "https://www.google.com/" "Mozilla/5.0 (Windows NT 10.0; Win64; x64) AppleWebKit/537.36 (KHTML, like Gecko) Chrome/133.0.0.0 Safari/537.36"
47.79.206.227 - - [14/Sep/2026:18:14:14 +0600] "GET /%E0%A6%B6%E0%A6%9C%E0%A6%BF%E0%A6%AE%E0%A7%87%E0%A6%95%E0%A7%87-%E0%A6%87%E0%A6%A8%E0%A7%8D%E0%A6%9F%E0%A6%BE%E0%A6%B0%E0%A7%8D%E0%A6%A8%E0%A6%A6%E0%A7%87%E0%A6%B0-%E0%A6%95%E0%A6%B0%E0%A7%8D%E0%A6%AE/ HTTP/1.1" 200 19981 "https://www.google.com/" "Mozilla/5.0 (Windows NT 10.0; Win64; x64) AppleWebKit/537.36 (KHTML, like Gecko) Chrome/133.0.0.0 Safari/537.36"
116.202.222.251 - - [14/Sep/2026:18:15:03 +0600] "GET /?wp_automatic=cron HTTP/1.1" 200 1568 "-" "curl/7.61.1"
51.89.59.33 - - [14/Sep/2026:18:15:33 +0600] "GET /wp-content/uploads/2026/09/protarona-top-image-mmspn95maflgkle-20260316112208-300x156.jpg HTTP/1.1" 200 9898 "-" "Mozilla/5.0 (compatible; AhrefsBot/7.0; +http://ahrefs.com/robot/)"
116.202.222.251 - - [14/Sep/2026:18:15:48 +0600] "POST /wp-cron.php?doing_wp_cron=1789388148.7558898925781250000000 HTTP/1.1" 200 0 "-" "WordPress/7.1; http://bangladaily.online"
47.79.200.198 - - [14/Sep/2026:18:12:39 +0600] "GET /%E0%A6%86%E0%A6%AE%E0%A6%BE%E0%A6%A6%E0%A7%87%E0%A6%B0-%E0%A6%AC%E0%A6%BE%E0%A6%81%E0%A6%9A%E0%A6%BE%E0%A6%A8-%E0%A6%AD%E0%A6%BE%E0%A6%87-%E0%A6%A6%E0%A6%AE-%E0%A6%AC%E0%A6%A8%E0%A7%8D/ HTTP/1.1" 200 19545 "https://www.google.com/" "Mozilla/5.0 (Windows NT 10.0; Win64; x64) AppleWebKit/537.36 (KHTML, like Gecko) Chrome/133.0.0.0 Safari/537.36"
47.79.206.11 - - [14/Sep/2026:18:12:46 +0600] "GET /?p=3648 HTTP/1.1" 301 56 "https://www.google.com/" "Mozilla/5.0 (Linux; Android 10; K) AppleWebKit/537.36 (KHTML, like Gecko) Chrome/133.0.0.0 Mobile Safari/537.36"
47.79.207.97 - - [14/Sep/2026:18:12:49 +0600] "GET /%E0%A6%AE%E0%A7%8B%E0%A6%B9%E0%A6%BE%E0%A6%AE%E0%A7%8D%E0%A6%AE%E0%A6%A6%E0%A6%AA%E0%A7%81%E0%A6%B0%E0%A7%87-%E0%A6%95%E0%A6%BF%E0%A6%B6%E0%A7%8B%E0%A6%B0-%E0%A6%97%E0%A7%8D%E0%A6%AF%E0%A6%BE%E0%A6%82 HTTP/1.1" 301 56 "https://www.google.com/" "Mozilla/5.0 (Linux; Android 10; K) AppleWebKit/537.36 (KHTML, like Gecko) Chrome/132.0.0.0 Mobile Safari/537.36"
47.79.206.11 - - [14/Sep/2026:18:12:50 +0600] "GET /%e0%a6%ac%e0%a6%bf%e0%a6%97-%e0%a6%ac%e0%a7%8d%e0%a6%af%e0%a6%be%e0%a6%b6%e0%a7%87%e0%a6%b0-%e0%a6%ac%e0%a7%87%e0%a6%b8%e0%a6%b0%e0%a6%95%e0%a6%be%e0%a6%b0%e0%a6%bf%e0%a6%95%e0%a6%b0%e0%a6%a3/ HTTP/1.1" 200 22086 "https://www.google.com/" "Mozilla/5.0 (Linux; Android 10; K) AppleWebKit/537.36 (KHTML, like Gecko) Chrome/133.0.0.0 Mobile Safari/537.36"
47.79.200.201 - - [14/Sep/2026:18:15:48 +0600] "GET /%E0%A6%AA%E0%A7%8D%E0%A6%B0%E0%A6%A4%E0%A6%BF%E0%A6%B6%E0%A7%8B%E0%A6%A7-%E0%A6%A8%E0%A6%BE%E0%A6%95%E0%A6%BF-%E0%A6%AA%E0%A7%81%E0%A6%A8%E0%A6%B0%E0%A6%BE%E0%A6%AC%E0%A7%83%E0%A6%A4%E0%A7%8D%E0%A6%A4 HTTP/1.1" 301 56 "https://www.google.com/" "Mozilla/5.0 (Linux; Android 10; K) AppleWebKit/537.36 (KHTML, like Gecko) Chrome/132.0.0.0 Mobile Safari/537.36"
47.79.200.201 - - [14/Sep/2026:18:15:49 +0600] "GET /%E0%A6%AA%E0%A7%8D%E0%A6%B0%E0%A6%A4%E0%A6%BF%E0%A6%B6%E0%A7%8B%E0%A6%A7-%E0%A6%A8%E0%A6%BE%E0%A6%95%E0%A6%BF-%E0%A6%AA%E0%A7%81%E0%A6%A8%E0%A6%B0%E0%A6%BE%E0%A6%AC%E0%A7%83%E0%A6%A4%E0%A7%8D%E0%A6%A4/ HTTP/1.1" 200 20766 "https://www.google.com/" "Mozilla/5.0 (Linux; Android 10; K) AppleWebKit/537.36 (KHTML, like Gecko) Chrome/132.0.0.0 Mobile Safari/537.36"
116.202.222.251 - - [14/Sep/2026:18:16:06 +0600] "POST /wp-cron.php?doing_wp_cron=1789388166.8207359313964843750000 HTTP/1.1" 200 0 "-" "WordPress/7.1; http://bangladaily.online"
116.202.222.251 - - [14/Sep/2026:18:16:02 +0600] "GET /?wp_automatic=cron HTTP/1.1" 200 2402 "-" "curl/7.61.1"
116.202.222.251 - - [14/Sep/2026:18:16:40 +0600] "POST /wp-cron.php?doing_wp_cron=1789388200.9449279308319091796875 HTTP/1.1" 200 0 "-" "WordPress/7.1; http://bangladaily.online"
51.89.74.194 - - [14/Sep/2026:18:16:40 +0600] "GET /%E0%A6%AC%E0%A7%8D%E0%A6%B0%E0%A7%8D%E0%A6%AF%E0%A6%BE%E0%A6%95-%E0%A6%AC%E0%A7%8D%E0%A6%AF%E0%A6%BE%E0%A6%82%E0%A6%95%E0%A7%87%E0%A6%B0-%E0%A6%A8%E0%A6%BF%E0%A6%AF%E0%A6%BC%E0%A7%8B%E0%A6%97-2/ HTTP/1.1" 200 15445 "-" "Mozilla/5.0 (compatible; AhrefsBot/7.0; +http://ahrefs.com/robot/)"
116.202.222.251 - - [14/Sep/2026:18:17:02 +0600] "GET /?wp_automatic=cron HTTP/1.1" 200 2250 "-" "curl/7.61.1"
116.202.222.251 - - [14/Sep/2026:18:18:02 +0600] "GET /?wp_automatic=cron HTTP/1.1" 200 1603 "-" "curl/7.61.1"
116.202.222.251 - - [14/Sep/2026:18:18:33 +0600] "POST /wp-cron.php?doing_wp_cron=1789388313.0766088962554931640625 HTTP/1.1" 200 0 "-" "WordPress/7.1; http://bangladaily.online"
51.89.69.33 - - [14/Sep/2026:18:18:32 +0600] "GET /%E0%A6%A6%E0%A7%8D%E0%A6%AC%E0%A6%BF%E0%A6%A4%E0%A7%80%E0%A6%AF%E0%A6%BC-%E0%A6%9F%E0%A7%87%E0%A6%B8%E0%A7%8D%E0%A6%9F%E0%A7%87%E0%A6%B0-%E0%A6%AA%E0%A7%8D%E0%A6%B0%E0%A6%A5%E0%A6%AE-%E0%A6%A6/ HTTP/1.1" 200 15847 "-" "Mozilla/5.0 (compatible; AhrefsBot/7.0; +http://ahrefs.com/robot/)"
116.202.222.251 - - [14/Sep/2026:18:19:45 +0600] "POST /wp-cron.php?doing_wp_cron=1789388385.8343899250030517578125 HTTP/1.1" 200 0 "-" "WordPress/7.1; http://bangladaily.online"
116.202.222.251 - - [14/Sep/2026:18:20:03 +0600] "GET /?wp_automatic=cron HTTP/1.1" 200 1545 "-" "curl/7.61.1"
51.89.74.196 - - [14/Sep/2026:18:20:46 +0600] "GET /wp-content/uploads/2026/09/mir-20260914144315-300x156.jpg HTTP/1.1" 200 20888 "-" "Mozilla/5.0 (compatible; AhrefsBot/7.0; +http://ahrefs.com/robot/)"
51.89.69.42 - - [14/Sep/2026:18:20:55 +0600] "GET /%E0%A6%A6%E0%A7%87%E0%A6%AC%E0%A6%BE%E0%A6%B6%E0%A7%80%E0%A6%B7-%E0%A6%A6%E0%A6%BE%E0%A6%B8-%E0%A6%85%E0%A6%B0%E0%A7%8D%E0%A6%9C%E0%A6%A8-%E0%A6%95%E0%A6%B0%E0%A6%B2%E0%A7%87%E0%A6%A8/ HTTP/1.1" 200 16581 "-" "Mozilla/5.0 (compatible; AhrefsBot/7.0; +http://ahrefs.com/robot/)"
116.202.222.251 - - [14/Sep/2026:18:21:02 +0600] "GET /?wp_automatic=cron HTTP/1.1" 200 1589 "-" "curl/7.61.1"
74.7.241.135 - - [14/Sep/2026:18:21:19 +0600] "GET /robots.txt HTTP/1.1" 200 110 "-" "Mozilla/5.0 (Macintosh; Intel Mac OS X 10_15_7) AppleWebKit/537.36 (KHTML, like Gecko) Chrome/131.0.0.0 Safari/537.36; compatible; OAI-SearchBot/1.4; robots.txt; +https://openai.com/searchbot"
116.202.222.251 - - [14/Sep/2026:18:22:03 +0600] "GET /?wp_automatic=cron HTTP/1.1" 200 1567 "-" "curl/7.61.1"
51.89.71.159 - - [14/Sep/2026:18:22:52 +0600] "GET /%E0%A6%86%E0%A6%A8%E0%A7%8D%E0%A6%A4%E0%A6%B0%E0%A7%8D%E0%A6%9C%E0%A6%BE%E0%A6%A4%E0%A6%BF%E0%A6%95-%E0%A6%97%E0%A7%81%E0%A6%AE-%E0%A6%AA%E0%A7%8D%E0%A6%B0%E0%A6%A4%E0%A6%BF%E0%A6%B0%E0%A7%8B%E0%A6%A7/ HTTP/1.1" 200 16914 "-" "Mozilla/5.0 (compatible; AhrefsBot/7.0; +http://ahrefs.com/robot/)"
116.202.222.251 - - [14/Sep/2026:18:23:02 +0600] "GET /?wp_automatic=cron HTTP/1.1" 200 1569 "-" "curl/7.61.1"
116.202.222.251 - - [14/Sep/2026:18:23:52 +0600] "POST /wp-cron.php?doing_wp_cron=1789388632.7509660720825195312500 HTTP/1.1" 200 0 "-" "WordPress/7.1; http://bangladaily.online"
116.202.222.251 - - [14/Sep/2026:18:24:02 +0600] "GET /?wp_automatic=cron HTTP/1.1" 200 10074 "-" "curl/7.61.1"
116.202.222.251 - - [14/Sep/2026:18:25:06 +0600] "POST /wp-cron.php?doing_wp_cron=1789388706.1739559173583984375000 HTTP/1.1" 200 0 "-" "WordPress/7.1; http://bangladaily.online"
116.202.222.251 - - [14/Sep/2026:18:25:03 +0600] "GET /?wp_automatic=cron HTTP/1.1" 200 2243 "-" "curl/7.61.1"
116.202.222.251 - - [14/Sep/2026:18:26:02 +0600] "GET /?wp_automatic=cron HTTP/1.1" 200 1603 "-" "curl/7.61.1"
116.202.222.251 - - [14/Sep/2026:18:28:03 +0600] "POST /wp-cron.php?doing_wp_cron=1789388883.6199080944061279296875 HTTP/1.1" 200 0 "-" "WordPress/7.1; http://bangladaily.online"
116.202.222.251 - - [14/Sep/2026:18:29:02 +0600] "GET /?wp_automatic=cron HTTP/1.1" 200 1589 "-" "curl/7.61.1"
116.202.222.251 - - [14/Sep/2026:18:30:05 +0600] "POST /wp-cron.php?doing_wp_cron=1789389005.5196518898010253906250 HTTP/1.1" 200 0 "-" "WordPress/7.1; http://bangladaily.online"
51.89.59.42 - - [14/Sep/2026:18:30:05 +0600] "GET /%E0%A6%AA%E0%A7%87-%E0%A6%B8%E0%A7%8D%E0%A6%95%E0%A7%87%E0%A6%B2-%E0%A6%A8%E0%A6%BF%E0%A6%AF%E0%A6%BC%E0%A7%87-%E0%A6%9C%E0%A6%BE%E0%A6%AB%E0%A6%B0-%E0%A6%87%E0%A6%95%E0%A6%AC%E0%A6%BE%E0%A6%B2/ HTTP/1.1" 200 15537 "-" "Mozilla/5.0 (compatible; AhrefsBot/7.0; +http://ahrefs.com/robot/)"
51.89.71.156 - - [14/Sep/2026:18:30:56 +0600] "GET /%E0%A6%B8%E0%A7%8B%E0%A6%A8%E0%A6%BE%E0%A6%B0-%E0%A6%AD%E0%A6%B0%E0%A6%BF-%E0%A6%95%E0%A6%A4-%E0%A6%86%E0%A6%9C-2/ HTTP/1.1" 200 14466 "-" "Mozilla/5.0 (compatible; AhrefsBot/7.0; +http://ahrefs.com/robot/)"
116.202.222.251 - - [14/Sep/2026:18:31:02 +0600] "GET /?wp_automatic=cron HTTP/1.1" 200 1569 "-" "curl/7.61.1"
116.202.222.251 - - [14/Sep/2026:18:32:02 +0600] "GET /?wp_automatic=cron HTTP/1.1" 200 1570 "-" "curl/7.61.1"
116.202.222.251 - - [14/Sep/2026:18:32:41 +0600] "POST /wp-cron.php?doing_wp_cron=1789389161.9862060546875000000000 HTTP/1.1" 200 0 "-" "WordPress/7.1; http://bangladaily.online"
116.202.222.251 - - [14/Sep/2026:18:33:02 +0600] "GET /?wp_automatic=cron HTTP/1.1" 200 2187 "-" "curl/7.61.1"
116.202.222.251 - - [14/Sep/2026:18:34:02 +0600] "GET /?wp_automatic=cron HTTP/1.1" 200 1603 "-" "curl/7.61.1"
116.202.222.251 - - [14/Sep/2026:18:34:22 +0600] "POST /wp-cron.php?doing_wp_cron=1789389262.0881130695343017578125 HTTP/1.1" 200 0 "-" "WordPress/7.1; http://bangladaily.online"
51.89.71.156 - - [14/Sep/2026:18:34:21 +0600] "GET /%E0%A6%B8%E0%A7%8D%E0%A6%AC%E0%A6%BE%E0%A6%A7%E0%A7%80%E0%A6%A8-%E0%A6%93-%E0%A6%95%E0%A6%BE%E0%A6%B0%E0%A7%8D%E0%A6%AF%E0%A6%95%E0%A6%B0-%E0%A6%97%E0%A6%A3%E0%A6%AE%E0%A6%BE%E0%A6%A7%E0%A7%8D/ HTTP/1.1" 200 17679 "-" "Mozilla/5.0 (compatible; AhrefsBot/7.0; +http://ahrefs.com/robot/)"
116.202.222.251 - - [14/Sep/2026:18:34:35 +0600] "POST /wp-cron.php?doing_wp_cron=1789389275.1771121025085449218750 HTTP/1.1" 200 0 "-" "WordPress/7.1; http://bangladaily.online"
74.7.243.200 - - [14/Sep/2026:18:34:34 +0600] "GET / HTTP/1.1" 200 18665 "https://bangladaily.online" "Mozilla/5.0 AppleWebKit/537.36 (KHTML, like Gecko; compatible; GPTBot/1.4; +https://openai.com/gptbot)"
74.7.243.200 - - [14/Sep/2026:18:35:04 +0600] "GET /wp-content/uploads/2026/09/img-20260907-143040-20260914154253-mu12clphfqiklp8-20260914155143-300x156.jpg HTTP/1.1" 200 15292 "http://bangladaily.online/" "Mozilla/5.0 AppleWebKit/537.36 (KHTML, like Gecko; compatible; GPTBot/1.4; +https://openai.com/gptbot)"
74.7.243.200 - - [14/Sep/2026:18:35:05 +0600] "GET /wp-content/uploads/2026/09/mir-20260914144315-300x156.jpg HTTP/1.1" 200 20888 "http://bangladaily.online/" "Mozilla/5.0 AppleWebKit/537.36 (KHTML, like Gecko; compatible; GPTBot/1.4; +https://openai.com/gptbot)"
74.7.243.200 - - [14/Sep/2026:18:35:05 +0600] "GET /wp-content/uploads/2026/09/mir-20260914144315-150x150.jpg HTTP/1.1" 200 9868 "http://bangladaily.online/" "Mozilla/5.0 AppleWebKit/537.36 (KHTML, like Gecko; compatible; GPTBot/1.4; +https://openai.com/gptbot)"
74.7.243.200 - - [14/Sep/2026:18:35:06 +0600] "GET /wp-content/uploads/2026/09/dscc2-20260914175819-300x156.jpg HTTP/1.1" 200 15568 "http://bangladaily.online/" "Mozilla/5.0 AppleWebKit/537.36 (KHTML, like Gecko; compatible; GPTBot/1.4; +https://openai.com/gptbot)"
74.7.243.200 - - [14/Sep/2026:18:35:08 +0600] "GET /wp-content/uploads/2026/09/protarona-top-image-mmspn95maflgkle-20260316112208-150x150.jpg HTTP/1.1" 200 6370 "http://bangladaily.online/" "Mozilla/5.0 AppleWebKit/537.36 (KHTML, like Gecko; compatible; GPTBot/1.4; +https://openai.com/gptbot)"
74.7.243.200 - - [14/Sep/2026:18:35:09 +0600] "GET /wp-content/uploads/2026/09/protarona-top-image-mmspn95maflgkle-20260316112208-300x156.jpg HTTP/1.1" 200 9898 "http://bangladaily.online/" "Mozilla/5.0 AppleWebKit/537.36 (KHTML, like Gecko; compatible; GPTBot/1.4; +https://openai.com/gptbot)"
74.7.243.200 - - [14/Sep/2026:18:35:09 +0600] "GET /wp-content/uploads/2026/09/bn-7-20260914172902-225x300.jpg HTTP/1.1" 200 15316 "http://bangladaily.online/" "Mozilla/5.0 AppleWebKit/537.36 (KHTML, like Gecko; compatible; GPTBot/1.4; +https://openai.com/gptbot)"
74.7.243.200 - - [14/Sep/2026:18:35:10 +0600] "GET /wp-content/uploads/2026/09/og_1789388551_6aa7e707dd913-150x150.jpeg HTTP/1.1" 200 7570 "http://bangladaily.online/" "Mozilla/5.0 AppleWebKit/537.36 (KHTML, like Gecko; compatible; GPTBot/1.4; +https://openai.com/gptbot)"
74.7.243.200 - - [14/Sep/2026:18:35:10 +0600] "GET /wp-content/uploads/2026/09/og_1789388551_6aa7e707dd913-300x156.jpeg HTTP/1.1" 200 16096 "http://bangladaily.online/" "Mozilla/5.0 AppleWebKit/537.36 (KHTML, like Gecko; compatible; GPTBot/1.4; +https://openai.com/gptbot)"
74.7.243.200 - - [14/Sep/2026:18:35:11 +0600] "GET /wp-content/uploads/2026/09/og_1789389106_6aa7e932caabd-150x150.jpeg HTTP/1.1" 200 5944 "http://bangladaily.online/" "Mozilla/5.0 AppleWebKit/537.36 (KHTML, like Gecko; compatible; GPTBot/1.4; +https://openai.com/gptbot)"
74.7.243.200 - - [14/Sep/2026:18:35:11 +0600] "GET /wp-content/uploads/2026/09/og_1789389106_6aa7e932caabd-300x156.jpeg HTTP/1.1" 200 11886 "http://bangladaily.online/" "Mozilla/5.0 AppleWebKit/537.36 (KHTML, like Gecko; compatible; GPTBot/1.4; +https://openai.com/gptbot)"
74.7.243.200 - - [14/Sep/2026:18:35:13 +0600] "GET /wp-content/uploads/2026/09/og_1789388551_6aa7e707dd913.jpeg HTTP/1.1" 200 38632 "http://bangladaily.online/" "Mozilla/5.0 AppleWebKit/537.36 (KHTML, like Gecko; compatible; GPTBot/1.4; +https://openai.com/gptbot)"
74.7.243.200 - - [14/Sep/2026:18:35:14 +0600] "GET /wp-content/uploads/2026/09/6aa7e583073f117893881636aa7e58307401.jpg HTTP/1.1" 429 0 "http://bangladaily.online/" "Mozilla/5.0 AppleWebKit/537.36 (KHTML, like Gecko; compatible; GPTBot/1.4; +https://openai.com/gptbot)"
74.7.243.200 - - [14/Sep/2026:18:35:17 +0600] "GET /wp-content/uploads/2026/09/protarona-top-image-mmspn95maflgkle-20260316112208.jpg HTTP/1.1" 429 0 "http://bangladaily.online/" "Mozilla/5.0 AppleWebKit/537.36 (KHTML, like Gecko; compatible; GPTBot/1.4; +https://openai.com/gptbot)"
74.7.243.200 - - [14/Sep/2026:18:35:18 +0600] "GET /wp-content/uploads/2026/09/6aa7e583073f117893881636aa7e58307401-150x150.jpg HTTP/1.1" 429 0 "http://bangladaily.online/" "Mozilla/5.0 AppleWebKit/537.36 (KHTML, like Gecko; compatible; GPTBot/1.4; +https://openai.com/gptbot)"
74.7.243.200 - - [14/Sep/2026:18:35:20 +0600] "GET /wp-content/uploads/2026/09/6aa7e583073f117893881636aa7e58307401-300x169.jpg HTTP/1.1" 429 0 "http://bangladaily.online/" "Mozilla/5.0 AppleWebKit/537.36 (KHTML, like Gecko; compatible; GPTBot/1.4; +https://openai.com/gptbot)"
74.7.243.200 - - [14/Sep/2026:18:35:23 +0600] "GET /wp-content/uploads/2026/09/motamot-20260914094528-300x156.jpg HTTP/1.1" 429 0 "http://bangladaily.online/" "Mozilla/5.0 AppleWebKit/537.36 (KHTML, like Gecko; compatible; GPTBot/1.4; +https://openai.com/gptbot)"
74.7.243.200 - - [14/Sep/2026:18:35:34 +0600] "GET /wp-content/uploads/2026/09/mir-20260914144315.jpg HTTP/1.1" 429 0 "http://bangladaily.online/" "Mozilla/5.0 AppleWebKit/537.36 (KHTML, like Gecko; compatible; GPTBot/1.4; +https://openai.com/gptbot)"
51.89.72.1 - - [14/Sep/2026:18:35:38 +0600] "GET /wp-content/uploads/2026/09/og_1789389106_6aa7e932caabd-300x156.jpeg HTTP/1.1" 200 11886 "-" "Mozilla/5.0 (compatible; AhrefsBot/7.0; +http://ahrefs.com/robot/)"
74.7.243.200 - - [14/Sep/2026:18:35:45 +0600] "GET /wp-content/uploads/2026/09/6aa7db31c63d017893855216aa7db31c63d4-300x197.jpg HTTP/1.1" 429 0 "http://bangladaily.online/" "Mozilla/5.0 AppleWebKit/537.36 (KHTML, like Gecko; compatible; GPTBot/1.4; +https://openai.com/gptbot)"
116.202.222.251 - - [14/Sep/2026:18:36:08 +0600] "POST /wp-cron.php?doing_wp_cron=1789389368.0804328918457031250000 HTTP/1.1" 200 0 "-" "WordPress/7.1; http://bangladaily.online"
51.89.38.131 - - [14/Sep/2026:18:36:43 +0600] "GET /%E0%A6%87%E0%A6%B0%E0%A6%BE%E0%A6%A8%E0%A7%87%E0%A6%B0-%E0%A6%B8%E0%A6%A4%E0%A6%B0%E0%A7%8D%E0%A6%95%E0%A6%AC%E0%A6%BE%E0%A6%B0%E0%A7%8D%E0%A6%A4%E0%A6%BE-%E0%A6%AF%E0%A7%81%E0%A6%95%E0%A7%8D/ HTTP/1.1" 200 15964 "-" "Mozilla/5.0 (compatible; AhrefsBot/7.0; +http://ahrefs.com/robot/)"
74.7.243.200 - - [14/Sep/2026:18:37:00 +0600] "GET /%e0%a6%93%e0%a6%ac%e0%a6%be%e0%a6%af%e0%a6%bc%e0%a6%a6%e0%a7%81%e0%a6%b2-%e0%a6%95%e0%a6%be%e0%a6%a6%e0%a7%87%e0%a6%b0%e0%a6%b8%e0%a6%b9-%e0%a7%ad-%e0%a6%9c%e0%a6%a8%e0%a7%87%e0%a6%b0-%e0%a6%b0/ HTTP/1.1" 200 15215 "http://bangladaily.online/" "Mozilla/5.0 AppleWebKit/537.36 (KHTML, like Gecko; compatible; GPTBot/1.4; +https://openai.com/gptbot)"
116.202.222.251 - - [14/Sep/2026:18:37:02 +0600] "GET /?wp_automatic=cron HTTP/1.1" 200 1589 "-" "curl/7.61.1"
116.202.222.251 - - [14/Sep/2026:18:37:30 +0600] "POST /wp-cron.php?doing_wp_cron=1789389450.1931691169738769531250 HTTP/1.1" 200 0 "-" "WordPress/7.1; http://bangladaily.online"
74.7.243.200 - - [14/Sep/2026:18:37:29 +0600] "GET /author/admin/ HTTP/1.1" 200 14783 "http://bangladaily.online/" "Mozilla/5.0 AppleWebKit/537.36 (KHTML, like Gecko; compatible; GPTBot/1.4; +https://openai.com/gptbot)"
116.202.222.251 - - [14/Sep/2026:18:37:39 +0600] "POST /wp-cron.php?doing_wp_cron=1789389459.1030468940734863281250 HTTP/1.1" 200 0 "-" "WordPress/7.1; http://bangladaily.online"
116.202.222.251 - - [14/Sep/2026:18:17:05 +0600] "POST /wp-cron.php?doing_wp_cron=1789388225.4299550056457519531250 HTTP/1.1" 200 0 "-" "WordPress/7.1; http://bangladaily.online"
116.202.222.251 - - [14/Sep/2026:18:19:02 +0600] "GET /?wp_automatic=cron HTTP/1.1" 200 1573 "-" "curl/7.61.1"
51.89.71.86 - - [14/Sep/2026:18:19:45 +0600] "GET /%E0%A6%AB%E0%A6%BE%E0%A6%AF%E0%A6%BC%E0%A6%BE%E0%A6%B0-%E0%A6%B8%E0%A6%BE%E0%A6%B0%E0%A7%8D%E0%A6%AD%E0%A6%BF%E0%A6%B8-arab-%E0%A6%8F%E0%A6%B0-%E0%A6%AF%E0%A7%8C%E0%A6%A5-%E0%A6%85%E0%A6%AD%E0%A6%BF/ HTTP/1.1" 200 15854 "-" "Mozilla/5.0 (compatible; AhrefsBot/7.0; +http://ahrefs.com/robot/)"
51.89.71.157 - - [14/Sep/2026:18:20:39 +0600] "GET /wp-content/uploads/2026/09/6aa7e583073f117893881636aa7e58307401-300x169.jpg HTTP/1.1" 200 16518 "-" "Mozilla/5.0 (compatible; AhrefsBot/7.0; +http://ahrefs.com/robot/)"
116.202.222.251 - - [14/Sep/2026:18:20:56 +0600] "POST /wp-cron.php?doing_wp_cron=1789388456.5301868915557861328125 HTTP/1.1" 200 0 "-" "WordPress/7.1; http://bangladaily.online"
106.52.216.13 - - [14/Sep/2026:18:21:14 +0600] "GET / HTTP/1.1" 200 27024 "-" "Mozilla/5.0 (iPhone; CPU iPhone OS 13_2_3 like Mac OS X) AppleWebKit/605.1.15 (KHTML, like Gecko) Version/13.0.3 Mobile/15E148 Safari/604.1"
74.7.243.200 - - [14/Sep/2026:18:22:51 +0600] "GET / HTTP/1.1" 429 0 "https://bangladaily.online" "Mozilla/5.0 AppleWebKit/537.36 (KHTML, like Gecko; compatible; GPTBot/1.4; +https://openai.com/gptbot)"
116.202.222.251 - - [14/Sep/2026:18:22:53 +0600] "POST /wp-cron.php?doing_wp_cron=1789388573.2088069915771484375000 HTTP/1.1" 200 0 "-" "WordPress/7.1; http://bangladaily.online"
51.89.69.46 - - [14/Sep/2026:18:23:51 +0600] "GET /%E0%A6%AB%E0%A7%87%E0%A6%B0%E0%A6%BF-%E0%A6%A5%E0%A7%87%E0%A6%95%E0%A7%87-%E0%A6%A8%E0%A6%A6%E0%A7%80%E0%A6%A4%E0%A7%87-%E0%A6%AA%E0%A6%A1%E0%A6%BC%E0%A7%87-%E0%A6%9F%E0%A7%8D%E0%A6%B0%E0%A6%B2/ HTTP/1.1" 200 15218 "-" "Mozilla/5.0 (compatible; AhrefsBot/7.0; +http://ahrefs.com/robot/)"
116.202.222.251 - - [14/Sep/2026:18:27:02 +0600] "GET /?wp_automatic=cron HTTP/1.1" 200 1573 "-" "curl/7.61.1"
116.202.222.251 - - [14/Sep/2026:18:28:02 +0600] "GET /?wp_automatic=cron HTTP/1.1" 200 1547 "-" "curl/7.61.1"
116.202.222.251 - - [14/Sep/2026:18:30:03 +0600] "GET /?wp_automatic=cron HTTP/1.1" 200 1566 "-" "curl/7.61.1"
51.89.72.9 - - [14/Sep/2026:18:30:43 +0600] "GET /wp-content/uploads/2026/09/og_1789388551_6aa7e707dd913-300x156.jpeg HTTP/1.1" 200 16096 "-" "Mozilla/5.0 (compatible; AhrefsBot/7.0; +http://ahrefs.com/robot/)"
51.89.69.111 - - [14/Sep/2026:18:32:41 +0600] "GET /%E0%A6%AE%E0%A6%BF%E0%A6%B0%E0%A6%BE%E0%A6%9C-%E0%A6%B6%E0%A7%87%E0%A6%96%E0%A6%95%E0%A7%87-%E0%A6%95%E0%A7%8B%E0%A6%B8%E0%A7%8D%E0%A6%9F%E0%A6%97%E0%A6%BE%E0%A6%B0%E0%A7%8D%E0%A6%A1-%E0%A6%A4/ HTTP/1.1" 200 16595 "-" "Mozilla/5.0 (compatible; AhrefsBot/7.0; +http://ahrefs.com/robot/)"
116.202.222.251 - - [14/Sep/2026:18:33:06 +0600] "POST /wp-cron.php?doing_wp_cron=1789389186.4395349025726318359375 HTTP/1.1" 200 0 "-" "WordPress/7.1; http://bangladaily.online"
116.202.222.251 - - [14/Sep/2026:18:33:31 +0600] "POST /wp-cron.php?doing_wp_cron=1789389211.5802009105682373046875 HTTP/1.1" 200 0 "-" "WordPress/7.1; http://bangladaily.online"
51.89.69.32 - - [14/Sep/2026:18:33:30 +0600] "GET /%E0%A6%9F%E0%A7%8D%E0%A6%B0%E0%A6%BE%E0%A6%AE%E0%A7%8D%E0%A6%AA-%E0%A6%AC%E0%A6%95%E0%A7%8D%E0%A6%A4%E0%A6%AC%E0%A7%8D%E0%A6%AF%E0%A7%87-%E0%A6%95%E0%A7%80-%E0%A6%AC%E0%A6%B2%E0%A6%AC%E0%A7%87/ HTTP/1.1" 200 15510 "-" "Mozilla/5.0 (compatible; AhrefsBot/7.0; +http://ahrefs.com/robot/)"
74.7.243.200 - - [14/Sep/2026:18:38:46 +0600] "GET /?p=5044 HTTP/1.1" 301 52 "http://bangladaily.online/%e0%a6%93%e0%a6%ac%e0%a6%be%e0%a6%af%e0%a6%bc%e0%a6%a6%e0%a7%81%e0%a6%b2-%e0%a6%95%e0%a6%be%e0%a6%a6%e0%a7%87%e0%a6%b0%e0%a6%b8%e0%a6%b9-%e0%a7%ad-%e0%a6%9c%e0%a6%a8%e0%a7%87%e0%a6%b0-%e0%a6%b0/" "Mozilla/5.0 AppleWebKit/537.36 (KHTML, like Gecko; compatible; GPTBot/1.4; +https://openai.com/gptbot)"
74.7.243.200 - - [14/Sep/2026:18:38:55 +0600] "GET /?p=5032 HTTP/1.1" 301 52 "http://bangladaily.online/%e0%a6%a8%e0%a6%af%e0%a6%bc%e0%a6%be%e0%a6%a6%e0%a6%bf%e0%a6%b2%e0%a7%8d%e0%a6%b2%e0%a6%bf-%e0%a6%98%e0%a7%8b%e0%a6%b7%e0%a6%a3%e0%a6%be%e0%a6%aa%e0%a6%a4%e0%a7%8d%e0%a6%b0%e0%a7%87-%e0%a6%b8%e0%a6%a8/" "Mozilla/5.0 AppleWebKit/537.36 (KHTML, like Gecko; compatible; GPTBot/1.4; +https://openai.com/gptbot)"
74.7.243.200 - - [14/Sep/2026:18:39:02 +0600] "GET /%e0%a6%a8%e0%a6%ad%e0%a7%87%e0%a6%ae%e0%a7%8d%e0%a6%ac%e0%a6%b0%e0%a7%87-%e0%a6%87%e0%a6%89%e0%a6%aa%e0%a6%bf-%e0%a6%ad%e0%a7%8b%e0%a6%9f-%e0%a6%b6%e0%a7%81%e0%a6%b0%e0%a7%81-%e0%a6%b8%e0%a7%8d/ HTTP/1.1" 200 15156 "http://bangladaily.online/%e0%a6%93%e0%a6%ac%e0%a6%be%e0%a6%af%e0%a6%bc%e0%a6%a6%e0%a7%81%e0%a6%b2-%e0%a6%95%e0%a6%be%e0%a6%a6%e0%a7%87%e0%a6%b0%e0%a6%b8%e0%a6%b9-%e0%a7%ad-%e0%a6%9c%e0%a6%a8%e0%a7%87%e0%a6%b0-%e0%a6%b0/" "Mozilla/5.0 AppleWebKit/537.36 (KHTML, like Gecko; compatible; GPTBot/1.4; +https://openai.com/gptbot)"
74.7.243.200 - - [14/Sep/2026:18:39:08 +0600] "GET /?p=5042 HTTP/1.1" 301 52 "http://bangladaily.online/%e0%a6%89%e0%a6%aa%e0%a6%a6%e0%a7%87%e0%a6%b7%e0%a7%8d%e0%a6%9f%e0%a6%be%e0%a6%b0-%e0%a6%b8%e0%a6%87-%e0%a6%9c%e0%a6%be%e0%a6%b2-%e0%a6%95%e0%a6%b0%e0%a7%87-%e0%a6%97%e0%a6%b0%e0%a7%81-%e0%a6%86/" "Mozilla/5.0 AppleWebKit/537.36 (KHTML, like Gecko; compatible; GPTBot/1.4; +https://openai.com/gptbot)"
51.89.72.9 - - [14/Sep/2026:18:39:14 +0600] "GET /%E0%A6%B6%E0%A7%87%E0%A6%B2%E0%A7%8D%E0%A6%9F%E0%A6%A8%E0%A6%95%E0%A7%87-%E0%A6%B9%E0%A6%BE%E0%A6%B0%E0%A6%BF%E0%A6%AF%E0%A6%BC%E0%A7%87-%E0%A6%87%E0%A6%89%E0%A6%8F%E0%A6%B8-%E0%A6%93%E0%A6%AA/ HTTP/1.1" 200 15181 "-" "Mozilla/5.0 (compatible; AhrefsBot/7.0; +http://ahrefs.com/robot/)"
74.7.243.200 - - [14/Sep/2026:18:39:17 +0600] "GET /?p=5048 HTTP/1.1" 301 52 "http://bangladaily.online/%e0%a6%ac%e0%a6%be%e0%a6%b0%e0%a7%8d%e0%a6%a8-%e0%a6%87%e0%a6%a8%e0%a6%b8%e0%a7%8d%e0%a6%9f%e0%a6%bf%e0%a6%9f%e0%a6%bf%e0%a6%89%e0%a6%9f%e0%a7%87%e0%a6%b0-%e0%a6%b8%e0%a6%be%e0%a6%ae%e0%a6%a8%e0%a7%87/" "Mozilla/5.0 AppleWebKit/537.36 (KHTML, like Gecko; compatible; GPTBot/1.4; +https://openai.com/gptbot)"
74.7.243.200 - - [14/Sep/2026:18:39:19 +0600] "GET /?p=5050 HTTP/1.1" 301 52 "http://bangladaily.online/%e0%a6%b8%e0%a6%be%e0%a6%a4%e0%a6%95%e0%a7%8d%e0%a6%b7%e0%a7%80%e0%a6%b0%e0%a6%be%e0%a6%af%e0%a6%bc-%e0%a6%aa%e0%a7%81%e0%a6%95%e0%a7%81%e0%a6%b0%e0%a7%87-%e0%a6%a1%e0%a7%81%e0%a6%ac%e0%a7%87/" "Mozilla/5.0 AppleWebKit/537.36 (KHTML, like Gecko; compatible; GPTBot/1.4; +https://openai.com/gptbot)"
74.7.243.200 - - [14/Sep/2026:18:39:22 +0600] "GET /wp-content/uploads/2026/09/6aa7db31c63d017893855216aa7db31c63d4.jpg HTTP/1.1" 200 108241 "http://bangladaily.online/%e0%a6%a8%e0%a6%af%e0%a6%bc%e0%a6%be%e0%a6%a6%e0%a6%bf%e0%a6%b2%e0%a7%8d%e0%a6%b2%e0%a6%bf-%e0%a6%98%e0%a7%8b%e0%a6%b7%e0%a6%a3%e0%a6%be%e0%a6%aa%e0%a6%a4%e0%a7%8d%e0%a6%b0%e0%a7%87-%e0%a6%b8%e0%a6%a8/" "Mozilla/5.0 AppleWebKit/537.36 (KHTML, like Gecko; compatible; GPTBot/1.4; +https://openai.com/gptbot)"
116.202.222.251 - - [14/Sep/2026:18:39:24 +0600] "POST /wp-cron.php?doing_wp_cron=1789389564.8742539882659912109375 HTTP/1.1" 200 0 "-" "WordPress/7.1; http://bangladaily.online"
74.7.243.200 - - [14/Sep/2026:18:39:24 +0600] "GET /?p=17 HTTP/1.1" 301 52 "http://bangladaily.online/%e0%a6%8f%e0%a6%86%e0%a6%87-%e0%a6%ac%e0%a7%8d%e0%a6%af%e0%a6%ac%e0%a6%b9%e0%a6%be%e0%a6%b0-%e0%a6%95%e0%a6%b0%e0%a7%87-%e0%a6%86%e0%a6%a6%e0%a6%be%e0%a6%b2%e0%a6%a4%e0%a7%87%e0%a6%b0-%e0%a6%b0/" "Mozilla/5.0 AppleWebKit/537.36 (KHTML, like Gecko; compatible; GPTBot/1.4; +https://openai.com/gptbot)"
74.7.243.200 - - [14/Sep/2026:18:39:25 +0600] "GET /wp-content/uploads/2026/08/cover-mt8sffo8n5s8lbg-20260825210158.jpg HTTP/1.1" 200 45648 "http://bangladaily.online/%e0%a6%8f%e0%a6%86%e0%a6%87-%e0%a6%ac%e0%a7%8d%e0%a6%af%e0%a6%ac%e0%a6%b9%e0%a6%be%e0%a6%b0-%e0%a6%95%e0%a6%b0%e0%a7%87-%e0%a6%86%e0%a6%a6%e0%a6%be%e0%a6%b2%e0%a6%a4%e0%a7%87%e0%a6%b0-%e0%a6%b0/" "Mozilla/5.0 AppleWebKit/537.36 (KHTML, like Gecko; compatible; GPTBot/1.4; +https://openai.com/gptbot)"
74.7.243.200 - - [14/Sep/2026:18:39:26 +0600] "GET /wp-content/uploads/2026/09/6aa7e583073f117893881636aa7e58307401.jpg HTTP/1.1" 200 179283 "http://bangladaily.online/%e0%a6%93%e0%a6%ac%e0%a6%be%e0%a6%af%e0%a6%bc%e0%a6%a6%e0%a7%81%e0%a6%b2-%e0%a6%95%e0%a6%be%e0%a6%a6%e0%a7%87%e0%a6%b0%e0%a6%b8%e0%a6%b9-%e0%a7%ad-%e0%a6%9c%e0%a6%a8%e0%a7%87%e0%a6%b0-%e0%a6%b0/" "Mozilla/5.0 AppleWebKit/537.36 (KHTML, like Gecko; compatible; GPTBot/1.4; +https://openai.com/gptbot)"
74.7.243.200 - - [14/Sep/2026:18:39:27 +0600] "GET /wp-content/uploads/2026/09/6aa7d1721c7d917893830266aa7d1721c7ed-300x197.jpg HTTP/1.1" 200 20136 "http://bangladaily.online/%e0%a6%93%e0%a6%ac%e0%a6%be%e0%a6%af%e0%a6%bc%e0%a6%a6%e0%a7%81%e0%a6%b2-%e0%a6%95%e0%a6%be%e0%a6%a6%e0%a7%87%e0%a6%b0%e0%a6%b8%e0%a6%b9-%e0%a7%ad-%e0%a6%9c%e0%a6%a8%e0%a7%87%e0%a6%b0-%e0%a6%b0/" "Mozilla/5.0 AppleWebKit/537.36 (KHTML, like Gecko; compatible; GPTBot/1.4; +https://openai.com/gptbot)"
74.7.243.200 - - [14/Sep/2026:18:39:28 +0600] "GET /wp-content/uploads/2026/09/6aa7cd827010517893820186aa7cd8270117-300x197.jpg HTTP/1.1" 200 16704 "http://bangladaily.online/%e0%a6%93%e0%a6%ac%e0%a6%be%e0%a6%af%e0%a6%bc%e0%a6%a6%e0%a7%81%e0%a6%b2-%e0%a6%95%e0%a6%be%e0%a6%a6%e0%a7%87%e0%a6%b0%e0%a6%b8%e0%a6%b9-%e0%a7%ad-%e0%a6%9c%e0%a6%a8%e0%a7%87%e0%a6%b0-%e0%a6%b0/" "Mozilla/5.0 AppleWebKit/537.36 (KHTML, like Gecko; compatible; GPTBot/1.4; +https://openai.com/gptbot)"
74.7.243.200 - - [14/Sep/2026:18:39:29 +0600] "GET /?p=5011 HTTP/1.1" 301 52 "http://bangladaily.online/%e0%a6%a8%e0%a6%ad%e0%a7%87%e0%a6%ae%e0%a7%8d%e0%a6%ac%e0%a6%b0%e0%a7%87-%e0%a6%87%e0%a6%89%e0%a6%aa%e0%a6%bf-%e0%a6%ad%e0%a7%8b%e0%a6%9f-%e0%a6%b6%e0%a7%81%e0%a6%b0%e0%a7%81-%e0%a6%b8%e0%a7%8d/" "Mozilla/5.0 AppleWebKit/537.36 (KHTML, like Gecko; compatible; GPTBot/1.4; +https://openai.com/gptbot)"
74.7.243.200 - - [14/Sep/2026:18:39:30 +0600] "GET /wp-content/uploads/2026/09/6aa7cd827010517893820186aa7cd8270117.jpg HTTP/1.1" 200 118061 "http://bangladaily.online/%e0%a6%a8%e0%a6%ad%e0%a7%87%e0%a6%ae%e0%a7%8d%e0%a6%ac%e0%a6%b0%e0%a7%87-%e0%a6%87%e0%a6%89%e0%a6%aa%e0%a6%bf-%e0%a6%ad%e0%a7%8b%e0%a6%9f-%e0%a6%b6%e0%a7%81%e0%a6%b0%e0%a7%81-%e0%a6%b8%e0%a7%8d/" "Mozilla/5.0 AppleWebKit/537.36 (KHTML, like Gecko; compatible; GPTBot/1.4; +https://openai.com/gptbot)"
74.7.243.200 - - [14/Sep/2026:18:39:30 +0600] "GET /wp-content/uploads/2026/09/6aa7990a1d8b017893685866aa7990a1d8c0-300x197.jpg HTTP/1.1" 200 12222 "http://bangladaily.online/%e0%a6%a8%e0%a6%af%e0%a6%bc%e0%a6%be%e0%a6%a6%e0%a6%bf%e0%a6%b2%e0%a7%8d%e0%a6%b2%e0%a6%bf-%e0%a6%98%e0%a7%8b%e0%a6%b7%e0%a6%a3%e0%a6%be%e0%a6%aa%e0%a6%a4%e0%a7%8d%e0%a6%b0%e0%a7%87-%e0%a6%b8%e0%a6%a8/" "Mozilla/5.0 AppleWebKit/537.36 (KHTML, like Gecko; compatible; GPTBot/1.4; +https://openai.com/gptbot)"
74.7.243.200 - - [14/Sep/2026:18:39:31 +0600] "GET /wp-content/uploads/2026/09/protarona-top-image-mmspn95maflgkle-20260316112208.jpg HTTP/1.1" 200 30314 "http://bangladaily.online/%e0%a6%89%e0%a6%aa%e0%a6%a6%e0%a7%87%e0%a6%b7%e0%a7%8d%e0%a6%9f%e0%a6%be%e0%a6%b0-%e0%a6%b8%e0%a6%87-%e0%a6%9c%e0%a6%be%e0%a6%b2-%e0%a6%95%e0%a6%b0%e0%a7%87-%e0%a6%97%e0%a6%b0%e0%a7%81-%e0%a6%86/" "Mozilla/5.0 AppleWebKit/537.36 (KHTML, like Gecko; compatible; GPTBot/1.4; +https://openai.com/gptbot)"
74.7.243.200 - - [14/Sep/2026:18:39:32 +0600] "GET /wp-content/uploads/2026/09/6aa7e909caad117893890656aa7e909caae8-300x197.jpg HTTP/1.1" 200 16644 "http://bangladaily.online/%e0%a6%93%e0%a6%ac%e0%a6%be%e0%a6%af%e0%a6%bc%e0%a6%a6%e0%a7%81%e0%a6%b2-%e0%a6%95%e0%a6%be%e0%a6%a6%e0%a7%87%e0%a6%b0%e0%a6%b8%e0%a6%b9-%e0%a7%ad-%e0%a6%9c%e0%a6%a8%e0%a7%87%e0%a6%b0-%e0%a6%b0/" "Mozilla/5.0 AppleWebKit/537.36 (KHTML, like Gecko; compatible; GPTBot/1.4; +https://openai.com/gptbot)"
74.7.243.200 - - [14/Sep/2026:18:39:32 +0600] "GET /wp-content/uploads/2026/09/6aa7e583073f117893881636aa7e58307401-300x169.jpg HTTP/1.1" 200 16518 "http://bangladaily.online/%e0%a6%93%e0%a6%ac%e0%a6%be%e0%a6%af%e0%a6%bc%e0%a6%a6%e0%a7%81%e0%a6%b2-%e0%a6%95%e0%a6%be%e0%a6%a6%e0%a7%87%e0%a6%b0%e0%a6%b8%e0%a6%b9-%e0%a7%ad-%e0%a6%9c%e0%a6%a8%e0%a7%87%e0%a6%b0-%e0%a6%b0/" "Mozilla/5.0 AppleWebKit/537.36 (KHTML, like Gecko; compatible; GPTBot/1.4; +https://openai.com/gptbot)"
74.7.243.200 - - [14/Sep/2026:18:39:33 +0600] "GET /wp-content/uploads/2026/09/6aa7aeed5b82617893741896aa7aeed5b838-300x197.jpg HTTP/1.1" 200 24381 "http://bangladaily.online/%e0%a6%a8%e0%a6%af%e0%a6%bc%e0%a6%be%e0%a6%a6%e0%a6%bf%e0%a6%b2%e0%a7%8d%e0%a6%b2%e0%a6%bf-%e0%a6%98%e0%a7%8b%e0%a6%b7%e0%a6%a3%e0%a6%be%e0%a6%aa%e0%a6%a4%e0%a7%8d%e0%a6%b0%e0%a7%87-%e0%a6%b8%e0%a6%a8/" "Mozilla/5.0 AppleWebKit/537.36 (KHTML, like Gecko; compatible; GPTBot/1.4; +https://openai.com/gptbot)"
74.7.243.200 - - [14/Sep/2026:18:39:33 +0600] "GET /wp-content/uploads/2026/09/motamot-20260914094528-300x156.jpg HTTP/1.1" 200 17214 "http://bangladaily.online/author/admin/" "Mozilla/5.0 AppleWebKit/537.36 (KHTML, like Gecko; compatible; GPTBot/1.4; +https://openai.com/gptbot)"
74.7.243.200 - - [14/Sep/2026:18:39:34 +0600] "GET /wp-content/uploads/2026/09/6aa7da30d917717893852646aa7da30d917a-300x197.jpg HTTP/1.1" 200 12979 "http://bangladaily.online/%e0%a6%93%e0%a6%ac%e0%a6%be%e0%a6%af%e0%a6%bc%e0%a6%a6%e0%a7%81%e0%a6%b2-%e0%a6%95%e0%a6%be%e0%a6%a6%e0%a7%87%e0%a6%b0%e0%a6%b8%e0%a6%b9-%e0%a7%ad-%e0%a6%9c%e0%a6%a8%e0%a7%87%e0%a6%b0-%e0%a6%b0/" "Mozilla/5.0 AppleWebKit/537.36 (KHTML, like Gecko; compatible; GPTBot/1.4; +https://openai.com/gptbot)"
74.7.243.200 - - [14/Sep/2026:18:39:35 +0600] "GET /wp-content/uploads/2026/09/6aa7cbc82df5017893815766aa7cbc82df53-300x197.jpg HTTP/1.1" 200 18740 "http://bangladaily.online/%e0%a6%a8%e0%a6%af%e0%a6%bc%e0%a6%be%e0%a6%a6%e0%a6%bf%e0%a6%b2%e0%a7%8d%e0%a6%b2%e0%a6%bf-%e0%a6%98%e0%a7%8b%e0%a6%b7%e0%a6%a3%e0%a6%be%e0%a6%aa%e0%a6%a4%e0%a7%8d%e0%a6%b0%e0%a7%87-%e0%a6%b8%e0%a6%a8/" "Mozilla/5.0 AppleWebKit/537.36 (KHTML, like Gecko; compatible; GPTBot/1.4; +https://openai.com/gptbot)"
74.7.243.200 - - [14/Sep/2026:18:39:35 +0600] "GET /wp-content/uploads/2026/09/og_1789389106_6aa7e932caabd.jpeg HTTP/1.1" 200 26654 "http://bangladaily.online/%e0%a6%b8%e0%a6%be%e0%a6%a4%e0%a6%95%e0%a7%8d%e0%a6%b7%e0%a7%80%e0%a6%b0%e0%a6%be%e0%a6%af%e0%a6%bc-%e0%a6%aa%e0%a7%81%e0%a6%95%e0%a7%81%e0%a6%b0%e0%a7%87-%e0%a6%a1%e0%a7%81%e0%a6%ac%e0%a7%87/" "Mozilla/5.0 AppleWebKit/537.36 (KHTML, like Gecko; compatible; GPTBot/1.4; +https://openai.com/gptbot)"
116.202.222.251 - - [14/Sep/2026:18:39:36 +0600] "POST /wp-cron.php?doing_wp_cron=1789389576.8455860614776611328125 HTTP/1.1" 200 0 "-" "WordPress/7.1; http://bangladaily.online"
74.7.243.200 - - [14/Sep/2026:18:39:36 +0600] "GET /%e0%a6%a8%e0%a6%ad%e0%a7%87%e0%a6%ae%e0%a7%8d%e0%a6%ac%e0%a6%b0%e0%a7%87-%e0%a6%87%e0%a6%89%e0%a6%aa%e0%a6%bf-%e0%a6%ad%e0%a7%8b%e0%a6%9f-%e0%a6%b6%e0%a7%81%e0%a6%b0%e0%a7%81-%e0%a6%b8%e0%a7%8d/feed/ HTTP/1.1" 200 554 "http://bangladaily.online/%e0%a6%a8%e0%a6%ad%e0%a7%87%e0%a6%ae%e0%a7%8d%e0%a6%ac%e0%a6%b0%e0%a7%87-%e0%a6%87%e0%a6%89%e0%a6%aa%e0%a6%bf-%e0%a6%ad%e0%a7%8b%e0%a6%9f-%e0%a6%b6%e0%a7%81%e0%a6%b0%e0%a7%81-%e0%a6%b8%e0%a7%8d/" "Mozilla/5.0 AppleWebKit/537.36 (KHTML, like Gecko; compatible; GPTBot/1.4; +https://openai.com/gptbot)"
74.7.243.200 - - [14/Sep/2026:18:39:38 +0600] "GET /%e0%a6%ac%e0%a6%bf%e0%a6%ae%e0%a6%be-%e0%a6%96%e0%a6%be%e0%a6%a4%e0%a7%87-%e0%a6%ac%e0%a6%95%e0%a7%87%e0%a6%af%e0%a6%bc%e0%a6%be-%e0%a6%a6%e0%a6%be%e0%a6%ac%e0%a6%bf-%e0%a7%ad-%e0%a6%b9%e0%a6%be/ HTTP/1.1" 200 16456 "http://bangladaily.online/%e0%a6%a8%e0%a6%ad%e0%a7%87%e0%a6%ae%e0%a7%8d%e0%a6%ac%e0%a6%b0%e0%a7%87-%e0%a6%87%e0%a6%89%e0%a6%aa%e0%a6%bf-%e0%a6%ad%e0%a7%8b%e0%a6%9f-%e0%a6%b6%e0%a7%81%e0%a6%b0%e0%a7%81-%e0%a6%b8%e0%a7%8d/" "Mozilla/5.0 AppleWebKit/537.36 (KHTML, like Gecko; compatible; GPTBot/1.4; +https://openai.com/gptbot)"
74.7.243.200 - - [14/Sep/2026:18:39:39 +0600] "GET /%e0%a6%aa%e0%a7%8d%e0%a6%b0%e0%a6%a5%e0%a6%ae%e0%a6%ac%e0%a6%be%e0%a6%b0-%e0%a6%ad%e0%a6%be%e0%a6%b0%e0%a6%a4-%e0%a6%a5%e0%a7%87%e0%a6%95%e0%a7%87-%e0%a6%8f%e0%a6%b2%e0%a7%8b-%e0%a7%ab%e0%a7%a6/ HTTP/1.1" 429 0 "http://bangladaily.online/%e0%a6%a8%e0%a6%af%e0%a6%bc%e0%a6%be%e0%a6%a6%e0%a6%bf%e0%a6%b2%e0%a7%8d%e0%a6%b2%e0%a6%bf-%e0%a6%98%e0%a7%8b%e0%a6%b7%e0%a6%a3%e0%a6%be%e0%a6%aa%e0%a6%a4%e0%a7%8d%e0%a6%b0%e0%a7%87-%e0%a6%b8%e0%a6%a8/" "Mozilla/5.0 AppleWebKit/537.36 (KHTML, like Gecko; compatible; GPTBot/1.4; +https://openai.com/gptbot)"
74.7.243.200 - - [14/Sep/2026:18:39:39 +0600] "GET /%e0%a6%b8%e0%a7%8d%e0%a6%a5%e0%a6%be%e0%a6%a8%e0%a7%80%e0%a6%af%e0%a6%bc-%e0%a6%ad%e0%a7%8b%e0%a6%9f%e0%a7%87-%e0%a6%ac%e0%a6%bf%e0%a6%a6%e0%a7%8d%e0%a6%b0%e0%a7%8b%e0%a6%b9%e0%a7%80-%e0%a6%aa/ HTTP/1.1" 429 0 "http://bangladaily.online/%e0%a6%8f%e0%a6%86%e0%a6%87-%e0%a6%ac%e0%a7%8d%e0%a6%af%e0%a6%ac%e0%a6%b9%e0%a6%be%e0%a6%b0-%e0%a6%95%e0%a6%b0%e0%a7%87-%e0%a6%86%e0%a6%a6%e0%a6%be%e0%a6%b2%e0%a6%a4%e0%a7%87%e0%a6%b0-%e0%a6%b0/" "Mozilla/5.0 AppleWebKit/537.36 (KHTML, like Gecko; compatible; GPTBot/1.4; +https://openai.com/gptbot)"
74.7.243.200 - - [14/Sep/2026:18:39:40 +0600] "GET /%e0%a6%a1%e0%a6%be%e0%a6%95%e0%a6%b8%e0%a7%81%e0%a6%b0-%e0%a6%ac%e0%a6%bf%e0%a6%ad%e0%a6%bf%e0%a6%a8%e0%a7%8d%e0%a6%a8-%e0%a6%95%e0%a6%b0%e0%a7%8d%e0%a6%ae%e0%a6%95%e0%a6%be%e0%a6%a3%e0%a7%8d%e0%a6%a1/ HTTP/1.1" 429 0 "http://bangladaily.online/%e0%a6%a8%e0%a6%af%e0%a6%bc%e0%a6%be%e0%a6%a6%e0%a6%bf%e0%a6%b2%e0%a7%8d%e0%a6%b2%e0%a6%bf-%e0%a6%98%e0%a7%8b%e0%a6%b7%e0%a6%a3%e0%a6%be%e0%a6%aa%e0%a6%a4%e0%a7%8d%e0%a6%b0%e0%a7%87-%e0%a6%b8%e0%a6%a8/" "Mozilla/5.0 AppleWebKit/537.36 (KHTML, like Gecko; compatible; GPTBot/1.4; +https://openai.com/gptbot)"
74.7.243.200 - - [14/Sep/2026:18:39:41 +0600] "GET /%e0%a6%b8%e0%a6%be%e0%a6%a1%e0%a6%bc%e0%a7%87-%e0%a7%ac-%e0%a6%95%e0%a7%8b%e0%a6%9f%e0%a6%bf-%e0%a6%ac%e0%a6%9b%e0%a6%b0-%e0%a6%aa%e0%a6%b0-%e0%a6%ae%e0%a6%bf%e0%a6%b2%e0%a6%b2-%e0%a6%a1%e0%a6%be/ HTTP/1.1" 429 0 "http://bangladaily.online/%e0%a6%a8%e0%a6%af%e0%a6%bc%e0%a6%be%e0%a6%a6%e0%a6%bf%e0%a6%b2%e0%a7%8d%e0%a6%b2%e0%a6%bf-%e0%a6%98%e0%a7%8b%e0%a6%b7%e0%a6%a3%e0%a6%be%e0%a6%aa%e0%a6%a4%e0%a7%8d%e0%a6%b0%e0%a7%87-%e0%a6%b8%e0%a6%a8/" "Mozilla/5.0 AppleWebKit/537.36 (KHTML, like Gecko; compatible; GPTBot/1.4; +https://openai.com/gptbot)"
74.7.243.200 - - [14/Sep/2026:18:39:43 +0600] "GET /%E0%A6%A8%E0%A6%AF%E0%A6%BC%E0%A6%BE%E0%A6%A6%E0%A6%BF%E0%A6%B2%E0%A7%8D%E0%A6%B2%E0%A6%BF-%E0%A6%98%E0%A7%8B%E0%A6%B7%E0%A6%A3%E0%A6%BE%E0%A6%AA%E0%A6%A4%E0%A7%8D%E0%A6%B0%E0%A7%87-%E0%A6%B8%E0%A6%A8/ HTTP/1.1" 429 0 "http://bangladaily.online/%e0%a6%a8%e0%a6%af%e0%a6%bc%e0%a6%be%e0%a6%a6%e0%a6%bf%e0%a6%b2%e0%a7%8d%e0%a6%b2%e0%a6%bf-%e0%a6%98%e0%a7%8b%e0%a6%b7%e0%a6%a3%e0%a6%be%e0%a6%aa%e0%a6%a4%e0%a7%8d%e0%a6%b0%e0%a7%87-%e0%a6%b8%e0%a6%a8/" "Mozilla/5.0 AppleWebKit/537.36 (KHTML, like Gecko; compatible; GPTBot/1.4; +https://openai.com/gptbot)"
116.202.222.251 - - [14/Sep/2026:18:35:03 +0600] "GET /?wp_automatic=cron HTTP/1.1" 200 1573 "-" "curl/7.61.1"
51.89.71.94 - - [14/Sep/2026:18:35:35 +0600] "GET /wp-content/uploads/2026/09/og_1789352542_6aa75a5e42d84.jpeg HTTP/1.1" 200 43870 "-" "Mozilla/5.0 (compatible; AhrefsBot/7.0; +http://ahrefs.com/robot/)"
74.7.243.200 - - [14/Sep/2026:18:36:00 +0600] "GET /wp-content/uploads/2026/09/og_1789389106_6aa7e932caabd.jpeg HTTP/1.1" 429 0 "http://bangladaily.online/" "Mozilla/5.0 AppleWebKit/537.36 (KHTML, like Gecko; compatible; GPTBot/1.4; +https://openai.com/gptbot)"
116.202.222.251 - - [14/Sep/2026:18:36:02 +0600] "GET /?wp_automatic=cron HTTP/1.1" 200 2372 "-" "curl/7.61.1"
74.7.243.200 - - [14/Sep/2026:18:37:16 +0600] "GET /%e0%a6%a8%e0%a6%af%e0%a6%bc%e0%a6%be%e0%a6%a6%e0%a6%bf%e0%a6%b2%e0%a7%8d%e0%a6%b2%e0%a6%bf-%e0%a6%98%e0%a7%8b%e0%a6%b7%e0%a6%a3%e0%a6%be%e0%a6%aa%e0%a6%a4%e0%a7%8d%e0%a6%b0%e0%a7%87-%e0%a6%b8%e0%a6%a8/ HTTP/1.1" 200 19235 "http://bangladaily.online/" "Mozilla/5.0 AppleWebKit/537.36 (KHTML, like Gecko; compatible; GPTBot/1.4; +https://openai.com/gptbot)"
74.7.243.200 - - [14/Sep/2026:18:37:54 +0600] "GET /%e0%a6%ac%e0%a6%be%e0%a6%b0%e0%a7%8d%e0%a6%a8-%e0%a6%87%e0%a6%a8%e0%a6%b8%e0%a7%8d%e0%a6%9f%e0%a6%bf%e0%a6%9f%e0%a6%bf%e0%a6%89%e0%a6%9f%e0%a7%87%e0%a6%b0-%e0%a6%b8%e0%a6%be%e0%a6%ae%e0%a6%a8%e0%a7%87/ HTTP/1.1" 200 14610 "http://bangladaily.online/" "Mozilla/5.0 AppleWebKit/537.36 (KHTML, like Gecko; compatible; GPTBot/1.4; +https://openai.com/gptbot)"
74.7.243.200 - - [14/Sep/2026:18:38:04 +0600] "GET /%e0%a6%b8%e0%a6%be%e0%a6%a4%e0%a6%95%e0%a7%8d%e0%a6%b7%e0%a7%80%e0%a6%b0%e0%a6%be%e0%a6%af%e0%a6%bc-%e0%a6%aa%e0%a7%81%e0%a6%95%e0%a7%81%e0%a6%b0%e0%a7%87-%e0%a6%a1%e0%a7%81%e0%a6%ac%e0%a7%87/ HTTP/1.1" 200 14514 "http://bangladaily.online/" "Mozilla/5.0 AppleWebKit/537.36 (KHTML, like Gecko; compatible; GPTBot/1.4; +https://openai.com/gptbot)"
74.7.243.200 - - [14/Sep/2026:18:38:18 +0600] "GET /%e0%a6%8f%e0%a6%86%e0%a6%87-%e0%a6%ac%e0%a7%8d%e0%a6%af%e0%a6%ac%e0%a6%b9%e0%a6%be%e0%a6%b0-%e0%a6%95%e0%a6%b0%e0%a7%87-%e0%a6%86%e0%a6%a6%e0%a6%be%e0%a6%b2%e0%a6%a4%e0%a7%87%e0%a6%b0-%e0%a6%b0/ HTTP/1.1" 200 15746 "http://bangladaily.online/" "Mozilla/5.0 AppleWebKit/537.36 (KHTML, like Gecko; compatible; GPTBot/1.4; +https://openai.com/gptbot)"
74.7.243.200 - - [14/Sep/2026:18:39:45 +0600] "GET /%E0%A6%89%E0%A6%AA%E0%A6%A6%E0%A7%87%E0%A6%B7%E0%A7%8D%E0%A6%9F%E0%A6%BE%E0%A6%B0-%E0%A6%B8%E0%A6%87-%E0%A6%9C%E0%A6%BE%E0%A6%B2-%E0%A6%95%E0%A6%B0%E0%A7%87-%E0%A6%97%E0%A6%B0%E0%A7%81-%E0%A6%86/ HTTP/1.1" 429 0 "http://bangladaily.online/%e0%a6%89%e0%a6%aa%e0%a6%a6%e0%a7%87%e0%a6%b7%e0%a7%8d%e0%a6%9f%e0%a6%be%e0%a6%b0-%e0%a6%b8%e0%a6%87-%e0%a6%9c%e0%a6%be%e0%a6%b2-%e0%a6%95%e0%a6%b0%e0%a7%87-%e0%a6%97%e0%a6%b0%e0%a7%81-%e0%a6%86/" "Mozilla/5.0 AppleWebKit/537.36 (KHTML, like Gecko; compatible; GPTBot/1.4; +https://openai.com/gptbot)"
