51.89.74.203 - - [14/Sep/2026:21:31:50 +0600] "GET /%E0%A6%AC%E0%A6%BE%E0%A6%A1%E0%A7%8D%E0%A6%A1%E0%A6%BE%E0%A6%AF%E0%A6%BC-%E0%A6%B8%E0%A7%8D%E0%A6%A4%E0%A7%8D%E0%A6%B0%E0%A7%80%E0%A6%B0-%E0%A6%B8%E0%A6%99%E0%A7%8D%E0%A6%97%E0%A7%87-%E0%A6%85/ HTTP/1.1" 200 15017 "-" "Mozilla/5.0 (compatible; AhrefsBot/7.0; +http://ahrefs.com/robot/)"
74.7.243.200 - - [14/Sep/2026:21:33:31 +0600] "GET /wp-content/uploads/2026/08/6a893cd2756dc17873788986a893cd2756ec-300x197.jpg HTTP/1.1" 429 0 "http://bangladaily.online/category/%E0%A6%AC%E0%A6%BF%E0%A6%A8%E0%A7%8B%E0%A6%A6%E0%A6%A8/page/3/" "Mozilla/5.0 AppleWebKit/537.36 (KHTML, like Gecko; compatible; GPTBot/1.4; +https://openai.com/gptbot)"
116.202.222.251 - - [14/Sep/2026:21:33:34 +0600] "POST /wp-cron.php?doing_wp_cron=1789400014.4214820861816406250000 HTTP/1.1" 200 0 "-" "WordPress/7.1; http://bangladaily.online"
51.89.59.32 - - [14/Sep/2026:21:33:33 +0600] "GET /%E0%A6%AC%E0%A6%BE%E0%A6%B0%E0%A7%8D%E0%A6%B8%E0%A7%87%E0%A6%B2%E0%A7%8B%E0%A6%A8%E0%A6%BE%E0%A6%AF%E0%A6%BC-%E0%A6%AA%E0%A6%BE-%E0%A6%B0%E0%A6%BE%E0%A6%96%E0%A6%B2%E0%A7%87%E0%A6%A8-%E0%A6%B0/ HTTP/1.1" 200 15497 "-" "Mozilla/5.0 (compatible; AhrefsBot/7.0; +http://ahrefs.com/robot/)"
74.7.243.200 - - [14/Sep/2026:21:33:51 +0600] "GET /wp-content/uploads/2026/08/6a8be1b05f42717875521766a8be1b05f42b-300x197.jpg HTTP/1.1" 200 10866 "http://bangladaily.online/category/%E0%A6%AC%E0%A6%BF%E0%A6%A8%E0%A7%8B%E0%A6%A6%E0%A6%A8/page/3/" "Mozilla/5.0 AppleWebKit/537.36 (KHTML, like Gecko; compatible; GPTBot/1.4; +https://openai.com/gptbot)"
116.202.222.251 - - [14/Sep/2026:21:34:02 +0600] "GET /?wp_automatic=cron HTTP/1.1" 200 1567 "-" "curl/7.61.1"
74.7.243.200 - - [14/Sep/2026:21:34:27 +0600] "GET /wp-content/uploads/2026/08/6a8429990312b17870462976a8429990312e-300x197.jpg HTTP/1.1" 429 0 "http://bangladaily.online/category/%E0%A6%AC%E0%A6%BF%E0%A6%A8%E0%A7%8B%E0%A6%A6%E0%A6%A8/page/3/" "Mozilla/5.0 AppleWebKit/537.36 (KHTML, like Gecko; compatible; GPTBot/1.4; +https://openai.com/gptbot)"
116.202.222.251 - - [14/Sep/2026:21:34:47 +0600] "POST /wp-cron.php?doing_wp_cron=1789400087.6575338840484619140625 HTTP/1.1" 200 0 "-" "WordPress/7.1; http://bangladaily.online"
74.7.243.200 - - [14/Sep/2026:21:33:16 +0600] "GET /wp-content/uploads/2026/09/hijeck-mu18l01z8otiu9d-20260914185404-300x156.jpg HTTP/1.1" 429 0 "http://bangladaily.online/category/%E0%A6%AC%E0%A6%BF%E0%A6%A8%E0%A7%8B%E0%A6%A6%E0%A6%A8/page/3/" "Mozilla/5.0 AppleWebKit/537.36 (KHTML, like Gecko; compatible; GPTBot/1.4; +https://openai.com/gptbot)"
74.7.243.200 - - [14/Sep/2026:21:34:11 +0600] "GET /wp-content/uploads/2026/08/6a8953184d80617873846006a8953184d81b-300x197.jpg HTTP/1.1" 429 0 "http://bangladaily.online/category/%E0%A6%AC%E0%A6%BF%E0%A6%A8%E0%A7%8B%E0%A6%A6%E0%A6%A8/page/3/" "Mozilla/5.0 AppleWebKit/537.36 (KHTML, like Gecko; compatible; GPTBot/1.4; +https://openai.com/gptbot)"
74.7.243.200 - - [14/Sep/2026:21:34:46 +0600] "GET /%e0%a7%a7%e0%a7%ad%e0%a7%ac-%e0%a6%95%e0%a7%8b%e0%a6%9f%e0%a6%bf-%e0%a6%9f%e0%a6%be%e0%a6%95%e0%a6%be-%e0%a6%86%e0%a6%a4%e0%a7%8d%e0%a6%ae%e0%a6%b8%e0%a6%be%e0%a7%8e-%e0%a6%b9%e0%a6%be%e0%a6%b8/ HTTP/1.1" 200 15208 "http://bangladaily.online/%e0%a6%ad%e0%a6%b0%e0%a6%bf%e0%a6%a4%e0%a7%87-%e0%a6%b8%e0%a7%8b%e0%a6%a8%e0%a6%be%e0%a6%b0-%e0%a6%a6%e0%a6%be%e0%a6%ae-%e0%a6%ac%e0%a6%be%e0%a6%a1%e0%a6%bc%e0%a6%b2-%e0%a7%ab%e0%a7%aa%e0%a7%ae/" "Mozilla/5.0 AppleWebKit/537.36 (KHTML, like Gecko; compatible; GPTBot/1.4; +https://openai.com/gptbot)"
51.89.71.149 - - [14/Sep/2026:21:34:47 +0600] "GET /%E0%A6%AA%E0%A7%8D%E0%A6%B0%E0%A6%A7%E0%A6%BE%E0%A6%A8%E0%A6%AE%E0%A6%A8%E0%A7%8D%E0%A6%A4%E0%A7%8D%E0%A6%B0%E0%A7%80%E0%A6%95%E0%A7%87-%E0%A6%B8%E0%A6%A0%E0%A6%BF%E0%A6%95-%E0%A6%AE%E0%A6%B0%E0%A7%8D/feed/ HTTP/1.1" 200 628 "-" "Mozilla/5.0 (compatible; AhrefsBot/7.0; +http://ahrefs.com/robot/)"
74.7.243.200 - - [14/Sep/2026:21:35:07 +0600] "GET /%e0%a6%8f%e0%a6%95%e0%a6%be%e0%a6%a6%e0%a6%b6%e0%a7%87-%e0%a6%ad%e0%a6%b0%e0%a7%8d%e0%a6%a4%e0%a6%bf%e0%a6%a4%e0%a7%87-%e0%a6%aa%e0%a7%8d%e0%a6%b0%e0%a6%be%e0%a6%af%e0%a6%bc-%e0%a7%a7%e0%a7%a6/ HTTP/1.1" 429 0 "http://bangladaily.online/%e0%a6%ad%e0%a6%b0%e0%a6%bf%e0%a6%a4%e0%a7%87-%e0%a6%b8%e0%a7%8b%e0%a6%a8%e0%a6%be%e0%a6%b0-%e0%a6%a6%e0%a6%be%e0%a6%ae-%e0%a6%ac%e0%a6%be%e0%a6%a1%e0%a6%bc%e0%a6%b2-%e0%a7%ab%e0%a7%aa%e0%a7%ae/" "Mozilla/5.0 AppleWebKit/537.36 (KHTML, like Gecko; compatible; GPTBot/1.4; +https://openai.com/gptbot)"
116.202.222.251 - - [14/Sep/2026:21:35:23 +0600] "POST /wp-cron.php?doing_wp_cron=1789400123.8291258811950683593750 HTTP/1.1" 200 0 "-" "WordPress/7.1; http://bangladaily.online"
74.7.243.200 - - [14/Sep/2026:21:35:22 +0600] "GET /%e0%a6%b2%e0%a6%95%e0%a7%8d%e0%a6%b7%e0%a7%8d%e0%a6%ae%e0%a7%80%e0%a6%aa%e0%a7%81%e0%a6%b0%e0%a7%87-%e0%a6%85%e0%a6%ac%e0%a7%88%e0%a6%a7%e0%a6%ad%e0%a6%be%e0%a6%ac%e0%a7%87-%e0%a6%ae%e0%a6%9c%e0%a7%81/ HTTP/1.1" 200 14287 "http://bangladaily.online/%e0%a6%ad%e0%a6%b0%e0%a6%bf%e0%a6%a4%e0%a7%87-%e0%a6%b8%e0%a7%8b%e0%a6%a8%e0%a6%be%e0%a6%b0-%e0%a6%a6%e0%a6%be%e0%a6%ae-%e0%a6%ac%e0%a6%be%e0%a6%a1%e0%a6%bc%e0%a6%b2-%e0%a7%ab%e0%a7%aa%e0%a7%ae/" "Mozilla/5.0 AppleWebKit/537.36 (KHTML, like Gecko; compatible; GPTBot/1.4; +https://openai.com/gptbot)"
116.202.222.251 - - [14/Sep/2026:21:35:39 +0600] "POST /wp-cron.php?doing_wp_cron=1789400139.4026958942413330078125 HTTP/1.1" 200 0 "-" "WordPress/7.1; http://bangladaily.online"
51.89.71.90 - - [14/Sep/2026:21:36:01 +0600] "GET /%E0%A6%87%E0%A6%B8%E0%A6%B2%E0%A6%BE%E0%A6%AE%E0%A6%BE%E0%A6%AC%E0%A6%BE%E0%A6%A6%E0%A7%87-%E0%A6%88%E0%A6%A6%E0%A7%87-%E0%A6%AE%E0%A6%BF%E0%A6%B2%E0%A6%BE%E0%A6%A6%E0%A7%81%E0%A6%A8%E0%A7%8D%E0%A6%A8/ HTTP/1.1" 200 15745 "-" "Mozilla/5.0 (compatible; AhrefsBot/7.0; +http://ahrefs.com/robot/)"
116.202.222.251 - - [14/Sep/2026:21:36:03 +0600] "GET /?wp_automatic=cron HTTP/1.1" 200 1569 "-" "curl/7.61.1"
74.7.243.200 - - [14/Sep/2026:21:36:11 +0600] "GET /%E0%A6%AD%E0%A6%B0%E0%A6%BF%E0%A6%A4%E0%A7%87-%E0%A6%B8%E0%A7%8B%E0%A6%A8%E0%A6%BE%E0%A6%B0-%E0%A6%A6%E0%A6%BE%E0%A6%AE-%E0%A6%AC%E0%A6%BE%E0%A6%A1%E0%A6%BC%E0%A6%B2-%E0%A7%AB%E0%A7%AA%E0%A7%AE/ HTTP/1.1" 429 0 "http://bangladaily.online/%e0%a6%ad%e0%a6%b0%e0%a6%bf%e0%a6%a4%e0%a7%87-%e0%a6%b8%e0%a7%8b%e0%a6%a8%e0%a6%be%e0%a6%b0-%e0%a6%a6%e0%a6%be%e0%a6%ae-%e0%a6%ac%e0%a6%be%e0%a6%a1%e0%a6%bc%e0%a6%b2-%e0%a7%ab%e0%a7%aa%e0%a7%ae/" "Mozilla/5.0 AppleWebKit/537.36 (KHTML, like Gecko; compatible; GPTBot/1.4; +https://openai.com/gptbot)"
74.7.243.200 - - [14/Sep/2026:21:36:21 +0600] "GET /%e0%a6%a6%e0%a7%81%e0%a6%b0%e0%a7%8d%e0%a6%97%e0%a6%be%e0%a6%aa%e0%a7%82%e0%a6%9c%e0%a6%be%e0%a6%af%e0%a6%bc-%e0%a6%87%e0%a6%b2%e0%a6%bf%e0%a6%b6-%e0%a6%b0%e0%a6%aa%e0%a7%8d%e0%a6%a4%e0%a6%be%e0%a6%a8/ HTTP/1.1" 429 0 "http://bangladaily.online/%e0%a6%ad%e0%a6%b0%e0%a6%bf%e0%a6%a4%e0%a7%87-%e0%a6%b8%e0%a7%8b%e0%a6%a8%e0%a6%be%e0%a6%b0-%e0%a6%a6%e0%a6%be%e0%a6%ae-%e0%a6%ac%e0%a6%be%e0%a6%a1%e0%a6%bc%e0%a6%b2-%e0%a7%ab%e0%a7%aa%e0%a7%ae/" "Mozilla/5.0 AppleWebKit/537.36 (KHTML, like Gecko; compatible; GPTBot/1.4; +https://openai.com/gptbot)"
116.202.222.251 - - [14/Sep/2026:21:36:34 +0600] "POST /wp-cron.php?doing_wp_cron=1789400194.0870521068572998046875 HTTP/1.1" 200 0 "-" "WordPress/7.1; http://bangladaily.online"
116.202.222.251 - - [14/Sep/2026:21:37:02 +0600] "GET /?wp_automatic=cron HTTP/1.1" 200 2147 "-" "curl/7.61.1"
74.7.243.200 - - [14/Sep/2026:21:37:13 +0600] "GET /%e0%a6%aa%e0%a6%be%e0%a6%95%e0%a6%bf%e0%a6%b8%e0%a7%8d%e0%a6%a4%e0%a6%be%e0%a6%a8%e0%a7%87%e0%a6%b0-%e0%a6%b9%e0%a6%be%e0%a6%b8%e0%a6%aa%e0%a6%be%e0%a6%a4%e0%a6%be%e0%a6%b2%e0%a7%87-%e0%a6%86%e0%a6%97/ HTTP/1.1" 200 15337 "http://bangladaily.online/%e0%a6%ad%e0%a6%b0%e0%a6%bf%e0%a6%a4%e0%a7%87-%e0%a6%b8%e0%a7%8b%e0%a6%a8%e0%a6%be%e0%a6%b0-%e0%a6%a6%e0%a6%be%e0%a6%ae-%e0%a6%ac%e0%a6%be%e0%a6%a1%e0%a6%bc%e0%a6%b2-%e0%a7%ab%e0%a7%aa%e0%a7%ae/" "Mozilla/5.0 AppleWebKit/537.36 (KHTML, like Gecko; compatible; GPTBot/1.4; +https://openai.com/gptbot)"
116.202.222.251 - - [14/Sep/2026:21:35:03 +0600] "GET /?wp_automatic=cron HTTP/1.1" 200 1569 "-" "curl/7.61.1"
185.191.171.3 - - [14/Sep/2026:21:35:38 +0600] "GET /%E0%A7%A8%E0%A7%A6-%E0%A6%9F%E0%A6%BE%E0%A6%95%E0%A6%BE%E0%A6%B0-%E0%A6%AC%E0%A6%BF%E0%A6%B0%E0%A7%8B%E0%A6%A7%E0%A7%87-%E0%A6%AC%E0%A6%BE%E0%A6%AC%E0%A6%BE%E0%A6%B0-%E0%A6%B8%E0%A6%BE%E0%A6%AE/ HTTP/1.1" 200 20299 "-" "Mozilla/5.0 (compatible; SemrushBot/7~bl; +http://www.semrush.com/bot.html)"
74.7.243.200 - - [14/Sep/2026:21:35:42 +0600] "GET /%e0%a6%aa%e0%a7%8d%e0%a6%b0%e0%a6%ad%e0%a6%be%e0%a6%b0-%e0%a6%a4%e0%a7%83%e0%a6%a4%e0%a7%80%e0%a6%af%e0%a6%bc-%e0%a6%ac%e0%a6%bf%e0%a6%af%e0%a6%bc%e0%a7%87-%e0%a6%a8%e0%a6%bf%e0%a6%af%e0%a6%bc/ HTTP/1.1" 200 15551 "http://bangladaily.online/category/%E0%A6%AC%E0%A6%BF%E0%A6%A8%E0%A7%8B%E0%A6%A6%E0%A6%A8/page/3/" "Mozilla/5.0 AppleWebKit/537.36 (KHTML, like Gecko; compatible; GPTBot/1.4; +https://openai.com/gptbot)"
51.89.38.129 - - [14/Sep/2026:21:35:45 +0600] "GET /wp-content/uploads/2026/09/og_1789392930_6aa7f8223cf51.jpeg HTTP/1.1" 200 36220 "-" "Mozilla/5.0 (compatible; AhrefsBot/7.0; +http://ahrefs.com/robot/)"
74.7.243.200 - - [14/Sep/2026:21:35:59 +0600] "GET /%e0%a6%b8%e0%a7%8d%e0%a6%a5%e0%a6%be%e0%a6%a8%e0%a7%80%e0%a6%af%e0%a6%bc-%e0%a6%b8%e0%a6%b0%e0%a6%95%e0%a6%be%e0%a6%b0-%e0%a6%a8%e0%a6%bf%e0%a6%b0%e0%a7%8d%e0%a6%ac%e0%a6%be%e0%a6%9a%e0%a6%a8/ HTTP/1.1" 200 14363 "http://bangladaily.online/%e0%a6%89%e0%a6%a4%e0%a7%8d%e0%a6%a4%e0%a6%b0-%e0%a6%95%e0%a7%8b%e0%a6%b0%e0%a6%bf%e0%a6%af%e0%a6%bc%e0%a6%be%e0%a6%b0-%e0%a6%ac%e0%a6%bf%e0%a6%aa%e0%a6%95%e0%a7%8d%e0%a6%b7%e0%a7%87-%e0%a7%a7/" "Mozilla/5.0 AppleWebKit/537.36 (KHTML, like Gecko; compatible; GPTBot/1.4; +https://openai.com/gptbot)"
116.202.222.251 - - [14/Sep/2026:21:36:29 +0600] "POST /wp-cron.php?doing_wp_cron=1789400189.4554710388183593750000 HTTP/1.1" 200 0 "-" "WordPress/7.1; http://bangladaily.online"
185.191.171.7 - - [14/Sep/2026:21:36:28 +0600] "GET /%E0%A6%A4%E0%A7%87%E0%A6%9C%E0%A6%97%E0%A6%BE%E0%A6%81%E0%A6%93-%E0%A6%8F%E0%A6%B2%E0%A6%BE%E0%A6%95%E0%A6%BE%E0%A6%AF%E0%A6%BC-%E0%A6%AC%E0%A6%BF%E0%A6%B6%E0%A7%87%E0%A6%B7-%E0%A6%85%E0%A6%AD/ HTTP/1.1" 200 19263 "-" "Mozilla/5.0 (compatible; SemrushBot/7~bl; +http://www.semrush.com/bot.html)"
51.89.38.139 - - [14/Sep/2026:21:36:32 +0600] "GET /%E0%A6%9A%E0%A7%87%E0%A6%AF%E0%A6%BC%E0%A6%BE%E0%A6%B0%E0%A6%AE%E0%A7%8D%E0%A6%AF%E0%A6%BE%E0%A6%A8-%E0%A6%B8%E0%A6%A6%E0%A6%B8%E0%A7%8D%E0%A6%AF-%E0%A6%A6%E0%A7%8D%E0%A6%AC%E0%A6%A8%E0%A7%8D%E0%A6%A6/ HTTP/1.1" 200 15222 "-" "Mozilla/5.0 (compatible; AhrefsBot/7.0; +http://ahrefs.com/robot/)"
74.7.243.200 - - [14/Sep/2026:21:36:37 +0600] "GET /%e0%a6%ae%e0%a6%be%e0%a6%a6%e0%a6%95-%e0%a6%ae%e0%a6%be%e0%a6%ae%e0%a6%b2%e0%a6%be%e0%a6%b0-%e0%a6%86%e0%a6%b8%e0%a6%be%e0%a6%ae%e0%a6%bf-%e0%a6%a7%e0%a6%b0%e0%a6%a4%e0%a7%87-%e0%a6%97%e0%a6%bf/ HTTP/1.1" 200 15276 "http://bangladaily.online/category/%E0%A6%AC%E0%A6%BF%E0%A6%A8%E0%A7%8B%E0%A6%A6%E0%A6%A8/page/3/" "Mozilla/5.0 AppleWebKit/537.36 (KHTML, like Gecko; compatible; GPTBot/1.4; +https://openai.com/gptbot)"
74.7.243.200 - - [14/Sep/2026:21:36:57 +0600] "GET /%E0%A6%B0%E0%A6%BE%E0%A6%AE%E0%A7%87%E0%A6%95-%E0%A6%B9%E0%A6%BE%E0%A6%B8%E0%A6%AA%E0%A6%BE%E0%A6%A4%E0%A6%BE%E0%A6%B2%E0%A7%87-%E0%A6%AA%E0%A7%8D%E0%A6%B0%E0%A6%A5%E0%A6%AE%E0%A6%AC%E0%A6%BE%E0%A6%B0/ HTTP/1.1" 200 15175 "http://bangladaily.online/%e0%a6%b0%e0%a6%be%e0%a6%ae%e0%a7%87%e0%a6%95-%e0%a6%b9%e0%a6%be%e0%a6%b8%e0%a6%aa%e0%a6%be%e0%a6%a4%e0%a6%be%e0%a6%b2%e0%a7%87-%e0%a6%aa%e0%a7%8d%e0%a6%b0%e0%a6%a5%e0%a6%ae%e0%a6%ac%e0%a6%be%e0%a6%b0/" "Mozilla/5.0 AppleWebKit/537.36 (KHTML, like Gecko; compatible; GPTBot/1.4; +https://openai.com/gptbot)"
51.89.74.196 - - [14/Sep/2026:21:37:09 +0600] "GET /%E0%A6%96%E0%A7%81%E0%A6%B2%E0%A6%A8%E0%A6%BE%E0%A6%AF%E0%A6%BC-%E0%A6%95%E0%A6%AE%E0%A7%87%E0%A6%9B%E0%A7%87-%E0%A6%B8%E0%A6%AC%E0%A6%9C%E0%A6%BF%E0%A6%B0-%E0%A6%A6%E0%A6%BE%E0%A6%AE-%E0%A6%9A/ HTTP/1.1" 200 16415 "-" "Mozilla/5.0 (compatible; AhrefsBot/7.0; +http://ahrefs.com/robot/)"
74.7.243.200 - - [14/Sep/2026:21:37:26 +0600] "GET /%E0%A6%89%E0%A6%A4%E0%A7%8D%E0%A6%A4%E0%A6%B0-%E0%A6%95%E0%A7%8B%E0%A6%B0%E0%A6%BF%E0%A6%AF%E0%A6%BC%E0%A6%BE%E0%A6%B0-%E0%A6%AC%E0%A6%BF%E0%A6%AA%E0%A6%95%E0%A7%8D%E0%A6%B7%E0%A7%87-%E0%A7%A7/ HTTP/1.1" 429 0 "http://bangladaily.online/%e0%a6%89%e0%a6%a4%e0%a7%8d%e0%a6%a4%e0%a6%b0-%e0%a6%95%e0%a7%8b%e0%a6%b0%e0%a6%bf%e0%a6%af%e0%a6%bc%e0%a6%be%e0%a6%b0-%e0%a6%ac%e0%a6%bf%e0%a6%aa%e0%a6%95%e0%a7%8d%e0%a6%b7%e0%a7%87-%e0%a7%a7/" "Mozilla/5.0 AppleWebKit/537.36 (KHTML, like Gecko; compatible; GPTBot/1.4; +https://openai.com/gptbot)"
74.7.243.200 - - [14/Sep/2026:21:37:36 +0600] "GET /?p=1827 HTTP/1.1" 429 0 "http://bangladaily.online/%e0%a7%a7%e0%a7%ad%e0%a7%ac-%e0%a6%95%e0%a7%8b%e0%a6%9f%e0%a6%bf-%e0%a6%9f%e0%a6%be%e0%a6%95%e0%a6%be-%e0%a6%86%e0%a6%a4%e0%a7%8d%e0%a6%ae%e0%a6%b8%e0%a6%be%e0%a7%8e-%e0%a6%b9%e0%a6%be%e0%a6%b8/" "Mozilla/5.0 AppleWebKit/537.36 (KHTML, like Gecko; compatible; GPTBot/1.4; +https://openai.com/gptbot)"
51.89.72.4 - - [14/Sep/2026:21:37:47 +0600] "GET /%E0%A6%AE%E0%A6%A8%E0%A7%8D%E0%A6%A4%E0%A7%8D%E0%A6%B0%E0%A7%80-%E0%A6%8F%E0%A7%8D%E0%A6%AF%E0%A6%BE%E0%A6%A8%E0%A6%BF%E0%A6%B0-%E0%A6%9B%E0%A6%AC%E0%A6%BF-%E0%A6%AC%E0%A7%8D%E0%A6%AF%E0%A6%AC/ HTTP/1.1" 200 16587 "-" "Mozilla/5.0 (compatible; AhrefsBot/7.0; +http://ahrefs.com/robot/)"
74.7.243.200 - - [14/Sep/2026:21:37:51 +0600] "GET /wp-content/uploads/2026/09/hijeck-mu18l01z8otiu9d-20260914185404-300x156.jpg HTTP/1.1" 429 0 "http://bangladaily.online/%e0%a7%a7%e0%a7%ad%e0%a7%ac-%e0%a6%95%e0%a7%8b%e0%a6%9f%e0%a6%bf-%e0%a6%9f%e0%a6%be%e0%a6%95%e0%a6%be-%e0%a6%86%e0%a6%a4%e0%a7%8d%e0%a6%ae%e0%a6%b8%e0%a6%be%e0%a7%8e-%e0%a6%b9%e0%a6%be%e0%a6%b8/" "Mozilla/5.0 AppleWebKit/537.36 (KHTML, like Gecko; compatible; GPTBot/1.4; +https://openai.com/gptbot)"
74.7.243.200 - - [14/Sep/2026:21:38:11 +0600] "GET /?p=5100 HTTP/1.1" 429 0 "http://bangladaily.online/%e0%a6%b2%e0%a6%95%e0%a7%8d%e0%a6%b7%e0%a7%8d%e0%a6%ae%e0%a7%80%e0%a6%aa%e0%a7%81%e0%a6%b0%e0%a7%87-%e0%a6%85%e0%a6%ac%e0%a7%88%e0%a6%a7%e0%a6%ad%e0%a6%be%e0%a6%ac%e0%a7%87-%e0%a6%ae%e0%a6%9c%e0%a7%81/" "Mozilla/5.0 AppleWebKit/537.36 (KHTML, like Gecko; compatible; GPTBot/1.4; +https://openai.com/gptbot)"
116.202.222.251 - - [14/Sep/2026:21:38:32 +0600] "POST /wp-cron.php?doing_wp_cron=1789400312.5536849498748779296875 HTTP/1.1" 200 0 "-" "WordPress/7.1; http://bangladaily.online"
74.7.243.200 - - [14/Sep/2026:21:39:07 +0600] "GET /wp-content/uploads/2026/08/6a8be1b05f42717875521766a8be1b05f42b.jpg HTTP/1.1" 429 0 "http://bangladaily.online/%e0%a6%aa%e0%a7%8d%e0%a6%b0%e0%a6%ad%e0%a6%be%e0%a6%b0-%e0%a6%a4%e0%a7%83%e0%a6%a4%e0%a7%80%e0%a6%af%e0%a6%bc-%e0%a6%ac%e0%a6%bf%e0%a6%af%e0%a6%bc%e0%a7%87-%e0%a6%a8%e0%a6%bf%e0%a6%af%e0%a6%bc/" "Mozilla/5.0 AppleWebKit/537.36 (KHTML, like Gecko; compatible; GPTBot/1.4; +https://openai.com/gptbot)"
74.7.243.200 - - [14/Sep/2026:21:39:39 +0600] "GET /?p=5106 HTTP/1.1" 429 0 "http://bangladaily.online/%e0%a6%ae%e0%a6%be%e0%a6%a6%e0%a6%95-%e0%a6%ae%e0%a6%be%e0%a6%ae%e0%a6%b2%e0%a6%be%e0%a6%b0-%e0%a6%86%e0%a6%b8%e0%a6%be%e0%a6%ae%e0%a6%bf-%e0%a6%a7%e0%a6%b0%e0%a6%a4%e0%a7%87-%e0%a6%97%e0%a6%bf/" "Mozilla/5.0 AppleWebKit/537.36 (KHTML, like Gecko; compatible; GPTBot/1.4; +https://openai.com/gptbot)"
51.89.38.134 - - [14/Sep/2026:21:39:46 +0600] "GET /%E0%A6%9A%E0%A7%81%E0%A6%B0%E0%A6%BF%E0%A6%B0-%E0%A6%85%E0%A6%AD%E0%A6%BF%E0%A6%AF%E0%A7%8B%E0%A6%97%E0%A7%87-%E0%A6%B9%E0%A6%BE%E0%A6%A4-%E0%A6%AA%E0%A6%BE-%E0%A6%AC%E0%A7%87%E0%A6%81%E0%A6%A7/feed/ HTTP/1.1" 200 645 "-" "Mozilla/5.0 (compatible; AhrefsBot/7.0; +http://ahrefs.com/robot/)"
116.202.222.251 - - [14/Sep/2026:21:40:03 +0600] "GET /?wp_automatic=cron HTTP/1.1" 200 1546 "-" "curl/7.61.1"
74.7.243.200 - - [14/Sep/2026:21:40:19 +0600] "GET /?p=144 HTTP/1.1" 429 0 "http://bangladaily.online/%e0%a6%aa%e0%a6%be%e0%a6%95%e0%a6%bf%e0%a6%b8%e0%a7%8d%e0%a6%a4%e0%a6%be%e0%a6%a8%e0%a7%87%e0%a6%b0-%e0%a6%b9%e0%a6%be%e0%a6%b8%e0%a6%aa%e0%a6%be%e0%a6%a4%e0%a6%be%e0%a6%b2%e0%a7%87-%e0%a6%86%e0%a6%97/" "Mozilla/5.0 AppleWebKit/537.36 (KHTML, like Gecko; compatible; GPTBot/1.4; +https://openai.com/gptbot)"
74.7.243.200 - - [14/Sep/2026:21:40:39 +0600] "GET /wp-content/uploads/2026/08/6a8ea2f7cb35d17877327276a8ea2f7cb36d.jpg HTTP/1.1" 429 0 "http://bangladaily.online/%e0%a6%aa%e0%a6%be%e0%a6%95%e0%a6%bf%e0%a6%b8%e0%a7%8d%e0%a6%a4%e0%a6%be%e0%a6%a8%e0%a7%87%e0%a6%b0-%e0%a6%b9%e0%a6%be%e0%a6%b8%e0%a6%aa%e0%a6%be%e0%a6%a4%e0%a6%be%e0%a6%b2%e0%a7%87-%e0%a6%86%e0%a6%97/" "Mozilla/5.0 AppleWebKit/537.36 (KHTML, like Gecko; compatible; GPTBot/1.4; +https://openai.com/gptbot)"
116.202.222.251 - - [14/Sep/2026:21:40:56 +0600] "POST /wp-cron.php?doing_wp_cron=1789400456.9201750755310058593750 HTTP/1.1" 200 0 "-" "WordPress/7.1; http://bangladaily.online"
85.208.96.208 - - [14/Sep/2026:21:40:56 +0600] "GET /%E0%A6%89%E0%A6%A8%E0%A7%8D%E0%A6%A8%E0%A6%AF%E0%A6%BC%E0%A6%A8-%E0%A6%AA%E0%A7%8D%E0%A6%B0%E0%A6%95%E0%A6%B2%E0%A7%8D%E0%A6%AA%E0%A7%87-%E0%A6%86%E0%A6%89%E0%A6%9F%E0%A6%B8%E0%A7%8B%E0%A6%B0%E0%A7%8D/ HTTP/1.1" 200 19303 "-" "Mozilla/5.0 (compatible; SemrushBot/7~bl; +http://www.semrush.com/bot.html)"
74.7.243.200 - - [14/Sep/2026:21:40:59 +0600] "GET /wp-content/uploads/2026/09/hijeck-mu18l01z8otiu9d-20260914185404.jpg HTTP/1.1" 429 0 "http://bangladaily.online/%e0%a6%ae%e0%a6%be%e0%a6%a6%e0%a6%95-%e0%a6%ae%e0%a6%be%e0%a6%ae%e0%a6%b2%e0%a6%be%e0%a6%b0-%e0%a6%86%e0%a6%b8%e0%a6%be%e0%a6%ae%e0%a6%bf-%e0%a6%a7%e0%a6%b0%e0%a6%a4%e0%a7%87-%e0%a6%97%e0%a6%bf/" "Mozilla/5.0 AppleWebKit/537.36 (KHTML, like Gecko; compatible; GPTBot/1.4; +https://openai.com/gptbot)"
185.191.171.16 - - [14/Sep/2026:21:41:16 +0600] "GET /%E0%A6%95%E0%A6%AE%E0%A6%B2%E0%A6%97%E0%A6%9E%E0%A7%8D%E0%A6%9C-%E0%A6%B8%E0%A7%80%E0%A6%AE%E0%A6%BE%E0%A6%A8%E0%A7%8D%E0%A6%A4-%E0%A6%A6%E0%A6%BF%E0%A6%AF%E0%A6%BC%E0%A7%87-%E0%A7%A9-%E0%A6%9C/ HTTP/1.1" 200 18995 "-" "Mozilla/5.0 (compatible; SemrushBot/7~bl; +http://www.semrush.com/bot.html)"
74.7.243.200 - - [14/Sep/2026:21:41:19 +0600] "GET /wp-content/uploads/2026/09/shamina-choudary-mtzutkont93r0n5-20260913193644-300x156.jpg HTTP/1.1" 429 0 "http://bangladaily.online/%e0%a6%aa%e0%a6%be%e0%a6%95%e0%a6%bf%e0%a6%b8%e0%a7%8d%e0%a6%a4%e0%a6%be%e0%a6%a8%e0%a7%87%e0%a6%b0-%e0%a6%b9%e0%a6%be%e0%a6%b8%e0%a6%aa%e0%a6%be%e0%a6%a4%e0%a6%be%e0%a6%b2%e0%a7%87-%e0%a6%86%e0%a6%97/" "Mozilla/5.0 AppleWebKit/537.36 (KHTML, like Gecko; compatible; GPTBot/1.4; +https://openai.com/gptbot)"
74.7.243.200 - - [14/Sep/2026:21:41:39 +0600] "GET /wp-content/uploads/2026/09/og_1789397971_6aa80bd3d0711.jpeg HTTP/1.1" 429 0 "http://bangladaily.online/%e0%a6%b2%e0%a6%95%e0%a7%8d%e0%a6%b7%e0%a7%8d%e0%a6%ae%e0%a7%80%e0%a6%aa%e0%a7%81%e0%a6%b0%e0%a7%87-%e0%a6%85%e0%a6%ac%e0%a7%88%e0%a6%a7%e0%a6%ad%e0%a6%be%e0%a6%ac%e0%a7%87-%e0%a6%ae%e0%a6%9c%e0%a7%81/" "Mozilla/5.0 AppleWebKit/537.36 (KHTML, like Gecko; compatible; GPTBot/1.4; +https://openai.com/gptbot)"
116.202.222.251 - - [14/Sep/2026:21:41:46 +0600] "POST /wp-cron.php?doing_wp_cron=1789400506.3341269493103027343750 HTTP/1.1" 200 0 "-" "WordPress/7.1; http://bangladaily.online"
51.89.59.36 - - [14/Sep/2026:21:41:45 +0600] "GET /%E0%A6%AE%E0%A7%87%E0%A6%B8%E0%A6%BF%E0%A6%B0-%E0%A6%9A%E0%A6%BE%E0%A6%B0-%E0%A6%97%E0%A7%8B%E0%A6%B2-%E0%A6%96%E0%A6%B0%E0%A6%BE-%E0%A6%95%E0%A6%BE%E0%A6%9F%E0%A6%BE%E0%A6%B2-%E0%A6%AE%E0%A6%BE/ HTTP/1.1" 200 15995 "-" "Mozilla/5.0 (compatible; AhrefsBot/7.0; +http://ahrefs.com/robot/)"
116.202.222.251 - - [14/Sep/2026:21:37:48 +0600] "POST /wp-cron.php?doing_wp_cron=1789400268.5244920253753662109375 HTTP/1.1" 200 0 "-" "WordPress/7.1; http://bangladaily.online"
116.202.222.251 - - [14/Sep/2026:21:38:02 +0600] "GET /?wp_automatic=cron HTTP/1.1" 200 1603 "-" "curl/7.61.1"
51.89.38.137 - - [14/Sep/2026:21:38:19 +0600] "GET /%E0%A6%9C%E0%A6%AE%E0%A6%BF-%E0%A6%A8%E0%A6%BF%E0%A6%AF%E0%A6%BC%E0%A7%87-%E0%A6%AC%E0%A6%BF%E0%A6%B0%E0%A7%8B%E0%A6%A7-%E0%A6%AC%E0%A6%A1%E0%A6%BC-%E0%A6%AD%E0%A6%BE%E0%A6%87%E0%A6%AF%E0%A6%BC/feed/ HTTP/1.1" 200 616 "-" "Mozilla/5.0 (compatible; AhrefsBot/7.0; +http://ahrefs.com/robot/)"
74.7.243.200 - - [14/Sep/2026:21:38:31 +0600] "GET /?p=197 HTTP/1.1" 301 52 "http://bangladaily.online/%e0%a6%aa%e0%a7%8d%e0%a6%b0%e0%a6%ad%e0%a6%be%e0%a6%b0-%e0%a6%a4%e0%a7%83%e0%a6%a4%e0%a7%80%e0%a6%af%e0%a6%bc-%e0%a6%ac%e0%a6%bf%e0%a6%af%e0%a6%bc%e0%a7%87-%e0%a6%a8%e0%a6%bf%e0%a6%af%e0%a6%bc/" "Mozilla/5.0 AppleWebKit/537.36 (KHTML, like Gecko; compatible; GPTBot/1.4; +https://openai.com/gptbot)"
74.7.243.200 - - [14/Sep/2026:21:38:51 +0600] "GET /?p=5017 HTTP/1.1" 301 52 "http://bangladaily.online/%e0%a6%b8%e0%a7%8d%e0%a6%a5%e0%a6%be%e0%a6%a8%e0%a7%80%e0%a6%af%e0%a6%bc-%e0%a6%b8%e0%a6%b0%e0%a6%95%e0%a6%be%e0%a6%b0-%e0%a6%a8%e0%a6%bf%e0%a6%b0%e0%a7%8d%e0%a6%ac%e0%a6%be%e0%a6%9a%e0%a6%a8/" "Mozilla/5.0 AppleWebKit/537.36 (KHTML, like Gecko; compatible; GPTBot/1.4; +https://openai.com/gptbot)"
116.202.222.251 - - [14/Sep/2026:21:39:02 +0600] "GET /?wp_automatic=cron HTTP/1.1" 200 1573 "-" "curl/7.61.1"
74.7.243.200 - - [14/Sep/2026:21:39:20 +0600] "GET /wp-content/uploads/2026/09/6a992572e62e417884214906a992572e62e7.jpg HTTP/1.1" 429 0 "http://bangladaily.online/%e0%a7%a7%e0%a7%ad%e0%a7%ac-%e0%a6%95%e0%a7%8b%e0%a6%9f%e0%a6%bf-%e0%a6%9f%e0%a6%be%e0%a6%95%e0%a6%be-%e0%a6%86%e0%a6%a4%e0%a7%8d%e0%a6%ae%e0%a6%b8%e0%a6%be%e0%a7%8e-%e0%a6%b9%e0%a6%be%e0%a6%b8/" "Mozilla/5.0 AppleWebKit/537.36 (KHTML, like Gecko; compatible; GPTBot/1.4; +https://openai.com/gptbot)"
116.202.222.251 - - [14/Sep/2026:21:39:46 +0600] "POST /wp-cron.php?doing_wp_cron=1789400386.8538830280303955078125 HTTP/1.1" 200 0 "-" "WordPress/7.1; http://bangladaily.online"
74.7.243.200 - - [14/Sep/2026:21:39:59 +0600] "GET /?p=5104 HTTP/1.1" 429 0 "http://bangladaily.online/%E0%A6%B0%E0%A6%BE%E0%A6%AE%E0%A7%87%E0%A6%95-%E0%A6%B9%E0%A6%BE%E0%A6%B8%E0%A6%AA%E0%A6%BE%E0%A6%A4%E0%A6%BE%E0%A6%B2%E0%A7%87-%E0%A6%AA%E0%A7%8D%E0%A6%B0%E0%A6%A5%E0%A6%AE%E0%A6%AC%E0%A6%BE%E0%A6%B0/" "Mozilla/5.0 AppleWebKit/537.36 (KHTML, like Gecko; compatible; GPTBot/1.4; +https://openai.com/gptbot)"
51.89.71.80 - - [14/Sep/2026:21:40:37 +0600] "GET /wp-content/uploads/2026/09/og_1789375154_6aa7b2b20532f.jpeg HTTP/1.1" 200 18140 "-" "Mozilla/5.0 (compatible; AhrefsBot/7.0; +http://ahrefs.com/robot/)"
51.89.72.8 - - [14/Sep/2026:21:40:49 +0600] "GET /wp-content/uploads/2026/09/shamina-choudary-mtzutkont93r0n5-20260913193644-300x156.jpg HTTP/1.1" 200 13146 "-" "Mozilla/5.0 (compatible; AhrefsBot/7.0; +http://ahrefs.com/robot/)"
51.89.74.200 - - [14/Sep/2026:21:41:02 +0600] "GET /%E0%A6%B8%E0%A6%A8%E0%A7%8D%E0%A6%A4%E0%A7%8D%E0%A6%B0%E0%A6%BE%E0%A6%B8-%E0%A6%AC%E0%A6%BF%E0%A6%B0%E0%A7%8B%E0%A6%A7%E0%A7%80-%E0%A6%86%E0%A6%87%E0%A6%A8%E0%A7%87-%E0%A6%97%E0%A7%8D%E0%A6%B0/ HTTP/1.1" 200 15628 "-" "Mozilla/5.0 (compatible; AhrefsBot/7.0; +http://ahrefs.com/robot/)"
116.202.222.251 - - [14/Sep/2026:21:41:02 +0600] "GET /?wp_automatic=cron HTTP/1.1" 200 1589 "-" "curl/7.61.1"
51.89.71.157 - - [14/Sep/2026:21:41:10 +0600] "GET /wp-content/uploads/2026/09/untitled-design-1-20260911205703.jpg HTTP/1.1" 200 43834 "-" "Mozilla/5.0 (compatible; AhrefsBot/7.0; +http://ahrefs.com/robot/)"
116.202.222.251 - - [14/Sep/2026:21:42:02 +0600] "GET /?wp_automatic=cron HTTP/1.1" 200 1567 "-" "curl/7.61.1"
74.7.243.200 - - [14/Sep/2026:21:42:19 +0600] "GET /wp-content/uploads/2026/09/6a994b7020cbb17884312166a994b7020cd2-300x197.jpg HTTP/1.1" 200 21100 "http://bangladaily.online/%e0%a7%a7%e0%a7%ad%e0%a7%ac-%e0%a6%95%e0%a7%8b%e0%a6%9f%e0%a6%bf-%e0%a6%9f%e0%a6%be%e0%a6%95%e0%a6%be-%e0%a6%86%e0%a6%a4%e0%a7%8d%e0%a6%ae%e0%a6%b8%e0%a6%be%e0%a7%8e-%e0%a6%b9%e0%a6%be%e0%a6%b8/" "Mozilla/5.0 AppleWebKit/537.36 (KHTML, like Gecko; compatible; GPTBot/1.4; +https://openai.com/gptbot)"
74.7.243.200 - - [14/Sep/2026:21:42:35 +0600] "GET /wp-content/uploads/2026/09/6aa7bc205d7df17893775686aa7bc205d7ec-300x197.jpg HTTP/1.1" 429 0 "http://bangladaily.online/%e0%a6%aa%e0%a7%8d%e0%a6%b0%e0%a6%ad%e0%a6%be%e0%a6%b0-%e0%a6%a4%e0%a7%83%e0%a6%a4%e0%a7%80%e0%a6%af%e0%a6%bc-%e0%a6%ac%e0%a6%bf%e0%a6%af%e0%a6%bc%e0%a7%87-%e0%a6%a8%e0%a6%bf%e0%a6%af%e0%a6%bc/" "Mozilla/5.0 AppleWebKit/537.36 (KHTML, like Gecko; compatible; GPTBot/1.4; +https://openai.com/gptbot)"
116.202.222.251 - - [14/Sep/2026:21:43:22 +0600] "POST /wp-cron.php?doing_wp_cron=1789400602.1051740646362304687500 HTTP/1.1" 200 0 "-" "WordPress/7.1; http://bangladaily.online"
74.7.243.200 - - [14/Sep/2026:21:43:23 +0600] "GET /%e0%a6%a6%e0%a6%95%e0%a7%8d%e0%a6%b7%e0%a6%bf%e0%a6%a3-%e0%a6%86%e0%a6%ab%e0%a7%8d%e0%a6%b0%e0%a6%bf%e0%a6%95%e0%a6%be%e0%a6%af%e0%a6%bc-%e0%a6%ad%e0%a6%af%e0%a6%bc%e0%a6%be%e0%a6%ac%e0%a6%b9/ HTTP/1.1" 429 0 "http://bangladaily.online/%e0%a6%aa%e0%a6%be%e0%a6%95%e0%a6%bf%e0%a6%b8%e0%a7%8d%e0%a6%a4%e0%a6%be%e0%a6%a8%e0%a7%87%e0%a6%b0-%e0%a6%b9%e0%a6%be%e0%a6%b8%e0%a6%aa%e0%a6%be%e0%a6%a4%e0%a6%be%e0%a6%b2%e0%a7%87-%e0%a6%86%e0%a6%97/" "Mozilla/5.0 AppleWebKit/537.36 (KHTML, like Gecko; compatible; GPTBot/1.4; +https://openai.com/gptbot)"
116.202.222.251 - - [14/Sep/2026:21:43:54 +0600] "POST /wp-cron.php?doing_wp_cron=1789400634.6329929828643798828125 HTTP/1.1" 200 0 "-" "WordPress/7.1; http://bangladaily.online"
51.89.69.103 - - [14/Sep/2026:21:43:53 +0600] "GET /%E0%A6%95%E0%A6%AC%E0%A7%87-%E0%A6%95%E0%A6%96%E0%A6%A8-%E0%A6%86%E0%A6%B8%E0%A6%9B%E0%A7%87-%E0%A6%86%E0%A6%87%E0%A6%AB%E0%A7%8B%E0%A6%A8-%E0%A7%A7%E0%A7%AE-%E0%A6%B2%E0%A6%9E%E0%A7%8D%E0%A6%9A/ HTTP/1.1" 200 16818 "-" "Mozilla/5.0 (compatible; AhrefsBot/7.0; +http://ahrefs.com/robot/)"
74.7.243.200 - - [14/Sep/2026:21:44:03 +0600] "GET /%E0%A6%B8%E0%A7%8D%E0%A6%A5%E0%A6%BE%E0%A6%A8%E0%A7%80%E0%A6%AF%E0%A6%BC-%E0%A6%B8%E0%A6%B0%E0%A6%95%E0%A6%BE%E0%A6%B0-%E0%A6%A8%E0%A6%BF%E0%A6%B0%E0%A7%8D%E0%A6%AC%E0%A6%BE%E0%A6%9A%E0%A6%A8/ HTTP/1.1" 429 0 "http://bangladaily.online/%e0%a6%b8%e0%a7%8d%e0%a6%a5%e0%a6%be%e0%a6%a8%e0%a7%80%e0%a6%af%e0%a6%bc-%e0%a6%b8%e0%a6%b0%e0%a6%95%e0%a6%be%e0%a6%b0-%e0%a6%a8%e0%a6%bf%e0%a6%b0%e0%a7%8d%e0%a6%ac%e0%a6%be%e0%a6%9a%e0%a6%a8/" "Mozilla/5.0 AppleWebKit/537.36 (KHTML, like Gecko; compatible; GPTBot/1.4; +https://openai.com/gptbot)"
116.202.222.251 - - [14/Sep/2026:21:44:22 +0600] "POST /wp-cron.php?doing_wp_cron=1789400662.7241370677947998046875 HTTP/1.1" 200 0 "-" "WordPress/7.1; http://bangladaily.online"
51.89.74.200 - - [14/Sep/2026:21:44:22 +0600] "GET /%E0%A6%AC%E0%A6%BE%E0%A6%9C%E0%A6%BE%E0%A6%B0%E0%A7%87-%E0%A6%87%E0%A6%B2%E0%A6%BF%E0%A6%B6-%E0%A6%A6%E0%A6%BE%E0%A6%AE-%E0%A6%A8%E0%A6%BE%E0%A6%97%E0%A6%BE%E0%A6%B2%E0%A7%87%E0%A6%B0-%E0%A6%AC/ HTTP/1.1" 200 15926 "-" "Mozilla/5.0 (compatible; AhrefsBot/7.0; +http://ahrefs.com/robot/)"
74.7.243.200 - - [14/Sep/2026:21:44:23 +0600] "GET /%e0%a6%86%e0%a6%b8%e0%a6%9b%e0%a7%87-%e0%a6%ae%e0%a6%a8%e0%a6%bf%e0%a6%b0-%e0%a6%96%e0%a6%be%e0%a6%a8%e0%a7%87%e0%a6%b0-%e0%a6%ae%e0%a6%be/ HTTP/1.1" 200 15159 "http://bangladaily.online/%e0%a6%aa%e0%a6%be%e0%a6%95%e0%a6%bf%e0%a6%b8%e0%a7%8d%e0%a6%a4%e0%a6%be%e0%a6%a8%e0%a7%87%e0%a6%b0-%e0%a6%b9%e0%a6%be%e0%a6%b8%e0%a6%aa%e0%a6%be%e0%a6%a4%e0%a6%be%e0%a6%b2%e0%a7%87-%e0%a6%86%e0%a6%97/" "Mozilla/5.0 AppleWebKit/537.36 (KHTML, like Gecko; compatible; GPTBot/1.4; +https://openai.com/gptbot)"
116.202.222.251 - - [14/Sep/2026:21:44:41 +0600] "POST /wp-cron.php?doing_wp_cron=1789400681.8543920516967773437500 HTTP/1.1" 200 0 "-" "WordPress/7.1; http://bangladaily.online"
74.7.243.200 - - [14/Sep/2026:21:41:59 +0600] "GET /wp-content/uploads/2026/09/og_1789382817_6aa7d0a179a2a.jpeg HTTP/1.1" 200 24142 "http://bangladaily.online/%e0%a6%b8%e0%a7%8d%e0%a6%a5%e0%a6%be%e0%a6%a8%e0%a7%80%e0%a6%af%e0%a6%bc-%e0%a6%b8%e0%a6%b0%e0%a6%95%e0%a6%be%e0%a6%b0-%e0%a6%a8%e0%a6%bf%e0%a6%b0%e0%a7%8d%e0%a6%ac%e0%a6%be%e0%a6%9a%e0%a6%a8/" "Mozilla/5.0 AppleWebKit/537.36 (KHTML, like Gecko; compatible; GPTBot/1.4; +https://openai.com/gptbot)"
74.7.243.200 - - [14/Sep/2026:21:42:48 +0600] "GET /wp-content/uploads/2026/09/6a9811f2c987517883509626a9811f2c9878-300x197.jpg HTTP/1.1" 200 14947 "http://bangladaily.online/%e0%a7%a7%e0%a7%ad%e0%a7%ac-%e0%a6%95%e0%a7%8b%e0%a6%9f%e0%a6%bf-%e0%a6%9f%e0%a6%be%e0%a6%95%e0%a6%be-%e0%a6%86%e0%a6%a4%e0%a7%8d%e0%a6%ae%e0%a6%b8%e0%a6%be%e0%a7%8e-%e0%a6%b9%e0%a6%be%e0%a6%b8/" "Mozilla/5.0 AppleWebKit/537.36 (KHTML, like Gecko; compatible; GPTBot/1.4; +https://openai.com/gptbot)"
116.202.222.251 - - [14/Sep/2026:21:43:03 +0600] "POST /wp-cron.php?doing_wp_cron=1789400583.9715280532836914062500 HTTP/1.1" 200 0 "-" "WordPress/7.1; http://bangladaily.online"
116.202.222.251 - - [14/Sep/2026:21:43:02 +0600] "GET /?wp_automatic=cron HTTP/1.1" 200 1569 "-" "curl/7.61.1"
74.7.243.200 - - [14/Sep/2026:21:43:07 +0600] "GET /wp-content/uploads/2026/09/6aa7f3d00cb6617893918246aa7f3d00cb69-300x197.jpg HTTP/1.1" 429 0 "http://bangladaily.online/%e0%a6%aa%e0%a6%be%e0%a6%95%e0%a6%bf%e0%a6%b8%e0%a7%8d%e0%a6%a4%e0%a6%be%e0%a6%a8%e0%a7%87%e0%a6%b0-%e0%a6%b9%e0%a6%be%e0%a6%b8%e0%a6%aa%e0%a6%be%e0%a6%a4%e0%a6%be%e0%a6%b2%e0%a7%87-%e0%a6%86%e0%a6%97/" "Mozilla/5.0 AppleWebKit/537.36 (KHTML, like Gecko; compatible; GPTBot/1.4; +https://openai.com/gptbot)"
51.89.59.34 - - [14/Sep/2026:21:43:10 +0600] "GET /%E0%A6%95%E0%A7%8D%E0%A6%B0%E0%A7%80%E0%A6%A1%E0%A6%BC%E0%A6%BE%E0%A6%B0-%E0%A6%89%E0%A6%A8%E0%A7%8D%E0%A6%A8%E0%A6%AF%E0%A6%BC%E0%A6%A8%E0%A7%87-%E0%A6%A8%E0%A6%BE-%E0%A6%B6/ HTTP/1.1" 200 15856 "-" "Mozilla/5.0 (compatible; AhrefsBot/7.0; +http://ahrefs.com/robot/)"
185.191.171.3 - - [14/Sep/2026:21:43:21 +0600] "GET /page/236/ HTTP/1.1" 200 26662 "-" "Mozilla/5.0 (compatible; SemrushBot/7~bl; +http://www.semrush.com/bot.html)"
74.7.243.200 - - [14/Sep/2026:21:43:43 +0600] "GET /%e0%a7%ae%e0%a7%aa-%e0%a6%ac%e0%a6%9b%e0%a6%b0-%e0%a6%ac%e0%a6%af%e0%a6%bc%e0%a6%b8%e0%a7%87-%e0%a6%85%e0%a6%ae%e0%a6%bf%e0%a6%a4%e0%a6%be%e0%a6%ad%e0%a7%87%e0%a6%b0-%e0%a6%86%e0%a6%95%e0%a7%8d/ HTTP/1.1" 429 0 "http://bangladaily.online/%e0%a6%aa%e0%a7%8d%e0%a6%b0%e0%a6%ad%e0%a6%be%e0%a6%b0-%e0%a6%a4%e0%a7%83%e0%a6%a4%e0%a7%80%e0%a6%af%e0%a6%bc-%e0%a6%ac%e0%a6%bf%e0%a6%af%e0%a6%bc%e0%a7%87-%e0%a6%a8%e0%a6%bf%e0%a6%af%e0%a6%bc/" "Mozilla/5.0 AppleWebKit/537.36 (KHTML, like Gecko; compatible; GPTBot/1.4; +https://openai.com/gptbot)"
116.202.222.251 - - [14/Sep/2026:21:44:02 +0600] "GET /?wp_automatic=cron HTTP/1.1" 200 1570 "-" "curl/7.61.1"
185.191.171.12 - - [14/Sep/2026:21:44:14 +0600] "GET /%E0%A6%AE%E0%A6%BE%E0%A6%B2%E0%A6%AF%E0%A6%BC%E0%A7%87%E0%A6%B6%E0%A6%BF%E0%A6%AF%E0%A6%BC%E0%A6%BE%E0%A6%95%E0%A7%87-%E0%A6%B9%E0%A6%BE%E0%A6%B0%E0%A6%BF%E0%A6%AF%E0%A6%BC%E0%A7%87-%E0%A6%87%E0%A6%A4/ HTTP/1.1" 200 19938 "-" "Mozilla/5.0 (compatible; SemrushBot/7~bl; +http://www.semrush.com/bot.html)"
51.89.39.51 - - [14/Sep/2026:21:45:00 +0600] "GET /%E0%A6%A8%E0%A6%A4%E0%A7%81%E0%A6%A8-%E0%A6%AF%E0%A7%87-%E0%A6%95%E0%A7%8B%E0%A6%A8%E0%A7%8B-%E0%A6%AF%E0%A7%81%E0%A6%A6%E0%A7%8D%E0%A6%A7-%E0%A6%AE%E0%A7%8B%E0%A6%95%E0%A6%BE%E0%A6%AC%E0%A6%BF/feed/ HTTP/1.1" 200 640 "-" "Mozilla/5.0 (compatible; AhrefsBot/7.0; +http://ahrefs.com/robot/)"
51.89.39.48 - - [14/Sep/2026:21:44:41 +0600] "GET /%E0%A6%A8%E0%A7%87%E0%A6%AA%E0%A6%BE%E0%A6%B2%E0%A7%87-%E0%A6%AC%E0%A6%A8%E0%A7%8D%E0%A6%AF%E0%A6%BE%E0%A6%AF%E0%A6%BC-%E0%A6%AA%E0%A7%8D%E0%A6%B0%E0%A6%BE%E0%A6%A3%E0%A6%B9%E0%A6%BE%E0%A6%A8%E0%A6%BF/ HTTP/1.1" 200 15627 "-" "Mozilla/5.0 (compatible; AhrefsBot/7.0; +http://ahrefs.com/robot/)"
74.7.243.200 - - [14/Sep/2026:21:44:43 +0600] "GET /%E0%A7%A7%E0%A7%AD%E0%A7%AC-%E0%A6%95%E0%A7%8B%E0%A6%9F%E0%A6%BF-%E0%A6%9F%E0%A6%BE%E0%A6%95%E0%A6%BE-%E0%A6%86%E0%A6%A4%E0%A7%8D%E0%A6%AE%E0%A6%B8%E0%A6%BE%E0%A7%8E-%E0%A6%B9%E0%A6%BE%E0%A6%B8/ HTTP/1.1" 429 0 "http://bangladaily.online/%e0%a7%a7%e0%a7%ad%e0%a7%ac-%e0%a6%95%e0%a7%8b%e0%a6%9f%e0%a6%bf-%e0%a6%9f%e0%a6%be%e0%a6%95%e0%a6%be-%e0%a6%86%e0%a6%a4%e0%a7%8d%e0%a6%ae%e0%a6%b8%e0%a6%be%e0%a7%8e-%e0%a6%b9%e0%a6%be%e0%a6%b8/" "Mozilla/5.0 AppleWebKit/537.36 (KHTML, like Gecko; compatible; GPTBot/1.4; +https://openai.com/gptbot)"
85.208.96.209 - - [14/Sep/2026:21:44:49 +0600] "GET /%E0%A6%B6%E0%A6%B9%E0%A7%80%E0%A6%A6-%E0%A6%9C%E0%A7%81%E0%A6%AC%E0%A6%BE%E0%A6%AF%E0%A6%BC%E0%A7%87%E0%A6%B0%E0%A7%87%E0%A6%B0-%E0%A6%AC%E0%A7%8B%E0%A6%A8%E0%A7%87%E0%A6%B0-%E0%A6%9A%E0%A6%BF/ HTTP/1.1" 200 19029 "-" "Mozilla/5.0 (compatible; SemrushBot/7~bl; +http://www.semrush.com/bot.html)"
74.7.243.200 - - [14/Sep/2026:21:44:59 +0600] "GET /%E0%A6%AE%E0%A6%BE%E0%A6%A6%E0%A6%95-%E0%A6%AE%E0%A6%BE%E0%A6%AE%E0%A6%B2%E0%A6%BE%E0%A6%B0-%E0%A6%86%E0%A6%B8%E0%A6%BE%E0%A6%AE%E0%A6%BF-%E0%A6%A7%E0%A6%B0%E0%A6%A4%E0%A7%87-%E0%A6%97%E0%A6%BF/ HTTP/1.1" 429 0 "http://bangladaily.online/%e0%a6%ae%e0%a6%be%e0%a6%a6%e0%a6%95-%e0%a6%ae%e0%a6%be%e0%a6%ae%e0%a6%b2%e0%a6%be%e0%a6%b0-%e0%a6%86%e0%a6%b8%e0%a6%be%e0%a6%ae%e0%a6%bf-%e0%a6%a7%e0%a6%b0%e0%a6%a4%e0%a7%87-%e0%a6%97%e0%a6%bf/" "Mozilla/5.0 AppleWebKit/537.36 (KHTML, like Gecko; compatible; GPTBot/1.4; +https://openai.com/gptbot)"
116.202.222.251 - - [14/Sep/2026:21:45:07 +0600] "POST /wp-cron.php?doing_wp_cron=1789400707.2070930004119873046875 HTTP/1.1" 200 0 "-" "WordPress/7.1; http://bangladaily.online"
116.202.222.251 - - [14/Sep/2026:21:45:03 +0600] "GET /?wp_automatic=cron HTTP/1.1" 200 1988 "-" "curl/7.61.1"
74.7.243.200 - - [14/Sep/2026:21:45:39 +0600] "GET /%e0%a6%86%e0%a6%a6%e0%a6%be%e0%a6%b2%e0%a6%a4%e0%a7%87-%e0%a6%85%e0%a6%aa%e0%a6%b9%e0%a7%83%e0%a6%a4-%e0%a6%aa%e0%a7%8d%e0%a6%b0%e0%a7%87%e0%a6%b8%e0%a6%bf%e0%a6%a1%e0%a7%87%e0%a6%a8/ HTTP/1.1" 429 0 "http://bangladaily.online/%e0%a7%a7%e0%a7%ad%e0%a7%ac-%e0%a6%95%e0%a7%8b%e0%a6%9f%e0%a6%bf-%e0%a6%9f%e0%a6%be%e0%a6%95%e0%a6%be-%e0%a6%86%e0%a6%a4%e0%a7%8d%e0%a6%ae%e0%a6%b8%e0%a6%be%e0%a7%8e-%e0%a6%b9%e0%a6%be%e0%a6%b8/" "Mozilla/5.0 AppleWebKit/537.36 (KHTML, like Gecko; compatible; GPTBot/1.4; +https://openai.com/gptbot)"
74.7.243.200 - - [14/Sep/2026:21:46:15 +0600] "GET /%e0%a6%a8%e0%a6%be%e0%a6%97%e0%a6%b0%e0%a6%bf%e0%a6%95-%e0%a6%b8%e0%a7%87%e0%a6%ac%e0%a6%be-%e0%a6%b8%e0%a6%b9%e0%a6%9c-%e0%a6%95%e0%a6%b0%e0%a6%a4%e0%a7%87-%e0%a6%9c%e0%a6%a8%e0%a6%a4%e0%a6%be/ HTTP/1.1" 429 0 "http://bangladaily.online/%e0%a7%a7%e0%a7%ad%e0%a7%ac-%e0%a6%95%e0%a7%8b%e0%a6%9f%e0%a6%bf-%e0%a6%9f%e0%a6%be%e0%a6%95%e0%a6%be-%e0%a6%86%e0%a6%a4%e0%a7%8d%e0%a6%ae%e0%a6%b8%e0%a6%be%e0%a7%8e-%e0%a6%b9%e0%a6%be%e0%a6%b8/" "Mozilla/5.0 AppleWebKit/537.36 (KHTML, like Gecko; compatible; GPTBot/1.4; +https://openai.com/gptbot)"
74.7.243.200 - - [14/Sep/2026:21:46:35 +0600] "GET /%E0%A6%AA%E0%A6%BE%E0%A6%95%E0%A6%BF%E0%A6%B8%E0%A7%8D%E0%A6%A4%E0%A6%BE%E0%A6%A8%E0%A7%87%E0%A6%B0-%E0%A6%B9%E0%A6%BE%E0%A6%B8%E0%A6%AA%E0%A6%BE%E0%A6%A4%E0%A6%BE%E0%A6%B2%E0%A7%87-%E0%A6%86%E0%A6%97/ HTTP/1.1" 429 0 "http://bangladaily.online/%e0%a6%aa%e0%a6%be%e0%a6%95%e0%a6%bf%e0%a6%b8%e0%a7%8d%e0%a6%a4%e0%a6%be%e0%a6%a8%e0%a7%87%e0%a6%b0-%e0%a6%b9%e0%a6%be%e0%a6%b8%e0%a6%aa%e0%a6%be%e0%a6%a4%e0%a6%be%e0%a6%b2%e0%a7%87-%e0%a6%86%e0%a6%97/" "Mozilla/5.0 AppleWebKit/537.36 (KHTML, like Gecko; compatible; GPTBot/1.4; +https://openai.com/gptbot)"
74.7.243.200 - - [14/Sep/2026:21:45:19 +0600] "GET /%e0%a6%87%e0%a6%b8%e0%a6%b2%e0%a6%be%e0%a6%ae%e0%a7%80-%e0%a6%86%e0%a6%87%e0%a6%a8%e0%a7%87-%e0%a6%a8%e0%a7%87%e0%a6%87-%e0%a6%ac%e0%a6%b2%e0%a7%87-%e0%a6%86%e0%a6%ab%e0%a6%97/ HTTP/1.1" 200 16243 "http://bangladaily.online/%e0%a7%a7%e0%a7%ad%e0%a7%ac-%e0%a6%95%e0%a7%8b%e0%a6%9f%e0%a6%bf-%e0%a6%9f%e0%a6%be%e0%a6%95%e0%a6%be-%e0%a6%86%e0%a6%a4%e0%a7%8d%e0%a6%ae%e0%a6%b8%e0%a6%be%e0%a7%8e-%e0%a6%b9%e0%a6%be%e0%a6%b8/" "Mozilla/5.0 AppleWebKit/537.36 (KHTML, like Gecko; compatible; GPTBot/1.4; +https://openai.com/gptbot)"
85.208.96.193 - - [14/Sep/2026:21:45:19 +0600] "GET /%E0%A6%AC%E0%A6%A8%E0%A7%8D%E0%A6%AF%E0%A6%BE%E0%A6%B0-%E0%A7%A7%E0%A7%A6-%E0%A6%A6%E0%A6%BF%E0%A6%A8-%E0%A6%AA%E0%A6%B0-%E0%A6%A8%E0%A7%87%E0%A6%AA%E0%A6%BE%E0%A6%B2%E0%A7%87-%E0%A6%B8%E0%A7%81/ HTTP/1.1" 200 19346 "-" "Mozilla/5.0 (compatible; SemrushBot/7~bl; +http://www.semrush.com/bot.html)"
74.7.243.200 - - [14/Sep/2026:21:45:55 +0600] "GET /%e0%a6%ab%e0%a6%bf%e0%a6%b2%e0%a6%bf%e0%a6%b8%e0%a7%8d%e0%a6%a4%e0%a6%bf%e0%a6%a8%e0%a6%bf%e0%a6%a6%e0%a7%87%e0%a6%b0-%e0%a6%85%e0%a6%b8%e0%a7%8d%e0%a6%a4%e0%a6%bf%e0%a6%a4%e0%a7%8d%e0%a6%ac-%e0%a6%ae/ HTTP/1.1" 429 0 "http://bangladaily.online/%e0%a6%aa%e0%a6%be%e0%a6%95%e0%a6%bf%e0%a6%b8%e0%a7%8d%e0%a6%a4%e0%a6%be%e0%a6%a8%e0%a7%87%e0%a6%b0-%e0%a6%b9%e0%a6%be%e0%a6%b8%e0%a6%aa%e0%a6%be%e0%a6%a4%e0%a6%be%e0%a6%b2%e0%a7%87-%e0%a6%86%e0%a6%97/" "Mozilla/5.0 AppleWebKit/537.36 (KHTML, like Gecko; compatible; GPTBot/1.4; +https://openai.com/gptbot)"
51.89.38.130 - - [14/Sep/2026:21:45:55 +0600] "GET /wp-content/uploads/2026/09/img-20260907-143040-20260914154253-mu12clphfqiklp8-20260914155143.jpg HTTP/1.1" 200 38366 "-" "Mozilla/5.0 (compatible; AhrefsBot/7.0; +http://ahrefs.com/robot/)"
116.202.222.251 - - [14/Sep/2026:21:46:02 +0600] "GET /?wp_automatic=cron HTTP/1.1" 200 1603 "-" "curl/7.61.1"
74.7.243.200 - - [14/Sep/2026:21:46:55 +0600] "GET /%E0%A6%B2%E0%A6%95%E0%A7%8D%E0%A6%B7%E0%A7%8D%E0%A6%AE%E0%A7%80%E0%A6%AA%E0%A7%81%E0%A6%B0%E0%A7%87-%E0%A6%85%E0%A6%AC%E0%A7%88%E0%A6%A7%E0%A6%AD%E0%A6%BE%E0%A6%AC%E0%A7%87-%E0%A6%AE%E0%A6%9C%E0%A7%81/ HTTP/1.1" 200 14499 "http://bangladaily.online/%e0%a6%b2%e0%a6%95%e0%a7%8d%e0%a6%b7%e0%a7%8d%e0%a6%ae%e0%a7%80%e0%a6%aa%e0%a7%81%e0%a6%b0%e0%a7%87-%e0%a6%85%e0%a6%ac%e0%a7%88%e0%a6%a7%e0%a6%ad%e0%a6%be%e0%a6%ac%e0%a7%87-%e0%a6%ae%e0%a6%9c%e0%a7%81/" "Mozilla/5.0 AppleWebKit/537.36 (KHTML, like Gecko; compatible; GPTBot/1.4; +https://openai.com/gptbot)"
116.202.222.251 - - [14/Sep/2026:21:47:02 +0600] "GET /?wp_automatic=cron HTTP/1.1" 200 1573 "-" "curl/7.61.1"
116.202.222.251 - - [14/Sep/2026:21:48:03 +0600] "POST /wp-cron.php?doing_wp_cron=1789400883.8884251117706298828125 HTTP/1.1" 200 0 "-" "WordPress/7.1; http://bangladaily.online"
116.202.222.251 - - [14/Sep/2026:21:48:02 +0600] "GET /?wp_automatic=cron HTTP/1.1" 200 1547 "-" "curl/7.61.1"
74.7.243.200 - - [14/Sep/2026:21:48:51 +0600] "GET /?p=1825 HTTP/1.1" 429 0 "http://bangladaily.online/%e0%a6%87%e0%a6%b8%e0%a6%b2%e0%a6%be%e0%a6%ae%e0%a7%80-%e0%a6%86%e0%a6%87%e0%a6%a8%e0%a7%87-%e0%a6%a8%e0%a7%87%e0%a6%87-%e0%a6%ac%e0%a6%b2%e0%a7%87-%e0%a6%86%e0%a6%ab%e0%a6%97/" "Mozilla/5.0 AppleWebKit/537.36 (KHTML, like Gecko; compatible; GPTBot/1.4; +https://openai.com/gptbot)"
74.7.243.200 - - [14/Sep/2026:21:49:27 +0600] "GET /wp-content/uploads/2026/09/afghanistan-foreign-minister-amir-khan-muttaq-a-msvn1phbue5isc0-20260816161121.jpg HTTP/1.1" 429 0 "http://bangladaily.online/%e0%a6%87%e0%a6%b8%e0%a6%b2%e0%a6%be%e0%a6%ae%e0%a7%80-%e0%a6%86%e0%a6%87%e0%a6%a8%e0%a7%87-%e0%a6%a8%e0%a7%87%e0%a6%87-%e0%a6%ac%e0%a6%b2%e0%a7%87-%e0%a6%86%e0%a6%ab%e0%a6%97/" "Mozilla/5.0 AppleWebKit/537.36 (KHTML, like Gecko; compatible; GPTBot/1.4; +https://openai.com/gptbot)"
116.202.222.251 - - [14/Sep/2026:21:50:05 +0600] "POST /wp-cron.php?doing_wp_cron=1789401005.1819920539855957031250 HTTP/1.1" 200 0 "-" "WordPress/7.1; http://bangladaily.online"
116.202.222.251 - - [14/Sep/2026:21:50:03 +0600] "GET /?wp_automatic=cron HTTP/1.1" 200 1566 "-" "curl/7.61.1"
74.7.243.200 - - [14/Sep/2026:21:47:15 +0600] "GET /%e0%a6%9c%e0%a6%bf%e0%a6%a8%e0%a7%8d%e0%a6%a8%e0%a6%be%e0%a6%b9%e0%a6%b0-%e0%a6%9b%e0%a6%ac%e0%a6%bf-%e0%a6%9b%e0%a7%87%e0%a6%81%e0%a6%a1%e0%a6%bc%e0%a6%be%e0%a6%b0-%e0%a6%98%e0%a6%9f%e0%a6%a8/ HTTP/1.1" 429 0 "http://bangladaily.online/category/%E0%A6%AC%E0%A6%BF%E0%A6%A8%E0%A7%8B%E0%A6%A6%E0%A6%A8/page/3/" "Mozilla/5.0 AppleWebKit/537.36 (KHTML, like Gecko; compatible; GPTBot/1.4; +https://openai.com/gptbot)"
74.7.243.200 - - [14/Sep/2026:21:47:31 +0600] "GET /%e0%a6%9f%e0%a6%be%e0%a6%95%e0%a6%be%e0%a6%b0-%e0%a6%ac%e0%a6%bf%e0%a6%a8%e0%a6%bf%e0%a6%ae%e0%a6%af%e0%a6%bc%e0%a7%87-%e0%a6%a8%e0%a6%bf%e0%a6%af%e0%a6%bc%e0%a7%8b%e0%a6%97-%e0%a6%ac%e0%a6%bf/ HTTP/1.1" 429 0 "http://bangladaily.online/%e0%a6%aa%e0%a6%be%e0%a6%95%e0%a6%bf%e0%a6%b8%e0%a7%8d%e0%a6%a4%e0%a6%be%e0%a6%a8%e0%a7%87%e0%a6%b0-%e0%a6%b9%e0%a6%be%e0%a6%b8%e0%a6%aa%e0%a6%be%e0%a6%a4%e0%a6%be%e0%a6%b2%e0%a7%87-%e0%a6%86%e0%a6%97/" "Mozilla/5.0 AppleWebKit/537.36 (KHTML, like Gecko; compatible; GPTBot/1.4; +https://openai.com/gptbot)"
74.7.243.200 - - [14/Sep/2026:21:47:51 +0600] "GET /?p=5108 HTTP/1.1" 429 0 "http://bangladaily.online/%e0%a6%86%e0%a6%b8%e0%a6%9b%e0%a7%87-%e0%a6%ae%e0%a6%a8%e0%a6%bf%e0%a6%b0-%e0%a6%96%e0%a6%be%e0%a6%a8%e0%a7%87%e0%a6%b0-%e0%a6%ae%e0%a6%be/" "Mozilla/5.0 AppleWebKit/537.36 (KHTML, like Gecko; compatible; GPTBot/1.4; +https://openai.com/gptbot)"
74.7.243.200 - - [14/Sep/2026:21:48:11 +0600] "GET /wp-content/uploads/2026/09/hijeck-mu18l01z8otiu9d-20260914185404-300x156.jpg HTTP/1.1" 429 0 "http://bangladaily.online/%e0%a6%86%e0%a6%b8%e0%a6%9b%e0%a7%87-%e0%a6%ae%e0%a6%a8%e0%a6%bf%e0%a6%b0-%e0%a6%96%e0%a6%be%e0%a6%a8%e0%a7%87%e0%a6%b0-%e0%a6%ae%e0%a6%be/" "Mozilla/5.0 AppleWebKit/537.36 (KHTML, like Gecko; compatible; GPTBot/1.4; +https://openai.com/gptbot)"
74.7.243.200 - - [14/Sep/2026:21:48:31 +0600] "GET /wp-content/uploads/2026/09/shamina-choudary-mtzutkont93r0n5-20260913193644-300x156.jpg HTTP/1.1" 200 13146 "http://bangladaily.online/%e0%a6%86%e0%a6%b8%e0%a6%9b%e0%a7%87-%e0%a6%ae%e0%a6%a8%e0%a6%bf%e0%a6%b0-%e0%a6%96%e0%a6%be%e0%a6%a8%e0%a7%87%e0%a6%b0-%e0%a6%ae%e0%a6%be/" "Mozilla/5.0 AppleWebKit/537.36 (KHTML, like Gecko; compatible; GPTBot/1.4; +https://openai.com/gptbot)"
74.7.243.200 - - [14/Sep/2026:21:49:07 +0600] "GET /wp-content/uploads/2026/09/shamina-choudary-mtzutkont93r0n5-20260913193644.jpg HTTP/1.1" 429 0 "http://bangladaily.online/%e0%a6%86%e0%a6%b8%e0%a6%9b%e0%a7%87-%e0%a6%ae%e0%a6%a8%e0%a6%bf%e0%a6%b0-%e0%a6%96%e0%a6%be%e0%a6%a8%e0%a7%87%e0%a6%b0-%e0%a6%ae%e0%a6%be/" "Mozilla/5.0 AppleWebKit/537.36 (KHTML, like Gecko; compatible; GPTBot/1.4; +https://openai.com/gptbot)"
116.202.222.251 - - [14/Sep/2026:21:49:02 +0600] "GET /?wp_automatic=cron HTTP/1.1" 200 1245 "-" "curl/7.61.1"
74.7.243.200 - - [14/Sep/2026:21:49:47 +0600] "GET /%E0%A6%86%E0%A6%B8%E0%A6%9B%E0%A7%87-%E0%A6%AE%E0%A6%A8%E0%A6%BF%E0%A6%B0-%E0%A6%96%E0%A6%BE%E0%A6%A8%E0%A7%87%E0%A6%B0-%E0%A6%AE%E0%A6%BE/ HTTP/1.1" 429 0 "http://bangladaily.online/%e0%a6%86%e0%a6%b8%e0%a6%9b%e0%a7%87-%e0%a6%ae%e0%a6%a8%e0%a6%bf%e0%a6%b0-%e0%a6%96%e0%a6%be%e0%a6%a8%e0%a7%87%e0%a6%b0-%e0%a6%ae%e0%a6%be/" "Mozilla/5.0 AppleWebKit/537.36 (KHTML, like Gecko; compatible; GPTBot/1.4; +https://openai.com/gptbot)"
74.7.243.200 - - [14/Sep/2026:21:51:03 +0600] "GET /%e0%a6%8f%e0%a6%95%e0%a6%be%e0%a6%a6%e0%a6%b6%e0%a7%87-%e0%a6%ad%e0%a6%b0%e0%a7%8d%e0%a6%a4%e0%a6%bf%e0%a6%a4%e0%a7%87-%e0%a6%aa%e0%a7%8d%e0%a6%b0%e0%a6%be%e0%a6%af%e0%a6%bc-%e0%a7%a7%e0%a7%a6/ HTTP/1.1" 200 15397 "http://bangladaily.online/%E0%A6%B2%E0%A6%95%E0%A7%8D%E0%A6%B7%E0%A7%8D%E0%A6%AE%E0%A7%80%E0%A6%AA%E0%A7%81%E0%A6%B0%E0%A7%87-%E0%A6%85%E0%A6%AC%E0%A7%88%E0%A6%A7%E0%A6%AD%E0%A6%BE%E0%A6%AC%E0%A7%87-%E0%A6%AE%E0%A6%9C%E0%A7%81/" "Mozilla/5.0 AppleWebKit/537.36 (KHTML, like Gecko; compatible; GPTBot/1.4; +https://openai.com/gptbot)"
74.7.243.200 - - [14/Sep/2026:21:50:07 +0600] "GET /%E0%A6%87%E0%A6%B8%E0%A6%B2%E0%A6%BE%E0%A6%AE%E0%A7%80-%E0%A6%86%E0%A6%87%E0%A6%A8%E0%A7%87-%E0%A6%A8%E0%A7%87%E0%A6%87-%E0%A6%AC%E0%A6%B2%E0%A7%87-%E0%A6%86%E0%A6%AB%E0%A6%97/ HTTP/1.1" 200 16284 "http://bangladaily.online/%e0%a6%87%e0%a6%b8%e0%a6%b2%e0%a6%be%e0%a6%ae%e0%a7%80-%e0%a6%86%e0%a6%87%e0%a6%a8%e0%a7%87-%e0%a6%a8%e0%a7%87%e0%a6%87-%e0%a6%ac%e0%a6%b2%e0%a7%87-%e0%a6%86%e0%a6%ab%e0%a6%97/" "Mozilla/5.0 AppleWebKit/537.36 (KHTML, like Gecko; compatible; GPTBot/1.4; +https://openai.com/gptbot)"
74.7.243.200 - - [14/Sep/2026:21:50:27 +0600] "GET /?p=5100 HTTP/1.1" 429 0 "http://bangladaily.online/%E0%A6%B2%E0%A6%95%E0%A7%8D%E0%A6%B7%E0%A7%8D%E0%A6%AE%E0%A7%80%E0%A6%AA%E0%A7%81%E0%A6%B0%E0%A7%87-%E0%A6%85%E0%A6%AC%E0%A7%88%E0%A6%A7%E0%A6%AD%E0%A6%BE%E0%A6%AC%E0%A7%87-%E0%A6%AE%E0%A6%9C%E0%A7%81/" "Mozilla/5.0 AppleWebKit/537.36 (KHTML, like Gecko; compatible; GPTBot/1.4; +https://openai.com/gptbot)"
74.7.243.200 - - [14/Sep/2026:21:50:43 +0600] "GET /wp-content/uploads/2026/09/og_1789397971_6aa80bd3d0711.jpeg HTTP/1.1" 429 0 "http://bangladaily.online/%E0%A6%B2%E0%A6%95%E0%A7%8D%E0%A6%B7%E0%A7%8D%E0%A6%AE%E0%A7%80%E0%A6%AA%E0%A7%81%E0%A6%B0%E0%A7%87-%E0%A6%85%E0%A6%AC%E0%A7%88%E0%A6%A7%E0%A6%AD%E0%A6%BE%E0%A6%AC%E0%A7%87-%E0%A6%AE%E0%A6%9C%E0%A7%81/" "Mozilla/5.0 AppleWebKit/537.36 (KHTML, like Gecko; compatible; GPTBot/1.4; +https://openai.com/gptbot)"
116.202.222.251 - - [14/Sep/2026:21:51:04 +0600] "POST /wp-cron.php?doing_wp_cron=1789401064.1959059238433837890625 HTTP/1.1" 200 0 "-" "WordPress/7.1; http://bangladaily.online"
116.202.222.251 - - [14/Sep/2026:21:51:02 +0600] "GET /?wp_automatic=cron HTTP/1.1" 200 1569 "-" "curl/7.61.1"
116.202.222.251 - - [14/Sep/2026:21:51:23 +0600] "POST /wp-cron.php?doing_wp_cron=1789401083.9689888954162597656250 HTTP/1.1" 200 0 "-" "WordPress/7.1; http://bangladaily.online"
74.7.243.200 - - [14/Sep/2026:21:51:39 +0600] "GET /%E0%A6%AA%E0%A7%8D%E0%A6%B0%E0%A6%AD%E0%A6%BE%E0%A6%B0-%E0%A6%A4%E0%A7%83%E0%A6%A4%E0%A7%80%E0%A6%AF%E0%A6%BC-%E0%A6%AC%E0%A6%BF%E0%A6%AF%E0%A6%BC%E0%A7%87-%E0%A6%A8%E0%A6%BF%E0%A6%AF%E0%A6%BC/ HTTP/1.1" 429 0 "http://bangladaily.online/%e0%a6%aa%e0%a7%8d%e0%a6%b0%e0%a6%ad%e0%a6%be%e0%a6%b0-%e0%a6%a4%e0%a7%83%e0%a6%a4%e0%a7%80%e0%a6%af%e0%a6%bc-%e0%a6%ac%e0%a6%bf%e0%a6%af%e0%a6%bc%e0%a7%87-%e0%a6%a8%e0%a6%bf%e0%a6%af%e0%a6%bc/" "Mozilla/5.0 AppleWebKit/537.36 (KHTML, like Gecko; compatible; GPTBot/1.4; +https://openai.com/gptbot)"
74.7.243.200 - - [14/Sep/2026:21:51:23 +0600] "GET /%e0%a6%aa%e0%a6%b0%e0%a6%bf%e0%a6%b6%e0%a7%8b%e0%a6%a7%e0%a6%a8-%e0%a6%b8%e0%a6%95%e0%a7%8d%e0%a6%b7%e0%a6%ae%e0%a6%a4%e0%a6%be-%e0%a6%a4%e0%a6%bf%e0%a6%a8%e0%a6%97%e0%a7%81%e0%a6%a3-%e0%a6%ac/ HTTP/1.1" 200 15944 "http://bangladaily.online/%e0%a6%87%e0%a6%b8%e0%a6%b2%e0%a6%be%e0%a6%ae%e0%a7%80-%e0%a6%86%e0%a6%87%e0%a6%a8%e0%a7%87-%e0%a6%a8%e0%a7%87%e0%a6%87-%e0%a6%ac%e0%a6%b2%e0%a7%87-%e0%a6%86%e0%a6%ab%e0%a6%97/" "Mozilla/5.0 AppleWebKit/537.36 (KHTML, like Gecko; compatible; GPTBot/1.4; +https://openai.com/gptbot)"
74.7.243.200 - - [14/Sep/2026:21:51:52 +0600] "GET /%e0%a6%b2%e0%a6%95%e0%a7%8d%e0%a6%b7%e0%a7%8d%e0%a6%ae%e0%a7%80%e0%a6%aa%e0%a7%81%e0%a6%b0%e0%a7%87-%e0%a6%85%e0%a6%ac%e0%a7%88%e0%a6%a7%e0%a6%ad%e0%a6%be%e0%a6%ac%e0%a7%87-%e0%a6%ae%e0%a6%9c%e0%a7%81/feed/ HTTP/1.1" 429 0 "http://bangladaily.online/%e0%a6%b2%e0%a6%95%e0%a7%8d%e0%a6%b7%e0%a7%8d%e0%a6%ae%e0%a7%80%e0%a6%aa%e0%a7%81%e0%a6%b0%e0%a7%87-%e0%a6%85%e0%a6%ac%e0%a7%88%e0%a6%a7%e0%a6%ad%e0%a6%be%e0%a6%ac%e0%a7%87-%e0%a6%ae%e0%a6%9c%e0%a7%81/" "Mozilla/5.0 AppleWebKit/537.36 (KHTML, like Gecko; compatible; GPTBot/1.4; +https://openai.com/gptbot)"
116.202.222.251 - - [14/Sep/2026:21:52:04 +0600] "POST /wp-cron.php?doing_wp_cron=1789401124.5256309509277343750000 HTTP/1.1" 200 0 "-" "WordPress/7.1; http://bangladaily.online"
116.202.222.251 - - [14/Sep/2026:21:52:02 +0600] "GET /?wp_automatic=cron HTTP/1.1" 200 1570 "-" "curl/7.61.1"
85.208.96.206 - - [14/Sep/2026:21:52:08 +0600] "GET /%E0%A6%95%E0%A7%8D%E0%A6%B2%E0%A6%BE%E0%A6%AC%E0%A6%97%E0%A7%81%E0%A6%B2%E0%A7%8B%E0%A6%B0-%E0%A6%A6%E0%A6%BE%E0%A6%AC%E0%A6%BF-%E0%A6%89%E0%A6%AA%E0%A7%87%E0%A6%95%E0%A7%8D%E0%A6%B7%E0%A6%BE/ HTTP/1.1" 200 19239 "-" "Mozilla/5.0 (compatible; SemrushBot/7~bl; +http://www.semrush.com/bot.html)"
74.7.243.200 - - [14/Sep/2026:21:52:11 +0600] "GET /%e0%a6%9c%e0%a6%a8%e0%a6%a4%e0%a6%be-%e0%a6%ac%e0%a7%8d%e0%a6%af%e0%a6%be%e0%a6%82%e0%a6%95%e0%a7%87-%e0%a6%ab%e0%a6%b0%e0%a7%87%e0%a6%a8-%e0%a6%8f%e0%a6%95%e0%a7%8d%e0%a6%b8%e0%a6%9a%e0%a7%87/ HTTP/1.1" 429 0 "http://bangladaily.online/%e0%a6%ad%e0%a6%b0%e0%a6%bf%e0%a6%a4%e0%a7%87-%e0%a6%b8%e0%a7%8b%e0%a6%a8%e0%a6%be%e0%a6%b0-%e0%a6%a6%e0%a6%be%e0%a6%ae-%e0%a6%ac%e0%a6%be%e0%a6%a1%e0%a6%bc%e0%a6%b2-%e0%a7%ab%e0%a7%aa%e0%a7%ae/" "Mozilla/5.0 AppleWebKit/537.36 (KHTML, like Gecko; compatible; GPTBot/1.4; +https://openai.com/gptbot)"
74.7.243.200 - - [14/Sep/2026:21:52:51 +0600] "GET /%e0%a6%87%e0%a6%a8%e0%a7%87%e0%a6%b8%e0%a7%87%e0%a6%b0-%e0%a6%b8%e0%a6%99%e0%a7%8d%e0%a6%97%e0%a7%87-%e0%a6%87%e0%a6%af%e0%a6%bc%e0%a6%be%e0%a6%ae%e0%a6%be%e0%a6%b2%e0%a7%87%e0%a6%b0/ HTTP/1.1" 429 0 "http://bangladaily.online/%e0%a6%87%e0%a6%b8%e0%a6%b2%e0%a6%be%e0%a6%ae%e0%a7%80-%e0%a6%86%e0%a6%87%e0%a6%a8%e0%a7%87-%e0%a6%a8%e0%a7%87%e0%a6%87-%e0%a6%ac%e0%a6%b2%e0%a7%87-%e0%a6%86%e0%a6%ab%e0%a6%97/" "Mozilla/5.0 AppleWebKit/537.36 (KHTML, like Gecko; compatible; GPTBot/1.4; +https://openai.com/gptbot)"
116.202.222.251 - - [14/Sep/2026:21:53:02 +0600] "GET /?wp_automatic=cron HTTP/1.1" 200 2252 "-" "curl/7.61.1"
74.7.243.200 - - [14/Sep/2026:21:53:07 +0600] "GET /%e0%a6%87%e0%a6%af%e0%a6%bc%e0%a6%be%e0%a6%ae%e0%a6%be%e0%a6%b2%e0%a6%95%e0%a7%87-%e0%a6%b8%e0%a6%be%e0%a6%ac%e0%a7%87%e0%a6%95-%e0%a6%ac%e0%a6%be%e0%a6%b0%e0%a7%8d%e0%a6%b8%e0%a6%be-%e0%a6%a4/ HTTP/1.1" 200 15527 "http://bangladaily.online/%e0%a6%89%e0%a6%a4%e0%a7%8d%e0%a6%a4%e0%a6%b0-%e0%a6%95%e0%a7%8b%e0%a6%b0%e0%a6%bf%e0%a6%af%e0%a6%bc%e0%a6%be%e0%a6%b0-%e0%a6%ac%e0%a6%bf%e0%a6%aa%e0%a6%95%e0%a7%8d%e0%a6%b7%e0%a7%87-%e0%a7%a7/" "Mozilla/5.0 AppleWebKit/537.36 (KHTML, like Gecko; compatible; GPTBot/1.4; +https://openai.com/gptbot)"
74.7.243.200 - - [14/Sep/2026:21:53:27 +0600] "GET /%e0%a6%ad%e0%a6%b0%e0%a6%bf%e0%a6%a4%e0%a7%87-%e0%a6%b8%e0%a7%8b%e0%a6%a8%e0%a6%be%e0%a6%b0-%e0%a6%a6%e0%a6%be%e0%a6%ae-%e0%a6%ac%e0%a6%be%e0%a6%a1%e0%a6%bc%e0%a6%b2-%e0%a7%ab%e0%a7%aa%e0%a7%ae/feed/ HTTP/1.1" 429 0 "http://bangladaily.online/%e0%a6%ad%e0%a6%b0%e0%a6%bf%e0%a6%a4%e0%a7%87-%e0%a6%b8%e0%a7%8b%e0%a6%a8%e0%a6%be%e0%a6%b0-%e0%a6%a6%e0%a6%be%e0%a6%ae-%e0%a6%ac%e0%a6%be%e0%a6%a1%e0%a6%bc%e0%a6%b2-%e0%a7%ab%e0%a7%aa%e0%a7%ae/" "Mozilla/5.0 AppleWebKit/537.36 (KHTML, like Gecko; compatible; GPTBot/1.4; +https://openai.com/gptbot)"
