74.7.243.200 - - [14/Sep/2026:21:13:56 +0600] "GET /%e0%a6%b2%e0%a6%95%e0%a7%8d%e0%a6%b7%e0%a7%8d%e0%a6%ae%e0%a7%80%e0%a6%aa%e0%a7%81%e0%a6%b0%e0%a7%87-%e0%a6%85%e0%a6%ac%e0%a7%88%e0%a6%a7%e0%a6%ad%e0%a6%be%e0%a6%ac%e0%a7%87-%e0%a6%ae%e0%a6%9c%e0%a7%81/ HTTP/1.1" 429 0 "http://bangladaily.online/%e0%a6%b9%e0%a6%be%e0%a6%a8%e0%a6%bf%e0%a6%af%e0%a6%bc%e0%a6%be-%e0%a6%86%e0%a6%ae%e0%a6%bf%e0%a6%b0%e0%a7%87%e0%a6%b0-%e0%a6%ad%e0%a6%bf%e0%a6%a1%e0%a6%bf%e0%a6%93-%e0%a6%ad%e0%a6%be%e0%a6%87/" "Mozilla/5.0 AppleWebKit/537.36 (KHTML, like Gecko; compatible; GPTBot/1.4; +https://openai.com/gptbot)"
116.202.222.251 - - [14/Sep/2026:21:13:58 +0600] "POST /wp-cron.php?doing_wp_cron=1789398838.6646029949188232421875 HTTP/1.1" 200 0 "-" "WordPress/7.1; http://bangladaily.online"
116.202.222.251 - - [14/Sep/2026:21:14:02 +0600] "GET /?wp_automatic=cron HTTP/1.1" 200 1602 "-" "curl/7.61.1"
74.7.243.200 - - [14/Sep/2026:21:14:16 +0600] "GET /%e0%a6%b0%e0%a6%bf%e0%a6%9c%e0%a6%bf%e0%a6%95-%e0%a6%ac%e0%a7%83%e0%a6%a6%e0%a7%8d%e0%a6%a7%e0%a6%bf%e0%a6%b0-%e0%a6%b6%e0%a7%8d%e0%a6%b0%e0%a7%87%e0%a6%b7%e0%a7%8d%e0%a6%a0-%e0%a6%86%e0%a6%ae/ HTTP/1.1" 429 0 "http://bangladaily.online/%e0%a6%85%e0%a6%ae%e0%a6%bf%e0%a6%a4%e0%a6%be%e0%a6%ad-%e0%a6%ac%e0%a6%9a%e0%a7%8d%e0%a6%9a%e0%a6%a8%e0%a7%87%e0%a6%b0-%e0%a6%ae%e0%a6%a8%e0%a7%87-%e0%a6%b0%e0%a6%af%e0%a6%bc%e0%a7%87-%e0%a6%97/" "Mozilla/5.0 AppleWebKit/537.36 (KHTML, like Gecko; compatible; GPTBot/1.4; +https://openai.com/gptbot)"
74.7.243.200 - - [14/Sep/2026:21:14:56 +0600] "GET /%e0%a6%a6%e0%a7%87%e0%a6%b6%e0%a7%87-%e0%a6%ab%e0%a6%bf%e0%a6%b0%e0%a6%b2%e0%a7%87%e0%a6%a8-%e0%a6%9f%e0%a6%be%e0%a6%87%e0%a6%97%e0%a6%be%e0%a6%b0%e0%a6%a6%e0%a7%87%e0%a6%b0-%e0%a6%8f%e0%a6%95/ HTTP/1.1" 200 15324 "http://bangladaily.online/%e0%a6%b9%e0%a6%be%e0%a6%a8%e0%a6%bf%e0%a6%af%e0%a6%bc%e0%a6%be-%e0%a6%86%e0%a6%ae%e0%a6%bf%e0%a6%b0%e0%a7%87%e0%a6%b0-%e0%a6%ad%e0%a6%bf%e0%a6%a1%e0%a6%bf%e0%a6%93-%e0%a6%ad%e0%a6%be%e0%a6%87/" "Mozilla/5.0 AppleWebKit/537.36 (KHTML, like Gecko; compatible; GPTBot/1.4; +https://openai.com/gptbot)"
74.7.243.200 - - [14/Sep/2026:21:15:16 +0600] "GET /%e0%a6%86%e0%a6%9c-%e0%a6%95%e0%a6%bf%e0%a6%82%e0%a6%ac%e0%a6%a6%e0%a6%a8%e0%a7%8d%e0%a6%a4%e0%a6%bf-%e0%a6%b6%e0%a6%bf%e0%a6%b2%e0%a7%8d%e0%a6%aa%e0%a7%80-%e0%a6%86%e0%a6%ac%e0%a7%8d%e0%a6%a6/ HTTP/1.1" 429 0 "http://bangladaily.online/category/%E0%A6%AC%E0%A6%BF%E0%A6%A8%E0%A7%8B%E0%A6%A6%E0%A6%A8/page/2/" "Mozilla/5.0 AppleWebKit/537.36 (KHTML, like Gecko; compatible; GPTBot/1.4; +https://openai.com/gptbot)"
74.7.243.200 - - [14/Sep/2026:21:15:32 +0600] "GET /%e0%a6%9c%e0%a7%80%e0%a6%ac%e0%a6%a8%e0%a6%b8%e0%a6%99%e0%a7%8d%e0%a6%97%e0%a7%80-%e0%a6%ac%e0%a7%87%e0%a6%9b%e0%a7%87-%e0%a6%a8%e0%a6%bf%e0%a6%b2%e0%a7%87%e0%a6%a8-%e0%a6%93%e0%a6%aa%e0%a6%be/ HTTP/1.1" 429 0 "http://bangladaily.online/%e0%a6%85%e0%a6%ae%e0%a6%bf%e0%a6%a4%e0%a6%be%e0%a6%ad-%e0%a6%ac%e0%a6%9a%e0%a7%8d%e0%a6%9a%e0%a6%a8%e0%a7%87%e0%a6%b0-%e0%a6%ae%e0%a6%a8%e0%a7%87-%e0%a6%b0%e0%a6%af%e0%a6%bc%e0%a7%87-%e0%a6%97/" "Mozilla/5.0 AppleWebKit/537.36 (KHTML, like Gecko; compatible; GPTBot/1.4; +https://openai.com/gptbot)"
116.202.222.251 - - [14/Sep/2026:21:15:35 +0600] "POST /wp-cron.php?doing_wp_cron=1789398935.6254920959472656250000 HTTP/1.1" 200 0 "-" "WordPress/7.1; http://bangladaily.online"
51.89.39.54 - - [14/Sep/2026:21:15:40 +0600] "GET /wp-content/uploads/2026/09/6aa7eddb2d68f17893902996aa7eddb2d6a0.jpg HTTP/1.1" 200 92272 "-" "Mozilla/5.0 (compatible; AhrefsBot/7.0; +http://ahrefs.com/robot/)"
74.7.243.200 - - [14/Sep/2026:21:15:52 +0600] "GET /%e0%a6%85%e0%a6%b8%e0%a7%81%e0%a6%b8%e0%a7%8d%e0%a6%a5%e0%a6%a4%e0%a6%be%e0%a6%b0-%e0%a6%95%e0%a6%a5%e0%a6%be-%e0%a6%9c%e0%a6%be%e0%a6%a8%e0%a6%bf%e0%a6%af%e0%a6%bc%e0%a7%87%e0%a6%93-%e0%a6%af/ HTTP/1.1" 429 0 "http://bangladaily.online/category/%E0%A6%AC%E0%A6%BF%E0%A6%A8%E0%A7%8B%E0%A6%A6%E0%A6%A8/page/4/" "Mozilla/5.0 AppleWebKit/537.36 (KHTML, like Gecko; compatible; GPTBot/1.4; +https://openai.com/gptbot)"
17.166.233.106 - - [14/Sep/2026:21:15:10 +0600] "GET /wp-content/themes/covernews/admin-dashboard/dist/covernews_scripts.build.js?ver=2.1.11 HTTP/1.1" 200 12217 "http://bangladaily.online/%e0%a6%ab%e0%a7%87%e0%a6%a8%e0%a7%80%e0%a6%a4%e0%a7%87-%e0%a6%ac%e0%a6%bf%e0%a6%b6%e0%a7%87%e0%a6%b7-%e0%a6%85%e0%a6%ad%e0%a6%bf%e0%a6%af%e0%a6%be%e0%a6%a8%e0%a7%87-%e0%a6%a1%e0%a6%be%e0%a6%95/" "Mozilla/5.0 (Macintosh; Intel Mac OS X 10_15_7) AppleWebKit/605.1.15 (KHTML, like Gecko) Version/17.4 Safari/605.1.15 (Applebot/0.1; +http://www.apple.com/go/applebot)"
17.166.233.106 - - [14/Sep/2026:21:15:12 +0600] "GET /wp-includes/js/comment-reply.min.js?ver=7.1 HTTP/1.1" 200 1350 "http://bangladaily.online/%e0%a6%ab%e0%a7%87%e0%a6%a8%e0%a7%80%e0%a6%a4%e0%a7%87-%e0%a6%ac%e0%a6%bf%e0%a6%b6%e0%a7%87%e0%a6%b7-%e0%a6%85%e0%a6%ad%e0%a6%bf%e0%a6%af%e0%a6%be%e0%a6%a8%e0%a7%87-%e0%a6%a1%e0%a6%be%e0%a6%95/" "Mozilla/5.0 (Macintosh; Intel Mac OS X 10_15_7) AppleWebKit/605.1.15 (KHTML, like Gecko) Version/17.4 Safari/605.1.15 (Applebot/0.1; +http://www.apple.com/go/applebot)"
185.191.171.19 - - [14/Sep/2026:21:15:34 +0600] "GET /%E0%A6%AC%E0%A6%BF%E0%A6%8F%E0%A6%A8%E0%A6%AA%E0%A6%BF%E0%A6%B0-%E0%A7%AA%E0%A7%AE-%E0%A6%AC%E0%A6%9B%E0%A6%B0%E0%A7%87%E0%A6%B0-%E0%A7%AA%E0%A7%AE-%E0%A6%85%E0%A6%B0%E0%A7%8D%E0%A6%9C%E0%A6%A8/ HTTP/1.1" 200 22285 "-" "Mozilla/5.0 (compatible; SemrushBot/7~bl; +http://www.semrush.com/bot.html)"
74.7.243.200 - - [14/Sep/2026:21:16:12 +0600] "GET /%e0%a6%95%e0%a7%83%e0%a6%a4%e0%a6%bf-%e0%a6%b6%e0%a7%8d%e0%a6%af%e0%a6%be%e0%a6%a8%e0%a6%a8%e0%a7%87%e0%a6%b0-%e0%a6%ac%e0%a6%bf%e0%a6%a4%e0%a6%b0%e0%a7%8d%e0%a6%95%e0%a6%bf%e0%a6%a4-%e0%a6%ac/ HTTP/1.1" 429 0 "http://bangladaily.online/category/%E0%A6%AC%E0%A6%BF%E0%A6%A8%E0%A7%8B%E0%A6%A6%E0%A6%A8/page/4/" "Mozilla/5.0 AppleWebKit/537.36 (KHTML, like Gecko; compatible; GPTBot/1.4; +https://openai.com/gptbot)"
74.7.243.200 - - [14/Sep/2026:21:16:32 +0600] "GET /%e0%a6%a6%e0%a7%87%e0%a6%b6%e0%a7%87-%e0%a6%ab%e0%a6%bf%e0%a6%b0%e0%a7%87-%e0%a6%ac%e0%a6%bf%e0%a6%ae%e0%a6%be%e0%a6%a8%e0%a6%ac%e0%a6%a8%e0%a7%8d%e0%a6%a6%e0%a6%b0%e0%a7%87-%e0%a6%af%e0%a6%be/ HTTP/1.1" 429 0 "http://bangladaily.online/%e0%a6%85%e0%a6%ae%e0%a6%bf%e0%a6%a4%e0%a6%be%e0%a6%ad-%e0%a6%ac%e0%a6%9a%e0%a7%8d%e0%a6%9a%e0%a6%a8%e0%a7%87%e0%a6%b0-%e0%a6%ae%e0%a6%a8%e0%a7%87-%e0%a6%b0%e0%a6%af%e0%a6%bc%e0%a7%87-%e0%a6%97/" "Mozilla/5.0 AppleWebKit/537.36 (KHTML, like Gecko; compatible; GPTBot/1.4; +https://openai.com/gptbot)"
116.202.222.251 - - [14/Sep/2026:21:16:40 +0600] "POST /wp-cron.php?doing_wp_cron=1789399000.7466359138488769531250 HTTP/1.1" 200 0 "-" "WordPress/7.1; http://bangladaily.online"
85.208.96.212 - - [14/Sep/2026:21:16:39 +0600] "GET /%E0%A6%9C%E0%A6%B2%E0%A6%AC%E0%A6%BE%E0%A6%AF%E0%A6%BC%E0%A7%81-%E0%A6%AA%E0%A6%B0%E0%A6%BF%E0%A6%AC%E0%A6%B0%E0%A7%8D%E0%A6%A4%E0%A6%A8%E0%A7%87%E0%A6%B0-%E0%A6%AC%E0%A6%BF%E0%A6%AA%E0%A6%A6/ HTTP/1.1" 200 19896 "-" "Mozilla/5.0 (compatible; SemrushBot/7~bl; +http://www.semrush.com/bot.html)"
116.202.222.251 - - [14/Sep/2026:21:17:02 +0600] "GET /?wp_automatic=cron HTTP/1.1" 200 1589 "-" "curl/7.61.1"
85.208.96.201 - - [14/Sep/2026:21:17:04 +0600] "GET /%E0%A6%AA%E0%A6%AC%E0%A6%BF%E0%A6%A4%E0%A7%8D%E0%A6%B0-%E0%A6%AB%E0%A6%BE%E0%A6%A4%E0%A7%87%E0%A6%B9%E0%A6%BE-%E0%A6%87-%E0%A6%87%E0%A6%AF%E0%A6%BC%E0%A6%BE%E0%A6%9C%E0%A6%A6%E0%A6%BE%E0%A6%B9/ HTTP/1.1" 200 18717 "-" "Mozilla/5.0 (compatible; SemrushBot/7~bl; +http://www.semrush.com/bot.html)"
74.7.243.200 - - [14/Sep/2026:21:17:12 +0600] "GET /%e0%a6%ae%e0%a6%b9%e0%a6%be%e0%a6%a8-%e0%a6%ac%e0%a6%bf%e0%a6%9c%e0%a6%af%e0%a6%bc-%e0%a6%a6%e0%a6%bf%e0%a6%ac%e0%a6%b8%e0%a7%87-%e0%a6%ac%e0%a6%be%e0%a6%a8%e0%a7%8d%e0%a6%a6%e0%a6%b0%e0%a6%ac/ HTTP/1.1" 429 0 "http://bangladaily.online/%e0%a6%b9%e0%a6%be%e0%a6%a8%e0%a6%bf%e0%a6%af%e0%a6%bc%e0%a6%be-%e0%a6%86%e0%a6%ae%e0%a6%bf%e0%a6%b0%e0%a7%87%e0%a6%b0-%e0%a6%ad%e0%a6%bf%e0%a6%a1%e0%a6%bf%e0%a6%93-%e0%a6%ad%e0%a6%be%e0%a6%87/" "Mozilla/5.0 AppleWebKit/537.36 (KHTML, like Gecko; compatible; GPTBot/1.4; +https://openai.com/gptbot)"
116.202.222.251 - - [14/Sep/2026:21:16:02 +0600] "GET /?wp_automatic=cron HTTP/1.1" 200 1547 "-" "curl/7.61.1"
185.191.171.9 - - [14/Sep/2026:21:16:48 +0600] "GET /%E0%A6%B0%E0%A7%81%E0%A6%B0%E0%A6%BE%E0%A6%B2-%E0%A6%AA%E0%A6%BE%E0%A6%93%E0%A6%AF%E0%A6%BC%E0%A6%BE%E0%A6%B0-%E0%A6%95%E0%A7%8B%E0%A6%AE%E0%A7%8D%E0%A6%AA%E0%A6%BE%E0%A6%A8%E0%A6%BF%E0%A6%A4%E0%A7%87/ HTTP/1.1" 200 19108 "-" "Mozilla/5.0 (compatible; SemrushBot/7~bl; +http://www.semrush.com/bot.html)"
74.7.243.200 - - [14/Sep/2026:21:16:52 +0600] "GET /%e0%a6%aa%e0%a6%b0%e0%a7%8d%e0%a6%af%e0%a6%9f%e0%a6%95-%e0%a6%a6%e0%a6%b0%e0%a7%8d%e0%a6%b6%e0%a6%a8%e0%a6%be%e0%a6%b0%e0%a7%8d%e0%a6%a5%e0%a7%80-%e0%a6%95%e0%a6%ae%e0%a6%9b%e0%a7%87-%e0%a6%b6/ HTTP/1.1" 429 0 "http://bangladaily.online/%e0%a6%85%e0%a6%ae%e0%a6%bf%e0%a6%a4%e0%a6%be%e0%a6%ad-%e0%a6%ac%e0%a6%9a%e0%a7%8d%e0%a6%9a%e0%a6%a8%e0%a7%87%e0%a6%b0-%e0%a6%ae%e0%a6%a8%e0%a7%87-%e0%a6%b0%e0%a6%af%e0%a6%bc%e0%a7%87-%e0%a6%97/" "Mozilla/5.0 AppleWebKit/537.36 (KHTML, like Gecko; compatible; GPTBot/1.4; +https://openai.com/gptbot)"
116.202.222.251 - - [14/Sep/2026:21:17:53 +0600] "POST /wp-cron.php?doing_wp_cron=1789399073.1285510063171386718750 HTTP/1.1" 200 0 "-" "WordPress/7.1; http://bangladaily.online"
74.7.243.200 - - [14/Sep/2026:21:17:52 +0600] "GET /%E0%A6%B9%E0%A6%BE%E0%A6%A8%E0%A6%BF%E0%A6%AF%E0%A6%BC%E0%A6%BE-%E0%A6%86%E0%A6%AE%E0%A6%BF%E0%A6%B0%E0%A7%87%E0%A6%B0-%E0%A6%AD%E0%A6%BF%E0%A6%A1%E0%A6%BF%E0%A6%93-%E0%A6%AD%E0%A6%BE%E0%A6%87/ HTTP/1.1" 200 15429 "http://bangladaily.online/%e0%a6%b9%e0%a6%be%e0%a6%a8%e0%a6%bf%e0%a6%af%e0%a6%bc%e0%a6%be-%e0%a6%86%e0%a6%ae%e0%a6%bf%e0%a6%b0%e0%a7%87%e0%a6%b0-%e0%a6%ad%e0%a6%bf%e0%a6%a1%e0%a6%bf%e0%a6%93-%e0%a6%ad%e0%a6%be%e0%a6%87/" "Mozilla/5.0 AppleWebKit/537.36 (KHTML, like Gecko; compatible; GPTBot/1.4; +https://openai.com/gptbot)"
116.202.222.251 - - [14/Sep/2026:21:18:02 +0600] "GET /?wp_automatic=cron HTTP/1.1" 200 1567 "-" "curl/7.61.1"
74.7.243.200 - - [14/Sep/2026:21:18:12 +0600] "GET /%e0%a6%ac%e0%a6%bf%e0%a6%ac%e0%a6%be%e0%a6%b9%e0%a6%bf%e0%a6%a4-%e0%a6%aa%e0%a7%81%e0%a6%b0%e0%a7%81%e0%a6%b7%e0%a6%a6%e0%a7%87%e0%a6%b0-%e0%a6%b8%e0%a6%a4%e0%a6%b0%e0%a7%8d%e0%a6%95-%e0%a6%95/ HTTP/1.1" 429 0 "http://bangladaily.online/category/%E0%A6%AC%E0%A6%BF%E0%A6%A8%E0%A7%8B%E0%A6%A6%E0%A6%A8/page/2/" "Mozilla/5.0 AppleWebKit/537.36 (KHTML, like Gecko; compatible; GPTBot/1.4; +https://openai.com/gptbot)"
51.89.39.55 - - [14/Sep/2026:21:17:15 +0600] "GET /%E0%A6%9A%E0%A6%BE%E0%A6%81%E0%A6%A6%E0%A6%AA%E0%A7%81%E0%A6%B0%E0%A7%87-%E0%A7%A9-%E0%A6%B6%E0%A6%A4%E0%A6%BE%E0%A6%A7%E0%A6%BF%E0%A6%95-%E0%A6%AA%E0%A6%A5-%E0%A6%95%E0%A7%81%E0%A6%95%E0%A7%81/ HTTP/1.1" 200 15070 "-" "Mozilla/5.0 (compatible; AhrefsBot/7.0; +http://ahrefs.com/robot/)"
74.7.243.200 - - [14/Sep/2026:21:17:32 +0600] "GET /%e0%a6%b9%e0%a6%be%e0%a6%a8%e0%a6%bf%e0%a6%af%e0%a6%bc%e0%a6%be-%e0%a6%86%e0%a6%ae%e0%a6%bf%e0%a6%b0%e0%a7%87%e0%a6%b0-%e0%a6%ad%e0%a6%bf%e0%a6%a1%e0%a6%bf%e0%a6%93-%e0%a6%ad%e0%a6%be%e0%a6%87/feed/ HTTP/1.1" 429 0 "http://bangladaily.online/%e0%a6%b9%e0%a6%be%e0%a6%a8%e0%a6%bf%e0%a6%af%e0%a6%bc%e0%a6%be-%e0%a6%86%e0%a6%ae%e0%a6%bf%e0%a6%b0%e0%a7%87%e0%a6%b0-%e0%a6%ad%e0%a6%bf%e0%a6%a1%e0%a6%bf%e0%a6%93-%e0%a6%ad%e0%a6%be%e0%a6%87/" "Mozilla/5.0 AppleWebKit/537.36 (KHTML, like Gecko; compatible; GPTBot/1.4; +https://openai.com/gptbot)"
185.16.39.223 - - [14/Sep/2026:21:17:56 +0600] "GET /images/images/cache.php HTTP/1.1" 404 10449 "www.google.com" "Mozlila/5.0 (Linux; Android 7.0; SM-G892A Bulid/NRD90M; wv) AppleWebKit/537.36 (KHTML, like Gecko) Version/4.0 Chrome/60.0.3112.107 Moblie Safari/537.36"
74.7.243.200 - - [14/Sep/2026:21:18:48 +0600] "GET /wp-content/uploads/2026/09/ducsu-zinnah-mu196li31711mbn-20260914190338-300x156.jpg HTTP/1.1" 429 0 "http://bangladaily.online/%e0%a6%a6%e0%a7%87%e0%a6%b6%e0%a7%87-%e0%a6%ab%e0%a6%bf%e0%a6%b0%e0%a6%b2%e0%a7%87%e0%a6%a8-%e0%a6%9f%e0%a6%be%e0%a6%87%e0%a6%97%e0%a6%be%e0%a6%b0%e0%a6%a6%e0%a7%87%e0%a6%b0-%e0%a6%8f%e0%a6%95/" "Mozilla/5.0 AppleWebKit/537.36 (KHTML, like Gecko; compatible; GPTBot/1.4; +https://openai.com/gptbot)"
116.202.222.251 - - [14/Sep/2026:21:19:02 +0600] "GET /?wp_automatic=cron HTTP/1.1" 200 1569 "-" "curl/7.61.1"
74.7.243.200 - - [14/Sep/2026:21:19:08 +0600] "GET /wp-content/uploads/2026/08/6a9266f16c69117879795056a9266f16c694.jpg HTTP/1.1" 429 0 "http://bangladaily.online/%e0%a6%a6%e0%a7%87%e0%a6%b6%e0%a7%87-%e0%a6%ab%e0%a6%bf%e0%a6%b0%e0%a6%b2%e0%a7%87%e0%a6%a8-%e0%a6%9f%e0%a6%be%e0%a6%87%e0%a6%97%e0%a6%be%e0%a6%b0%e0%a6%a6%e0%a7%87%e0%a6%b0-%e0%a6%8f%e0%a6%95/" "Mozilla/5.0 AppleWebKit/537.36 (KHTML, like Gecko; compatible; GPTBot/1.4; +https://openai.com/gptbot)"
74.7.243.200 - - [14/Sep/2026:21:19:28 +0600] "GET /%e0%a6%ad%e0%a6%b0%e0%a6%bf%e0%a6%a4%e0%a7%87-%e0%a6%b8%e0%a7%8b%e0%a6%a8%e0%a6%be%e0%a6%b0-%e0%a6%a6%e0%a6%be%e0%a6%ae-%e0%a6%ac%e0%a6%be%e0%a6%a1%e0%a6%bc%e0%a6%b2-%e0%a7%ab%e0%a7%aa%e0%a7%ae/ HTTP/1.1" 429 0 "http://bangladaily.online/%e0%a6%a6%e0%a7%87%e0%a6%b6%e0%a7%87-%e0%a6%ab%e0%a6%bf%e0%a6%b0%e0%a6%b2%e0%a7%87%e0%a6%a8-%e0%a6%9f%e0%a6%be%e0%a6%87%e0%a6%97%e0%a6%be%e0%a6%b0%e0%a6%a6%e0%a7%87%e0%a6%b0-%e0%a6%8f%e0%a6%95/" "Mozilla/5.0 AppleWebKit/537.36 (KHTML, like Gecko; compatible; GPTBot/1.4; +https://openai.com/gptbot)"
51.89.71.85 - - [14/Sep/2026:21:19:32 +0600] "GET /%E0%A6%AB%E0%A7%87%E0%A6%B0%E0%A6%BF-%E0%A6%A5%E0%A7%87%E0%A6%95%E0%A7%87-%E0%A6%A8%E0%A6%A6%E0%A7%80%E0%A6%A4%E0%A7%87-%E0%A6%AA%E0%A6%A1%E0%A6%BC%E0%A7%87-%E0%A6%9F%E0%A7%8D%E0%A6%B0%E0%A6%B2/feed/ HTTP/1.1" 200 597 "-" "Mozilla/5.0 (compatible; AhrefsBot/7.0; +http://ahrefs.com/robot/)"
74.7.243.200 - - [14/Sep/2026:21:19:48 +0600] "GET /%e0%a6%8f%e0%a6%95%e0%a6%be%e0%a6%a6%e0%a6%b6%e0%a7%87-%e0%a6%ad%e0%a6%b0%e0%a7%8d%e0%a6%a4%e0%a6%bf%e0%a6%a4%e0%a7%87-%e0%a6%aa%e0%a7%8d%e0%a6%b0%e0%a6%be%e0%a6%af%e0%a6%bc-%e0%a7%a7%e0%a7%a6/ HTTP/1.1" 429 0 "http://bangladaily.online/%e0%a6%a6%e0%a7%87%e0%a6%b6%e0%a7%87-%e0%a6%ab%e0%a6%bf%e0%a6%b0%e0%a6%b2%e0%a7%87%e0%a6%a8-%e0%a6%9f%e0%a6%be%e0%a6%87%e0%a6%97%e0%a6%be%e0%a6%b0%e0%a6%a6%e0%a7%87%e0%a6%b0-%e0%a6%8f%e0%a6%95/" "Mozilla/5.0 AppleWebKit/537.36 (KHTML, like Gecko; compatible; GPTBot/1.4; +https://openai.com/gptbot)"
74.7.243.200 - - [14/Sep/2026:21:20:08 +0600] "GET /%e0%a6%b2%e0%a6%95%e0%a7%8d%e0%a6%b7%e0%a7%8d%e0%a6%ae%e0%a7%80%e0%a6%aa%e0%a7%81%e0%a6%b0%e0%a7%87-%e0%a6%85%e0%a6%ac%e0%a7%88%e0%a6%a7%e0%a6%ad%e0%a6%be%e0%a6%ac%e0%a7%87-%e0%a6%ae%e0%a6%9c%e0%a7%81/ HTTP/1.1" 429 0 "http://bangladaily.online/%e0%a6%a6%e0%a7%87%e0%a6%b6%e0%a7%87-%e0%a6%ab%e0%a6%bf%e0%a6%b0%e0%a6%b2%e0%a7%87%e0%a6%a8-%e0%a6%9f%e0%a6%be%e0%a6%87%e0%a6%97%e0%a6%be%e0%a6%b0%e0%a6%a6%e0%a7%87%e0%a6%b0-%e0%a6%8f%e0%a6%95/" "Mozilla/5.0 AppleWebKit/537.36 (KHTML, like Gecko; compatible; GPTBot/1.4; +https://openai.com/gptbot)"
74.7.243.200 - - [14/Sep/2026:21:20:28 +0600] "GET /%e0%a6%b8%e0%a7%8d%e0%a6%95%e0%a7%81%e0%a6%b2%e0%a7%87-%e0%a6%ad%e0%a6%b0%e0%a7%8d%e0%a6%a4%e0%a6%bf%e0%a6%b0-%e0%a6%aa%e0%a6%b0%e0%a7%80%e0%a6%95%e0%a7%8d%e0%a6%b7%e0%a6%be-%e0%a6%95%e0%a6%ac/ HTTP/1.1" 429 0 "http://bangladaily.online/%e0%a6%a6%e0%a7%87%e0%a6%b6%e0%a7%87-%e0%a6%ab%e0%a6%bf%e0%a6%b0%e0%a6%b2%e0%a7%87%e0%a6%a8-%e0%a6%9f%e0%a6%be%e0%a6%87%e0%a6%97%e0%a6%be%e0%a6%b0%e0%a6%a6%e0%a7%87%e0%a6%b0-%e0%a6%8f%e0%a6%95/" "Mozilla/5.0 AppleWebKit/537.36 (KHTML, like Gecko; compatible; GPTBot/1.4; +https://openai.com/gptbot)"
116.202.222.251 - - [14/Sep/2026:21:20:36 +0600] "POST /wp-cron.php?doing_wp_cron=1789399236.9580860137939453125000 HTTP/1.1" 200 0 "-" "WordPress/7.1; http://bangladaily.online"
74.7.243.200 - - [14/Sep/2026:21:18:28 +0600] "GET /?p=139 HTTP/1.1" 429 0 "http://bangladaily.online/%e0%a6%a6%e0%a7%87%e0%a6%b6%e0%a7%87-%e0%a6%ab%e0%a6%bf%e0%a6%b0%e0%a6%b2%e0%a7%87%e0%a6%a8-%e0%a6%9f%e0%a6%be%e0%a6%87%e0%a6%97%e0%a6%be%e0%a6%b0%e0%a6%a6%e0%a7%87%e0%a6%b0-%e0%a6%8f%e0%a6%95/" "Mozilla/5.0 AppleWebKit/537.36 (KHTML, like Gecko; compatible; GPTBot/1.4; +https://openai.com/gptbot)"
116.202.222.251 - - [14/Sep/2026:21:18:28 +0600] "POST /wp-cron.php?doing_wp_cron=1789399108.4957389831542968750000 HTTP/1.1" 200 0 "-" "WordPress/7.1; http://bangladaily.online"
185.191.171.3 - - [14/Sep/2026:21:18:27 +0600] "GET /%E0%A6%86%E0%A6%A8%E0%A7%8D%E0%A6%A4%E0%A6%B0%E0%A7%8D%E0%A6%9C%E0%A6%BE%E0%A6%A4%E0%A6%BF%E0%A6%95-%E0%A6%AC%E0%A6%BE%E0%A6%9C%E0%A6%BE%E0%A6%B0-%E0%A6%89%E0%A7%8E%E0%A6%AA%E0%A6%BE%E0%A6%A6%E0%A6%A8/ HTTP/1.1" 200 20484 "-" "Mozilla/5.0 (compatible; SemrushBot/7~bl; +http://www.semrush.com/bot.html)"
51.89.71.150 - - [14/Sep/2026:21:18:52 +0600] "GET /page/255/ HTTP/1.1" 200 19501 "-" "Mozilla/5.0 (compatible; AhrefsBot/7.0; +http://ahrefs.com/robot/)"
116.202.222.251 - - [14/Sep/2026:21:19:33 +0600] "POST /wp-cron.php?doing_wp_cron=1789399173.1894040107727050781250 HTTP/1.1" 200 0 "-" "WordPress/7.1; http://bangladaily.online"
51.89.39.52 - - [14/Sep/2026:21:20:04 +0600] "GET /%E0%A6%97%E0%A6%BE%E0%A6%95%E0%A6%AA%E0%A7%8B%E0%A6%95%E0%A7%87-%E0%A6%A6%E0%A6%B2%E0%A7%87-%E0%A6%AA%E0%A7%87%E0%A6%A4%E0%A7%87-%E0%A6%B2%E0%A6%BF%E0%A6%AD%E0%A6%BE%E0%A6%B0%E0%A6%AA%E0%A7%81/ HTTP/1.1" 200 14700 "-" "Mozilla/5.0 (compatible; AhrefsBot/7.0; +http://ahrefs.com/robot/)"
116.202.222.251 - - [14/Sep/2026:21:20:03 +0600] "GET /?wp_automatic=cron HTTP/1.1" 200 1569 "-" "curl/7.61.1"
51.89.74.197 - - [14/Sep/2026:21:20:36 +0600] "GET /%E0%A6%85%E0%A6%B0%E0%A7%8D%E0%A6%A5%E0%A7%87%E0%A6%B0-%E0%A6%AA%E0%A7%8D%E0%A6%B0%E0%A6%B2%E0%A7%8B%E0%A6%AD%E0%A6%A8%E0%A7%87-%E0%A6%85%E0%A6%AD%E0%A6%BF%E0%A6%A8%E0%A7%87%E0%A6%A4%E0%A7%8D%E0%A6%B0/ HTTP/1.1" 200 15694 "-" "Mozilla/5.0 (compatible; AhrefsBot/7.0; +http://ahrefs.com/robot/)"
51.89.72.7 - - [14/Sep/2026:21:20:44 +0600] "GET /wp-content/uploads/2026/09/ducsu-zinnah-mu196li31711mbn-20260914190338-300x156.jpg HTTP/1.1" 200 14298 "-" "Mozilla/5.0 (compatible; AhrefsBot/7.0; +http://ahrefs.com/robot/)"
85.208.96.209 - - [14/Sep/2026:21:20:46 +0600] "GET /%E0%A6%9C%E0%A6%A1%E0%A6%BC%E0%A6%BF%E0%A6%A4%E0%A6%A6%E0%A7%87%E0%A6%B0-%E0%A6%A6%E0%A7%8D%E0%A6%B0%E0%A7%81%E0%A6%A4-%E0%A6%97%E0%A7%8D%E0%A6%B0%E0%A7%87%E0%A6%AA%E0%A7%8D%E0%A6%A4%E0%A6%BE%E0%A6%B0/ HTTP/1.1" 200 18679 "-" "Mozilla/5.0 (compatible; SemrushBot/7~bl; +http://www.semrush.com/bot.html)"
51.89.69.98 - - [14/Sep/2026:21:21:05 +0600] "GET /wp-content/uploads/2026/09/og_1789397971_6aa80bd3d0711.jpeg HTTP/1.1" 200 25858 "-" "Mozilla/5.0 (compatible; AhrefsBot/7.0; +http://ahrefs.com/robot/)"
51.89.83.50 - - [14/Sep/2026:21:21:07 +0600] "GET /wp-content/uploads/2026/09/ducsu-zinnah-mu196li31711mbn-20260914190338-150x150.jpg HTTP/1.1" 200 7074 "-" "Mozilla/5.0 (compatible; AhrefsBot/7.0; +http://ahrefs.com/robot/)"
74.7.243.200 - - [14/Sep/2026:21:21:08 +0600] "GET /%e0%a6%9c%e0%a6%bf%e0%a6%a8%e0%a7%8d%e0%a6%a8%e0%a6%be%e0%a6%b9%e0%a6%b0-%e0%a6%9b%e0%a6%ac%e0%a6%bf-%e0%a6%9b%e0%a7%87%e0%a6%81%e0%a6%a1%e0%a6%bc%e0%a6%be%e0%a6%b0-%e0%a6%98%e0%a6%9f%e0%a6%a8/ HTTP/1.1" 429 0 "http://bangladaily.online/%e0%a6%a6%e0%a7%87%e0%a6%b6%e0%a7%87-%e0%a6%ab%e0%a6%bf%e0%a6%b0%e0%a6%b2%e0%a7%87%e0%a6%a8-%e0%a6%9f%e0%a6%be%e0%a6%87%e0%a6%97%e0%a6%be%e0%a6%b0%e0%a6%a6%e0%a7%87%e0%a6%b0-%e0%a6%8f%e0%a6%95/" "Mozilla/5.0 AppleWebKit/537.36 (KHTML, like Gecko; compatible; GPTBot/1.4; +https://openai.com/gptbot)"
51.89.74.196 - - [14/Sep/2026:21:21:09 +0600] "GET /wp-content/uploads/2026/09/ducsu-zinnah-mu196li31711mbn-20260914190338.jpg HTTP/1.1" 200 48624 "-" "Mozilla/5.0 (compatible; AhrefsBot/7.0; +http://ahrefs.com/robot/)"
74.7.243.200 - - [14/Sep/2026:21:20:48 +0600] "GET /%e0%a6%a2%e0%a6%be%e0%a6%ac%e0%a6%bf-%e0%a6%95%e0%a7%8d%e0%a6%af%e0%a6%be%e0%a6%ae%e0%a7%8d%e0%a6%aa%e0%a6%be%e0%a6%b8%e0%a7%87-%e0%a6%b8%e0%a7%8d%e0%a6%ac%e0%a6%b8%e0%a7%8d%e0%a6%a4%e0%a6%bf/ HTTP/1.1" 200 18629 "http://bangladaily.online/%e0%a6%a6%e0%a7%87%e0%a6%b6%e0%a7%87-%e0%a6%ab%e0%a6%bf%e0%a6%b0%e0%a6%b2%e0%a7%87%e0%a6%a8-%e0%a6%9f%e0%a6%be%e0%a6%87%e0%a6%97%e0%a6%be%e0%a6%b0%e0%a6%a6%e0%a7%87%e0%a6%b0-%e0%a6%8f%e0%a6%95/" "Mozilla/5.0 AppleWebKit/537.36 (KHTML, like Gecko; compatible; GPTBot/1.4; +https://openai.com/gptbot)"
51.89.59.33 - - [14/Sep/2026:21:21:06 +0600] "GET /wp-content/uploads/2026/09/madrasa-mtzo3wpdqzqnkh4-20260913162937.jpg HTTP/1.1" 200 36050 "-" "Mozilla/5.0 (compatible; AhrefsBot/7.0; +http://ahrefs.com/robot/)"
116.202.222.251 - - [14/Sep/2026:21:21:06 +0600] "POST /wp-cron.php?doing_wp_cron=1789399266.4846100807189941406250 HTTP/1.1" 200 0 "-" "WordPress/7.1; http://bangladaily.online"
116.202.222.251 - - [14/Sep/2026:21:21:02 +0600] "GET /?wp_automatic=cron HTTP/1.1" 200 2278 "-" "curl/7.61.1"
51.89.71.151 - - [14/Sep/2026:21:21:07 +0600] "GET /wp-content/uploads/2026/09/madrasa-mtzo3wpdqzqnkh4-20260913162937-150x150.jpg HTTP/1.1" 200 8112 "-" "Mozilla/5.0 (compatible; AhrefsBot/7.0; +http://ahrefs.com/robot/)"
85.208.96.199 - - [14/Sep/2026:21:21:06 +0600] "GET /%E0%A6%85%E0%A6%B2%E0%A7%8D%E0%A6%AA-%E0%A6%B8%E0%A6%AE%E0%A6%AF%E0%A6%BC%E0%A7%87%E0%A6%B0-%E0%A6%AE%E0%A6%A7%E0%A7%8D%E0%A6%AF%E0%A7%87-%E0%A6%97%E0%A6%A3%E0%A6%AA%E0%A6%A4%E0%A6%BF-%E0%A6%B9/ HTTP/1.1" 200 19416 "-" "Mozilla/5.0 (compatible; SemrushBot/7~bl; +http://www.semrush.com/bot.html)"
51.89.74.200 - - [14/Sep/2026:21:21:08 +0600] "GET /wp-content/uploads/2026/09/class-mt5bommrxmkuitn-20260823104702-150x150.jpg HTTP/1.1" 200 7704 "-" "Mozilla/5.0 (compatible; AhrefsBot/7.0; +http://ahrefs.com/robot/)"
51.89.69.36 - - [14/Sep/2026:21:21:07 +0600] "GET /%E0%A6%AE%E0%A6%BE-%E0%A6%B9%E0%A6%BE%E0%A6%B0%E0%A6%BF%E0%A6%AF%E0%A6%BC%E0%A7%87-%E0%A6%95%E0%A6%BE%E0%A6%81%E0%A6%A6%E0%A6%9B%E0%A7%87%E0%A6%A8-%E0%A6%9A%E0%A6%BF%E0%A6%A8%E0%A7%8D%E0%A6%AE/ HTTP/1.1" 200 14859 "-" "Mozilla/5.0 (compatible; AhrefsBot/7.0; +http://ahrefs.com/robot/)"
51.89.71.147 - - [14/Sep/2026:21:21:10 +0600] "GET /wp-content/uploads/2026/09/chadpur-2-20260914141757.jpg HTTP/1.1" 200 71598 "-" "Mozilla/5.0 (compatible; AhrefsBot/7.0; +http://ahrefs.com/robot/)"
51.89.83.53 - - [14/Sep/2026:21:21:11 +0600] "GET /wp-content/uploads/2026/09/og_1789397971_6aa80bd3d0711-150x150.jpeg HTTP/1.1" 200 5592 "-" "Mozilla/5.0 (compatible; AhrefsBot/7.0; +http://ahrefs.com/robot/)"
74.7.243.200 - - [14/Sep/2026:21:21:44 +0600] "GET /wp-content/uploads/2026/08/6a8fe4a1ee2ec17878150736a8fe4a1ee308.jpg HTTP/1.1" 429 0 "http://bangladaily.online/%E0%A6%B9%E0%A6%BE%E0%A6%A8%E0%A6%BF%E0%A6%AF%E0%A6%BC%E0%A6%BE-%E0%A6%86%E0%A6%AE%E0%A6%BF%E0%A6%B0%E0%A7%87%E0%A6%B0-%E0%A6%AD%E0%A6%BF%E0%A6%A1%E0%A6%BF%E0%A6%93-%E0%A6%AD%E0%A6%BE%E0%A6%87/" "Mozilla/5.0 AppleWebKit/537.36 (KHTML, like Gecko; compatible; GPTBot/1.4; +https://openai.com/gptbot)"
116.202.222.251 - - [14/Sep/2026:21:22:02 +0600] "GET /?wp_automatic=cron HTTP/1.1" 200 1603 "-" "curl/7.61.1"
74.7.243.200 - - [14/Sep/2026:21:22:04 +0600] "GET /wp-content/uploads/2026/09/6aa7bc205d7df17893775686aa7bc205d7ec-300x197.jpg HTTP/1.1" 429 0 "http://bangladaily.online/%E0%A6%B9%E0%A6%BE%E0%A6%A8%E0%A6%BF%E0%A6%AF%E0%A6%BC%E0%A6%BE-%E0%A6%86%E0%A6%AE%E0%A6%BF%E0%A6%B0%E0%A7%87%E0%A6%B0-%E0%A6%AD%E0%A6%BF%E0%A6%A1%E0%A6%BF%E0%A6%93-%E0%A6%AD%E0%A6%BE%E0%A6%87/" "Mozilla/5.0 AppleWebKit/537.36 (KHTML, like Gecko; compatible; GPTBot/1.4; +https://openai.com/gptbot)"
51.89.83.58 - - [14/Sep/2026:21:21:09 +0600] "GET /wp-content/uploads/2026/09/dhaka-university1-20260913191640.jpg HTTP/1.1" 200 27284 "-" "Mozilla/5.0 (compatible; AhrefsBot/7.0; +http://ahrefs.com/robot/)"
51.89.69.44 - - [14/Sep/2026:21:21:10 +0600] "GET /wp-content/uploads/2026/09/dhaka-university1-20260913191640-150x150.jpg HTTP/1.1" 200 5548 "-" "Mozilla/5.0 (compatible; AhrefsBot/7.0; +http://ahrefs.com/robot/)"
74.7.243.200 - - [14/Sep/2026:21:21:24 +0600] "GET /?p=129 HTTP/1.1" 429 0 "http://bangladaily.online/%E0%A6%B9%E0%A6%BE%E0%A6%A8%E0%A6%BF%E0%A6%AF%E0%A6%BC%E0%A6%BE-%E0%A6%86%E0%A6%AE%E0%A6%BF%E0%A6%B0%E0%A7%87%E0%A6%B0-%E0%A6%AD%E0%A6%BF%E0%A6%A1%E0%A6%BF%E0%A6%93-%E0%A6%AD%E0%A6%BE%E0%A6%87/" "Mozilla/5.0 AppleWebKit/537.36 (KHTML, like Gecko; compatible; GPTBot/1.4; +https://openai.com/gptbot)"
116.202.222.251 - - [14/Sep/2026:21:21:39 +0600] "POST /wp-cron.php?doing_wp_cron=1789399299.7881510257720947265625 HTTP/1.1" 200 0 "-" "WordPress/7.1; http://bangladaily.online"
51.89.74.197 - - [14/Sep/2026:21:21:39 +0600] "GET /%E0%A6%AC%E0%A6%BF%E0%A6%B2-%E0%A6%93-%E0%A6%B0%E0%A6%BF%E0%A6%9A%E0%A6%BE%E0%A6%B0%E0%A7%8D%E0%A6%9C%E0%A7%87-%E0%A7%AB-%E0%A6%B9%E0%A6%BE%E0%A6%9C%E0%A6%BE%E0%A6%B0-%E0%A6%9F%E0%A6%BE%E0%A6%95/ HTTP/1.1" 200 15831 "-" "Mozilla/5.0 (compatible; AhrefsBot/7.0; +http://ahrefs.com/robot/)"
74.7.243.200 - - [14/Sep/2026:21:22:44 +0600] "GET /%e0%a6%89%e0%a6%a4%e0%a7%8d%e0%a6%a4%e0%a6%b0-%e0%a6%95%e0%a7%8b%e0%a6%b0%e0%a6%bf%e0%a6%af%e0%a6%bc%e0%a6%be%e0%a6%b0-%e0%a6%ac%e0%a6%bf%e0%a6%aa%e0%a6%95%e0%a7%8d%e0%a6%b7%e0%a7%87-%e0%a7%a7/ HTTP/1.1" 429 0 "http://bangladaily.online/%e0%a6%a6%e0%a7%87%e0%a6%b6%e0%a7%87-%e0%a6%ab%e0%a6%bf%e0%a6%b0%e0%a6%b2%e0%a7%87%e0%a6%a8-%e0%a6%9f%e0%a6%be%e0%a6%87%e0%a6%97%e0%a6%be%e0%a6%b0%e0%a6%a6%e0%a7%87%e0%a6%b0-%e0%a6%8f%e0%a6%95/" "Mozilla/5.0 AppleWebKit/537.36 (KHTML, like Gecko; compatible; GPTBot/1.4; +https://openai.com/gptbot)"
116.202.222.251 - - [14/Sep/2026:21:23:02 +0600] "GET /?wp_automatic=cron HTTP/1.1" 200 1573 "-" "curl/7.61.1"
74.7.243.200 - - [14/Sep/2026:21:23:24 +0600] "GET /%e0%a6%a6%e0%a7%87%e0%a6%b6%e0%a7%87-%e0%a6%ab%e0%a6%bf%e0%a6%b0%e0%a7%87-%e0%a6%ac%e0%a6%bf%e0%a6%ae%e0%a6%be%e0%a6%a8%e0%a6%ac%e0%a6%a8%e0%a7%8d%e0%a6%a6%e0%a6%b0%e0%a7%87-%e0%a6%af%e0%a6%be/ HTTP/1.1" 429 0 "http://bangladaily.online/%E0%A6%B9%E0%A6%BE%E0%A6%A8%E0%A6%BF%E0%A6%AF%E0%A6%BC%E0%A6%BE-%E0%A6%86%E0%A6%AE%E0%A6%BF%E0%A6%B0%E0%A7%87%E0%A6%B0-%E0%A6%AD%E0%A6%BF%E0%A6%A1%E0%A6%BF%E0%A6%93-%E0%A6%AD%E0%A6%BE%E0%A6%87/" "Mozilla/5.0 AppleWebKit/537.36 (KHTML, like Gecko; compatible; GPTBot/1.4; +https://openai.com/gptbot)"
116.202.222.251 - - [14/Sep/2026:21:23:45 +0600] "POST /wp-cron.php?doing_wp_cron=1789399425.1779680252075195312500 HTTP/1.1" 200 0 "-" "WordPress/7.1; http://bangladaily.online"
74.7.243.200 - - [14/Sep/2026:21:23:44 +0600] "GET /%E0%A6%A6%E0%A7%87%E0%A6%B6%E0%A7%87-%E0%A6%AB%E0%A6%BF%E0%A6%B0%E0%A6%B2%E0%A7%87%E0%A6%A8-%E0%A6%9F%E0%A6%BE%E0%A6%87%E0%A6%97%E0%A6%BE%E0%A6%B0%E0%A6%A6%E0%A7%87%E0%A6%B0-%E0%A6%8F%E0%A6%95/ HTTP/1.1" 200 15379 "http://bangladaily.online/%e0%a6%a6%e0%a7%87%e0%a6%b6%e0%a7%87-%e0%a6%ab%e0%a6%bf%e0%a6%b0%e0%a6%b2%e0%a7%87%e0%a6%a8-%e0%a6%9f%e0%a6%be%e0%a6%87%e0%a6%97%e0%a6%be%e0%a6%b0%e0%a6%a6%e0%a7%87%e0%a6%b0-%e0%a6%8f%e0%a6%95/" "Mozilla/5.0 AppleWebKit/537.36 (KHTML, like Gecko; compatible; GPTBot/1.4; +https://openai.com/gptbot)"
74.7.243.200 - - [14/Sep/2026:21:25:00 +0600] "GET /wp-content/uploads/2026/09/dhaka-university1-20260913191640.jpg HTTP/1.1" 200 27284 "http://bangladaily.online/%e0%a6%a2%e0%a6%be%e0%a6%ac%e0%a6%bf-%e0%a6%95%e0%a7%8d%e0%a6%af%e0%a6%be%e0%a6%ae%e0%a7%8d%e0%a6%aa%e0%a6%be%e0%a6%b8%e0%a7%87-%e0%a6%b8%e0%a7%8d%e0%a6%ac%e0%a6%b8%e0%a7%8d%e0%a6%a4%e0%a6%bf/" "Mozilla/5.0 AppleWebKit/537.36 (KHTML, like Gecko; compatible; GPTBot/1.4; +https://openai.com/gptbot)"
116.202.222.251 - - [14/Sep/2026:21:25:03 +0600] "GET /?wp_automatic=cron HTTP/1.1" 200 1589 "-" "curl/7.61.1"
74.7.243.200 - - [14/Sep/2026:21:25:20 +0600] "GET /%e0%a6%8f%e0%a6%95%e0%a6%be%e0%a6%a6%e0%a6%b6%e0%a7%87-%e0%a6%ad%e0%a6%b0%e0%a7%8d%e0%a6%a4%e0%a6%bf%e0%a6%a4%e0%a7%87-%e0%a6%aa%e0%a7%8d%e0%a6%b0%e0%a6%be%e0%a6%af%e0%a6%bc-%e0%a7%a7%e0%a7%a6/ HTTP/1.1" 429 0 "http://bangladaily.online/%e0%a6%a2%e0%a6%be%e0%a6%ac%e0%a6%bf-%e0%a6%95%e0%a7%8d%e0%a6%af%e0%a6%be%e0%a6%ae%e0%a7%8d%e0%a6%aa%e0%a6%be%e0%a6%b8%e0%a7%87-%e0%a6%b8%e0%a7%8d%e0%a6%ac%e0%a6%b8%e0%a7%8d%e0%a6%a4%e0%a6%bf/" "Mozilla/5.0 AppleWebKit/537.36 (KHTML, like Gecko; compatible; GPTBot/1.4; +https://openai.com/gptbot)"
74.7.243.200 - - [14/Sep/2026:21:25:36 +0600] "GET /%e0%a6%b2%e0%a6%95%e0%a7%8d%e0%a6%b7%e0%a7%8d%e0%a6%ae%e0%a7%80%e0%a6%aa%e0%a7%81%e0%a6%b0%e0%a7%87-%e0%a6%85%e0%a6%ac%e0%a7%88%e0%a6%a7%e0%a6%ad%e0%a6%be%e0%a6%ac%e0%a7%87-%e0%a6%ae%e0%a6%9c%e0%a7%81/ HTTP/1.1" 429 0 "http://bangladaily.online/%e0%a6%a2%e0%a6%be%e0%a6%ac%e0%a6%bf-%e0%a6%95%e0%a7%8d%e0%a6%af%e0%a6%be%e0%a6%ae%e0%a7%8d%e0%a6%aa%e0%a6%be%e0%a6%b8%e0%a7%87-%e0%a6%b8%e0%a7%8d%e0%a6%ac%e0%a6%b8%e0%a7%8d%e0%a6%a4%e0%a6%bf/" "Mozilla/5.0 AppleWebKit/537.36 (KHTML, like Gecko; compatible; GPTBot/1.4; +https://openai.com/gptbot)"
116.202.222.251 - - [14/Sep/2026:21:25:45 +0600] "POST /wp-cron.php?doing_wp_cron=1789399545.4439809322357177734375 HTTP/1.1" 200 0 "-" "WordPress/7.1; http://bangladaily.online"
85.208.96.202 - - [14/Sep/2026:21:25:44 +0600] "GET /%E0%A6%AC%E0%A6%BE%E0%A6%B0%E0%A6%AC%E0%A6%BE%E0%A6%B0-%E0%A6%B2%E0%A7%8B%E0%A6%A1%E0%A6%B6%E0%A7%87%E0%A6%A1%E0%A6%BF%E0%A6%82-%E0%A6%A4%E0%A6%AC%E0%A7%81-%E0%A6%AC%E0%A6%BF%E0%A6%A6%E0%A7%8D/ HTTP/1.1" 200 22113 "-" "Mozilla/5.0 (compatible; SemrushBot/7~bl; +http://www.semrush.com/bot.html)"
74.7.243.200 - - [14/Sep/2026:21:25:56 +0600] "GET /%e0%a6%b8%e0%a7%8d%e0%a6%95%e0%a7%81%e0%a6%b2%e0%a7%87-%e0%a6%ad%e0%a6%b0%e0%a7%8d%e0%a6%a4%e0%a6%bf%e0%a6%b0-%e0%a6%aa%e0%a6%b0%e0%a7%80%e0%a6%95%e0%a7%8d%e0%a6%b7%e0%a6%be-%e0%a6%95%e0%a6%ac/ HTTP/1.1" 429 0 "http://bangladaily.online/%e0%a6%a2%e0%a6%be%e0%a6%ac%e0%a6%bf-%e0%a6%95%e0%a7%8d%e0%a6%af%e0%a6%be%e0%a6%ae%e0%a7%8d%e0%a6%aa%e0%a6%be%e0%a6%b8%e0%a7%87-%e0%a6%b8%e0%a7%8d%e0%a6%ac%e0%a6%b8%e0%a7%8d%e0%a6%a4%e0%a6%bf/" "Mozilla/5.0 AppleWebKit/537.36 (KHTML, like Gecko; compatible; GPTBot/1.4; +https://openai.com/gptbot)"
51.89.83.54 - - [14/Sep/2026:21:26:01 +0600] "GET /wp-content/uploads/2026/09/ramek-20260623154313-300x156.jpg HTTP/1.1" 200 19612 "-" "Mozilla/5.0 (compatible; AhrefsBot/7.0; +http://ahrefs.com/robot/)"
116.202.222.251 - - [14/Sep/2026:21:26:02 +0600] "GET /?wp_automatic=cron HTTP/1.1" 200 1566 "-" "curl/7.61.1"
74.7.243.200 - - [14/Sep/2026:21:26:16 +0600] "GET /%E0%A6%A2%E0%A6%BE%E0%A6%AC%E0%A6%BF-%E0%A6%95%E0%A7%8D%E0%A6%AF%E0%A6%BE%E0%A6%AE%E0%A7%8D%E0%A6%AA%E0%A6%BE%E0%A6%B8%E0%A7%87-%E0%A6%B8%E0%A7%8D%E0%A6%AC%E0%A6%B8%E0%A7%8D%E0%A6%A4%E0%A6%BF/ HTTP/1.1" 429 0 "http://bangladaily.online/%e0%a6%a2%e0%a6%be%e0%a6%ac%e0%a6%bf-%e0%a6%95%e0%a7%8d%e0%a6%af%e0%a6%be%e0%a6%ae%e0%a7%8d%e0%a6%aa%e0%a6%be%e0%a6%b8%e0%a7%87-%e0%a6%b8%e0%a7%8d%e0%a6%ac%e0%a6%b8%e0%a7%8d%e0%a6%a4%e0%a6%bf/" "Mozilla/5.0 AppleWebKit/537.36 (KHTML, like Gecko; compatible; GPTBot/1.4; +https://openai.com/gptbot)"
74.7.243.200 - - [14/Sep/2026:21:26:56 +0600] "GET /%e0%a6%85%e0%a6%ae%e0%a6%bf%e0%a6%a4%e0%a6%be%e0%a6%ad-%e0%a6%ac%e0%a6%9a%e0%a7%8d%e0%a6%9a%e0%a6%a8%e0%a7%87%e0%a6%b0-%e0%a6%ae%e0%a6%a8%e0%a7%87-%e0%a6%b0%e0%a6%af%e0%a6%bc%e0%a7%87-%e0%a6%97/feed/ HTTP/1.1" 429 0 "http://bangladaily.online/%e0%a6%85%e0%a6%ae%e0%a6%bf%e0%a6%a4%e0%a6%be%e0%a6%ad-%e0%a6%ac%e0%a6%9a%e0%a7%8d%e0%a6%9a%e0%a6%a8%e0%a7%87%e0%a6%b0-%e0%a6%ae%e0%a6%a8%e0%a7%87-%e0%a6%b0%e0%a6%af%e0%a6%bc%e0%a7%87-%e0%a6%97/" "Mozilla/5.0 AppleWebKit/537.36 (KHTML, like Gecko; compatible; GPTBot/1.4; +https://openai.com/gptbot)"
116.202.222.251 - - [14/Sep/2026:21:27:02 +0600] "GET /?wp_automatic=cron HTTP/1.1" 200 1569 "-" "curl/7.61.1"
74.7.243.200 - - [14/Sep/2026:21:22:24 +0600] "GET /%e0%a7%ae%e0%a7%aa-%e0%a6%ac%e0%a6%9b%e0%a6%b0-%e0%a6%ac%e0%a6%af%e0%a6%bc%e0%a6%b8%e0%a7%87-%e0%a6%85%e0%a6%ae%e0%a6%bf%e0%a6%a4%e0%a6%be%e0%a6%ad%e0%a7%87%e0%a6%b0-%e0%a6%86%e0%a6%95%e0%a7%8d/ HTTP/1.1" 429 0 "http://bangladaily.online/%E0%A6%B9%E0%A6%BE%E0%A6%A8%E0%A6%BF%E0%A6%AF%E0%A6%BC%E0%A6%BE-%E0%A6%86%E0%A6%AE%E0%A6%BF%E0%A6%B0%E0%A7%87%E0%A6%B0-%E0%A6%AD%E0%A6%BF%E0%A6%A1%E0%A6%BF%E0%A6%93-%E0%A6%AD%E0%A6%BE%E0%A6%87/" "Mozilla/5.0 AppleWebKit/537.36 (KHTML, like Gecko; compatible; GPTBot/1.4; +https://openai.com/gptbot)"
74.7.243.200 - - [14/Sep/2026:21:23:04 +0600] "GET /%e0%a6%aa%e0%a6%af%e0%a6%bc%e0%a7%87%e0%a6%a8%e0%a7%8d%e0%a6%9f-%e0%a6%b9%e0%a6%be%e0%a6%b0%e0%a6%bf%e0%a6%af%e0%a6%bc%e0%a7%87-%e0%a6%9f%e0%a7%87%e0%a6%b8%e0%a7%8d%e0%a6%9f-%e0%a6%b0/ HTTP/1.1" 429 0 "http://bangladaily.online/%e0%a6%a6%e0%a7%87%e0%a6%b6%e0%a7%87-%e0%a6%ab%e0%a6%bf%e0%a6%b0%e0%a6%b2%e0%a7%87%e0%a6%a8-%e0%a6%9f%e0%a6%be%e0%a6%87%e0%a6%97%e0%a6%be%e0%a6%b0%e0%a6%a6%e0%a7%87%e0%a6%b0-%e0%a6%8f%e0%a6%95/" "Mozilla/5.0 AppleWebKit/537.36 (KHTML, like Gecko; compatible; GPTBot/1.4; +https://openai.com/gptbot)"
116.202.222.251 - - [14/Sep/2026:21:24:02 +0600] "GET /?wp_automatic=cron HTTP/1.1" 200 1547 "-" "curl/7.61.1"
74.7.243.200 - - [14/Sep/2026:21:24:04 +0600] "GET /%e0%a6%ae%e0%a6%b9%e0%a6%be%e0%a6%a8-%e0%a6%ac%e0%a6%bf%e0%a6%9c%e0%a6%af%e0%a6%bc-%e0%a6%a6%e0%a6%bf%e0%a6%ac%e0%a6%b8%e0%a7%87-%e0%a6%ac%e0%a6%be%e0%a6%a8%e0%a7%8d%e0%a6%a6%e0%a6%b0%e0%a6%ac/ HTTP/1.1" 429 0 "http://bangladaily.online/%E0%A6%B9%E0%A6%BE%E0%A6%A8%E0%A6%BF%E0%A6%AF%E0%A6%BC%E0%A6%BE-%E0%A6%86%E0%A6%AE%E0%A6%BF%E0%A6%B0%E0%A7%87%E0%A6%B0-%E0%A6%AD%E0%A6%BF%E0%A6%A1%E0%A6%BF%E0%A6%93-%E0%A6%AD%E0%A6%BE%E0%A6%87/" "Mozilla/5.0 AppleWebKit/537.36 (KHTML, like Gecko; compatible; GPTBot/1.4; +https://openai.com/gptbot)"
2a06:98c0:3600::103 - - [14/Sep/2026:21:24:11 +0600] "GET /wp-admin/install.php?step=1 HTTP/1.1" 200 549 "-" "http://bangladaily.online/wp-admin/install.php?step=1"
74.7.243.200 - - [14/Sep/2026:21:24:20 +0600] "GET /?p=5097 HTTP/1.1" 429 0 "http://bangladaily.online/%e0%a6%a2%e0%a6%be%e0%a6%ac%e0%a6%bf-%e0%a6%95%e0%a7%8d%e0%a6%af%e0%a6%be%e0%a6%ae%e0%a7%8d%e0%a6%aa%e0%a6%be%e0%a6%b8%e0%a7%87-%e0%a6%b8%e0%a7%8d%e0%a6%ac%e0%a6%b8%e0%a7%8d%e0%a6%a4%e0%a6%bf/" "Mozilla/5.0 AppleWebKit/537.36 (KHTML, like Gecko; compatible; GPTBot/1.4; +https://openai.com/gptbot)"
74.7.243.200 - - [14/Sep/2026:21:24:40 +0600] "GET /wp-content/uploads/2026/09/ducsu-zinnah-mu196li31711mbn-20260914190338-300x156.jpg HTTP/1.1" 429 0 "http://bangladaily.online/%e0%a6%a2%e0%a6%be%e0%a6%ac%e0%a6%bf-%e0%a6%95%e0%a7%8d%e0%a6%af%e0%a6%be%e0%a6%ae%e0%a7%8d%e0%a6%aa%e0%a6%be%e0%a6%b8%e0%a7%87-%e0%a6%b8%e0%a7%8d%e0%a6%ac%e0%a6%b8%e0%a7%8d%e0%a6%a4%e0%a6%bf/" "Mozilla/5.0 AppleWebKit/537.36 (KHTML, like Gecko; compatible; GPTBot/1.4; +https://openai.com/gptbot)"
116.202.222.251 - - [14/Sep/2026:21:26:37 +0600] "POST /wp-cron.php?doing_wp_cron=1789399597.0242600440979003906250 HTTP/1.1" 200 0 "-" "WordPress/7.1; http://bangladaily.online"
74.7.243.200 - - [14/Sep/2026:21:26:36 +0600] "GET /%e0%a6%b9%e0%a6%be%e0%a6%a8%e0%a6%bf%e0%a6%af%e0%a6%bc%e0%a6%be-%e0%a6%86%e0%a6%ae%e0%a6%bf%e0%a6%b0%e0%a7%87%e0%a6%b0-%e0%a6%ad%e0%a6%bf%e0%a6%a1%e0%a6%bf%e0%a6%93-%e0%a6%ad%e0%a6%be%e0%a6%87/feed/ HTTP/1.1" 200 548 "http://bangladaily.online/%E0%A6%B9%E0%A6%BE%E0%A6%A8%E0%A6%BF%E0%A6%AF%E0%A6%BC%E0%A6%BE-%E0%A6%86%E0%A6%AE%E0%A6%BF%E0%A6%B0%E0%A7%87%E0%A6%B0-%E0%A6%AD%E0%A6%BF%E0%A6%A1%E0%A6%BF%E0%A6%93-%E0%A6%AD%E0%A6%BE%E0%A6%87/" "Mozilla/5.0 AppleWebKit/537.36 (KHTML, like Gecko; compatible; GPTBot/1.4; +https://openai.com/gptbot)"
74.7.243.200 - - [14/Sep/2026:21:27:12 +0600] "GET /?p=139 HTTP/1.1" 301 52 "http://bangladaily.online/%E0%A6%A6%E0%A7%87%E0%A6%B6%E0%A7%87-%E0%A6%AB%E0%A6%BF%E0%A6%B0%E0%A6%B2%E0%A7%87%E0%A6%A8-%E0%A6%9F%E0%A6%BE%E0%A6%87%E0%A6%97%E0%A6%BE%E0%A6%B0%E0%A6%A6%E0%A7%87%E0%A6%B0-%E0%A6%8F%E0%A6%95/" "Mozilla/5.0 AppleWebKit/537.36 (KHTML, like Gecko; compatible; GPTBot/1.4; +https://openai.com/gptbot)"
74.7.243.200 - - [14/Sep/2026:21:27:32 +0600] "GET /wp-content/uploads/2026/09/ramek-20260623154313-300x156.jpg HTTP/1.1" 200 19612 "http://bangladaily.online/%E0%A6%A6%E0%A7%87%E0%A6%B6%E0%A7%87-%E0%A6%AB%E0%A6%BF%E0%A6%B0%E0%A6%B2%E0%A7%87%E0%A6%A8-%E0%A6%9F%E0%A6%BE%E0%A6%87%E0%A6%97%E0%A6%BE%E0%A6%B0%E0%A6%A6%E0%A7%87%E0%A6%B0-%E0%A6%8F%E0%A6%95/" "Mozilla/5.0 AppleWebKit/537.36 (KHTML, like Gecko; compatible; GPTBot/1.4; +https://openai.com/gptbot)"
116.202.222.251 - - [14/Sep/2026:21:27:38 +0600] "POST /wp-cron.php?doing_wp_cron=1789399658.5907499790191650390625 HTTP/1.1" 200 0 "-" "WordPress/7.1; http://bangladaily.online"
74.7.243.200 - - [14/Sep/2026:21:27:48 +0600] "GET /wp-content/uploads/2026/08/6a9266f16c69117879795056a9266f16c694.jpg HTTP/1.1" 429 0 "http://bangladaily.online/%E0%A6%A6%E0%A7%87%E0%A6%B6%E0%A7%87-%E0%A6%AB%E0%A6%BF%E0%A6%B0%E0%A6%B2%E0%A7%87%E0%A6%A8-%E0%A6%9F%E0%A6%BE%E0%A6%87%E0%A6%97%E0%A6%BE%E0%A6%B0%E0%A6%A6%E0%A7%87%E0%A6%B0-%E0%A6%8F%E0%A6%95/" "Mozilla/5.0 AppleWebKit/537.36 (KHTML, like Gecko; compatible; GPTBot/1.4; +https://openai.com/gptbot)"
116.202.222.251 - - [14/Sep/2026:21:28:02 +0600] "GET /?wp_automatic=cron HTTP/1.1" 200 1570 "-" "curl/7.61.1"
116.202.222.251 - - [14/Sep/2026:21:28:36 +0600] "POST /wp-cron.php?doing_wp_cron=1789399716.5344519615173339843750 HTTP/1.1" 200 0 "-" "WordPress/7.1; http://bangladaily.online"
74.7.243.200 - - [14/Sep/2026:21:28:35 +0600] "GET /%e0%a6%89%e0%a6%a4%e0%a7%8d%e0%a6%a4%e0%a6%b0-%e0%a6%95%e0%a7%8b%e0%a6%b0%e0%a6%bf%e0%a6%af%e0%a6%bc%e0%a6%be%e0%a6%b0-%e0%a6%ac%e0%a6%bf%e0%a6%aa%e0%a6%95%e0%a7%8d%e0%a6%b7%e0%a7%87-%e0%a7%a7/ HTTP/1.1" 200 15831 "http://bangladaily.online/%E0%A6%A6%E0%A7%87%E0%A6%B6%E0%A7%87-%E0%A6%AB%E0%A6%BF%E0%A6%B0%E0%A6%B2%E0%A7%87%E0%A6%A8-%E0%A6%9F%E0%A6%BE%E0%A6%87%E0%A6%97%E0%A6%BE%E0%A6%B0%E0%A6%A6%E0%A7%87%E0%A6%B0-%E0%A6%8F%E0%A6%95/" "Mozilla/5.0 AppleWebKit/537.36 (KHTML, like Gecko; compatible; GPTBot/1.4; +https://openai.com/gptbot)"
74.7.243.200 - - [14/Sep/2026:21:28:48 +0600] "GET /%e0%a6%9c%e0%a6%bf%e0%a6%a8%e0%a7%8d%e0%a6%a8%e0%a6%be%e0%a6%b9%e0%a6%b0-%e0%a6%9b%e0%a6%ac%e0%a6%bf-%e0%a6%9b%e0%a7%87%e0%a6%81%e0%a6%a1%e0%a6%bc%e0%a6%be%e0%a6%b0-%e0%a6%98%e0%a6%9f%e0%a6%a8/ HTTP/1.1" 429 0 "http://bangladaily.online/%E0%A6%A6%E0%A7%87%E0%A6%B6%E0%A7%87-%E0%A6%AB%E0%A6%BF%E0%A6%B0%E0%A6%B2%E0%A7%87%E0%A6%A8-%E0%A6%9F%E0%A6%BE%E0%A6%87%E0%A6%97%E0%A6%BE%E0%A6%B0%E0%A6%A6%E0%A7%87%E0%A6%B0-%E0%A6%8F%E0%A6%95/" "Mozilla/5.0 AppleWebKit/537.36 (KHTML, like Gecko; compatible; GPTBot/1.4; +https://openai.com/gptbot)"
74.7.243.200 - - [14/Sep/2026:21:28:57 +0600] "GET /%e0%a6%aa%e0%a6%af%e0%a6%bc%e0%a7%87%e0%a6%a8%e0%a7%8d%e0%a6%9f-%e0%a6%b9%e0%a6%be%e0%a6%b0%e0%a6%bf%e0%a6%af%e0%a6%bc%e0%a7%87-%e0%a6%9f%e0%a7%87%e0%a6%b8%e0%a7%8d%e0%a6%9f-%e0%a6%b0/ HTTP/1.1" 429 0 "http://bangladaily.online/%E0%A6%A6%E0%A7%87%E0%A6%B6%E0%A7%87-%E0%A6%AB%E0%A6%BF%E0%A6%B0%E0%A6%B2%E0%A7%87%E0%A6%A8-%E0%A6%9F%E0%A6%BE%E0%A6%87%E0%A6%97%E0%A6%BE%E0%A6%B0%E0%A6%A6%E0%A7%87%E0%A6%B0-%E0%A6%8F%E0%A6%95/" "Mozilla/5.0 AppleWebKit/537.36 (KHTML, like Gecko; compatible; GPTBot/1.4; +https://openai.com/gptbot)"
116.202.222.251 - - [14/Sep/2026:21:29:05 +0600] "POST /wp-cron.php?doing_wp_cron=1789399745.0921258926391601562500 HTTP/1.1" 200 0 "-" "WordPress/7.1; http://bangladaily.online"
74.7.243.200 - - [14/Sep/2026:21:29:32 +0600] "GET /%e0%a6%a6%e0%a7%87%e0%a6%b6%e0%a7%87-%e0%a6%ab%e0%a6%bf%e0%a6%b0%e0%a6%b2%e0%a7%87%e0%a6%a8-%e0%a6%9f%e0%a6%be%e0%a6%87%e0%a6%97%e0%a6%be%e0%a6%b0%e0%a6%a6%e0%a7%87%e0%a6%b0-%e0%a6%8f%e0%a6%95/feed/ HTTP/1.1" 429 0 "http://bangladaily.online/%e0%a6%a6%e0%a7%87%e0%a6%b6%e0%a7%87-%e0%a6%ab%e0%a6%bf%e0%a6%b0%e0%a6%b2%e0%a7%87%e0%a6%a8-%e0%a6%9f%e0%a6%be%e0%a6%87%e0%a6%97%e0%a6%be%e0%a6%b0%e0%a6%a6%e0%a7%87%e0%a6%b0-%e0%a6%8f%e0%a6%95/" "Mozilla/5.0 AppleWebKit/537.36 (KHTML, like Gecko; compatible; GPTBot/1.4; +https://openai.com/gptbot)"
116.202.222.251 - - [14/Sep/2026:21:30:03 +0600] "GET /?wp_automatic=cron HTTP/1.1" 200 1603 "-" "curl/7.61.1"
85.208.96.211 - - [14/Sep/2026:21:27:37 +0600] "GET /%E0%A6%A2%E0%A6%BE%E0%A6%95%E0%A6%BE%E0%A6%AF%E0%A6%BC-%E0%A6%B2%E0%A6%95%E0%A7%8D%E0%A6%95%E0%A6%A1%E0%A6%BC-%E0%A6%9D%E0%A6%95%E0%A7%8D%E0%A6%95%E0%A6%A1%E0%A6%BC-%E0%A6%AC%E0%A6%BE/ HTTP/1.1" 200 20715 "-" "Mozilla/5.0 (compatible; SemrushBot/7~bl; +http://www.semrush.com/bot.html)"
74.7.243.200 - - [14/Sep/2026:21:28:01 +0600] "GET /%e0%a6%ad%e0%a6%b0%e0%a6%bf%e0%a6%a4%e0%a7%87-%e0%a6%b8%e0%a7%8b%e0%a6%a8%e0%a6%be%e0%a6%b0-%e0%a6%a6%e0%a6%be%e0%a6%ae-%e0%a6%ac%e0%a6%be%e0%a6%a1%e0%a6%bc%e0%a6%b2-%e0%a7%ab%e0%a7%aa%e0%a7%ae/ HTTP/1.1" 200 15035 "http://bangladaily.online/%E0%A6%A6%E0%A7%87%E0%A6%B6%E0%A7%87-%E0%A6%AB%E0%A6%BF%E0%A6%B0%E0%A6%B2%E0%A7%87%E0%A6%A8-%E0%A6%9F%E0%A6%BE%E0%A6%87%E0%A6%97%E0%A6%BE%E0%A6%B0%E0%A6%A6%E0%A7%87%E0%A6%B0-%E0%A6%8F%E0%A6%95/" "Mozilla/5.0 AppleWebKit/537.36 (KHTML, like Gecko; compatible; GPTBot/1.4; +https://openai.com/gptbot)"
74.7.243.200 - - [14/Sep/2026:21:28:20 +0600] "GET /%e0%a6%b0%e0%a6%be%e0%a6%ae%e0%a7%87%e0%a6%95-%e0%a6%b9%e0%a6%be%e0%a6%b8%e0%a6%aa%e0%a6%be%e0%a6%a4%e0%a6%be%e0%a6%b2%e0%a7%87-%e0%a6%aa%e0%a7%8d%e0%a6%b0%e0%a6%a5%e0%a6%ae%e0%a6%ac%e0%a6%be%e0%a6%b0/ HTTP/1.1" 200 15048 "http://bangladaily.online/%E0%A6%A6%E0%A7%87%E0%A6%B6%E0%A7%87-%E0%A6%AB%E0%A6%BF%E0%A6%B0%E0%A6%B2%E0%A7%87%E0%A6%A8-%E0%A6%9F%E0%A6%BE%E0%A6%87%E0%A6%97%E0%A6%BE%E0%A6%B0%E0%A6%A6%E0%A7%87%E0%A6%B0-%E0%A6%8F%E0%A6%95/" "Mozilla/5.0 AppleWebKit/537.36 (KHTML, like Gecko; compatible; GPTBot/1.4; +https://openai.com/gptbot)"
116.202.222.251 - - [14/Sep/2026:21:29:02 +0600] "GET /?wp_automatic=cron HTTP/1.1" 200 2283 "-" "curl/7.61.1"
74.7.243.200 - - [14/Sep/2026:21:29:12 +0600] "GET /%e0%a6%a2%e0%a6%be%e0%a6%ac%e0%a6%bf-%e0%a6%95%e0%a7%8d%e0%a6%af%e0%a6%be%e0%a6%ae%e0%a7%8d%e0%a6%aa%e0%a6%be%e0%a6%b8%e0%a7%87-%e0%a6%b8%e0%a7%8d%e0%a6%ac%e0%a6%b8%e0%a7%8d%e0%a6%a4%e0%a6%bf/feed/ HTTP/1.1" 200 569 "http://bangladaily.online/%e0%a6%a2%e0%a6%be%e0%a6%ac%e0%a6%bf-%e0%a6%95%e0%a7%8d%e0%a6%af%e0%a6%be%e0%a6%ae%e0%a7%8d%e0%a6%aa%e0%a6%be%e0%a6%b8%e0%a7%87-%e0%a6%b8%e0%a7%8d%e0%a6%ac%e0%a6%b8%e0%a7%8d%e0%a6%a4%e0%a6%bf/" "Mozilla/5.0 AppleWebKit/537.36 (KHTML, like Gecko; compatible; GPTBot/1.4; +https://openai.com/gptbot)"
74.7.243.200 - - [14/Sep/2026:21:29:48 +0600] "GET /category/%e0%a6%ac%e0%a6%bf%e0%a6%a8%e0%a7%8b%e0%a6%a6%e0%a6%a8/feed/ HTTP/1.1" 200 12029 "http://bangladaily.online/category/%E0%A6%AC%E0%A6%BF%E0%A6%A8%E0%A7%8B%E0%A6%A6%E0%A6%A8/page/2/" "Mozilla/5.0 AppleWebKit/537.36 (KHTML, like Gecko; compatible; GPTBot/1.4; +https://openai.com/gptbot)"
51.89.38.133 - - [14/Sep/2026:21:30:07 +0600] "GET /%E0%A6%A8%E0%A6%BE%E0%A6%B0%E0%A7%80-%E0%A6%AC%E0%A6%BE%E0%A6%87%E0%A6%95%E0%A6%BE%E0%A6%B0%E0%A6%95%E0%A7%87-%E0%A6%A7%E0%A6%BE%E0%A6%95%E0%A7%8D%E0%A6%95%E0%A6%BE-%E0%A6%AE%E0%A7%87%E0%A6%B0/ HTTP/1.1" 200 16714 "-" "Mozilla/5.0 (compatible; AhrefsBot/7.0; +http://ahrefs.com/robot/)"
74.7.243.200 - - [14/Sep/2026:21:30:44 +0600] "GET /category/%E0%A6%AC%E0%A6%BF%E0%A6%A8%E0%A7%8B%E0%A6%A6%E0%A6%A8/page/3/ HTTP/1.1" 200 14868 "http://bangladaily.online/category/%E0%A6%AC%E0%A6%BF%E0%A6%A8%E0%A7%8B%E0%A6%A6%E0%A6%A8/page/2/" "Mozilla/5.0 AppleWebKit/537.36 (KHTML, like Gecko; compatible; GPTBot/1.4; +https://openai.com/gptbot)"
74.7.243.200 - - [14/Sep/2026:21:31:04 +0600] "GET /?p=141 HTTP/1.1" 301 52 "http://bangladaily.online/%e0%a6%ad%e0%a6%b0%e0%a6%bf%e0%a6%a4%e0%a7%87-%e0%a6%b8%e0%a7%8b%e0%a6%a8%e0%a6%be%e0%a6%b0-%e0%a6%a6%e0%a6%be%e0%a6%ae-%e0%a6%ac%e0%a6%be%e0%a6%a1%e0%a6%bc%e0%a6%b2-%e0%a7%ab%e0%a7%aa%e0%a7%ae/" "Mozilla/5.0 AppleWebKit/537.36 (KHTML, like Gecko; compatible; GPTBot/1.4; +https://openai.com/gptbot)"
51.89.71.81 - - [14/Sep/2026:21:31:10 +0600] "GET /wp-content/uploads/2026/09/delhi-mtybpz1cilsf442-20260912175544.jpg HTTP/1.1" 200 54126 "-" "Mozilla/5.0 (compatible; AhrefsBot/7.0; +http://ahrefs.com/robot/)"
185.191.171.12 - - [14/Sep/2026:21:31:15 +0600] "GET /%E0%A6%A6%E0%A6%BE%E0%A6%81%E0%A6%A1%E0%A6%BC%E0%A6%BF%E0%A6%AF%E0%A6%BC%E0%A7%87-%E0%A6%A5%E0%A6%BE%E0%A6%95%E0%A6%BE-%E0%A6%9F%E0%A7%8D%E0%A6%B0%E0%A6%BE%E0%A6%95%E0%A7%87%E0%A6%B0-%E0%A6%AA/ HTTP/1.1" 200 18552 "-" "Mozilla/5.0 (compatible; SemrushBot/7~bl; +http://www.semrush.com/bot.html)"
116.202.222.251 - - [14/Sep/2026:21:31:24 +0600] "POST /wp-cron.php?doing_wp_cron=1789399884.9768888950347900390625 HTTP/1.1" 200 0 "-" "WordPress/7.1; http://bangladaily.online"
74.7.243.200 - - [14/Sep/2026:21:31:52 +0600] "GET /wp-content/uploads/2026/09/ducsu-zinnah-mu196li31711mbn-20260914190338-300x156.jpg HTTP/1.1" 200 14298 "http://bangladaily.online/%e0%a6%ad%e0%a6%b0%e0%a6%bf%e0%a6%a4%e0%a7%87-%e0%a6%b8%e0%a7%8b%e0%a6%a8%e0%a6%be%e0%a6%b0-%e0%a6%a6%e0%a6%be%e0%a6%ae-%e0%a6%ac%e0%a6%be%e0%a6%a1%e0%a6%bc%e0%a6%b2-%e0%a7%ab%e0%a7%aa%e0%a7%ae/" "Mozilla/5.0 AppleWebKit/537.36 (KHTML, like Gecko; compatible; GPTBot/1.4; +https://openai.com/gptbot)"
116.202.222.251 - - [14/Sep/2026:21:32:02 +0600] "GET /?wp_automatic=cron HTTP/1.1" 200 1547 "-" "curl/7.61.1"
74.7.243.200 - - [14/Sep/2026:21:32:12 +0600] "GET /wp-content/uploads/2026/09/6aa7cf43df5aa17893824676aa7cf43df5ad.jpg HTTP/1.1" 200 172597 "http://bangladaily.online/%e0%a6%89%e0%a6%a4%e0%a7%8d%e0%a6%a4%e0%a6%b0-%e0%a6%95%e0%a7%8b%e0%a6%b0%e0%a6%bf%e0%a6%af%e0%a6%bc%e0%a6%be%e0%a6%b0-%e0%a6%ac%e0%a6%bf%e0%a6%aa%e0%a6%95%e0%a7%8d%e0%a6%b7%e0%a7%87-%e0%a7%a7/" "Mozilla/5.0 AppleWebKit/537.36 (KHTML, like Gecko; compatible; GPTBot/1.4; +https://openai.com/gptbot)"
74.7.243.200 - - [14/Sep/2026:21:32:28 +0600] "GET /wp-content/uploads/2026/08/6a8948bf558bf17873819516a8948bf558cc.jpg HTTP/1.1" 200 113970 "http://bangladaily.online/%e0%a6%ad%e0%a6%b0%e0%a6%bf%e0%a6%a4%e0%a7%87-%e0%a6%b8%e0%a7%8b%e0%a6%a8%e0%a6%be%e0%a6%b0-%e0%a6%a6%e0%a6%be%e0%a6%ae-%e0%a6%ac%e0%a6%be%e0%a6%a1%e0%a6%bc%e0%a6%b2-%e0%a7%ab%e0%a7%aa%e0%a7%ae/" "Mozilla/5.0 AppleWebKit/537.36 (KHTML, like Gecko; compatible; GPTBot/1.4; +https://openai.com/gptbot)"
74.7.243.200 - - [14/Sep/2026:21:32:41 +0600] "GET /wp-content/uploads/2026/09/ramek-20260623154313.jpg HTTP/1.1" 200 82144 "http://bangladaily.online/%e0%a6%b0%e0%a6%be%e0%a6%ae%e0%a7%87%e0%a6%95-%e0%a6%b9%e0%a6%be%e0%a6%b8%e0%a6%aa%e0%a6%be%e0%a6%a4%e0%a6%be%e0%a6%b2%e0%a7%87-%e0%a6%aa%e0%a7%8d%e0%a6%b0%e0%a6%a5%e0%a6%ae%e0%a6%ac%e0%a6%be%e0%a6%b0/" "Mozilla/5.0 AppleWebKit/537.36 (KHTML, like Gecko; compatible; GPTBot/1.4; +https://openai.com/gptbot)"
74.7.243.200 - - [14/Sep/2026:21:32:51 +0600] "GET /wp-content/uploads/2026/09/6aa53ea7aa43817892143756aa53ea7aa447-300x197.jpg HTTP/1.1" 200 17171 "http://bangladaily.online/%e0%a6%ad%e0%a6%b0%e0%a6%bf%e0%a6%a4%e0%a7%87-%e0%a6%b8%e0%a7%8b%e0%a6%a8%e0%a6%be%e0%a6%b0-%e0%a6%a6%e0%a6%be%e0%a6%ae-%e0%a6%ac%e0%a6%be%e0%a6%a1%e0%a6%bc%e0%a6%b2-%e0%a7%ab%e0%a7%aa%e0%a7%ae/" "Mozilla/5.0 AppleWebKit/537.36 (KHTML, like Gecko; compatible; GPTBot/1.4; +https://openai.com/gptbot)"
74.7.243.200 - - [14/Sep/2026:21:32:59 +0600] "GET /wp-content/uploads/2026/09/6a994b7020cbb17884312166a994b7020cd2-300x197.jpg HTTP/1.1" 429 0 "http://bangladaily.online/%e0%a6%ad%e0%a6%b0%e0%a6%bf%e0%a6%a4%e0%a7%87-%e0%a6%b8%e0%a7%8b%e0%a6%a8%e0%a6%be%e0%a6%b0-%e0%a6%a6%e0%a6%be%e0%a6%ae-%e0%a6%ac%e0%a6%be%e0%a6%a1%e0%a6%bc%e0%a6%b2-%e0%a7%ab%e0%a7%aa%e0%a7%ae/" "Mozilla/5.0 AppleWebKit/537.36 (KHTML, like Gecko; compatible; GPTBot/1.4; +https://openai.com/gptbot)"
116.202.222.251 - - [14/Sep/2026:21:33:02 +0600] "GET /?wp_automatic=cron HTTP/1.1" 200 1589 "-" "curl/7.61.1"
74.7.243.200 - - [14/Sep/2026:21:33:06 +0600] "GET /wp-content/uploads/2026/09/6a992572e62e417884214906a992572e62e7-300x197.jpg HTTP/1.1" 429 0 "http://bangladaily.online/%e0%a6%ad%e0%a6%b0%e0%a6%bf%e0%a6%a4%e0%a7%87-%e0%a6%b8%e0%a7%8b%e0%a6%a8%e0%a6%be%e0%a6%b0-%e0%a6%a6%e0%a6%be%e0%a6%ae-%e0%a6%ac%e0%a6%be%e0%a6%a1%e0%a6%bc%e0%a6%b2-%e0%a7%ab%e0%a7%aa%e0%a7%ae/" "Mozilla/5.0 AppleWebKit/537.36 (KHTML, like Gecko; compatible; GPTBot/1.4; +https://openai.com/gptbot)"
74.7.243.200 - - [14/Sep/2026:21:30:08 +0600] "GET /category/%e0%a6%ac%e0%a6%bf%e0%a6%a8%e0%a7%8b%e0%a6%a6%e0%a6%a8/page/4/ HTTP/1.1" 429 0 "http://bangladaily.online/category/%E0%A6%AC%E0%A6%BF%E0%A6%A8%E0%A7%8B%E0%A6%A6%E0%A6%A8/page/4/" "Mozilla/5.0 AppleWebKit/537.36 (KHTML, like Gecko; compatible; GPTBot/1.4; +https://openai.com/gptbot)"
74.7.243.200 - - [14/Sep/2026:21:30:24 +0600] "GET /category/%e0%a6%ac%e0%a6%bf%e0%a6%a8%e0%a7%8b%e0%a6%a6%e0%a6%a8/page/2/ HTTP/1.1" 429 0 "http://bangladaily.online/category/%E0%A6%AC%E0%A6%BF%E0%A6%A8%E0%A7%8B%E0%A6%A6%E0%A6%A8/page/2/" "Mozilla/5.0 AppleWebKit/537.36 (KHTML, like Gecko; compatible; GPTBot/1.4; +https://openai.com/gptbot)"
116.202.222.251 - - [14/Sep/2026:21:30:45 +0600] "POST /wp-cron.php?doing_wp_cron=1789399845.3663940429687500000000 HTTP/1.1" 200 0 "-" "WordPress/7.1; http://bangladaily.online"
51.89.59.38 - - [14/Sep/2026:21:30:55 +0600] "GET /%E0%A6%86%E0%A6%AE%E0%A6%A6%E0%A6%BE%E0%A6%A8%E0%A6%BF-%E0%A6%AC%E0%A6%BE%E0%A6%A3%E0%A6%BF%E0%A6%9C%E0%A7%8D%E0%A6%AF-%E0%A6%B8%E0%A6%B9%E0%A6%9C%E0%A7%87-%E0%A6%8F%E0%A6%95-%E0%A6%9B%E0%A6%BE/ HTTP/1.1" 200 16169 "-" "Mozilla/5.0 (compatible; AhrefsBot/7.0; +http://ahrefs.com/robot/)"
116.202.222.251 - - [14/Sep/2026:21:31:02 +0600] "GET /?wp_automatic=cron HTTP/1.1" 200 1572 "-" "curl/7.61.1"
51.89.71.87 - - [14/Sep/2026:21:31:09 +0600] "GET /wp-content/uploads/2026/09/hijeck-mu18l01z8otiu9d-20260914185404-300x156.jpg HTTP/1.1" 200 10276 "-" "Mozilla/5.0 (compatible; AhrefsBot/7.0; +http://ahrefs.com/robot/)"
74.7.243.200 - - [14/Sep/2026:21:31:20 +0600] "GET /?p=5104 HTTP/1.1" 429 0 "http://bangladaily.online/%e0%a6%b0%e0%a6%be%e0%a6%ae%e0%a7%87%e0%a6%95-%e0%a6%b9%e0%a6%be%e0%a6%b8%e0%a6%aa%e0%a6%be%e0%a6%a4%e0%a6%be%e0%a6%b2%e0%a7%87-%e0%a6%aa%e0%a7%8d%e0%a6%b0%e0%a6%a5%e0%a6%ae%e0%a6%ac%e0%a6%be%e0%a6%b0/" "Mozilla/5.0 AppleWebKit/537.36 (KHTML, like Gecko; compatible; GPTBot/1.4; +https://openai.com/gptbot)"
185.191.171.1 - - [14/Sep/2026:21:31:24 +0600] "GET /%E0%A6%97%E0%A7%81%E0%A6%B2%E0%A6%B6%E0%A6%BE%E0%A6%A8%E0%A7%87-%E0%A6%86%E0%A6%93%E0%A6%AF%E0%A6%BC%E0%A6%BE%E0%A6%AE%E0%A7%80-%E0%A6%B2%E0%A7%80%E0%A6%97%E0%A7%87%E0%A6%B0-%E0%A6%AE%E0%A6%BF/ HTTP/1.1" 200 18912 "-" "Mozilla/5.0 (compatible; SemrushBot/7~bl; +http://www.semrush.com/bot.html)"
74.7.243.200 - - [14/Sep/2026:21:31:33 +0600] "GET /?p=5015 HTTP/1.1" 429 0 "http://bangladaily.online/%e0%a6%89%e0%a6%a4%e0%a7%8d%e0%a6%a4%e0%a6%b0-%e0%a6%95%e0%a7%8b%e0%a6%b0%e0%a6%bf%e0%a6%af%e0%a6%bc%e0%a6%be%e0%a6%b0-%e0%a6%ac%e0%a6%bf%e0%a6%aa%e0%a6%95%e0%a7%8d%e0%a6%b7%e0%a7%87-%e0%a7%a7/" "Mozilla/5.0 AppleWebKit/537.36 (KHTML, like Gecko; compatible; GPTBot/1.4; +https://openai.com/gptbot)"
