74.7.243.200 - - [14/Sep/2026:20:23:06 +0600] "GET /%E0%A6%AE%E0%A7%87%E0%A6%B8%E0%A6%BF%E0%A6%95%E0%A7%87-%E0%A6%A8%E0%A6%BF%E0%A6%AF%E0%A6%BC%E0%A7%87-%E0%A6%A8%E0%A6%BE%E0%A6%A6%E0%A6%BF%E0%A6%AF%E0%A6%BC%E0%A6%BE%E0%A6%B0-%E0%A6%B9%E0%A7%83-2/ HTTP/1.1" 429 0 "http://bangladaily.online/%e0%a6%ae%e0%a7%87%e0%a6%b8%e0%a6%bf%e0%a6%95%e0%a7%87-%e0%a6%a8%e0%a6%bf%e0%a6%af%e0%a6%bc%e0%a7%87-%e0%a6%a8%e0%a6%be%e0%a6%a6%e0%a6%bf%e0%a6%af%e0%a6%bc%e0%a6%be%e0%a6%b0-%e0%a6%b9%e0%a7%83-2/" "Mozilla/5.0 AppleWebKit/537.36 (KHTML, like Gecko; compatible; GPTBot/1.4; +https://openai.com/gptbot)"
74.7.243.200 - - [14/Sep/2026:20:23:26 +0600] "GET /%e0%a6%ae%e0%a7%87%e0%a6%b8%e0%a6%bf%e0%a6%95%e0%a7%87-%e0%a6%a8%e0%a6%bf%e0%a6%af%e0%a6%bc%e0%a7%87-%e0%a6%a8%e0%a6%be%e0%a6%a6%e0%a6%bf%e0%a6%af%e0%a6%bc%e0%a6%be%e0%a6%b0-%e0%a6%b9%e0%a7%83-3/ HTTP/1.1" 429 0 "http://bangladaily.online/%e0%a6%ae%e0%a7%87%e0%a6%b8%e0%a6%bf%e0%a6%95%e0%a7%87-%e0%a6%a8%e0%a6%bf%e0%a6%af%e0%a6%bc%e0%a7%87-%e0%a6%a8%e0%a6%be%e0%a6%a6%e0%a6%bf%e0%a6%af%e0%a6%bc%e0%a6%be%e0%a6%b0-%e0%a6%b9%e0%a7%83-2/" "Mozilla/5.0 AppleWebKit/537.36 (KHTML, like Gecko; compatible; GPTBot/1.4; +https://openai.com/gptbot)"
74.7.243.200 - - [14/Sep/2026:20:23:46 +0600] "GET /%e0%a6%aa%e0%a7%8d%e0%a6%b0%e0%a6%a7%e0%a6%be%e0%a6%a8-%e0%a6%b6%e0%a6%bf%e0%a6%95%e0%a7%8d%e0%a6%b7%e0%a6%95-%e0%a6%9b%e0%a6%be%e0%a6%a1%e0%a6%bc%e0%a6%be%e0%a6%87-%e0%a6%9a%e0%a6%b2%e0%a6%9b/ HTTP/1.1" 429 0 "http://bangladaily.online/%e0%a6%ad%e0%a7%87%e0%a6%a8%e0%a6%bf%e0%a6%b8%e0%a7%87-%e0%a6%ac%e0%a6%be%e0%a6%81%e0%a6%a7%e0%a6%a8%e0%a7%87%e0%a6%b0-%e0%a6%93%e0%a6%aa%e0%a6%b0-%e0%a6%b9%e0%a6%be%e0%a6%ae%e0%a6%b2%e0%a6%be-2/" "Mozilla/5.0 AppleWebKit/537.36 (KHTML, like Gecko; compatible; GPTBot/1.4; +https://openai.com/gptbot)"
74.7.243.200 - - [14/Sep/2026:20:24:06 +0600] "GET /%e0%a6%ac%e0%a6%be%e0%a6%a1%e0%a6%bc%e0%a6%bf%e0%a6%a4%e0%a7%87-%e0%a6%b9%e0%a6%be%e0%a6%87%e0%a6%a1%e0%a7%8d%e0%a6%b0%e0%a7%87%e0%a6%9f%e0%a6%bf%e0%a6%82-%e0%a6%9c%e0%a7%87%e0%a6%b2-%e0%a6%ac/ HTTP/1.1" 429 0 "http://bangladaily.online/%e0%a6%ae%e0%a7%87%e0%a6%b8%e0%a6%bf%e0%a6%95%e0%a7%87-%e0%a6%a8%e0%a6%bf%e0%a6%af%e0%a6%bc%e0%a7%87-%e0%a6%a8%e0%a6%be%e0%a6%a6%e0%a6%bf%e0%a6%af%e0%a6%bc%e0%a6%be%e0%a6%b0-%e0%a6%b9%e0%a7%83-2/" "Mozilla/5.0 AppleWebKit/537.36 (KHTML, like Gecko; compatible; GPTBot/1.4; +https://openai.com/gptbot)"
74.7.243.200 - - [14/Sep/2026:20:22:30 +0600] "GET /%e0%a6%9a%e0%a6%be%e0%a6%95%e0%a6%b0%e0%a6%bf%e0%a6%b0-%e0%a6%aa%e0%a6%b0%e0%a7%80%e0%a6%95%e0%a7%8d%e0%a6%b7%e0%a6%be%e0%a6%af%e0%a6%bc-%e0%a6%aa%e0%a7%8d%e0%a6%b0%e0%a6%95%e0%a7%8d%e0%a6%b8%e0%a6%bf/ HTTP/1.1" 429 0 "http://bangladaily.online/%e0%a6%ae%e0%a7%87%e0%a6%b8%e0%a6%bf%e0%a6%95%e0%a7%87-%e0%a6%a8%e0%a6%bf%e0%a6%af%e0%a6%bc%e0%a7%87-%e0%a6%a8%e0%a6%be%e0%a6%a6%e0%a6%bf%e0%a6%af%e0%a6%bc%e0%a6%be%e0%a6%b0-%e0%a6%b9%e0%a7%83-2/" "Mozilla/5.0 AppleWebKit/537.36 (KHTML, like Gecko; compatible; GPTBot/1.4; +https://openai.com/gptbot)"
74.7.243.200 - - [14/Sep/2026:20:22:46 +0600] "GET /%E0%A6%AD%E0%A7%87%E0%A6%A8%E0%A6%BF%E0%A6%B8%E0%A7%87-%E0%A6%AC%E0%A6%BE%E0%A6%81%E0%A6%A7%E0%A6%A8%E0%A7%87%E0%A6%B0-%E0%A6%93%E0%A6%AA%E0%A6%B0-%E0%A6%B9%E0%A6%BE%E0%A6%AE%E0%A6%B2%E0%A6%BE-2/ HTTP/1.1" 429 0 "http://bangladaily.online/%e0%a6%ad%e0%a7%87%e0%a6%a8%e0%a6%bf%e0%a6%b8%e0%a7%87-%e0%a6%ac%e0%a6%be%e0%a6%81%e0%a6%a7%e0%a6%a8%e0%a7%87%e0%a6%b0-%e0%a6%93%e0%a6%aa%e0%a6%b0-%e0%a6%b9%e0%a6%be%e0%a6%ae%e0%a6%b2%e0%a6%be-2/" "Mozilla/5.0 AppleWebKit/537.36 (KHTML, like Gecko; compatible; GPTBot/1.4; +https://openai.com/gptbot)"
116.202.222.251 - - [14/Sep/2026:20:24:04 +0600] "POST /wp-cron.php?doing_wp_cron=1789395844.3489389419555664062500 HTTP/1.1" 200 0 "-" "WordPress/7.1; http://bangladaily.online"
116.202.222.251 - - [14/Sep/2026:20:24:02 +0600] "GET /?wp_automatic=cron HTTP/1.1" 200 1570 "-" "curl/7.61.1"
116.202.222.251 - - [14/Sep/2026:20:25:06 +0600] "POST /wp-cron.php?doing_wp_cron=1789395906.9572489261627197265625 HTTP/1.1" 200 0 "-" "WordPress/7.1; http://bangladaily.online"
74.7.243.200 - - [14/Sep/2026:20:25:26 +0600] "GET /%e0%a6%b6%e0%a6%bf%e0%a6%95%e0%a7%8d%e0%a6%b7%e0%a6%be-%e0%a6%aa%e0%a7%8d%e0%a6%b0%e0%a6%af%e0%a7%81%e0%a6%95%e0%a7%8d%e0%a6%a4%e0%a6%bf%e0%a6%a4%e0%a7%87-%e0%a6%af%e0%a7%81%e0%a6%95%e0%a7%8d%e0%a6%a4/feed/ HTTP/1.1" 200 558 "http://bangladaily.online/%e0%a6%b6%e0%a6%bf%e0%a6%95%e0%a7%8d%e0%a6%b7%e0%a6%be-%e0%a6%aa%e0%a7%8d%e0%a6%b0%e0%a6%af%e0%a7%81%e0%a6%95%e0%a7%8d%e0%a6%a4%e0%a6%bf%e0%a6%a4%e0%a7%87-%e0%a6%af%e0%a7%81%e0%a6%95%e0%a7%8d%e0%a6%a4/" "Mozilla/5.0 AppleWebKit/537.36 (KHTML, like Gecko; compatible; GPTBot/1.4; +https://openai.com/gptbot)"
185.191.171.4 - - [14/Sep/2026:20:25:27 +0600] "GET /page/13/ HTTP/1.1" 200 27301 "-" "Mozilla/5.0 (compatible; SemrushBot/7~bl; +http://www.semrush.com/bot.html)"
116.202.222.251 - - [14/Sep/2026:20:25:40 +0600] "POST /wp-cron.php?doing_wp_cron=1789395940.5380949974060058593750 HTTP/1.1" 200 0 "-" "WordPress/7.1; http://bangladaily.online"
74.7.243.200 - - [14/Sep/2026:20:25:46 +0600] "GET /?p=5087 HTTP/1.1" 429 0 "http://bangladaily.online/%e0%a6%b0%e0%a6%be%e0%a6%9c%e0%a6%b6%e0%a6%be%e0%a6%b9%e0%a7%80%e0%a6%b0-%e0%a6%aa%e0%a6%ac%e0%a6%be%e0%a6%b0-%e0%a7%a7%e0%a7%af-%e0%a6%9c%e0%a6%b2%e0%a6%be%e0%a6%b6%e0%a6%af%e0%a6%bc%e0%a7%87/" "Mozilla/5.0 AppleWebKit/537.36 (KHTML, like Gecko; compatible; GPTBot/1.4; +https://openai.com/gptbot)"
74.7.243.200 - - [14/Sep/2026:20:26:02 +0600] "GET /wp-content/uploads/2026/09/gov-msorsw087e6ius1-20260811204346-300x156.jpg HTTP/1.1" 429 0 "http://bangladaily.online/%e0%a6%b0%e0%a6%be%e0%a6%9c%e0%a6%b6%e0%a6%be%e0%a6%b9%e0%a7%80%e0%a6%b0-%e0%a6%aa%e0%a6%ac%e0%a6%be%e0%a6%b0-%e0%a7%a7%e0%a7%af-%e0%a6%9c%e0%a6%b2%e0%a6%be%e0%a6%b6%e0%a6%af%e0%a6%bc%e0%a7%87/" "Mozilla/5.0 AppleWebKit/537.36 (KHTML, like Gecko; compatible; GPTBot/1.4; +https://openai.com/gptbot)"
74.7.243.200 - - [14/Sep/2026:20:26:22 +0600] "GET /wp-content/uploads/2026/09/og_1789395334_6aa80186176fe-300x156.jpeg HTTP/1.1" 429 0 "http://bangladaily.online/%e0%a6%b0%e0%a6%be%e0%a6%9c%e0%a6%b6%e0%a6%be%e0%a6%b9%e0%a7%80%e0%a6%b0-%e0%a6%aa%e0%a6%ac%e0%a6%be%e0%a6%b0-%e0%a7%a7%e0%a7%af-%e0%a6%9c%e0%a6%b2%e0%a6%be%e0%a6%b6%e0%a6%af%e0%a6%bc%e0%a7%87/" "Mozilla/5.0 AppleWebKit/537.36 (KHTML, like Gecko; compatible; GPTBot/1.4; +https://openai.com/gptbot)"
74.7.243.200 - - [14/Sep/2026:20:24:26 +0600] "GET /%e0%a6%a6%e0%a7%87%e0%a6%b6%e0%a7%87-%e0%a6%ab%e0%a6%bf%e0%a6%b0%e0%a7%87-%e0%a6%ac%e0%a6%bf%e0%a6%ae%e0%a6%be%e0%a6%a8%e0%a6%ac%e0%a6%a8%e0%a7%8d%e0%a6%a6%e0%a6%b0%e0%a7%87-%e0%a6%af%e0%a6%be/ HTTP/1.1" 429 0 "http://bangladaily.online/category/%e0%a6%ac%e0%a6%bf%e0%a6%a8%e0%a7%8b%e0%a6%a6%e0%a6%a8/" "Mozilla/5.0 AppleWebKit/537.36 (KHTML, like Gecko; compatible; GPTBot/1.4; +https://openai.com/gptbot)"
74.7.243.200 - - [14/Sep/2026:20:24:46 +0600] "GET /%e0%a6%ad%e0%a7%87%e0%a6%a8%e0%a6%bf%e0%a6%b8%e0%a7%87-%e0%a6%ac%e0%a6%be%e0%a6%81%e0%a6%a7%e0%a6%a8%e0%a7%87%e0%a6%b0-%e0%a6%93%e0%a6%aa%e0%a6%b0-%e0%a6%b9%e0%a6%be%e0%a6%ae%e0%a6%b2%e0%a6%be-2/feed/ HTTP/1.1" 429 0 "http://bangladaily.online/%e0%a6%ad%e0%a7%87%e0%a6%a8%e0%a6%bf%e0%a6%b8%e0%a7%87-%e0%a6%ac%e0%a6%be%e0%a6%81%e0%a6%a7%e0%a6%a8%e0%a7%87%e0%a6%b0-%e0%a6%93%e0%a6%aa%e0%a6%b0-%e0%a6%b9%e0%a6%be%e0%a6%ae%e0%a6%b2%e0%a6%be-2/" "Mozilla/5.0 AppleWebKit/537.36 (KHTML, like Gecko; compatible; GPTBot/1.4; +https://openai.com/gptbot)"
116.202.222.251 - - [14/Sep/2026:20:25:03 +0600] "GET /?wp_automatic=cron HTTP/1.1" 200 2325 "-" "curl/7.61.1"
116.202.222.251 - - [14/Sep/2026:20:25:27 +0600] "POST /wp-cron.php?doing_wp_cron=1789395927.4013230800628662109375 HTTP/1.1" 200 0 "-" "WordPress/7.1; http://bangladaily.online"
185.191.171.16 - - [14/Sep/2026:20:25:39 +0600] "GET /%E0%A6%87%E0%A6%AF%E0%A6%BC%E0%A7%87%E0%A6%AE%E0%A7%87%E0%A6%A8%E0%A7%87-%E0%A6%85%E0%A6%B8%E0%A7%8D%E0%A6%A4%E0%A7%8D%E0%A6%B0-%E0%A6%A4%E0%A7%88%E0%A6%B0%E0%A6%BF%E0%A6%A4%E0%A7%87-%E0%A6%8F/ HTTP/1.1" 200 19955 "-" "Mozilla/5.0 (compatible; SemrushBot/7~bl; +http://www.semrush.com/bot.html)"
116.202.222.251 - - [14/Sep/2026:20:26:02 +0600] "GET /?wp_automatic=cron HTTP/1.1" 200 1603 "-" "curl/7.61.1"
116.202.222.251 - - [14/Sep/2026:20:26:28 +0600] "POST /wp-cron.php?doing_wp_cron=1789395988.1097691059112548828125 HTTP/1.1" 200 0 "-" "WordPress/7.1; http://bangladaily.online"
185.191.171.4 - - [14/Sep/2026:20:26:27 +0600] "GET /%E0%A6%A8%E0%A7%87%E0%A6%AA%E0%A6%BE%E0%A6%B2%E0%A7%87%E0%A6%B0-%E0%A6%AC%E0%A6%A8%E0%A7%8D%E0%A6%AF%E0%A6%BE-%E0%A6%A5%E0%A7%87%E0%A6%95%E0%A7%87-%E0%A6%AF%E0%A7%87%E0%A6%AD%E0%A6%BE%E0%A6%AC/ HTTP/1.1" 200 20876 "-" "Mozilla/5.0 (compatible; SemrushBot/7~bl; +http://www.semrush.com/bot.html)"
116.202.222.251 - - [14/Sep/2026:20:27:03 +0600] "POST /wp-cron.php?doing_wp_cron=1789396023.9707159996032714843750 HTTP/1.1" 200 0 "-" "WordPress/7.1; http://bangladaily.online"
74.7.243.200 - - [14/Sep/2026:20:27:22 +0600] "GET /%e0%a6%aa%e0%a6%a6%e0%a7%8d%e0%a6%ae%e0%a6%be%e0%a6%b0-%e0%a6%aa%e0%a6%be%e0%a6%a8%e0%a6%bf-%e0%a6%ac%e0%a6%bf%e0%a6%aa%e0%a7%8e%e0%a6%b8%e0%a7%80%e0%a6%ae%e0%a6%be%e0%a6%b0-%e0%a7%ad%e0%a7%ad/ HTTP/1.1" 429 0 "http://bangladaily.online/%e0%a6%b0%e0%a6%be%e0%a6%9c%e0%a6%b6%e0%a6%be%e0%a6%b9%e0%a7%80%e0%a6%b0-%e0%a6%aa%e0%a6%ac%e0%a6%be%e0%a6%b0-%e0%a7%a7%e0%a7%af-%e0%a6%9c%e0%a6%b2%e0%a6%be%e0%a6%b6%e0%a6%af%e0%a6%bc%e0%a7%87/" "Mozilla/5.0 AppleWebKit/537.36 (KHTML, like Gecko; compatible; GPTBot/1.4; +https://openai.com/gptbot)"
116.202.222.251 - - [14/Sep/2026:20:27:52 +0600] "POST /wp-cron.php?doing_wp_cron=1789396072.2094249725341796875000 HTTP/1.1" 200 0 "-" "WordPress/7.1; http://bangladaily.online"
74.7.243.200 - - [14/Sep/2026:20:28:02 +0600] "GET /%e0%a6%a4%e0%a6%bf%e0%a6%a8-%e0%a6%ae%e0%a6%be%e0%a6%b8%e0%a7%87-%e0%a7%ab-%e0%a6%b9%e0%a6%be%e0%a6%9c%e0%a6%be%e0%a6%b0-%e0%a6%a8%e0%a6%a4%e0%a7%81%e0%a6%a8-%e0%a6%95%e0%a7%8b%e0%a6%9f%e0%a6%bf/ HTTP/1.1" 429 0 "http://bangladaily.online/%e0%a6%b0%e0%a6%be%e0%a6%9c%e0%a6%b6%e0%a6%be%e0%a6%b9%e0%a7%80%e0%a6%b0-%e0%a6%aa%e0%a6%ac%e0%a6%be%e0%a6%b0-%e0%a7%a7%e0%a7%af-%e0%a6%9c%e0%a6%b2%e0%a6%be%e0%a6%b6%e0%a6%af%e0%a6%bc%e0%a7%87/" "Mozilla/5.0 AppleWebKit/537.36 (KHTML, like Gecko; compatible; GPTBot/1.4; +https://openai.com/gptbot)"
74.7.243.200 - - [14/Sep/2026:20:26:42 +0600] "GET /wp-content/uploads/2026/09/rangpur-20260913195409.jpg HTTP/1.1" 429 0 "http://bangladaily.online/%e0%a6%b0%e0%a6%be%e0%a6%9c%e0%a6%b6%e0%a6%be%e0%a6%b9%e0%a7%80%e0%a6%b0-%e0%a6%aa%e0%a6%ac%e0%a6%be%e0%a6%b0-%e0%a7%a7%e0%a7%af-%e0%a6%9c%e0%a6%b2%e0%a6%be%e0%a6%b6%e0%a6%af%e0%a6%bc%e0%a7%87/" "Mozilla/5.0 AppleWebKit/537.36 (KHTML, like Gecko; compatible; GPTBot/1.4; +https://openai.com/gptbot)"
74.7.243.200 - - [14/Sep/2026:20:27:02 +0600] "GET /wp-content/uploads/2026/09/rangpur-20260913195409-300x156.jpg HTTP/1.1" 429 0 "http://bangladaily.online/%e0%a6%b0%e0%a6%be%e0%a6%9c%e0%a6%b6%e0%a6%be%e0%a6%b9%e0%a7%80%e0%a6%b0-%e0%a6%aa%e0%a6%ac%e0%a6%be%e0%a6%b0-%e0%a7%a7%e0%a7%af-%e0%a6%9c%e0%a6%b2%e0%a6%be%e0%a6%b6%e0%a6%af%e0%a6%bc%e0%a7%87/" "Mozilla/5.0 AppleWebKit/537.36 (KHTML, like Gecko; compatible; GPTBot/1.4; +https://openai.com/gptbot)"
116.202.222.251 - - [14/Sep/2026:20:27:02 +0600] "GET /?wp_automatic=cron HTTP/1.1" 200 1573 "-" "curl/7.61.1"
74.7.243.200 - - [14/Sep/2026:20:27:42 +0600] "GET /%e0%a6%9c%e0%a7%8b%e0%a6%a4%e0%a6%be%e0%a6%b0-%e0%a6%a8%e0%a6%be%e0%a6%ae-%e0%a6%a8%e0%a6%bf%e0%a6%af%e0%a6%bc%e0%a7%87-%e0%a6%a8%e0%a7%87%e0%a6%ad%e0%a7%87%e0%a6%b8%e0%a6%95%e0%a7%87-%e0%a6%95/ HTTP/1.1" 429 0 "http://bangladaily.online/%e0%a6%b0%e0%a6%be%e0%a6%9c%e0%a6%b6%e0%a6%be%e0%a6%b9%e0%a7%80%e0%a6%b0-%e0%a6%aa%e0%a6%ac%e0%a6%be%e0%a6%b0-%e0%a7%a7%e0%a7%af-%e0%a6%9c%e0%a6%b2%e0%a6%be%e0%a6%b6%e0%a6%af%e0%a6%bc%e0%a7%87/" "Mozilla/5.0 AppleWebKit/537.36 (KHTML, like Gecko; compatible; GPTBot/1.4; +https://openai.com/gptbot)"
185.191.171.7 - - [14/Sep/2026:20:27:51 +0600] "GET /%E0%A6%B6%E0%A6%BE%E0%A6%B0%E0%A7%80%E0%A6%B0%E0%A6%BF%E0%A6%95-%E0%A6%B8%E0%A6%AE%E0%A7%8D%E0%A6%AA%E0%A6%B0%E0%A7%8D%E0%A6%95%E0%A7%87%E0%A6%B0-%E0%A6%B8%E0%A6%AE%E0%A6%AF%E0%A6%BC/ HTTP/1.1" 200 21294 "-" "Mozilla/5.0 (compatible; SemrushBot/7~bl; +http://www.semrush.com/bot.html)"
116.202.222.251 - - [14/Sep/2026:20:28:02 +0600] "GET /?wp_automatic=cron HTTP/1.1" 200 1547 "-" "curl/7.61.1"
116.202.222.251 - - [14/Sep/2026:20:28:23 +0600] "POST /wp-cron.php?doing_wp_cron=1789396103.4361209869384765625000 HTTP/1.1" 200 0 "-" "WordPress/7.1; http://bangladaily.online"
74.7.243.200 - - [14/Sep/2026:20:28:42 +0600] "GET /%e0%a6%9d%e0%a7%8b%e0%a6%aa%e0%a6%9d%e0%a6%be%e0%a6%a1%e0%a6%bc%e0%a7%87-%e0%a6%ac%e0%a6%bf%e0%a6%b2%e0%a7%80%e0%a6%a8-%e0%a6%b8%e0%a7%8b%e0%a6%af%e0%a6%bc%e0%a6%be-%e0%a6%95%e0%a7%8b%e0%a6%9f/feed/ HTTP/1.1" 429 0 "http://bangladaily.online/%e0%a6%9d%e0%a7%8b%e0%a6%aa%e0%a6%9d%e0%a6%be%e0%a6%a1%e0%a6%bc%e0%a7%87-%e0%a6%ac%e0%a6%bf%e0%a6%b2%e0%a7%80%e0%a6%a8-%e0%a6%b8%e0%a7%8b%e0%a6%af%e0%a6%bc%e0%a6%be-%e0%a6%95%e0%a7%8b%e0%a6%9f/" "Mozilla/5.0 AppleWebKit/537.36 (KHTML, like Gecko; compatible; GPTBot/1.4; +https://openai.com/gptbot)"
116.202.222.251 - - [14/Sep/2026:20:29:04 +0600] "POST /wp-cron.php?doing_wp_cron=1789396144.1366760730743408203125 HTTP/1.1" 200 0 "-" "WordPress/7.1; http://bangladaily.online"
116.202.222.251 - - [14/Sep/2026:20:29:32 +0600] "POST /wp-cron.php?doing_wp_cron=1789396172.2982189655303955078125 HTTP/1.1" 200 0 "-" "WordPress/7.1; http://bangladaily.online"
74.7.243.200 - - [14/Sep/2026:20:29:38 +0600] "GET /%e0%a6%86%e0%a6%93%e0%a6%af%e0%a6%bc%e0%a6%be%e0%a6%b0%e0%a6%be%e0%a6%aa%e0%a6%a8-%e0%a6%8f%e0%a6%b0-%e0%a6%a8%e0%a6%be%e0%a6%af%e0%a6%bc%e0%a6%bf%e0%a6%95%e0%a6%be-%e0%a6%b6/feed/ HTTP/1.1" 429 0 "http://bangladaily.online/%e0%a6%86%e0%a6%93%e0%a6%af%e0%a6%bc%e0%a6%be%e0%a6%b0%e0%a6%be%e0%a6%aa%e0%a6%a8-%e0%a6%8f%e0%a6%b0-%e0%a6%a8%e0%a6%be%e0%a6%af%e0%a6%bc%e0%a6%bf%e0%a6%95%e0%a6%be-%e0%a6%b6/" "Mozilla/5.0 AppleWebKit/537.36 (KHTML, like Gecko; compatible; GPTBot/1.4; +https://openai.com/gptbot)"
116.202.222.251 - - [14/Sep/2026:20:30:03 +0600] "GET /?wp_automatic=cron HTTP/1.1" 200 1567 "-" "curl/7.61.1"
74.7.243.200 - - [14/Sep/2026:20:28:22 +0600] "GET /%E0%A6%B0%E0%A6%BE%E0%A6%9C%E0%A6%B6%E0%A6%BE%E0%A6%B9%E0%A7%80%E0%A6%B0-%E0%A6%AA%E0%A6%AC%E0%A6%BE%E0%A6%B0-%E0%A7%A7%E0%A7%AF-%E0%A6%9C%E0%A6%B2%E0%A6%BE%E0%A6%B6%E0%A6%AF%E0%A6%BC%E0%A7%87/ HTTP/1.1" 200 15988 "http://bangladaily.online/%e0%a6%b0%e0%a6%be%e0%a6%9c%e0%a6%b6%e0%a6%be%e0%a6%b9%e0%a7%80%e0%a6%b0-%e0%a6%aa%e0%a6%ac%e0%a6%be%e0%a6%b0-%e0%a7%a7%e0%a7%af-%e0%a6%9c%e0%a6%b2%e0%a6%be%e0%a6%b6%e0%a6%af%e0%a6%bc%e0%a7%87/" "Mozilla/5.0 AppleWebKit/537.36 (KHTML, like Gecko; compatible; GPTBot/1.4; +https://openai.com/gptbot)"
116.202.222.251 - - [14/Sep/2026:20:29:02 +0600] "GET /?wp_automatic=cron HTTP/1.1" 200 1589 "-" "curl/7.61.1"
74.7.243.200 - - [14/Sep/2026:20:29:18 +0600] "GET /%e0%a6%95%e0%a6%95%e0%a7%8d%e0%a6%b8%e0%a6%ac%e0%a6%be%e0%a6%9c%e0%a6%be%e0%a6%b0-%e0%a6%a5%e0%a7%87%e0%a6%95%e0%a7%87-%e0%a6%b2%e0%a6%a8%e0%a7%8d%e0%a6%a1%e0%a6%a8-%e0%a6%8f%e0%a6%95%e0%a7%8d/feed/ HTTP/1.1" 429 0 "http://bangladaily.online/%e0%a6%95%e0%a6%95%e0%a7%8d%e0%a6%b8%e0%a6%ac%e0%a6%be%e0%a6%9c%e0%a6%be%e0%a6%b0-%e0%a6%a5%e0%a7%87%e0%a6%95%e0%a7%87-%e0%a6%b2%e0%a6%a8%e0%a7%8d%e0%a6%a1%e0%a6%a8-%e0%a6%8f%e0%a6%95%e0%a7%8d/" "Mozilla/5.0 AppleWebKit/537.36 (KHTML, like Gecko; compatible; GPTBot/1.4; +https://openai.com/gptbot)"
85.208.96.193 - - [14/Sep/2026:20:29:31 +0600] "GET /%E0%A6%9F%E0%A7%8D%E0%A6%B0%E0%A6%BE%E0%A6%A8%E0%A7%8D%E0%A6%B8%E0%A6%AA%E0%A7%8B%E0%A6%B0%E0%A7%8D%E0%A6%9F-%E0%A6%B0%E0%A6%BF%E0%A6%AA%E0%A7%8B%E0%A6%B0%E0%A7%8D%E0%A6%9F%E0%A6%BE%E0%A6%B0%E0%A7%8D/ HTTP/1.1" 200 19287 "-" "Mozilla/5.0 (compatible; SemrushBot/7~bl; +http://www.semrush.com/bot.html)"
85.208.96.207 - - [14/Sep/2026:20:29:33 +0600] "GET /%E0%A6%A6%E0%A7%87%E0%A6%96%E0%A7%87-%E0%A6%A8%E0%A6%BF%E0%A6%A8-%E0%A6%86%E0%A6%9C%E0%A6%95%E0%A7%87%E0%A6%B0-%E0%A6%AE%E0%A7%81%E0%A6%A6%E0%A7%8D%E0%A6%B0%E0%A6%BE-%E0%A6%AC%E0%A6%BF%E0%A6%A8/ HTTP/1.1" 200 18349 "-" "Mozilla/5.0 (compatible; SemrushBot/7~bl; +http://www.semrush.com/bot.html)"
185.191.171.12 - - [14/Sep/2026:20:30:35 +0600] "GET /%E0%A6%B0%E0%A6%BF%E0%A6%9C%E0%A6%BE%E0%A6%B0%E0%A7%8D%E0%A6%AD%E0%A7%87%E0%A6%B0-%E0%A6%85%E0%A6%B0%E0%A7%8D%E0%A6%A5-%E0%A6%AC%E0%A6%BF%E0%A6%A8%E0%A6%BF%E0%A6%AF%E0%A6%BC%E0%A7%8B%E0%A6%97%E0%A7%87/ HTTP/1.1" 200 20405 "-" "Mozilla/5.0 (compatible; SemrushBot/7~bl; +http://www.semrush.com/bot.html)"
74.7.243.200 - - [14/Sep/2026:20:30:54 +0600] "GET /%e0%a6%87%e0%a6%af%e0%a6%bc%e0%a7%87%e0%a6%ae%e0%a7%87%e0%a6%a8%e0%a7%87-%e0%a7%a8%e0%a7%aa-%e0%a6%98%e0%a6%a3%e0%a7%8d%e0%a6%9f%e0%a6%be%e0%a6%af%e0%a6%bc-%e0%a6%b8%e0%a7%8c%e0%a6%a6%e0%a6%bf/feed/ HTTP/1.1" 429 0 "http://bangladaily.online/%e0%a6%87%e0%a6%af%e0%a6%bc%e0%a7%87%e0%a6%ae%e0%a7%87%e0%a6%a8%e0%a7%87-%e0%a7%a8%e0%a7%aa-%e0%a6%98%e0%a6%a3%e0%a7%8d%e0%a6%9f%e0%a6%be%e0%a6%af%e0%a6%bc-%e0%a6%b8%e0%a7%8c%e0%a6%a6%e0%a6%bf/" "Mozilla/5.0 AppleWebKit/537.36 (KHTML, like Gecko; compatible; GPTBot/1.4; +https://openai.com/gptbot)"
185.191.171.2 - - [14/Sep/2026:20:30:58 +0600] "GET /%E0%A6%B8%E0%A7%8D%E0%A6%A4%E0%A7%8D%E0%A6%B0%E0%A7%80%E0%A6%B0-%E0%A6%86%E0%A6%AF%E0%A6%BC-%E0%A6%95%E0%A6%A4-%E0%A6%B8%E0%A7%8D%E0%A6%AC%E0%A6%BE%E0%A6%AE%E0%A7%80%E0%A6%B0-%E0%A6%95%E0%A6%BF/ HTTP/1.1" 200 24823 "-" "Mozilla/5.0 (compatible; SemrushBot/7~bl; +http://www.semrush.com/bot.html)"
74.7.243.200 - - [14/Sep/2026:20:31:14 +0600] "GET /%e0%a6%ae%e0%a6%be-%e0%a6%b9%e0%a6%be%e0%a6%b0%e0%a6%bf%e0%a6%af%e0%a6%bc%e0%a7%87-%e0%a6%95%e0%a6%be%e0%a6%81%e0%a6%a6%e0%a6%9b%e0%a7%87%e0%a6%a8-%e0%a6%9a%e0%a6%bf%e0%a6%a8%e0%a7%8d%e0%a6%ae/feed/ HTTP/1.1" 429 0 "http://bangladaily.online/%e0%a6%ae%e0%a6%be-%e0%a6%b9%e0%a6%be%e0%a6%b0%e0%a6%bf%e0%a6%af%e0%a6%bc%e0%a7%87-%e0%a6%95%e0%a6%be%e0%a6%81%e0%a6%a6%e0%a6%9b%e0%a7%87%e0%a6%a8-%e0%a6%9a%e0%a6%bf%e0%a6%a8%e0%a7%8d%e0%a6%ae/" "Mozilla/5.0 AppleWebKit/537.36 (KHTML, like Gecko; compatible; GPTBot/1.4; +https://openai.com/gptbot)"
116.202.222.251 - - [14/Sep/2026:20:32:02 +0600] "GET /?wp_automatic=cron HTTP/1.1" 200 1570 "-" "curl/7.61.1"
74.7.243.200 - - [14/Sep/2026:20:32:10 +0600] "GET /wp-content/uploads/2026/09/gov-msorsw087e6ius1-20260811204346-300x156.jpg HTTP/1.1" 429 0 "http://bangladaily.online/%E0%A6%B0%E0%A6%BE%E0%A6%9C%E0%A6%B6%E0%A6%BE%E0%A6%B9%E0%A7%80%E0%A6%B0-%E0%A6%AA%E0%A6%AC%E0%A6%BE%E0%A6%B0-%E0%A7%A7%E0%A7%AF-%E0%A6%9C%E0%A6%B2%E0%A6%BE%E0%A6%B6%E0%A6%AF%E0%A6%BC%E0%A7%87/" "Mozilla/5.0 AppleWebKit/537.36 (KHTML, like Gecko; compatible; GPTBot/1.4; +https://openai.com/gptbot)"
74.7.243.200 - - [14/Sep/2026:20:32:42 +0600] "GET /wp-content/uploads/2026/09/og_1789395334_6aa80186176fe-300x156.jpeg HTTP/1.1" 429 0 "http://bangladaily.online/%E0%A6%B0%E0%A6%BE%E0%A6%9C%E0%A6%B6%E0%A6%BE%E0%A6%B9%E0%A7%80%E0%A6%B0-%E0%A6%AA%E0%A6%AC%E0%A6%BE%E0%A6%B0-%E0%A7%A7%E0%A7%AF-%E0%A6%9C%E0%A6%B2%E0%A6%BE%E0%A6%B6%E0%A6%AF%E0%A6%BC%E0%A7%87/" "Mozilla/5.0 AppleWebKit/537.36 (KHTML, like Gecko; compatible; GPTBot/1.4; +https://openai.com/gptbot)"
74.7.243.200 - - [14/Sep/2026:20:33:02 +0600] "GET /wp-content/uploads/2026/09/rangpur-20260913195409.jpg HTTP/1.1" 429 0 "http://bangladaily.online/%E0%A6%B0%E0%A6%BE%E0%A6%9C%E0%A6%B6%E0%A6%BE%E0%A6%B9%E0%A7%80%E0%A6%B0-%E0%A6%AA%E0%A6%AC%E0%A6%BE%E0%A6%B0-%E0%A7%A7%E0%A7%AF-%E0%A6%9C%E0%A6%B2%E0%A6%BE%E0%A6%B6%E0%A6%AF%E0%A6%BC%E0%A7%87/" "Mozilla/5.0 AppleWebKit/537.36 (KHTML, like Gecko; compatible; GPTBot/1.4; +https://openai.com/gptbot)"
116.202.222.251 - - [14/Sep/2026:20:33:02 +0600] "GET /?wp_automatic=cron HTTP/1.1" 200 2238 "-" "curl/7.61.1"
74.7.243.200 - - [14/Sep/2026:20:33:42 +0600] "GET /%e0%a6%aa%e0%a6%a6%e0%a7%8d%e0%a6%ae%e0%a6%be%e0%a6%b0-%e0%a6%aa%e0%a6%be%e0%a6%a8%e0%a6%bf-%e0%a6%ac%e0%a6%bf%e0%a6%aa%e0%a7%8e%e0%a6%b8%e0%a7%80%e0%a6%ae%e0%a6%be%e0%a6%b0-%e0%a7%ad%e0%a7%ad/ HTTP/1.1" 429 0 "http://bangladaily.online/%E0%A6%B0%E0%A6%BE%E0%A6%9C%E0%A6%B6%E0%A6%BE%E0%A6%B9%E0%A7%80%E0%A6%B0-%E0%A6%AA%E0%A6%AC%E0%A6%BE%E0%A6%B0-%E0%A7%A7%E0%A7%AF-%E0%A6%9C%E0%A6%B2%E0%A6%BE%E0%A6%B6%E0%A6%AF%E0%A6%BC%E0%A7%87/" "Mozilla/5.0 AppleWebKit/537.36 (KHTML, like Gecko; compatible; GPTBot/1.4; +https://openai.com/gptbot)"
116.202.222.251 - - [14/Sep/2026:20:33:52 +0600] "POST /wp-cron.php?doing_wp_cron=1789396432.2371330261230468750000 HTTP/1.1" 200 0 "-" "WordPress/7.1; http://bangladaily.online"
74.7.243.200 - - [14/Sep/2026:20:33:58 +0600] "GET /%e0%a6%a4%e0%a6%bf%e0%a6%a8-%e0%a6%ae%e0%a6%be%e0%a6%b8%e0%a7%87-%e0%a7%ab-%e0%a6%b9%e0%a6%be%e0%a6%9c%e0%a6%be%e0%a6%b0-%e0%a6%a8%e0%a6%a4%e0%a7%81%e0%a6%a8-%e0%a6%95%e0%a7%8b%e0%a6%9f%e0%a6%bf/ HTTP/1.1" 429 0 "http://bangladaily.online/%E0%A6%B0%E0%A6%BE%E0%A6%9C%E0%A6%B6%E0%A6%BE%E0%A6%B9%E0%A7%80%E0%A6%B0-%E0%A6%AA%E0%A6%AC%E0%A6%BE%E0%A6%B0-%E0%A7%A7%E0%A7%AF-%E0%A6%9C%E0%A6%B2%E0%A6%BE%E0%A6%B6%E0%A6%AF%E0%A6%BC%E0%A7%87/" "Mozilla/5.0 AppleWebKit/537.36 (KHTML, like Gecko; compatible; GPTBot/1.4; +https://openai.com/gptbot)"
116.202.222.251 - - [14/Sep/2026:20:34:02 +0600] "GET /?wp_automatic=cron HTTP/1.1" 200 1603 "-" "curl/7.61.1"
74.7.243.200 - - [14/Sep/2026:20:34:18 +0600] "GET /%e0%a6%a1%e0%a6%be%e0%a6%95%e0%a6%b8%e0%a7%81%e0%a6%b0-%e0%a6%ac%e0%a7%8d%e0%a6%af%e0%a6%be%e0%a6%96%e0%a7%8d%e0%a6%af%e0%a6%be-%e0%a6%b8%e0%a6%ae%e0%a6%b0%e0%a7%8d%e0%a6%a5%e0%a6%a8%e0%a6%af%e0%a7%8b/ HTTP/1.1" 429 0 "http://bangladaily.online/%E0%A6%B0%E0%A6%BE%E0%A6%9C%E0%A6%B6%E0%A6%BE%E0%A6%B9%E0%A7%80%E0%A6%B0-%E0%A6%AA%E0%A6%AC%E0%A6%BE%E0%A6%B0-%E0%A7%A7%E0%A7%AF-%E0%A6%9C%E0%A6%B2%E0%A6%BE%E0%A6%B6%E0%A6%AF%E0%A6%BC%E0%A7%87/" "Mozilla/5.0 AppleWebKit/537.36 (KHTML, like Gecko; compatible; GPTBot/1.4; +https://openai.com/gptbot)"
74.7.243.200 - - [14/Sep/2026:20:30:18 +0600] "GET /%e0%a6%b0%e0%a6%be%e0%a6%9c%e0%a6%b6%e0%a6%be%e0%a6%b9%e0%a7%80%e0%a6%b0-%e0%a6%aa%e0%a6%ac%e0%a6%be%e0%a6%b0-%e0%a7%a7%e0%a7%af-%e0%a6%9c%e0%a6%b2%e0%a6%be%e0%a6%b6%e0%a6%af%e0%a6%bc%e0%a7%87/feed/ HTTP/1.1" 429 0 "http://bangladaily.online/%e0%a6%b0%e0%a6%be%e0%a6%9c%e0%a6%b6%e0%a6%be%e0%a6%b9%e0%a7%80%e0%a6%b0-%e0%a6%aa%e0%a6%ac%e0%a6%be%e0%a6%b0-%e0%a7%a7%e0%a7%af-%e0%a6%9c%e0%a6%b2%e0%a6%be%e0%a6%b6%e0%a6%af%e0%a6%bc%e0%a7%87/" "Mozilla/5.0 AppleWebKit/537.36 (KHTML, like Gecko; compatible; GPTBot/1.4; +https://openai.com/gptbot)"
116.202.222.251 - - [14/Sep/2026:20:30:36 +0600] "POST /wp-cron.php?doing_wp_cron=1789396236.1488430500030517578125 HTTP/1.1" 200 0 "-" "WordPress/7.1; http://bangladaily.online"
185.191.171.12 - - [14/Sep/2026:20:30:47 +0600] "GET /%E0%A6%B8%E0%A6%BE%E0%A6%AE%E0%A6%BE%E0%A6%A8%E0%A7%8D%E0%A6%AF-%E0%A6%AC%E0%A7%83%E0%A6%B7%E0%A7%8D%E0%A6%9F%E0%A6%BF%E0%A6%A4%E0%A7%87%E0%A6%87-%E0%A6%A2%E0%A6%BE%E0%A6%95%E0%A6%BE%E0%A6%B0/ HTTP/1.1" 200 20361 "-" "Mozilla/5.0 (compatible; SemrushBot/7~bl; +http://www.semrush.com/bot.html)"
116.202.222.251 - - [14/Sep/2026:20:31:02 +0600] "GET /?wp_automatic=cron HTTP/1.1" 200 1569 "-" "curl/7.61.1"
74.7.243.200 - - [14/Sep/2026:20:31:54 +0600] "GET /?p=5087 HTTP/1.1" 301 52 "http://bangladaily.online/%E0%A6%B0%E0%A6%BE%E0%A6%9C%E0%A6%B6%E0%A6%BE%E0%A6%B9%E0%A7%80%E0%A6%B0-%E0%A6%AA%E0%A6%AC%E0%A6%BE%E0%A6%B0-%E0%A7%A7%E0%A7%AF-%E0%A6%9C%E0%A6%B2%E0%A6%BE%E0%A6%B6%E0%A6%AF%E0%A6%BC%E0%A7%87/" "Mozilla/5.0 AppleWebKit/537.36 (KHTML, like Gecko; compatible; GPTBot/1.4; +https://openai.com/gptbot)"
74.7.243.200 - - [14/Sep/2026:20:32:23 +0600] "GET /wp-content/uploads/2026/09/farhad-mu17ixstf9o6pgq-20260914181941-300x156.jpg HTTP/1.1" 429 0 "http://bangladaily.online/%E0%A6%B0%E0%A6%BE%E0%A6%9C%E0%A6%B6%E0%A6%BE%E0%A6%B9%E0%A7%80%E0%A6%B0-%E0%A6%AA%E0%A6%AC%E0%A6%BE%E0%A6%B0-%E0%A7%A7%E0%A7%AF-%E0%A6%9C%E0%A6%B2%E0%A6%BE%E0%A6%B6%E0%A6%AF%E0%A6%BC%E0%A7%87/" "Mozilla/5.0 AppleWebKit/537.36 (KHTML, like Gecko; compatible; GPTBot/1.4; +https://openai.com/gptbot)"
116.202.222.251 - - [14/Sep/2026:20:33:06 +0600] "POST /wp-cron.php?doing_wp_cron=1789396386.7073550224304199218750 HTTP/1.1" 200 0 "-" "WordPress/7.1; http://bangladaily.online"
74.7.243.200 - - [14/Sep/2026:20:33:22 +0600] "GET /wp-content/uploads/2026/09/rangpur-20260913195409-300x156.jpg HTTP/1.1" 200 18140 "http://bangladaily.online/%E0%A6%B0%E0%A6%BE%E0%A6%9C%E0%A6%B6%E0%A6%BE%E0%A6%B9%E0%A7%80%E0%A6%B0-%E0%A6%AA%E0%A6%AC%E0%A6%BE%E0%A6%B0-%E0%A7%A7%E0%A7%AF-%E0%A6%9C%E0%A6%B2%E0%A6%BE%E0%A6%B6%E0%A6%AF%E0%A6%BC%E0%A7%87/" "Mozilla/5.0 AppleWebKit/537.36 (KHTML, like Gecko; compatible; GPTBot/1.4; +https://openai.com/gptbot)"
185.191.171.10 - - [14/Sep/2026:20:33:51 +0600] "GET /%E0%A6%AA%E0%A7%81%E0%A6%B2%E0%A6%BF%E0%A6%B6%E0%A7%87%E0%A6%B0-%E0%A7%AB-%E0%A6%89%E0%A6%B0%E0%A7%8D%E0%A6%A7%E0%A7%8D%E0%A6%AC%E0%A6%A4%E0%A6%A8-%E0%A6%95%E0%A6%B0%E0%A7%8D%E0%A6%AE%E0%A6%95/ HTTP/1.1" 200 17635 "-" "Mozilla/5.0 (compatible; SemrushBot/7~bl; +http://www.semrush.com/bot.html)"
116.202.222.251 - - [14/Sep/2026:20:35:39 +0600] "POST /wp-cron.php?doing_wp_cron=1789396539.3704988956451416015625 HTTP/1.1" 200 0 "-" "WordPress/7.1; http://bangladaily.online"
74.7.243.200 - - [14/Sep/2026:20:35:38 +0600] "GET /%e0%a6%b2%e0%a6%be%e0%a6%b2%e0%a6%95%e0%a7%81%e0%a6%a0%e0%a6%bf%e0%a6%b0-%e0%a6%b8%e0%a6%82%e0%a6%b8%e0%a7%8d%e0%a6%95%e0%a6%be%e0%a6%b0-%e0%a6%aa%e0%a7%81%e0%a6%b0%e0%a6%be%e0%a6%a8-%e0%a6%a2/feed/ HTTP/1.1" 200 589 "http://bangladaily.online/%e0%a6%b2%e0%a6%be%e0%a6%b2%e0%a6%95%e0%a7%81%e0%a6%a0%e0%a6%bf%e0%a6%b0-%e0%a6%b8%e0%a6%82%e0%a6%b8%e0%a7%8d%e0%a6%95%e0%a6%be%e0%a6%b0-%e0%a6%aa%e0%a7%81%e0%a6%b0%e0%a6%be%e0%a6%a8-%e0%a6%a2/" "Mozilla/5.0 AppleWebKit/537.36 (KHTML, like Gecko; compatible; GPTBot/1.4; +https://openai.com/gptbot)"
74.7.243.200 - - [14/Sep/2026:20:34:38 +0600] "GET /%e0%a6%9a%e0%a6%be%e0%a6%95%e0%a6%b0%e0%a6%bf%e0%a6%b0-%e0%a6%aa%e0%a6%b0%e0%a7%80%e0%a6%95%e0%a7%8d%e0%a6%b7%e0%a6%be%e0%a6%af%e0%a6%bc-%e0%a6%aa%e0%a7%8d%e0%a6%b0%e0%a6%95%e0%a7%8d%e0%a6%b8%e0%a6%bf/ HTTP/1.1" 429 0 "http://bangladaily.online/%E0%A6%B0%E0%A6%BE%E0%A6%9C%E0%A6%B6%E0%A6%BE%E0%A6%B9%E0%A7%80%E0%A6%B0-%E0%A6%AA%E0%A6%AC%E0%A6%BE%E0%A6%B0-%E0%A7%A7%E0%A7%AF-%E0%A6%9C%E0%A6%B2%E0%A6%BE%E0%A6%B6%E0%A6%AF%E0%A6%BC%E0%A7%87/" "Mozilla/5.0 AppleWebKit/537.36 (KHTML, like Gecko; compatible; GPTBot/1.4; +https://openai.com/gptbot)"
74.7.243.200 - - [14/Sep/2026:20:34:58 +0600] "GET /%e0%a6%ae%e0%a7%82%e0%a6%b2-%e0%a6%b8%e0%a6%a1%e0%a6%bc%e0%a6%95-%e0%a6%a5%e0%a7%87%e0%a6%95%e0%a7%87-%e0%a6%ac%e0%a7%8d%e0%a6%af%e0%a6%be%e0%a6%9f%e0%a6%be%e0%a6%b0%e0%a6%bf%e0%a6%9a%e0%a6%be/feed/ HTTP/1.1" 429 0 "http://bangladaily.online/%e0%a6%ae%e0%a7%82%e0%a6%b2-%e0%a6%b8%e0%a6%a1%e0%a6%bc%e0%a6%95-%e0%a6%a5%e0%a7%87%e0%a6%95%e0%a7%87-%e0%a6%ac%e0%a7%8d%e0%a6%af%e0%a6%be%e0%a6%9f%e0%a6%be%e0%a6%b0%e0%a6%bf%e0%a6%9a%e0%a6%be/" "Mozilla/5.0 AppleWebKit/537.36 (KHTML, like Gecko; compatible; GPTBot/1.4; +https://openai.com/gptbot)"
116.202.222.251 - - [14/Sep/2026:20:35:03 +0600] "GET /?wp_automatic=cron HTTP/1.1" 200 1573 "-" "curl/7.61.1"
85.208.96.201 - - [14/Sep/2026:20:35:12 +0600] "GET /%E0%A7%AC-%E0%A6%85%E0%A6%9E%E0%A7%8D%E0%A6%9A%E0%A6%B2%E0%A7%87-%E0%A6%9D%E0%A6%A1%E0%A6%BC%E0%A7%87%E0%A6%B0-%E0%A6%B6%E0%A6%99%E0%A7%8D%E0%A6%95%E0%A6%BE-%E0%A6%A8%E0%A6%A6%E0%A7%80%E0%A6%AC/ HTTP/1.1" 200 18761 "-" "Mozilla/5.0 (compatible; SemrushBot/7~bl; +http://www.semrush.com/bot.html)"
74.7.243.200 - - [14/Sep/2026:20:35:18 +0600] "GET /%e0%a6%b8%e0%a6%a8%e0%a7%8d%e0%a6%a4%e0%a7%8d%e0%a6%b0%e0%a6%be%e0%a6%b8-%e0%a6%ac%e0%a6%bf%e0%a6%b0%e0%a7%8b%e0%a6%a7%e0%a7%80-%e0%a6%86%e0%a6%87%e0%a6%a8%e0%a7%87-%e0%a6%97%e0%a7%8d%e0%a6%b0/feed/ HTTP/1.1" 429 0 "http://bangladaily.online/%e0%a6%b8%e0%a6%a8%e0%a7%8d%e0%a6%a4%e0%a7%8d%e0%a6%b0%e0%a6%be%e0%a6%b8-%e0%a6%ac%e0%a6%bf%e0%a6%b0%e0%a7%8b%e0%a6%a7%e0%a7%80-%e0%a6%86%e0%a6%87%e0%a6%a8%e0%a7%87-%e0%a6%97%e0%a7%8d%e0%a6%b0/" "Mozilla/5.0 AppleWebKit/537.36 (KHTML, like Gecko; compatible; GPTBot/1.4; +https://openai.com/gptbot)"
185.191.171.10 - - [14/Sep/2026:20:35:47 +0600] "GET /%E0%A6%95%E0%A6%BE%E0%A6%A8-%E0%A6%A8%E0%A6%BE%E0%A6%95-%E0%A6%AB%E0%A7%8B%E0%A6%81%E0%A6%A1%E0%A6%BC%E0%A6%BE%E0%A6%A8%E0%A7%8B%E0%A6%B0-%E0%A6%AA%E0%A6%B0-%E0%A6%A6%E0%A7%8D%E0%A6%B0%E0%A7%81/ HTTP/1.1" 200 21207 "-" "Mozilla/5.0 (compatible; SemrushBot/7~bl; +http://www.semrush.com/bot.html)"
74.7.243.200 - - [14/Sep/2026:20:35:58 +0600] "GET /category/%e0%a6%ac%e0%a6%bf%e0%a6%a8%e0%a7%8b%e0%a6%a6%e0%a6%a8/feed/ HTTP/1.1" 429 0 "http://bangladaily.online/category/%e0%a6%ac%e0%a6%bf%e0%a6%a8%e0%a7%8b%e0%a6%a6%e0%a6%a8/" "Mozilla/5.0 AppleWebKit/537.36 (KHTML, like Gecko; compatible; GPTBot/1.4; +https://openai.com/gptbot)"
116.202.222.251 - - [14/Sep/2026:20:36:02 +0600] "GET /?wp_automatic=cron HTTP/1.1" 200 1547 "-" "curl/7.61.1"
74.7.243.200 - - [14/Sep/2026:20:36:14 +0600] "GET /%e0%a6%b8%e0%a6%be%e0%a6%a1%e0%a6%bc%e0%a7%87-%e0%a7%ac-%e0%a6%95%e0%a7%8b%e0%a6%9f%e0%a6%bf-%e0%a6%ac%e0%a6%9b%e0%a6%b0-%e0%a6%aa%e0%a6%b0-%e0%a6%ae%e0%a6%bf%e0%a6%b2%e0%a6%b2-%e0%a6%a1%e0%a6%be/feed/ HTTP/1.1" 429 0 "http://bangladaily.online/%e0%a6%b8%e0%a6%be%e0%a6%a1%e0%a6%bc%e0%a7%87-%e0%a7%ac-%e0%a6%95%e0%a7%8b%e0%a6%9f%e0%a6%bf-%e0%a6%ac%e0%a6%9b%e0%a6%b0-%e0%a6%aa%e0%a6%b0-%e0%a6%ae%e0%a6%bf%e0%a6%b2%e0%a6%b2-%e0%a6%a1%e0%a6%be/" "Mozilla/5.0 AppleWebKit/537.36 (KHTML, like Gecko; compatible; GPTBot/1.4; +https://openai.com/gptbot)"
3.18.186.238 - - [14/Sep/2026:20:36:54 +0600] "GET / HTTP/1.1" 200 26736 "-" "visionheight.com/scan Mozilla/5.0 (Macintosh; Intel Mac OS X 10_15_7) Chrome/126.0.0.0 Safari/537.36"
74.7.243.200 - - [14/Sep/2026:20:37:30 +0600] "GET /%e0%a6%8f%e0%a6%95-%e0%a6%b8%e0%a6%aa%e0%a7%8d%e0%a6%a4%e0%a6%be%e0%a6%b9%e0%a7%87-%e0%a6%a8%e0%a6%bf%e0%a6%b0%e0%a6%be%e0%a6%aa%e0%a6%a6-%e0%a6%96%e0%a6%be%e0%a6%a6%e0%a7%8d%e0%a6%af-%e0%a6%86/feed/ HTTP/1.1" 429 0 "http://bangladaily.online/%e0%a6%8f%e0%a6%95-%e0%a6%b8%e0%a6%aa%e0%a7%8d%e0%a6%a4%e0%a6%be%e0%a6%b9%e0%a7%87-%e0%a6%a8%e0%a6%bf%e0%a6%b0%e0%a6%be%e0%a6%aa%e0%a6%a6-%e0%a6%96%e0%a6%be%e0%a6%a6%e0%a7%8d%e0%a6%af-%e0%a6%86/" "Mozilla/5.0 AppleWebKit/537.36 (KHTML, like Gecko; compatible; GPTBot/1.4; +https://openai.com/gptbot)"
74.7.243.200 - - [14/Sep/2026:20:38:10 +0600] "GET /%e0%a6%a8%e0%a6%bf%e0%a6%b0%e0%a7%8d%e0%a6%ac%e0%a6%be%e0%a6%9a%e0%a6%a8%e0%a7%87-%e0%a6%b9%e0%a7%87%e0%a6%b0%e0%a7%87%e0%a6%93-%e0%a6%95%e0%a6%a5%e0%a6%be-%e0%a6%b0%e0%a6%be%e0%a6%96%e0%a6%b2/feed/ HTTP/1.1" 429 0 "http://bangladaily.online/%e0%a6%a8%e0%a6%bf%e0%a6%b0%e0%a7%8d%e0%a6%ac%e0%a6%be%e0%a6%9a%e0%a6%a8%e0%a7%87-%e0%a6%b9%e0%a7%87%e0%a6%b0%e0%a7%87%e0%a6%93-%e0%a6%95%e0%a6%a5%e0%a6%be-%e0%a6%b0%e0%a6%be%e0%a6%96%e0%a6%b2/" "Mozilla/5.0 AppleWebKit/537.36 (KHTML, like Gecko; compatible; GPTBot/1.4; +https://openai.com/gptbot)"
74.7.243.200 - - [14/Sep/2026:20:38:30 +0600] "GET /%e0%a6%95%e0%a6%be%e0%a6%b0%e0%a7%8d%e0%a6%a1%e0%a6%bf%e0%a6%ab%e0%a7%87-%e0%a6%ac%e0%a7%88%e0%a6%a0%e0%a6%95%e0%a7%87-%e0%a6%ac%e0%a6%b8%e0%a6%9b%e0%a7%87%e0%a6%a8-%e0%a6%b8%e0%a7%8d%e0%a6%95/feed/ HTTP/1.1" 429 0 "http://bangladaily.online/%e0%a6%95%e0%a6%be%e0%a6%b0%e0%a7%8d%e0%a6%a1%e0%a6%bf%e0%a6%ab%e0%a7%87-%e0%a6%ac%e0%a7%88%e0%a6%a0%e0%a6%95%e0%a7%87-%e0%a6%ac%e0%a6%b8%e0%a6%9b%e0%a7%87%e0%a6%a8-%e0%a6%b8%e0%a7%8d%e0%a6%95/" "Mozilla/5.0 AppleWebKit/537.36 (KHTML, like Gecko; compatible; GPTBot/1.4; +https://openai.com/gptbot)"
116.202.222.251 - - [14/Sep/2026:20:39:02 +0600] "GET /?wp_automatic=cron HTTP/1.1" 200 1569 "-" "curl/7.61.1"
74.7.243.200 - - [14/Sep/2026:20:39:26 +0600] "GET /%e0%a6%ae%e0%a7%87%e0%a6%98%e0%a6%a8%e0%a6%be-%e0%a6%97%e0%a7%8d%e0%a6%b0%e0%a7%81%e0%a6%aa%e0%a7%87-%e0%a6%9c%e0%a6%a8%e0%a6%ac%e0%a6%b2-%e0%a6%a8%e0%a6%bf%e0%a6%af%e0%a6%bc%e0%a7%8b%e0%a6%97/feed/ HTTP/1.1" 429 0 "http://bangladaily.online/%e0%a6%ae%e0%a7%87%e0%a6%98%e0%a6%a8%e0%a6%be-%e0%a6%97%e0%a7%8d%e0%a6%b0%e0%a7%81%e0%a6%aa%e0%a7%87-%e0%a6%9c%e0%a6%a8%e0%a6%ac%e0%a6%b2-%e0%a6%a8%e0%a6%bf%e0%a6%af%e0%a6%bc%e0%a7%8b%e0%a6%97/" "Mozilla/5.0 AppleWebKit/537.36 (KHTML, like Gecko; compatible; GPTBot/1.4; +https://openai.com/gptbot)"
51.89.83.56 - - [14/Sep/2026:20:39:37 +0600] "GET /%E0%A6%B6%E0%A7%87%E0%A6%B2%E0%A7%8D%E0%A6%9F%E0%A6%A8%E0%A6%95%E0%A7%87-%E0%A6%B9%E0%A6%BE%E0%A6%B0%E0%A6%BF%E0%A6%AF%E0%A6%BC%E0%A7%87-%E0%A6%87%E0%A6%89%E0%A6%8F%E0%A6%B8-%E0%A6%93%E0%A6%AA/feed/ HTTP/1.1" 200 606 "-" "Mozilla/5.0 (compatible; AhrefsBot/7.0; +http://ahrefs.com/robot/)"
185.191.171.12 - - [14/Sep/2026:20:39:46 +0600] "GET /category/%E0%A6%B8%E0%A6%B0%E0%A7%8D%E0%A6%AC%E0%A6%B6%E0%A7%87%E0%A6%B7/page/174/ HTTP/1.1" 200 18935 "-" "Mozilla/5.0 (compatible; SemrushBot/7~bl; +http://www.semrush.com/bot.html)"
116.202.222.251 - - [14/Sep/2026:20:40:03 +0600] "GET /?wp_automatic=cron HTTP/1.1" 200 1570 "-" "curl/7.61.1"
74.7.243.200 - - [14/Sep/2026:20:40:14 +0600] "GET /%e0%a6%ae%e0%a7%87%e0%a6%b8%e0%a6%bf%e0%a6%95%e0%a7%87-%e0%a6%a8%e0%a6%bf%e0%a6%af%e0%a6%bc%e0%a7%87-%e0%a6%a8%e0%a6%be%e0%a6%a6%e0%a6%bf%e0%a6%af%e0%a6%bc%e0%a6%be%e0%a6%b0-%e0%a6%b9%e0%a7%83-2/feed/ HTTP/1.1" 429 0 "http://bangladaily.online/%e0%a6%ae%e0%a7%87%e0%a6%b8%e0%a6%bf%e0%a6%95%e0%a7%87-%e0%a6%a8%e0%a6%bf%e0%a6%af%e0%a6%bc%e0%a7%87-%e0%a6%a8%e0%a6%be%e0%a6%a6%e0%a6%bf%e0%a6%af%e0%a6%bc%e0%a6%be%e0%a6%b0-%e0%a6%b9%e0%a7%83-2/" "Mozilla/5.0 AppleWebKit/537.36 (KHTML, like Gecko; compatible; GPTBot/1.4; +https://openai.com/gptbot)"
74.7.243.200 - - [14/Sep/2026:20:36:34 +0600] "GET /%e0%a6%89%e0%a6%aa%e0%a6%a6%e0%a7%87%e0%a6%b7%e0%a7%8d%e0%a6%9f%e0%a6%be%e0%a6%b0-%e0%a6%b8%e0%a6%87-%e0%a6%9c%e0%a6%be%e0%a6%b2-%e0%a6%95%e0%a6%b0%e0%a7%87-%e0%a6%97%e0%a6%b0%e0%a7%81-%e0%a6%86/feed/ HTTP/1.1" 200 588 "http://bangladaily.online/%e0%a6%89%e0%a6%aa%e0%a6%a6%e0%a7%87%e0%a6%b7%e0%a7%8d%e0%a6%9f%e0%a6%be%e0%a6%b0-%e0%a6%b8%e0%a6%87-%e0%a6%9c%e0%a6%be%e0%a6%b2-%e0%a6%95%e0%a6%b0%e0%a7%87-%e0%a6%97%e0%a6%b0%e0%a7%81-%e0%a6%86/" "Mozilla/5.0 AppleWebKit/537.36 (KHTML, like Gecko; compatible; GPTBot/1.4; +https://openai.com/gptbot)"
185.191.171.10 - - [14/Sep/2026:20:36:54 +0600] "GET /%E0%A6%A8%E0%A6%AC%E0%A7%80%E0%A6%A8%E0%A6%A6%E0%A7%87%E0%A6%B0-%E0%A6%AC%E0%A6%B0%E0%A6%A3%E0%A7%87-%E0%A6%A8%E0%A7%8B%E0%A6%AC%E0%A6%BF%E0%A6%AA%E0%A7%8D%E0%A6%B0%E0%A6%AC%E0%A6%BF%E0%A6%A4%E0%A7%87/ HTTP/1.1" 200 18103 "-" "Mozilla/5.0 (compatible; SemrushBot/7~bl; +http://www.semrush.com/bot.html)"
116.202.222.251 - - [14/Sep/2026:20:37:02 +0600] "GET /?wp_automatic=cron HTTP/1.1" 200 1589 "-" "curl/7.61.1"
116.202.222.251 - - [14/Sep/2026:20:38:02 +0600] "GET /?wp_automatic=cron HTTP/1.1" 200 1567 "-" "curl/7.61.1"
116.202.222.251 - - [14/Sep/2026:20:39:38 +0600] "POST /wp-cron.php?doing_wp_cron=1789396778.0516679286956787109375 HTTP/1.1" 200 0 "-" "WordPress/7.1; http://bangladaily.online"
74.7.243.200 - - [14/Sep/2026:20:39:39 +0600] "GET /%e0%a6%b6%e0%a6%9a%e0%a6%bf%e0%a6%a8%e0%a6%95%e0%a7%87-%e0%a6%9f%e0%a6%aa%e0%a6%95%e0%a7%87-%e0%a6%b0%e0%a7%87%e0%a6%95%e0%a6%b0%e0%a7%8d%e0%a6%a1%e0%a7%87%e0%a6%b0-%e0%a6%9a%e0%a7%82%e0%a6%a1/feed/ HTTP/1.1" 200 540 "http://bangladaily.online/%e0%a6%b6%e0%a6%9a%e0%a6%bf%e0%a6%a8%e0%a6%95%e0%a7%87-%e0%a6%9f%e0%a6%aa%e0%a6%95%e0%a7%87-%e0%a6%b0%e0%a7%87%e0%a6%95%e0%a6%b0%e0%a7%8d%e0%a6%a1%e0%a7%87%e0%a6%b0-%e0%a6%9a%e0%a7%82%e0%a6%a1/" "Mozilla/5.0 AppleWebKit/537.36 (KHTML, like Gecko; compatible; GPTBot/1.4; +https://openai.com/gptbot)"
74.7.243.200 - - [14/Sep/2026:20:39:58 +0600] "GET /%e0%a6%ac%e0%a6%bf%e0%a6%af%e0%a6%bc%e0%a7%87%e0%a6%a4%e0%a7%87-%e0%a6%ac%e0%a6%af%e0%a6%bc%e0%a6%b8%e0%a7%87%e0%a6%b0-%e0%a6%ac%e0%a7%8d%e0%a6%af%e0%a6%ac%e0%a6%a7%e0%a6%be%e0%a6%a8-%e0%a6%95/feed/ HTTP/1.1" 200 580 "http://bangladaily.online/%e0%a6%ac%e0%a6%bf%e0%a6%af%e0%a6%bc%e0%a7%87%e0%a6%a4%e0%a7%87-%e0%a6%ac%e0%a6%af%e0%a6%bc%e0%a6%b8%e0%a7%87%e0%a6%b0-%e0%a6%ac%e0%a7%8d%e0%a6%af%e0%a6%ac%e0%a6%a7%e0%a6%be%e0%a6%a8-%e0%a6%95/" "Mozilla/5.0 AppleWebKit/537.36 (KHTML, like Gecko; compatible; GPTBot/1.4; +https://openai.com/gptbot)"
116.202.222.251 - - [14/Sep/2026:20:40:27 +0600] "POST /wp-cron.php?doing_wp_cron=1789396827.0423541069030761718750 HTTP/1.1" 200 0 "-" "WordPress/7.1; http://bangladaily.online"
74.7.243.200 - - [14/Sep/2026:20:40:26 +0600] "GET /%e0%a7%a7%e0%a7%a6-%e0%a6%a6%e0%a7%87%e0%a6%b6%e0%a7%87%e0%a6%b0-%e0%a7%a8%e0%a7%a6%e0%a7%a6-%e0%a6%aa%e0%a7%8d%e0%a6%b0%e0%a6%a4%e0%a6%bf%e0%a6%b7%e0%a7%8d%e0%a6%a0%e0%a6%be%e0%a6%a8-%e0%a6%a2/feed/ HTTP/1.1" 200 571 "http://bangladaily.online/%e0%a7%a7%e0%a7%a6-%e0%a6%a6%e0%a7%87%e0%a6%b6%e0%a7%87%e0%a6%b0-%e0%a7%a8%e0%a7%a6%e0%a7%a6-%e0%a6%aa%e0%a7%8d%e0%a6%b0%e0%a6%a4%e0%a6%bf%e0%a6%b7%e0%a7%8d%e0%a6%a0%e0%a6%be%e0%a6%a8-%e0%a6%a2/" "Mozilla/5.0 AppleWebKit/537.36 (KHTML, like Gecko; compatible; GPTBot/1.4; +https://openai.com/gptbot)"
74.7.243.200 - - [14/Sep/2026:20:40:44 +0600] "GET /%e0%a6%95%e0%a6%be%e0%a6%b2-%e0%a6%a5%e0%a7%87%e0%a6%95%e0%a7%87-%e0%a6%95%e0%a6%be%e0%a6%b0%e0%a6%96%e0%a6%be%e0%a6%a8%e0%a6%be%e0%a6%af%e0%a6%bc-%e0%a6%9a%e0%a6%be%e0%a6%b9%e0%a6%bf%e0%a6%a6/feed/ HTTP/1.1" 200 567 "http://bangladaily.online/%e0%a6%95%e0%a6%be%e0%a6%b2-%e0%a6%a5%e0%a7%87%e0%a6%95%e0%a7%87-%e0%a6%95%e0%a6%be%e0%a6%b0%e0%a6%96%e0%a6%be%e0%a6%a8%e0%a6%be%e0%a6%af%e0%a6%bc-%e0%a6%9a%e0%a6%be%e0%a6%b9%e0%a6%bf%e0%a6%a6/" "Mozilla/5.0 AppleWebKit/537.36 (KHTML, like Gecko; compatible; GPTBot/1.4; +https://openai.com/gptbot)"
116.202.222.251 - - [14/Sep/2026:20:40:40 +0600] "POST /wp-cron.php?doing_wp_cron=1789396840.3458719253540039062500 HTTP/1.1" 200 0 "-" "WordPress/7.1; http://bangladaily.online"
51.89.74.203 - - [14/Sep/2026:20:40:39 +0600] "GET /%E0%A6%9D%E0%A7%8B%E0%A6%AA%E0%A6%9D%E0%A6%BE%E0%A6%A1%E0%A6%BC%E0%A7%87-%E0%A6%AC%E0%A6%BF%E0%A6%B2%E0%A7%80%E0%A6%A8-%E0%A6%B8%E0%A7%8B%E0%A6%AF%E0%A6%BC%E0%A6%BE-%E0%A6%95%E0%A7%8B%E0%A6%9F/ HTTP/1.1" 200 17581 "-" "Mozilla/5.0 (compatible; AhrefsBot/7.0; +http://ahrefs.com/robot/)"
185.191.171.14 - - [14/Sep/2026:20:40:44 +0600] "GET /%E0%A6%87%E0%A6%A8%E0%A7%8D%E0%A6%A6%E0%A7%8B%E0%A6%A8%E0%A7%87%E0%A6%B6%E0%A6%BF%E0%A6%AF%E0%A6%BC%E0%A6%BE%E0%A6%B0-%E0%A6%86%E0%A6%97%E0%A7%81%E0%A6%A8%E0%A7%87%E0%A6%B0-%E0%A6%A7%E0%A7%8B%E0%A6%81/ HTTP/1.1" 200 21268 "-" "Mozilla/5.0 (compatible; SemrushBot/7~bl; +http://www.semrush.com/bot.html)"
116.202.222.251 - - [14/Sep/2026:20:41:04 +0600] "POST /wp-cron.php?doing_wp_cron=1789396864.6076180934906005859375 HTTP/1.1" 200 0 "-" "WordPress/7.1; http://bangladaily.online"
116.202.222.251 - - [14/Sep/2026:20:41:02 +0600] "GET /?wp_automatic=cron HTTP/1.1" 200 2267 "-" "curl/7.61.1"
51.89.71.82 - - [14/Sep/2026:20:41:15 +0600] "GET /%E0%A6%B9%E0%A6%BE%E0%A6%93%E0%A6%B0%E0%A7%87-%E0%A6%A6%E0%A7%81%E0%A6%87%E0%A6%AA%E0%A6%95%E0%A7%8D%E0%A6%B7%E0%A7%87%E0%A6%B0-%E0%A6%B8%E0%A6%82%E0%A6%98%E0%A6%B0%E0%A7%8D%E0%A6%B7%E0%A7%87/ HTTP/1.1" 200 14874 "-" "Mozilla/5.0 (compatible; AhrefsBot/7.0; +http://ahrefs.com/robot/)"
74.7.243.200 - - [14/Sep/2026:20:41:39 +0600] "GET /%e0%a6%9c%e0%a6%be%e0%a6%ac%e0%a6%bf%e0%a6%a4%e0%a7%87-%e0%a6%a6%e0%a7%8b%e0%a6%95%e0%a6%be%e0%a6%a8-%e0%a6%a6%e0%a6%96%e0%a6%b2-%e0%a6%a8%e0%a6%bf%e0%a6%af%e0%a6%bc%e0%a7%87-%e0%a6%a6%e0%a7%81/feed/ HTTP/1.1" 429 0 "http://bangladaily.online/%e0%a6%9c%e0%a6%be%e0%a6%ac%e0%a6%bf%e0%a6%a4%e0%a7%87-%e0%a6%a6%e0%a7%8b%e0%a6%95%e0%a6%be%e0%a6%a8-%e0%a6%a6%e0%a6%96%e0%a6%b2-%e0%a6%a8%e0%a6%bf%e0%a6%af%e0%a6%bc%e0%a7%87-%e0%a6%a6%e0%a7%81/" "Mozilla/5.0 AppleWebKit/537.36 (KHTML, like Gecko; compatible; GPTBot/1.4; +https://openai.com/gptbot)"
74.7.243.200 - - [14/Sep/2026:20:41:56 +0600] "GET /category/%e0%a6%ac%e0%a6%bf%e0%a6%a8%e0%a7%8b%e0%a6%a6%e0%a6%a8/page/2/ HTTP/1.1" 429 0 "http://bangladaily.online/category/%e0%a6%ac%e0%a6%bf%e0%a6%a8%e0%a7%8b%e0%a6%a6%e0%a6%a8/" "Mozilla/5.0 AppleWebKit/537.36 (KHTML, like Gecko; compatible; GPTBot/1.4; +https://openai.com/gptbot)"
116.202.222.251 - - [14/Sep/2026:20:42:02 +0600] "GET /?wp_automatic=cron HTTP/1.1" 200 1602 "-" "curl/7.61.1"
51.89.69.104 - - [14/Sep/2026:20:42:15 +0600] "GET /%E0%A6%9C%E0%A6%BE%E0%A6%AC%E0%A6%BF%E0%A6%A4%E0%A7%87-%E0%A6%A6%E0%A7%8B%E0%A6%95%E0%A6%BE%E0%A6%A8-%E0%A6%A6%E0%A6%96%E0%A6%B2-%E0%A6%A8%E0%A6%BF%E0%A6%AF%E0%A6%BC%E0%A7%87-%E0%A6%A6%E0%A7%81/ HTTP/1.1" 200 15634 "-" "Mozilla/5.0 (compatible; AhrefsBot/7.0; +http://ahrefs.com/robot/)"
74.7.243.200 - - [14/Sep/2026:20:42:16 +0600] "GET /category/%e0%a6%ac%e0%a6%bf%e0%a6%a8%e0%a7%8b%e0%a6%a6%e0%a6%a8/page/4/ HTTP/1.1" 429 0 "http://bangladaily.online/category/%e0%a6%ac%e0%a6%bf%e0%a6%a8%e0%a7%8b%e0%a6%a6%e0%a6%a8/" "Mozilla/5.0 AppleWebKit/537.36 (KHTML, like Gecko; compatible; GPTBot/1.4; +https://openai.com/gptbot)"
116.202.222.251 - - [14/Sep/2026:20:42:37 +0600] "POST /wp-cron.php?doing_wp_cron=1789396957.3036348819732666015625 HTTP/1.1" 200 0 "-" "WordPress/7.1; http://bangladaily.online"
74.7.243.200 - - [14/Sep/2026:20:40:59 +0600] "GET /%e0%a6%8f%e0%a6%86%e0%a6%87-%e0%a6%ac%e0%a7%8d%e0%a6%af%e0%a6%ac%e0%a6%b9%e0%a6%be%e0%a6%b0-%e0%a6%95%e0%a6%b0%e0%a7%87-%e0%a6%86%e0%a6%a6%e0%a6%be%e0%a6%b2%e0%a6%a4%e0%a7%87%e0%a6%b0-%e0%a6%b0/feed/ HTTP/1.1" 200 583 "http://bangladaily.online/%e0%a6%8f%e0%a6%86%e0%a6%87-%e0%a6%ac%e0%a7%8d%e0%a6%af%e0%a6%ac%e0%a6%b9%e0%a6%be%e0%a6%b0-%e0%a6%95%e0%a6%b0%e0%a7%87-%e0%a6%86%e0%a6%a6%e0%a6%be%e0%a6%b2%e0%a6%a4%e0%a7%87%e0%a6%b0-%e0%a6%b0/" "Mozilla/5.0 AppleWebKit/537.36 (KHTML, like Gecko; compatible; GPTBot/1.4; +https://openai.com/gptbot)"
74.7.243.200 - - [14/Sep/2026:20:41:11 +0600] "GET /%e0%a6%85%e0%a6%b2%e0%a7%8d%e0%a6%aa%e0%a7%87%e0%a6%b0-%e0%a6%9c%e0%a6%a8%e0%a7%8d%e0%a6%af-%e0%a6%b0%e0%a6%95%e0%a7%8d%e0%a6%b7%e0%a6%be-%e0%a6%aa%e0%a7%87%e0%a6%b2%e0%a7%87%e0%a6%a8-%e0%a6%ac/feed/ HTTP/1.1" 200 530 "http://bangladaily.online/%e0%a6%85%e0%a6%b2%e0%a7%8d%e0%a6%aa%e0%a7%87%e0%a6%b0-%e0%a6%9c%e0%a6%a8%e0%a7%8d%e0%a6%af-%e0%a6%b0%e0%a6%95%e0%a7%8d%e0%a6%b7%e0%a6%be-%e0%a6%aa%e0%a7%87%e0%a6%b2%e0%a7%87%e0%a6%a8-%e0%a6%ac/" "Mozilla/5.0 AppleWebKit/537.36 (KHTML, like Gecko; compatible; GPTBot/1.4; +https://openai.com/gptbot)"
74.7.243.200 - - [14/Sep/2026:20:42:36 +0600] "GET /category/%e0%a6%ac%e0%a6%bf%e0%a6%a8%e0%a7%8b%e0%a6%a6%e0%a6%a8/page/3/ HTTP/1.1" 200 14874 "http://bangladaily.online/category/%e0%a6%ac%e0%a6%bf%e0%a6%a8%e0%a7%8b%e0%a6%a6%e0%a6%a8/" "Mozilla/5.0 AppleWebKit/537.36 (KHTML, like Gecko; compatible; GPTBot/1.4; +https://openai.com/gptbot)"
74.7.243.200 - - [14/Sep/2026:20:42:56 +0600] "GET /category/%E0%A6%AC%E0%A6%BF%E0%A6%A8%E0%A7%8B%E0%A6%A6%E0%A6%A8/ HTTP/1.1" 200 14832 "http://bangladaily.online/category/%e0%a6%ac%e0%a6%bf%e0%a6%a8%e0%a7%8b%e0%a6%a6%e0%a6%a8/" "Mozilla/5.0 AppleWebKit/537.36 (KHTML, like Gecko; compatible; GPTBot/1.4; +https://openai.com/gptbot)"
116.202.222.251 - - [14/Sep/2026:20:43:02 +0600] "GET /?wp_automatic=cron HTTP/1.1" 200 1573 "-" "curl/7.61.1"
51.89.39.59 - - [14/Sep/2026:20:43:12 +0600] "GET /%E0%A6%8F%E0%A6%95-%E0%A6%B8%E0%A6%AA%E0%A7%8D%E0%A6%A4%E0%A6%BE%E0%A6%B9%E0%A7%87-%E0%A6%A8%E0%A6%BF%E0%A6%B0%E0%A6%BE%E0%A6%AA%E0%A6%A6-%E0%A6%96%E0%A6%BE%E0%A6%A6%E0%A7%8D%E0%A6%AF-%E0%A6%86/ HTTP/1.1" 200 17216 "-" "Mozilla/5.0 (compatible; AhrefsBot/7.0; +http://ahrefs.com/robot/)"
74.7.243.200 - - [14/Sep/2026:20:43:12 +0600] "GET /comments/feed/ HTTP/1.1" 200 399 "http://bangladaily.online/" "Mozilla/5.0 AppleWebKit/537.36 (KHTML, like Gecko; compatible; GPTBot/1.4; +https://openai.com/gptbot)"
116.202.222.251 - - [14/Sep/2026:20:43:33 +0600] "POST /wp-cron.php?doing_wp_cron=1789397013.9838209152221679687500 HTTP/1.1" 200 0 "-" "WordPress/7.1; http://bangladaily.online"
185.191.171.6 - - [14/Sep/2026:20:43:33 +0600] "GET /%E0%A7%A8%E0%A7%AA-%E0%A6%98%E0%A6%A3%E0%A7%8D%E0%A6%9F%E0%A6%BE%E0%A6%AF%E0%A6%BC-%E0%A6%A1%E0%A6%BF%E0%A6%8F%E0%A6%AE%E0%A6%AA%E0%A6%BF%E0%A6%B0-%E0%A6%85%E0%A6%AD%E0%A6%BF%E0%A6%AF%E0%A6%BE/ HTTP/1.1" 200 18739 "-" "Mozilla/5.0 (compatible; SemrushBot/7~bl; +http://www.semrush.com/bot.html)"
51.89.69.40 - - [14/Sep/2026:20:43:44 +0600] "GET /%E0%A6%95%E0%A6%BE%E0%A6%B2-%E0%A6%A5%E0%A7%87%E0%A6%95%E0%A7%87-%E0%A6%95%E0%A6%BE%E0%A6%B0%E0%A6%96%E0%A6%BE%E0%A6%A8%E0%A6%BE%E0%A6%AF%E0%A6%BC-%E0%A6%9A%E0%A6%BE%E0%A6%B9%E0%A6%BF%E0%A6%A6/ HTTP/1.1" 200 15243 "-" "Mozilla/5.0 (compatible; AhrefsBot/7.0; +http://ahrefs.com/robot/)"
85.208.96.198 - - [14/Sep/2026:20:43:56 +0600] "GET /page/229/ HTTP/1.1" 200 27199 "-" "Mozilla/5.0 (compatible; SemrushBot/7~bl; +http://www.semrush.com/bot.html)"
116.202.222.251 - - [14/Sep/2026:20:44:02 +0600] "GET /?wp_automatic=cron HTTP/1.1" 200 1546 "-" "curl/7.61.1"
116.202.222.251 - - [14/Sep/2026:20:44:40 +0600] "POST /wp-cron.php?doing_wp_cron=1789397080.2184610366821289062500 HTTP/1.1" 200 0 "-" "WordPress/7.1; http://bangladaily.online"
74.7.243.200 - - [14/Sep/2026:20:44:47 +0600] "GET /wp-json/wp/v2/posts/5038 HTTP/1.1" 200 3264 "http://bangladaily.online/%e0%a6%b8%e0%a6%a8%e0%a7%8d%e0%a6%a4%e0%a7%8d%e0%a6%b0%e0%a6%be%e0%a6%b8-%e0%a6%ac%e0%a6%bf%e0%a6%b0%e0%a7%8b%e0%a6%a7%e0%a7%80-%e0%a6%86%e0%a6%87%e0%a6%a8%e0%a7%87-%e0%a6%97%e0%a7%8d%e0%a6%b0/" "Mozilla/5.0 AppleWebKit/537.36 (KHTML, like Gecko; compatible; GPTBot/1.4; +https://openai.com/gptbot)"
74.7.243.200 - - [14/Sep/2026:20:43:35 +0600] "GET /wp-json/oembed/1.0/embed?url=http%3A%2F%2Fbangladaily.online%2F%25e0%25a6%25b6%25e0%25a6%25bf%25e0%25a6%2595%25e0%25a7%258d%25e0%25a6%25b7%25e0%25a6%25be-%25e0%25a6%25aa%25e0%25a7%258d%25e0%25a6%25b0%25e0%25a6%25af%25e0%25a7%2581%25e0%25a6%2595%25e0%25a7%258d%25e0%25a6%25a4%25e0%25a6%25bf%25e0%25a6%25a4%25e0%25a7%2587-%25e0%25a6%25af%25e0%25a7%2581%25e0%25a6%2595%25e0%25a7%258d%25e0%25a6%25a4%2F HTTP/1.1" 429 0 "http://bangladaily.online/%e0%a6%b6%e0%a6%bf%e0%a6%95%e0%a7%8d%e0%a6%b7%e0%a6%be-%e0%a6%aa%e0%a7%8d%e0%a6%b0%e0%a6%af%e0%a7%81%e0%a6%95%e0%a7%8d%e0%a6%a4%e0%a6%bf%e0%a6%a4%e0%a7%87-%e0%a6%af%e0%a7%81%e0%a6%95%e0%a7%8d%e0%a6%a4/" "Mozilla/5.0 AppleWebKit/537.36 (KHTML, like Gecko; compatible; GPTBot/1.4; +https://openai.com/gptbot)"
51.89.74.203 - - [14/Sep/2026:20:44:39 +0600] "GET /%E0%A6%95%E0%A7%8B%E0%A6%9A-%E0%A6%AC%E0%A6%BE%E0%A6%9F%E0%A6%B2%E0%A6%BE%E0%A6%B0%E0%A7%87%E0%A6%B0-%E0%A6%B6%E0%A6%BF%E0%A6%B6%E0%A7%81%E0%A6%B8%E0%A7%81%E0%A6%B2%E0%A6%AD-%E0%A6%AA%E0%A6%B0/ HTTP/1.1" 200 15694 "-" "Mozilla/5.0 (compatible; AhrefsBot/7.0; +http://ahrefs.com/robot/)"
51.89.83.54 - - [14/Sep/2026:20:45:11 +0600] "GET /%E0%A6%AC%E0%A6%BF%E0%A6%AE%E0%A6%BE%E0%A6%A8-%E0%A6%95%E0%A6%BF-%E0%A6%AC%E0%A7%8B%E0%A6%AF%E0%A6%BC%E0%A6%BF%E0%A6%82%E0%A6%AF%E0%A6%BC%E0%A7%87%E0%A6%B0-%E0%A6%86%E0%A6%B0%E0%A6%93-%E0%A7%A7/ HTTP/1.1" 200 21988 "-" "Mozilla/5.0 (compatible; AhrefsBot/7.0; +http://ahrefs.com/robot/)"
74.7.243.200 - - [14/Sep/2026:20:45:22 +0600] "GET /wp-json/wp/v2/posts/5074 HTTP/1.1" 200 3206 "http://bangladaily.online/%e0%a6%9c%e0%a6%be%e0%a6%ac%e0%a6%bf%e0%a6%a4%e0%a7%87-%e0%a6%a6%e0%a7%8b%e0%a6%95%e0%a6%be%e0%a6%a8-%e0%a6%a6%e0%a6%96%e0%a6%b2-%e0%a6%a8%e0%a6%bf%e0%a6%af%e0%a6%bc%e0%a7%87-%e0%a6%a6%e0%a7%81/" "Mozilla/5.0 AppleWebKit/537.36 (KHTML, like Gecko; compatible; GPTBot/1.4; +https://openai.com/gptbot)"
51.89.71.149 - - [14/Sep/2026:20:45:42 +0600] "GET /wp-content/uploads/2026/09/og_1789395334_6aa80186176fe-300x156.jpeg HTTP/1.1" 200 15434 "-" "Mozilla/5.0 (compatible; AhrefsBot/7.0; +http://ahrefs.com/robot/)"
51.89.74.205 - - [14/Sep/2026:20:45:42 +0600] "GET /wp-content/uploads/2026/09/madrasa-mtzo3wpdqzqnkh4-20260913162937-300x156.jpg HTTP/1.1" 200 15566 "-" "Mozilla/5.0 (compatible; AhrefsBot/7.0; +http://ahrefs.com/robot/)"
51.89.38.143 - - [14/Sep/2026:20:45:45 +0600] "GET /wp-content/uploads/2026/09/farhad-mu17ixstf9o6pgq-20260914181941-300x156.jpg HTTP/1.1" 200 17392 "-" "Mozilla/5.0 (compatible; AhrefsBot/7.0; +http://ahrefs.com/robot/)"
51.89.69.35 - - [14/Sep/2026:20:45:45 +0600] "GET /wp-content/uploads/2026/09/og_1789390130_6aa7ed32c6fb3.jpeg HTTP/1.1" 200 30512 "-" "Mozilla/5.0 (compatible; AhrefsBot/7.0; +http://ahrefs.com/robot/)"
51.89.74.207 - - [14/Sep/2026:20:45:45 +0600] "GET /%E0%A6%9C%E0%A7%8B%E0%A6%A4%E0%A6%BE%E0%A6%B0-%E0%A6%A8%E0%A6%BE%E0%A6%AE-%E0%A6%A8%E0%A6%BF%E0%A6%AF%E0%A6%BC%E0%A7%87-%E0%A6%A8%E0%A7%87%E0%A6%AD%E0%A7%87%E0%A6%B8%E0%A6%95%E0%A7%87-%E0%A6%95/ HTTP/1.1" 200 15978 "-" "Mozilla/5.0 (compatible; AhrefsBot/7.0; +http://ahrefs.com/robot/)"
51.89.69.108 - - [14/Sep/2026:20:46:00 +0600] "GET /wp-content/uploads/2026/09/6aa7ecdcb43a617893900446aa7ecdcb43ba.jpg HTTP/1.1" 200 96148 "-" "Mozilla/5.0 (compatible; AhrefsBot/7.0; +http://ahrefs.com/robot/)"
74.7.243.200 - - [14/Sep/2026:20:46:19 +0600] "GET /wp-content/uploads/2026/09/shahid-in-2-20260905155632-300x156.jpg HTTP/1.1" 200 13018 "http://bangladaily.online/category/%e0%a6%ac%e0%a6%bf%e0%a6%a8%e0%a7%8b%e0%a6%a6%e0%a6%a8/page/3/" "Mozilla/5.0 AppleWebKit/537.36 (KHTML, like Gecko; compatible; GPTBot/1.4; +https://openai.com/gptbot)"
51.89.74.193 - - [14/Sep/2026:20:46:18 +0600] "GET /%E0%A6%B0%E0%A6%BE%E0%A6%AF%E0%A6%BC%E0%A7%87%E0%A6%B0%E0%A6%AC%E0%A6%BE%E0%A6%9C%E0%A6%BE%E0%A6%B0%E0%A7%87-%E0%A6%85%E0%A6%AC%E0%A7%88%E0%A6%A7-%E0%A6%85%E0%A6%9F%E0%A7%8B%E0%A6%B0%E0%A6%BF%E0%A6%95/feed/ HTTP/1.1" 200 621 "-" "Mozilla/5.0 (compatible; AhrefsBot/7.0; +http://ahrefs.com/robot/)"
51.89.72.4 - - [14/Sep/2026:20:46:35 +0600] "GET /wp-content/uploads/2026/09/ju-1-20260914191107.jpg HTTP/1.1" 200 11444 "-" "Mozilla/5.0 (compatible; AhrefsBot/7.0; +http://ahrefs.com/robot/)"
74.7.243.200 - - [14/Sep/2026:20:46:47 +0600] "GET /wp-content/uploads/2026/09/og_1789395334_6aa80186176fe-300x156.jpeg HTTP/1.1" 200 15434 "http://bangladaily.online/category/%e0%a6%ac%e0%a6%bf%e0%a6%a8%e0%a7%8b%e0%a6%a6%e0%a6%a8/page/3/" "Mozilla/5.0 AppleWebKit/537.36 (KHTML, like Gecko; compatible; GPTBot/1.4; +https://openai.com/gptbot)"
116.202.222.251 - - [14/Sep/2026:20:46:48 +0600] "POST /wp-cron.php?doing_wp_cron=1789397208.6759328842163085937500 HTTP/1.1" 200 0 "-" "WordPress/7.1; http://bangladaily.online"
51.89.39.62 - - [14/Sep/2026:20:46:47 +0600] "GET /%E0%A6%89%E0%A6%AA%E0%A6%A6%E0%A7%87%E0%A6%B7%E0%A7%8D%E0%A6%9F%E0%A6%BE%E0%A6%B0-%E0%A6%B8%E0%A6%87-%E0%A6%9C%E0%A6%BE%E0%A6%B2-%E0%A6%95%E0%A6%B0%E0%A7%87-%E0%A6%97%E0%A6%B0%E0%A7%81-%E0%A6%86/ HTTP/1.1" 200 18165 "-" "Mozilla/5.0 (compatible; AhrefsBot/7.0; +http://ahrefs.com/robot/)"
116.202.222.251 - - [14/Sep/2026:20:45:03 +0600] "GET /?wp_automatic=cron HTTP/1.1" 200 1589 "-" "curl/7.61.1"
