17.166.151.64 - - [14/Sep/2026:22:36:25 +0600] "GET /wp-includes/js/comment-reply.min.js?ver=7.1 HTTP/1.1" 200 1350 "http://bangladaily.online/%e0%a6%97%e0%a7%81%e0%a6%b2%e0%a6%b6%e0%a6%be%e0%a6%a8%e0%a7%87-%e0%a6%86%e0%a6%93%e0%a6%af%e0%a6%bc%e0%a6%be%e0%a6%ae%e0%a7%80-%e0%a6%b2%e0%a7%80%e0%a6%97%e0%a7%87%e0%a6%b0-%e0%a6%ae%e0%a6%bf/" "Mozilla/5.0 (Macintosh; Intel Mac OS X 10_15_7) AppleWebKit/605.1.15 (KHTML, like Gecko) Version/17.4 Safari/605.1.15 (Applebot/0.1; +http://www.apple.com/go/applebot)"
74.7.243.200 - - [14/Sep/2026:22:36:25 +0600] "GET /wp-json/oembed/1.0/embed?url=http%3A%2F%2Fbangladaily.online%2F%25e0%25a6%25aa%25e0%25a7%258d%25e0%25a6%25b0%25e0%25a6%25ad%25e0%25a6%25be%25e0%25a6%25b0-%25e0%25a6%25a4%25e0%25a7%2583%25e0%25a6%25a4%25e0%25a7%2580%25e0%25a6%25af%25e0%25a6%25bc-%25e0%25a6%25ac%25e0%25a6%25bf%25e0%25a6%25af%25e0%25a6%25bc%25e0%25a7%2587-%25e0%25a6%25a8%25e0%25a6%25bf%25e0%25a6%25af%25e0%25a6%25bc%2F HTTP/1.1" 200 1240 "http://bangladaily.online/%e0%a6%aa%e0%a7%8d%e0%a6%b0%e0%a6%ad%e0%a6%be%e0%a6%b0-%e0%a6%a4%e0%a7%83%e0%a6%a4%e0%a7%80%e0%a6%af%e0%a6%bc-%e0%a6%ac%e0%a6%bf%e0%a6%af%e0%a6%bc%e0%a7%87-%e0%a6%a8%e0%a6%bf%e0%a6%af%e0%a6%bc/" "Mozilla/5.0 AppleWebKit/537.36 (KHTML, like Gecko; compatible; GPTBot/1.4; +https://openai.com/gptbot)"
74.7.243.200 - - [14/Sep/2026:22:36:26 +0600] "GET /wp-json/oembed/1.0/embed?url=http%3A%2F%2Fbangladaily.online%2F%25e0%25a6%25ac%25e0%25a6%25bf%25e0%25a6%25ae%25e0%25a6%25be-%25e0%25a6%2596%25e0%25a6%25be%25e0%25a6%25a4%25e0%25a7%2587-%25e0%25a6%25ac%25e0%25a6%2595%25e0%25a7%2587%25e0%25a6%25af%25e0%25a6%25bc%25e0%25a6%25be-%25e0%25a6%25a6%25e0%25a6%25be%25e0%25a6%25ac%25e0%25a6%25bf-%25e0%25a7%25ad-%25e0%25a6%25b9%25e0%25a6%25be%2F HTTP/1.1" 200 1296 "http://bangladaily.online/%e0%a6%ac%e0%a6%bf%e0%a6%ae%e0%a6%be-%e0%a6%96%e0%a6%be%e0%a6%a4%e0%a7%87-%e0%a6%ac%e0%a6%95%e0%a7%87%e0%a6%af%e0%a6%bc%e0%a6%be-%e0%a6%a6%e0%a6%be%e0%a6%ac%e0%a6%bf-%e0%a7%ad-%e0%a6%b9%e0%a6%be/" "Mozilla/5.0 AppleWebKit/537.36 (KHTML, like Gecko; compatible; GPTBot/1.4; +https://openai.com/gptbot)"
74.7.243.200 - - [14/Sep/2026:22:36:27 +0600] "GET /wp-json/oembed/1.0/embed?url=http%3A%2F%2Fbangladaily.online%2F%25e0%25a6%25ad%25e0%25a6%25b0%25e0%25a6%25bf%25e0%25a6%25a4%25e0%25a7%2587-%25e0%25a6%25b8%25e0%25a7%258b%25e0%25a6%25a8%25e0%25a6%25be%25e0%25a6%25b0-%25e0%25a6%25a6%25e0%25a6%25be%25e0%25a6%25ae-%25e0%25a6%25ac%25e0%25a6%25be%25e0%25a6%25a1%25e0%25a6%25bc%25e0%25a6%25b2-%25e0%25a7%25ab%25e0%25a7%25aa%25e0%25a7%25ae%2F HTTP/1.1" 200 1257 "http://bangladaily.online/%e0%a6%ad%e0%a6%b0%e0%a6%bf%e0%a6%a4%e0%a7%87-%e0%a6%b8%e0%a7%8b%e0%a6%a8%e0%a6%be%e0%a6%b0-%e0%a6%a6%e0%a6%be%e0%a6%ae-%e0%a6%ac%e0%a6%be%e0%a6%a1%e0%a6%bc%e0%a6%b2-%e0%a7%ab%e0%a7%aa%e0%a7%ae/" "Mozilla/5.0 AppleWebKit/537.36 (KHTML, like Gecko; compatible; GPTBot/1.4; +https://openai.com/gptbot)"
74.7.243.200 - - [14/Sep/2026:22:36:27 +0600] "GET /wp-json/oembed/1.0/embed?url=http%3A%2F%2Fbangladaily.online%2F%25e0%25a6%25b9%25e0%25a6%25be%25e0%25a6%25a8%25e0%25a6%25bf%25e0%25a6%25af%25e0%25a6%25bc%25e0%25a6%25be-%25e0%25a6%2586%25e0%25a6%25ae%25e0%25a6%25bf%25e0%25a6%25b0%25e0%25a7%2587%25e0%25a6%25b0-%25e0%25a6%25ad%25e0%25a6%25bf%25e0%25a6%25a1%25e0%25a6%25bf%25e0%25a6%2593-%25e0%25a6%25ad%25e0%25a6%25be%25e0%25a6%2587%2F HTTP/1.1" 200 1271 "http://bangladaily.online/%e0%a6%b9%e0%a6%be%e0%a6%a8%e0%a6%bf%e0%a6%af%e0%a6%bc%e0%a6%be-%e0%a6%86%e0%a6%ae%e0%a6%bf%e0%a6%b0%e0%a7%87%e0%a6%b0-%e0%a6%ad%e0%a6%bf%e0%a6%a1%e0%a6%bf%e0%a6%93-%e0%a6%ad%e0%a6%be%e0%a6%87/" "Mozilla/5.0 AppleWebKit/537.36 (KHTML, like Gecko; compatible; GPTBot/1.4; +https://openai.com/gptbot)"
74.7.243.200 - - [14/Sep/2026:22:36:29 +0600] "GET /wp-json/oembed/1.0/embed?url=http%3A%2F%2Fbangladaily.online%2F%25e0%25a6%25ae%25e0%25a6%25be%25e0%25a6%25a6%25e0%25a6%2595-%25e0%25a6%25ae%25e0%25a6%25be%25e0%25a6%25ae%25e0%25a6%25b2%25e0%25a6%25be%25e0%25a6%25b0-%25e0%25a6%2586%25e0%25a6%25b8%25e0%25a6%25be%25e0%25a6%25ae%25e0%25a6%25bf-%25e0%25a6%25a7%25e0%25a6%25b0%25e0%25a6%25a4%25e0%25a7%2587-%25e0%25a6%2597%25e0%25a6%25bf%2F HTTP/1.1" 200 1283 "http://bangladaily.online/%e0%a6%ae%e0%a6%be%e0%a6%a6%e0%a6%95-%e0%a6%ae%e0%a6%be%e0%a6%ae%e0%a6%b2%e0%a6%be%e0%a6%b0-%e0%a6%86%e0%a6%b8%e0%a6%be%e0%a6%ae%e0%a6%bf-%e0%a6%a7%e0%a6%b0%e0%a6%a4%e0%a7%87-%e0%a6%97%e0%a6%bf/" "Mozilla/5.0 AppleWebKit/537.36 (KHTML, like Gecko; compatible; GPTBot/1.4; +https://openai.com/gptbot)"
74.7.243.200 - - [14/Sep/2026:22:36:30 +0600] "GET /wp-json/oembed/1.0/embed?url=http%3A%2F%2Fbangladaily.online%2F%25e0%25a6%25b0%25e0%25a6%25be%25e0%25a6%259c%25e0%25a6%25b6%25e0%25a6%25be%25e0%25a6%25b9%25e0%25a7%2580%25e0%25a6%25b0-%25e0%25a6%25aa%25e0%25a6%25ac%25e0%25a6%25be%25e0%25a6%25b0-%25e0%25a7%25a7%25e0%25a7%25af-%25e0%25a6%259c%25e0%25a6%25b2%25e0%25a6%25be%25e0%25a6%25b6%25e0%25a6%25af%25e0%25a6%25bc%25e0%25a7%2587%2F HTTP/1.1" 200 1274 "http://bangladaily.online/%e0%a6%b0%e0%a6%be%e0%a6%9c%e0%a6%b6%e0%a6%be%e0%a6%b9%e0%a7%80%e0%a6%b0-%e0%a6%aa%e0%a6%ac%e0%a6%be%e0%a6%b0-%e0%a7%a7%e0%a7%af-%e0%a6%9c%e0%a6%b2%e0%a6%be%e0%a6%b6%e0%a6%af%e0%a6%bc%e0%a7%87/" "Mozilla/5.0 AppleWebKit/537.36 (KHTML, like Gecko; compatible; GPTBot/1.4; +https://openai.com/gptbot)"
116.202.222.251 - - [14/Sep/2026:22:36:32 +0600] "POST /wp-cron.php?doing_wp_cron=1789403792.1026599407196044921875 HTTP/1.1" 200 0 "-" "WordPress/7.1; http://bangladaily.online"
74.7.243.200 - - [14/Sep/2026:22:36:31 +0600] "GET /wp-json/oembed/1.0/embed?url=http%3A%2F%2Fbangladaily.online%2F%25e0%25a6%25a8%25e0%25a6%25be%25e0%25a6%25ae-%25e0%25a6%25ac%25e0%25a6%25a6%25e0%25a6%25b2%25e0%25a7%2587-%25e0%25a6%25a4%25e0%25a6%25be%25e0%25a6%25b0%25e0%25a6%2595%25e0%25a6%25be-%25e0%25a6%25b9%25e0%25a6%2593%25e0%25a6%25af%25e0%25a6%25bc%25e0%25a6%25be-%25e0%25a6%25af%25e0%25a7%2587%25e0%25a6%25b8%25e0%25a6%25ac-3%2F HTTP/1.1" 200 1280 "http://bangladaily.online/%e0%a6%a8%e0%a6%be%e0%a6%ae-%e0%a6%ac%e0%a6%a6%e0%a6%b2%e0%a7%87-%e0%a6%a4%e0%a6%be%e0%a6%b0%e0%a6%95%e0%a6%be-%e0%a6%b9%e0%a6%93%e0%a6%af%e0%a6%bc%e0%a6%be-%e0%a6%af%e0%a7%87%e0%a6%b8%e0%a6%ac-3/" "Mozilla/5.0 AppleWebKit/537.36 (KHTML, like Gecko; compatible; GPTBot/1.4; +https://openai.com/gptbot)"
74.7.243.200 - - [14/Sep/2026:22:36:32 +0600] "GET /wp-json/oembed/1.0/embed?url=http%3A%2F%2Fbangladaily.online%2F%25e0%25a6%25ac%25e0%25a6%25bf%25e0%25a6%25af%25e0%25a6%25bc%25e0%25a7%2587%25e0%25a6%25a4%25e0%25a7%2587-%25e0%25a6%25ac%25e0%25a6%25af%25e0%25a6%25bc%25e0%25a6%25b8%25e0%25a7%2587%25e0%25a6%25b0-%25e0%25a6%25ac%25e0%25a7%258d%25e0%25a6%25af%25e0%25a6%25ac%25e0%25a6%25a7%25e0%25a6%25be%25e0%25a6%25a8-%25e0%25a6%2595%2F HTTP/1.1" 200 1309 "http://bangladaily.online/%e0%a6%ac%e0%a6%bf%e0%a6%af%e0%a6%bc%e0%a7%87%e0%a6%a4%e0%a7%87-%e0%a6%ac%e0%a6%af%e0%a6%bc%e0%a6%b8%e0%a7%87%e0%a6%b0-%e0%a6%ac%e0%a7%8d%e0%a6%af%e0%a6%ac%e0%a6%a7%e0%a6%be%e0%a6%a8-%e0%a6%95/" "Mozilla/5.0 AppleWebKit/537.36 (KHTML, like Gecko; compatible; GPTBot/1.4; +https://openai.com/gptbot)"
74.7.243.200 - - [14/Sep/2026:22:36:33 +0600] "GET /wp-json/oembed/1.0/embed?url=http%3A%2F%2Fbangladaily.online%2F%25e0%25a6%25b8%25e0%25a6%25be%25e0%25a6%25a1%25e0%25a6%25bc%25e0%25a7%2587-%25e0%25a7%25ac-%25e0%25a6%2595%25e0%25a7%258b%25e0%25a6%259f%25e0%25a6%25bf-%25e0%25a6%25ac%25e0%25a6%259b%25e0%25a6%25b0-%25e0%25a6%25aa%25e0%25a6%25b0-%25e0%25a6%25ae%25e0%25a6%25bf%25e0%25a6%25b2%25e0%25a6%25b2-%25e0%25a6%25a1%25e0%25a6%25be%2F HTTP/1.1" 200 1273 "http://bangladaily.online/%e0%a6%b8%e0%a6%be%e0%a6%a1%e0%a6%bc%e0%a7%87-%e0%a7%ac-%e0%a6%95%e0%a7%8b%e0%a6%9f%e0%a6%bf-%e0%a6%ac%e0%a6%9b%e0%a6%b0-%e0%a6%aa%e0%a6%b0-%e0%a6%ae%e0%a6%bf%e0%a6%b2%e0%a6%b2-%e0%a6%a1%e0%a6%be/" "Mozilla/5.0 AppleWebKit/537.36 (KHTML, like Gecko; compatible; GPTBot/1.4; +https://openai.com/gptbot)"
74.7.243.200 - - [14/Sep/2026:22:36:34 +0600] "GET /wp-json/oembed/1.0/embed?url=http%3A%2F%2Fbangladaily.online%2F%25e0%25a6%25ac%25e0%25a6%25b0%25e0%25a6%25bf%25e0%25a6%25b6%25e0%25a6%25be%25e0%25a6%25b2%25e0%25a7%2587-%25e0%25a6%259a%25e0%25a6%25a1%25e0%25a6%25bc%25e0%25a6%25be-%25e0%25a6%25a6%25e0%25a6%25be%25e0%25a6%25ae%25e0%25a7%2587-%25e0%25a6%25ac%25e0%25a6%25bf%25e0%25a6%2595%25e0%25a7%258d%25e0%25a6%25b0%25e0%25a6%25bf%2F HTTP/1.1" 200 1263 "http://bangladaily.online/%e0%a6%ac%e0%a6%b0%e0%a6%bf%e0%a6%b6%e0%a6%be%e0%a6%b2%e0%a7%87-%e0%a6%9a%e0%a6%a1%e0%a6%bc%e0%a6%be-%e0%a6%a6%e0%a6%be%e0%a6%ae%e0%a7%87-%e0%a6%ac%e0%a6%bf%e0%a6%95%e0%a7%8d%e0%a6%b0%e0%a6%bf/" "Mozilla/5.0 AppleWebKit/537.36 (KHTML, like Gecko; compatible; GPTBot/1.4; +https://openai.com/gptbot)"
74.7.243.200 - - [14/Sep/2026:22:36:35 +0600] "GET /wp-json/oembed/1.0/embed?url=http%3A%2F%2Fbangladaily.online%2F%25e0%25a6%25a2%25e0%25a6%25be%25e0%25a6%25ac%25e0%25a6%25bf-%25e0%25a6%2595%25e0%25a7%258d%25e0%25a6%25af%25e0%25a6%25be%25e0%25a6%25ae%25e0%25a7%258d%25e0%25a6%25aa%25e0%25a6%25be%25e0%25a6%25b8%25e0%25a7%2587-%25e0%25a6%25b8%25e0%25a7%258d%25e0%25a6%25ac%25e0%25a6%25b8%25e0%25a7%258d%25e0%25a6%25a4%25e0%25a6%25bf%2F HTTP/1.1" 200 1294 "http://bangladaily.online/%e0%a6%a2%e0%a6%be%e0%a6%ac%e0%a6%bf-%e0%a6%95%e0%a7%8d%e0%a6%af%e0%a6%be%e0%a6%ae%e0%a7%8d%e0%a6%aa%e0%a6%be%e0%a6%b8%e0%a7%87-%e0%a6%b8%e0%a7%8d%e0%a6%ac%e0%a6%b8%e0%a7%8d%e0%a6%a4%e0%a6%bf/" "Mozilla/5.0 AppleWebKit/537.36 (KHTML, like Gecko; compatible; GPTBot/1.4; +https://openai.com/gptbot)"
74.7.243.200 - - [14/Sep/2026:22:36:36 +0600] "GET /wp-json/oembed/1.0/embed?url=http%3A%2F%2Fbangladaily.online%2F%25e0%25a6%2586%25e0%25a6%2593%25e0%25a6%25af%25e0%25a6%25bc%25e0%25a6%25be%25e0%25a6%25b0%25e0%25a6%25be%25e0%25a6%25aa%25e0%25a6%25a8-%25e0%25a6%258f%25e0%25a6%25b0-%25e0%25a6%25a8%25e0%25a6%25be%25e0%25a6%25af%25e0%25a6%25bc%25e0%25a6%25bf%25e0%25a6%2595%25e0%25a6%25be-%25e0%25a6%25b6%2F HTTP/1.1" 200 1295 "http://bangladaily.online/%e0%a6%86%e0%a6%93%e0%a6%af%e0%a6%bc%e0%a6%be%e0%a6%b0%e0%a6%be%e0%a6%aa%e0%a6%a8-%e0%a6%8f%e0%a6%b0-%e0%a6%a8%e0%a6%be%e0%a6%af%e0%a6%bc%e0%a6%bf%e0%a6%95%e0%a6%be-%e0%a6%b6/" "Mozilla/5.0 AppleWebKit/537.36 (KHTML, like Gecko; compatible; GPTBot/1.4; +https://openai.com/gptbot)"
74.7.243.200 - - [14/Sep/2026:22:36:37 +0600] "GET /wp-json/wp/v2/posts/17 HTTP/1.1" 200 3550 "http://bangladaily.online/%e0%a6%8f%e0%a6%86%e0%a6%87-%e0%a6%ac%e0%a7%8d%e0%a6%af%e0%a6%ac%e0%a6%b9%e0%a6%be%e0%a6%b0-%e0%a6%95%e0%a6%b0%e0%a7%87-%e0%a6%86%e0%a6%a6%e0%a6%be%e0%a6%b2%e0%a6%a4%e0%a7%87%e0%a6%b0-%e0%a6%b0/" "Mozilla/5.0 AppleWebKit/537.36 (KHTML, like Gecko; compatible; GPTBot/1.4; +https://openai.com/gptbot)"
74.7.243.200 - - [14/Sep/2026:22:36:38 +0600] "GET /wp-includes/js/jquery/jquery.min.js?ver=3.7.1 HTTP/1.1" 200 29744 "http://bangladaily.online/" "Mozilla/5.0 AppleWebKit/537.36 (KHTML, like Gecko; compatible; GPTBot/1.4; +https://openai.com/gptbot)"
74.7.243.200 - - [14/Sep/2026:22:36:38 +0600] "GET /wp-json/oembed/1.0/embed?url=http%3A%2F%2Fbangladaily.online%2F%25e0%25a6%2586%25e0%25a6%25b8%25e0%25a6%259b%25e0%25a7%2587-%25e0%25a6%25ae%25e0%25a6%25a8%25e0%25a6%25bf%25e0%25a6%25b0-%25e0%25a6%2596%25e0%25a6%25be%25e0%25a6%25a8%25e0%25a7%2587%25e0%25a6%25b0-%25e0%25a6%25ae%25e0%25a6%25be%2F HTTP/1.1" 200 1235 "http://bangladaily.online/%e0%a6%86%e0%a6%b8%e0%a6%9b%e0%a7%87-%e0%a6%ae%e0%a6%a8%e0%a6%bf%e0%a6%b0-%e0%a6%96%e0%a6%be%e0%a6%a8%e0%a7%87%e0%a6%b0-%e0%a6%ae%e0%a6%be/" "Mozilla/5.0 AppleWebKit/537.36 (KHTML, like Gecko; compatible; GPTBot/1.4; +https://openai.com/gptbot)"
74.7.243.200 - - [14/Sep/2026:22:36:40 +0600] "GET /wp-content/themes/covernews/assets/slick/js/slick.min.js?ver=2.1.11 HTTP/1.1" 429 0 "http://bangladaily.online/" "Mozilla/5.0 AppleWebKit/537.36 (KHTML, like Gecko; compatible; GPTBot/1.4; +https://openai.com/gptbot)"
74.7.243.200 - - [14/Sep/2026:22:36:40 +0600] "GET /wp-content/themes/covernews/admin-dashboard/dist/covernews_scripts.build.js?ver=2.1.11 HTTP/1.1" 200 11813 "http://bangladaily.online/" "Mozilla/5.0 AppleWebKit/537.36 (KHTML, like Gecko; compatible; GPTBot/1.4; +https://openai.com/gptbot)"
74.7.243.200 - - [14/Sep/2026:22:36:41 +0600] "GET /wp-content/themes/covernews/assets/jquery-match-height/jquery.matchHeight.min.js?ver=2.1.11 HTTP/1.1" 200 1264 "http://bangladaily.online/" "Mozilla/5.0 AppleWebKit/537.36 (KHTML, like Gecko; compatible; GPTBot/1.4; +https://openai.com/gptbot)"
74.7.243.200 - - [14/Sep/2026:22:36:41 +0600] "GET /wp-content/themes/covernews/assets/marquee/jquery.marquee.js?ver=2.1.11 HTTP/1.1" 429 0 "http://bangladaily.online/" "Mozilla/5.0 AppleWebKit/537.36 (KHTML, like Gecko; compatible; GPTBot/1.4; +https://openai.com/gptbot)"
74.7.243.200 - - [14/Sep/2026:22:36:43 +0600] "GET /wp-json/oembed/1.0/embed?format=xml&url=http%3A%2F%2Fbangladaily.online%2F%25e0%25a6%2587%25e0%25a6%25b8%25e0%25a6%25b2%25e0%25a6%25be%25e0%25a6%25ae%25e0%25a7%2580-%25e0%25a6%2586%25e0%25a6%2587%25e0%25a6%25a8%25e0%25a7%2587-%25e0%25a6%25a8%25e0%25a7%2587%25e0%25a6%2587-%25e0%25a6%25ac%25e0%25a6%25b2%25e0%25a7%2587-%25e0%25a6%2586%25e0%25a6%25ab%25e0%25a6%2597%2F HTTP/1.1" 429 0 "http://bangladaily.online/%e0%a6%87%e0%a6%b8%e0%a6%b2%e0%a6%be%e0%a6%ae%e0%a7%80-%e0%a6%86%e0%a6%87%e0%a6%a8%e0%a7%87-%e0%a6%a8%e0%a7%87%e0%a6%87-%e0%a6%ac%e0%a6%b2%e0%a7%87-%e0%a6%86%e0%a6%ab%e0%a6%97/" "Mozilla/5.0 AppleWebKit/537.36 (KHTML, like Gecko; compatible; GPTBot/1.4; +https://openai.com/gptbot)"
74.7.243.200 - - [14/Sep/2026:22:36:46 +0600] "GET /wp-json/oembed/1.0/embed?format=xml&url=http%3A%2F%2Fbangladaily.online%2F%25e0%25a6%25b6%25e0%25a6%25bf%25e0%25a6%2595%25e0%25a7%258d%25e0%25a6%25b7%25e0%25a6%25be-%25e0%25a6%25aa%25e0%25a7%258d%25e0%25a6%25b0%25e0%25a6%25af%25e0%25a7%2581%25e0%25a6%2595%25e0%25a7%258d%25e0%25a6%25a4%25e0%25a6%25bf%25e0%25a6%25a4%25e0%25a7%2587-%25e0%25a6%25af%25e0%25a7%2581%25e0%25a6%2595%25e0%25a7%258d%25e0%25a6%25a4%2F HTTP/1.1" 429 0 "http://bangladaily.online/%e0%a6%b6%e0%a6%bf%e0%a6%95%e0%a7%8d%e0%a6%b7%e0%a6%be-%e0%a6%aa%e0%a7%8d%e0%a6%b0%e0%a6%af%e0%a7%81%e0%a6%95%e0%a7%8d%e0%a6%a4%e0%a6%bf%e0%a6%a4%e0%a7%87-%e0%a6%af%e0%a7%81%e0%a6%95%e0%a7%8d%e0%a6%a4/" "Mozilla/5.0 AppleWebKit/537.36 (KHTML, like Gecko; compatible; GPTBot/1.4; +https://openai.com/gptbot)"
116.202.222.251 - - [14/Sep/2026:22:35:03 +0600] "GET /?wp_automatic=cron HTTP/1.1" 200 1573 "-" "curl/7.61.1"
85.208.96.203 - - [14/Sep/2026:22:35:18 +0600] "GET /page/207/ HTTP/1.1" 200 27054 "-" "Mozilla/5.0 (compatible; SemrushBot/7~bl; +http://www.semrush.com/bot.html)"
185.191.171.8 - - [14/Sep/2026:22:35:52 +0600] "GET /%E0%A6%96%E0%A6%BE%E0%A6%A8%E0%A6%B8%E0%A6%BE%E0%A6%AE%E0%A6%BE%E0%A6%AF%E0%A6%BC-%E0%A6%8F%E0%A6%95%E0%A6%A6%E0%A6%BF%E0%A6%A8%E0%A7%87%E0%A6%B0-%E0%A6%AC%E0%A7%8D%E0%A6%AF%E0%A6%AC%E0%A6%A7%E0%A6%BE/ HTTP/1.1" 200 18693 "-" "Mozilla/5.0 (compatible; SemrushBot/7~bl; +http://www.semrush.com/bot.html)"
116.202.222.251 - - [14/Sep/2026:22:37:02 +0600] "GET /?wp_automatic=cron HTTP/1.1" 200 1589 "-" "curl/7.61.1"
51.89.83.56 - - [14/Sep/2026:22:37:17 +0600] "GET /%E0%A7%AE%E0%A7%AA-%E0%A6%AC%E0%A6%9B%E0%A6%B0-%E0%A6%AC%E0%A6%AF%E0%A6%BC%E0%A6%B8%E0%A7%87-%E0%A6%85%E0%A6%AE%E0%A6%BF%E0%A6%A4%E0%A6%BE%E0%A6%AD%E0%A7%87%E0%A6%B0-%E0%A6%86%E0%A6%95%E0%A7%8D/ HTTP/1.1" 200 15773 "-" "Mozilla/5.0 (compatible; AhrefsBot/7.0; +http://ahrefs.com/robot/)"
74.7.243.200 - - [14/Sep/2026:22:38:08 +0600] "GET /wp-json/oembed/1.0/embed?format=xml&url=http%3A%2F%2Fbangladaily.online%2F%25e0%25a6%2587%25e0%25a6%25a8%25e0%25a7%2587%25e0%25a6%25b8%25e0%25a7%2587%25e0%25a6%25b0-%25e0%25a6%25b8%25e0%25a6%2599%25e0%25a7%258d%25e0%25a6%2597%25e0%25a7%2587-%25e0%25a6%2587%25e0%25a6%25af%25e0%25a6%25bc%25e0%25a6%25be%25e0%25a6%25ae%25e0%25a6%25be%25e0%25a6%25b2%25e0%25a7%2587%25e0%25a6%25b0%2F HTTP/1.1" 200 1247 "http://bangladaily.online/%e0%a6%87%e0%a6%a8%e0%a7%87%e0%a6%b8%e0%a7%87%e0%a6%b0-%e0%a6%b8%e0%a6%99%e0%a7%8d%e0%a6%97%e0%a7%87-%e0%a6%87%e0%a6%af%e0%a6%bc%e0%a6%be%e0%a6%ae%e0%a6%be%e0%a6%b2%e0%a7%87%e0%a6%b0/" "Mozilla/5.0 AppleWebKit/537.36 (KHTML, like Gecko; compatible; GPTBot/1.4; +https://openai.com/gptbot)"
74.7.243.200 - - [14/Sep/2026:22:36:48 +0600] "GET /wp-json/oembed/1.0/embed?format=xml&url=http%3A%2F%2Fbangladaily.online%2F%25e0%25a6%25b6%25e0%25a6%259a%25e0%25a6%25bf%25e0%25a6%25a8%25e0%25a6%2595%25e0%25a7%2587-%25e0%25a6%259f%25e0%25a6%25aa%25e0%25a6%2595%25e0%25a7%2587-%25e0%25a6%25b0%25e0%25a7%2587%25e0%25a6%2595%25e0%25a6%25b0%25e0%25a7%258d%25e0%25a6%25a1%25e0%25a7%2587%25e0%25a6%25b0-%25e0%25a6%259a%25e0%25a7%2582%25e0%25a6%25a1%2F HTTP/1.1" 429 0 "http://bangladaily.online/%e0%a6%b6%e0%a6%9a%e0%a6%bf%e0%a6%a8%e0%a6%95%e0%a7%87-%e0%a6%9f%e0%a6%aa%e0%a6%95%e0%a7%87-%e0%a6%b0%e0%a7%87%e0%a6%95%e0%a6%b0%e0%a7%8d%e0%a6%a1%e0%a7%87%e0%a6%b0-%e0%a6%9a%e0%a7%82%e0%a6%a1/" "Mozilla/5.0 AppleWebKit/537.36 (KHTML, like Gecko; compatible; GPTBot/1.4; +https://openai.com/gptbot)"
74.7.243.200 - - [14/Sep/2026:22:36:55 +0600] "GET /wp-json/oembed/1.0/embed?format=xml&url=http%3A%2F%2Fbangladaily.online%2F%25e0%25a6%2595%25e0%25a6%25be%25e0%25a6%25b0%25e0%25a7%258d%25e0%25a6%25a1%25e0%25a6%25bf%25e0%25a6%25ab%25e0%25a7%2587-%25e0%25a6%25ac%25e0%25a7%2588%25e0%25a6%25a0%25e0%25a6%2595%25e0%25a7%2587-%25e0%25a6%25ac%25e0%25a6%25b8%25e0%25a6%259b%25e0%25a7%2587%25e0%25a6%25a8-%25e0%25a6%25b8%25e0%25a7%258d%25e0%25a6%2595%2F HTTP/1.1" 429 0 "http://bangladaily.online/%e0%a6%95%e0%a6%be%e0%a6%b0%e0%a7%8d%e0%a6%a1%e0%a6%bf%e0%a6%ab%e0%a7%87-%e0%a6%ac%e0%a7%88%e0%a6%a0%e0%a6%95%e0%a7%87-%e0%a6%ac%e0%a6%b8%e0%a6%9b%e0%a7%87%e0%a6%a8-%e0%a6%b8%e0%a7%8d%e0%a6%95/" "Mozilla/5.0 AppleWebKit/537.36 (KHTML, like Gecko; compatible; GPTBot/1.4; +https://openai.com/gptbot)"
74.7.243.200 - - [14/Sep/2026:22:37:02 +0600] "GET /wp-json/oembed/1.0/embed?format=xml&url=http%3A%2F%2Fbangladaily.online%2F%25e0%25a6%25b9%25e0%25a6%25be%25e0%25a6%2593%25e0%25a6%25b0%25e0%25a7%2587-%25e0%25a6%25a6%25e0%25a7%2581%25e0%25a6%2587%25e0%25a6%25aa%25e0%25a6%2595%25e0%25a7%258d%25e0%25a6%25b7%25e0%25a7%2587%25e0%25a6%25b0-%25e0%25a6%25b8%25e0%25a6%2582%25e0%25a6%2598%25e0%25a6%25b0%25e0%25a7%258d%25e0%25a6%25b7%25e0%25a7%2587%2F HTTP/1.1" 429 0 "http://bangladaily.online/%e0%a6%b9%e0%a6%be%e0%a6%93%e0%a6%b0%e0%a7%87-%e0%a6%a6%e0%a7%81%e0%a6%87%e0%a6%aa%e0%a6%95%e0%a7%8d%e0%a6%b7%e0%a7%87%e0%a6%b0-%e0%a6%b8%e0%a6%82%e0%a6%98%e0%a6%b0%e0%a7%8d%e0%a6%b7%e0%a7%87/" "Mozilla/5.0 AppleWebKit/537.36 (KHTML, like Gecko; compatible; GPTBot/1.4; +https://openai.com/gptbot)"
74.7.243.200 - - [14/Sep/2026:22:37:12 +0600] "GET /wp-json/oembed/1.0/embed?format=xml&url=http%3A%2F%2Fbangladaily.online%2F%25e0%25a6%25a6%25e0%25a7%2587%25e0%25a6%25b6%25e0%25a7%2587-%25e0%25a6%25ab%25e0%25a6%25bf%25e0%25a6%25b0%25e0%25a6%25b2%25e0%25a7%2587%25e0%25a6%25a8-%25e0%25a6%259f%25e0%25a6%25be%25e0%25a6%2587%25e0%25a6%2597%25e0%25a6%25be%25e0%25a6%25b0%25e0%25a6%25a6%25e0%25a7%2587%25e0%25a6%25b0-%25e0%25a6%258f%25e0%25a6%2595%2F HTTP/1.1" 429 0 "http://bangladaily.online/%e0%a6%a6%e0%a7%87%e0%a6%b6%e0%a7%87-%e0%a6%ab%e0%a6%bf%e0%a6%b0%e0%a6%b2%e0%a7%87%e0%a6%a8-%e0%a6%9f%e0%a6%be%e0%a6%87%e0%a6%97%e0%a6%be%e0%a6%b0%e0%a6%a6%e0%a7%87%e0%a6%b0-%e0%a6%8f%e0%a6%95/" "Mozilla/5.0 AppleWebKit/537.36 (KHTML, like Gecko; compatible; GPTBot/1.4; +https://openai.com/gptbot)"
51.89.83.48 - - [14/Sep/2026:22:37:54 +0600] "GET /%E0%A7%AC-%E0%A6%B2%E0%A6%BE%E0%A6%96-%E0%A6%87%E0%A6%AF%E0%A6%BC%E0%A6%BE%E0%A6%AC%E0%A6%BE-%E0%A6%AB%E0%A7%87%E0%A6%B2%E0%A7%87-%E0%A6%AA%E0%A6%BE%E0%A6%B2%E0%A6%BE%E0%A6%B2-%E0%A6%AE%E0%A6%BE/feed/ HTTP/1.1" 200 592 "-" "Mozilla/5.0 (compatible; AhrefsBot/7.0; +http://ahrefs.com/robot/)"
116.202.222.251 - - [14/Sep/2026:22:38:02 +0600] "GET /?wp_automatic=cron HTTP/1.1" 200 1567 "-" "curl/7.61.1"
74.7.243.200 - - [14/Sep/2026:22:33:29 +0600] "GET /wp-json/oembed/1.0/embed?url=http%3A%2F%2Fbangladaily.online%2F%25e0%25a6%25ae%25e0%25a7%2582%25e0%25a6%25b2-%25e0%25a6%25b8%25e0%25a6%25a1%25e0%25a6%25bc%25e0%25a6%2595-%25e0%25a6%25a5%25e0%25a7%2587%25e0%25a6%2595%25e0%25a7%2587-%25e0%25a6%25ac%25e0%25a7%258d%25e0%25a6%25af%25e0%25a6%25be%25e0%25a6%259f%25e0%25a6%25be%25e0%25a6%25b0%25e0%25a6%25bf%25e0%25a6%259a%25e0%25a6%25be%2F HTTP/1.1" 429 0 "http://bangladaily.online/%e0%a6%ae%e0%a7%82%e0%a6%b2-%e0%a6%b8%e0%a6%a1%e0%a6%bc%e0%a6%95-%e0%a6%a5%e0%a7%87%e0%a6%95%e0%a7%87-%e0%a6%ac%e0%a7%8d%e0%a6%af%e0%a6%be%e0%a6%9f%e0%a6%be%e0%a6%b0%e0%a6%bf%e0%a6%9a%e0%a6%be/" "Mozilla/5.0 AppleWebKit/537.36 (KHTML, like Gecko; compatible; GPTBot/1.4; +https://openai.com/gptbot)"
185.191.171.6 - - [14/Sep/2026:22:34:01 +0600] "GET /page/161/ HTTP/1.1" 200 26698 "-" "Mozilla/5.0 (compatible; SemrushBot/7~bl; +http://www.semrush.com/bot.html)"
74.7.243.200 - - [14/Sep/2026:22:34:33 +0600] "GET /wp-json/oembed/1.0/embed?url=http%3A%2F%2Fbangladaily.online%2F%25e0%25a6%25a8%25e0%25a6%25af%25e0%25a6%25bc%25e0%25a6%25be%25e0%25a6%25a6%25e0%25a6%25bf%25e0%25a6%25b2%25e0%25a7%258d%25e0%25a6%25b2%25e0%25a6%25bf-%25e0%25a6%2598%25e0%25a7%258b%25e0%25a6%25b7%25e0%25a6%25a3%25e0%25a6%25be%25e0%25a6%25aa%25e0%25a6%25a4%25e0%25a7%258d%25e0%25a6%25b0%25e0%25a7%2587-%25e0%25a6%25b8%25e0%25a6%25a8%2F HTTP/1.1" 429 0 "http://bangladaily.online/%e0%a6%a8%e0%a6%af%e0%a6%bc%e0%a6%be%e0%a6%a6%e0%a6%bf%e0%a6%b2%e0%a7%8d%e0%a6%b2%e0%a6%bf-%e0%a6%98%e0%a7%8b%e0%a6%b7%e0%a6%a3%e0%a6%be%e0%a6%aa%e0%a6%a4%e0%a7%8d%e0%a6%b0%e0%a7%87-%e0%a6%b8%e0%a6%a8/" "Mozilla/5.0 AppleWebKit/537.36 (KHTML, like Gecko; compatible; GPTBot/1.4; +https://openai.com/gptbot)"
17.166.155.126 - - [14/Sep/2026:22:34:43 +0600] "GET /%e0%a6%97%e0%a7%81%e0%a6%b2%e0%a6%b6%e0%a6%be%e0%a6%a8%e0%a7%87-%e0%a6%86%e0%a6%93%e0%a6%af%e0%a6%bc%e0%a6%be%e0%a6%ae%e0%a7%80-%e0%a6%b2%e0%a7%80%e0%a6%97%e0%a7%87%e0%a6%b0-%e0%a6%ae%e0%a6%bf/ HTTP/1.1" 200 18754 "-" "Mozilla/5.0 (Macintosh; Intel Mac OS X 10_15_7) AppleWebKit/605.1.15 (KHTML, like Gecko) Version/17.4 Safari/605.1.15 (Applebot/0.1; +http://www.apple.com/go/applebot)"
116.202.222.251 - - [14/Sep/2026:22:38:34 +0600] "POST /wp-cron.php?doing_wp_cron=1789403914.3444819450378417968750 HTTP/1.1" 200 0 "-" "WordPress/7.1; http://bangladaily.online"
74.7.243.200 - - [14/Sep/2026:22:39:07 +0600] "GET /wp-json/oembed/1.0/embed?format=xml&url=http%3A%2F%2Fbangladaily.online%2F%25e0%25a6%2595%25e0%25a6%2595%25e0%25a7%258d%25e0%25a6%25b8%25e0%25a6%25ac%25e0%25a6%25be%25e0%25a6%259c%25e0%25a6%25be%25e0%25a6%25b0-%25e0%25a6%25a5%25e0%25a7%2587%25e0%25a6%2595%25e0%25a7%2587-%25e0%25a6%25b2%25e0%25a6%25a8%25e0%25a7%258d%25e0%25a6%25a1%25e0%25a6%25a8-%25e0%25a6%258f%25e0%25a6%2595%25e0%25a7%258d%2F HTTP/1.1" 200 1341 "http://bangladaily.online/%e0%a6%95%e0%a6%95%e0%a7%8d%e0%a6%b8%e0%a6%ac%e0%a6%be%e0%a6%9c%e0%a6%be%e0%a6%b0-%e0%a6%a5%e0%a7%87%e0%a6%95%e0%a7%87-%e0%a6%b2%e0%a6%a8%e0%a7%8d%e0%a6%a1%e0%a6%a8-%e0%a6%8f%e0%a6%95%e0%a7%8d/" "Mozilla/5.0 AppleWebKit/537.36 (KHTML, like Gecko; compatible; GPTBot/1.4; +https://openai.com/gptbot)"
51.89.39.60 - - [14/Sep/2026:22:39:11 +0600] "GET /%E0%A6%AC%E0%A6%BE%E0%A6%B0%E0%A7%8D%E0%A6%A8-%E0%A6%87%E0%A6%A8%E0%A6%B8%E0%A7%8D%E0%A6%9F%E0%A6%BF%E0%A6%9F%E0%A6%BF%E0%A6%89%E0%A6%9F%E0%A7%87%E0%A6%B0-%E0%A6%B8%E0%A6%BE%E0%A6%AE%E0%A6%A8%E0%A7%87/ HTTP/1.1" 200 14753 "-" "Mozilla/5.0 (compatible; AhrefsBot/7.0; +http://ahrefs.com/robot/)"
74.7.243.200 - - [14/Sep/2026:22:39:15 +0600] "GET /wp-json/oembed/1.0/embed?format=xml&url=http%3A%2F%2Fbangladaily.online%2F%25e0%25a6%25a8%25e0%25a6%25bf%25e0%25a6%25b0%25e0%25a7%258d%25e0%25a6%25ac%25e0%25a6%25be%25e0%25a6%259a%25e0%25a6%25a8%25e0%25a7%2587-%25e0%25a6%25b9%25e0%25a7%2587%25e0%25a6%25b0%25e0%25a7%2587%25e0%25a6%2593-%25e0%25a6%2595%25e0%25a6%25a5%25e0%25a6%25be-%25e0%25a6%25b0%25e0%25a6%25be%25e0%25a6%2596%25e0%25a6%25b2%2F HTTP/1.1" 429 0 "http://bangladaily.online/%e0%a6%a8%e0%a6%bf%e0%a6%b0%e0%a7%8d%e0%a6%ac%e0%a6%be%e0%a6%9a%e0%a6%a8%e0%a7%87-%e0%a6%b9%e0%a7%87%e0%a6%b0%e0%a7%87%e0%a6%93-%e0%a6%95%e0%a6%a5%e0%a6%be-%e0%a6%b0%e0%a6%be%e0%a6%96%e0%a6%b2/" "Mozilla/5.0 AppleWebKit/537.36 (KHTML, like Gecko; compatible; GPTBot/1.4; +https://openai.com/gptbot)"
74.7.243.200 - - [14/Sep/2026:22:39:21 +0600] "GET /wp-json/oembed/1.0/embed?format=xml&url=http%3A%2F%2Fbangladaily.online%2F%25e0%25a6%2589%25e0%25a6%25aa%25e0%25a6%25a6%25e0%25a7%2587%25e0%25a6%25b7%25e0%25a7%258d%25e0%25a6%259f%25e0%25a6%25be%25e0%25a6%25b0-%25e0%25a6%25b8%25e0%25a6%2587-%25e0%25a6%259c%25e0%25a6%25be%25e0%25a6%25b2-%25e0%25a6%2595%25e0%25a6%25b0%25e0%25a7%2587-%25e0%25a6%2597%25e0%25a6%25b0%25e0%25a7%2581-%25e0%25a6%2586%2F HTTP/1.1" 429 0 "http://bangladaily.online/%e0%a6%89%e0%a6%aa%e0%a6%a6%e0%a7%87%e0%a6%b7%e0%a7%8d%e0%a6%9f%e0%a6%be%e0%a6%b0-%e0%a6%b8%e0%a6%87-%e0%a6%9c%e0%a6%be%e0%a6%b2-%e0%a6%95%e0%a6%b0%e0%a7%87-%e0%a6%97%e0%a6%b0%e0%a7%81-%e0%a6%86/" "Mozilla/5.0 AppleWebKit/537.36 (KHTML, like Gecko; compatible; GPTBot/1.4; +https://openai.com/gptbot)"
74.7.243.200 - - [14/Sep/2026:22:39:31 +0600] "GET /wp-json/oembed/1.0/embed?format=xml&url=http%3A%2F%2Fbangladaily.online%2F%25e0%25a6%25b2%25e0%25a6%2595%25e0%25a7%258d%25e0%25a6%25b7%25e0%25a7%258d%25e0%25a6%25ae%25e0%25a7%2580%25e0%25a6%25aa%25e0%25a7%2581%25e0%25a6%25b0%25e0%25a7%2587-%25e0%25a6%2585%25e0%25a6%25ac%25e0%25a7%2588%25e0%25a6%25a7%25e0%25a6%25ad%25e0%25a6%25be%25e0%25a6%25ac%25e0%25a7%2587-%25e0%25a6%25ae%25e0%25a6%259c%25e0%25a7%2581%2F HTTP/1.1" 429 0 "http://bangladaily.online/%e0%a6%b2%e0%a6%95%e0%a7%8d%e0%a6%b7%e0%a7%8d%e0%a6%ae%e0%a7%80%e0%a6%aa%e0%a7%81%e0%a6%b0%e0%a7%87-%e0%a6%85%e0%a6%ac%e0%a7%88%e0%a6%a7%e0%a6%ad%e0%a6%be%e0%a6%ac%e0%a7%87-%e0%a6%ae%e0%a6%9c%e0%a7%81/" "Mozilla/5.0 AppleWebKit/537.36 (KHTML, like Gecko; compatible; GPTBot/1.4; +https://openai.com/gptbot)"
74.7.243.200 - - [14/Sep/2026:22:39:46 +0600] "GET /wp-json/oembed/1.0/embed?format=xml&url=http%3A%2F%2Fbangladaily.online%2F%25e0%25a6%25b8%25e0%25a6%25a8%25e0%25a7%258d%25e0%25a6%25a4%25e0%25a7%258d%25e0%25a6%25b0%25e0%25a6%25be%25e0%25a6%25b8-%25e0%25a6%25ac%25e0%25a6%25bf%25e0%25a6%25b0%25e0%25a7%258b%25e0%25a6%25a7%25e0%25a7%2580-%25e0%25a6%2586%25e0%25a6%2587%25e0%25a6%25a8%25e0%25a7%2587-%25e0%25a6%2597%25e0%25a7%258d%25e0%25a6%25b0%2F HTTP/1.1" 429 0 "http://bangladaily.online/%e0%a6%b8%e0%a6%a8%e0%a7%8d%e0%a6%a4%e0%a7%8d%e0%a6%b0%e0%a6%be%e0%a6%b8-%e0%a6%ac%e0%a6%bf%e0%a6%b0%e0%a7%8b%e0%a6%a7%e0%a7%80-%e0%a6%86%e0%a6%87%e0%a6%a8%e0%a7%87-%e0%a6%97%e0%a7%8d%e0%a6%b0/" "Mozilla/5.0 AppleWebKit/537.36 (KHTML, like Gecko; compatible; GPTBot/1.4; +https://openai.com/gptbot)"
74.7.243.200 - - [14/Sep/2026:22:40:06 +0600] "GET /wp-json/oembed/1.0/embed?format=xml&url=http%3A%2F%2Fbangladaily.online%2F%25e0%25a6%25b6%25e0%25a7%2587%25e0%25a6%25b2%25e0%25a7%258d%25e0%25a6%259f%25e0%25a6%25a8%25e0%25a6%2595%25e0%25a7%2587-%25e0%25a6%25b9%25e0%25a6%25be%25e0%25a6%25b0%25e0%25a6%25bf%25e0%25a6%25af%25e0%25a6%25bc%25e0%25a7%2587-%25e0%25a6%2587%25e0%25a6%2589%25e0%25a6%258f%25e0%25a6%25b8-%25e0%25a6%2593%25e0%25a6%25aa%2F HTTP/1.1" 429 0 "http://bangladaily.online/%e0%a6%b6%e0%a7%87%e0%a6%b2%e0%a7%8d%e0%a6%9f%e0%a6%a8%e0%a6%95%e0%a7%87-%e0%a6%b9%e0%a6%be%e0%a6%b0%e0%a6%bf%e0%a6%af%e0%a6%bc%e0%a7%87-%e0%a6%87%e0%a6%89%e0%a6%8f%e0%a6%b8-%e0%a6%93%e0%a6%aa/" "Mozilla/5.0 AppleWebKit/537.36 (KHTML, like Gecko; compatible; GPTBot/1.4; +https://openai.com/gptbot)"
74.7.243.200 - - [14/Sep/2026:22:40:26 +0600] "GET /wp-json/oembed/1.0/embed?format=xml&url=http%3A%2F%2Fbangladaily.online%2F%25e0%25a6%258f%25e0%25a6%2586%25e0%25a6%2587-%25e0%25a6%25ac%25e0%25a7%258d%25e0%25a6%25af%25e0%25a6%25ac%25e0%25a6%25b9%25e0%25a6%25be%25e0%25a6%25b0-%25e0%25a6%2595%25e0%25a6%25b0%25e0%25a7%2587-%25e0%25a6%2586%25e0%25a6%25a6%25e0%25a6%25be%25e0%25a6%25b2%25e0%25a6%25a4%25e0%25a7%2587%25e0%25a6%25b0-%25e0%25a6%25b0%2F HTTP/1.1" 429 0 "http://bangladaily.online/%e0%a6%8f%e0%a6%86%e0%a6%87-%e0%a6%ac%e0%a7%8d%e0%a6%af%e0%a6%ac%e0%a6%b9%e0%a6%be%e0%a6%b0-%e0%a6%95%e0%a6%b0%e0%a7%87-%e0%a6%86%e0%a6%a6%e0%a6%be%e0%a6%b2%e0%a6%a4%e0%a7%87%e0%a6%b0-%e0%a6%b0/" "Mozilla/5.0 AppleWebKit/537.36 (KHTML, like Gecko; compatible; GPTBot/1.4; +https://openai.com/gptbot)"
51.89.38.137 - - [14/Sep/2026:22:40:42 +0600] "GET /wp-content/uploads/2026/09/court-metro-final-pic-mtzvgb8f51kw74i-20260913195744-300x156.jpg HTTP/1.1" 200 17506 "-" "Mozilla/5.0 (compatible; AhrefsBot/7.0; +http://ahrefs.com/robot/)"
74.7.243.200 - - [14/Sep/2026:22:40:46 +0600] "GET /wp-json/oembed/1.0/embed?format=xml&url=http%3A%2F%2Fbangladaily.online%2F%25e0%25a6%25ac%25e0%25a6%25a1%25e0%25a6%25bc%25e0%25a6%25a6%25e0%25a7%2587%25e0%25a6%25b6%25e0%25a7%2580%25e0%25a6%25a4%25e0%25a7%2587-%25e0%25a6%2585%25e0%25a6%25aa%25e0%25a6%25b0%25e0%25a6%25be%25e0%25a6%25a7%25e0%25a7%2587%25e0%25a6%25b0-%25e0%25a6%25b6%25e0%25a7%2587%25e0%25a6%2595%25e0%25a6%25a1%25e0%25a6%25bc%2F HTTP/1.1" 200 1292 "http://bangladaily.online/%e0%a6%ac%e0%a6%a1%e0%a6%bc%e0%a6%a6%e0%a7%87%e0%a6%b6%e0%a7%80%e0%a6%a4%e0%a7%87-%e0%a6%85%e0%a6%aa%e0%a6%b0%e0%a6%be%e0%a6%a7%e0%a7%87%e0%a6%b0-%e0%a6%b6%e0%a7%87%e0%a6%95%e0%a6%a1%e0%a6%bc/" "Mozilla/5.0 AppleWebKit/537.36 (KHTML, like Gecko; compatible; GPTBot/1.4; +https://openai.com/gptbot)"
51.89.38.133 - - [14/Sep/2026:22:41:11 +0600] "GET /%E0%A6%B2%E0%A6%BE%E0%A6%B2%E0%A6%95%E0%A7%81%E0%A6%A0%E0%A6%BF%E0%A6%B0-%E0%A6%B8%E0%A6%82%E0%A6%B8%E0%A7%8D%E0%A6%95%E0%A6%BE%E0%A6%B0-%E0%A6%AA%E0%A7%81%E0%A6%B0%E0%A6%BE%E0%A6%A8-%E0%A6%A2/ HTTP/1.1" 200 15063 "-" "Mozilla/5.0 (compatible; AhrefsBot/7.0; +http://ahrefs.com/robot/)"
74.7.243.200 - - [14/Sep/2026:22:41:45 +0600] "GET /wp-json/oembed/1.0/embed?format=xml&url=http%3A%2F%2Fbangladaily.online%2F%25e0%25a6%25b8%25e0%25a6%25be%25e0%25a6%25a4%25e0%25a6%2595%25e0%25a7%258d%25e0%25a6%25b7%25e0%25a7%2580%25e0%25a6%25b0%25e0%25a6%25be%25e0%25a6%25af%25e0%25a6%25bc-%25e0%25a6%25aa%25e0%25a7%2581%25e0%25a6%2595%25e0%25a7%2581%25e0%25a6%25b0%25e0%25a7%2587-%25e0%25a6%25a1%25e0%25a7%2581%25e0%25a6%25ac%25e0%25a7%2587%2F HTTP/1.1" 200 1304 "http://bangladaily.online/%e0%a6%b8%e0%a6%be%e0%a6%a4%e0%a6%95%e0%a7%8d%e0%a6%b7%e0%a7%80%e0%a6%b0%e0%a6%be%e0%a6%af%e0%a6%bc-%e0%a6%aa%e0%a7%81%e0%a6%95%e0%a7%81%e0%a6%b0%e0%a7%87-%e0%a6%a1%e0%a7%81%e0%a6%ac%e0%a7%87/" "Mozilla/5.0 AppleWebKit/537.36 (KHTML, like Gecko; compatible; GPTBot/1.4; +https://openai.com/gptbot)"
51.89.59.40 - - [14/Sep/2026:22:41:46 +0600] "GET /%E0%A6%AC%E0%A6%BF%E0%A6%B6%E0%A7%8D%E0%A6%AC%E0%A6%AC%E0%A7%8D%E0%A6%AF%E0%A6%BE%E0%A6%AA%E0%A7%80-%E0%A6%B6%E0%A6%BF%E0%A6%B6%E0%A7%81-%E0%A6%95%E0%A6%BF%E0%A6%B6%E0%A7%8B%E0%A6%B0%E0%A6%A6%E0%A7%87/feed/ HTTP/1.1" 200 580 "-" "Mozilla/5.0 (compatible; AhrefsBot/7.0; +http://ahrefs.com/robot/)"
74.7.243.200 - - [14/Sep/2026:22:41:53 +0600] "GET /wp-json/oembed/1.0/embed?format=xml&url=http%3A%2F%2Fbangladaily.online%2F%25e0%25a6%2586%25e0%25a6%2593%25e0%25a6%25af%25e0%25a6%25bc%25e0%25a6%25be%25e0%25a6%25b0%25e0%25a6%25be%25e0%25a6%25aa%25e0%25a6%25a8-%25e0%25a6%258f%25e0%25a6%25b0-%25e0%25a6%25a8%25e0%25a6%25be%25e0%25a6%25af%25e0%25a6%25bc%25e0%25a6%25bf%25e0%25a6%2595%25e0%25a6%25be-%25e0%25a6%25b6%2F HTTP/1.1" 429 0 "http://bangladaily.online/%e0%a6%86%e0%a6%93%e0%a6%af%e0%a6%bc%e0%a6%be%e0%a6%b0%e0%a6%be%e0%a6%aa%e0%a6%a8-%e0%a6%8f%e0%a6%b0-%e0%a6%a8%e0%a6%be%e0%a6%af%e0%a6%bc%e0%a6%bf%e0%a6%95%e0%a6%be-%e0%a6%b6/" "Mozilla/5.0 AppleWebKit/537.36 (KHTML, like Gecko; compatible; GPTBot/1.4; +https://openai.com/gptbot)"
51.89.59.37 - - [14/Sep/2026:22:41:54 +0600] "GET /wp-content/uploads/2026/09/6aa7cd827010517893820186aa7cd8270117.jpg HTTP/1.1" 200 118061 "-" "Mozilla/5.0 (compatible; AhrefsBot/7.0; +http://ahrefs.com/robot/)"
74.7.243.200 - - [14/Sep/2026:22:42:18 +0600] "GET /wp-json/oembed/1.0/embed?format=xml&url=http%3A%2F%2Fbangladaily.online%2F%25e0%25a6%25aa%25e0%25a7%258d%25e0%25a6%25b0%25e0%25a6%25a5%25e0%25a6%25ae%25e0%25a6%25ac%25e0%25a6%25be%25e0%25a6%25b0-%25e0%25a6%25ad%25e0%25a6%25be%25e0%25a6%25b0%25e0%25a6%25a4-%25e0%25a6%25a5%25e0%25a7%2587%25e0%25a6%2595%25e0%25a7%2587-%25e0%25a6%258f%25e0%25a6%25b2%25e0%25a7%258b-%25e0%25a7%25ab%25e0%25a7%25a6%2F HTTP/1.1" 429 0 "http://bangladaily.online/%e0%a6%aa%e0%a7%8d%e0%a6%b0%e0%a6%a5%e0%a6%ae%e0%a6%ac%e0%a6%be%e0%a6%b0-%e0%a6%ad%e0%a6%be%e0%a6%b0%e0%a6%a4-%e0%a6%a5%e0%a7%87%e0%a6%95%e0%a7%87-%e0%a6%8f%e0%a6%b2%e0%a7%8b-%e0%a7%ab%e0%a7%a6/" "Mozilla/5.0 AppleWebKit/537.36 (KHTML, like Gecko; compatible; GPTBot/1.4; +https://openai.com/gptbot)"
74.7.243.200 - - [14/Sep/2026:22:42:24 +0600] "GET /wp-json/oembed/1.0/embed?format=xml&url=http%3A%2F%2Fbangladaily.online%2F%25e0%25a6%25aa%25e0%25a6%25b6%25e0%25a7%258d%25e0%25a6%259a%25e0%25a6%25bf%25e0%25a6%25ae%25e0%25a6%25ac%25e0%25a6%2599%25e0%25a7%258d%25e0%25a6%2597%25e0%25a7%2587-%25e0%25a7%25a8%25e0%25a7%25ab%25e0%25a7%25a8-%25e0%25a6%25ae%25e0%25a6%25be%25e0%25a6%25a6%25e0%25a7%258d%25e0%25a6%25b0%25e0%25a6%25be%25e0%25a6%25b8%25e0%25a6%25be%2F HTTP/1.1" 429 0 "http://bangladaily.online/%e0%a6%aa%e0%a6%b6%e0%a7%8d%e0%a6%9a%e0%a6%bf%e0%a6%ae%e0%a6%ac%e0%a6%99%e0%a7%8d%e0%a6%97%e0%a7%87-%e0%a7%a8%e0%a7%ab%e0%a7%a8-%e0%a6%ae%e0%a6%be%e0%a6%a6%e0%a7%8d%e0%a6%b0%e0%a6%be%e0%a6%b8%e0%a6%be/" "Mozilla/5.0 AppleWebKit/537.36 (KHTML, like Gecko; compatible; GPTBot/1.4; +https://openai.com/gptbot)"
51.89.71.91 - - [14/Sep/2026:22:42:26 +0600] "GET /%E0%A6%AA%E0%A7%8D%E0%A6%B0%E0%A6%A5%E0%A6%AE%E0%A6%AC%E0%A6%BE%E0%A6%B0-%E0%A6%AD%E0%A6%BE%E0%A6%B0%E0%A6%A4-%E0%A6%A5%E0%A7%87%E0%A6%95%E0%A7%87-%E0%A6%8F%E0%A6%B2%E0%A7%8B-%E0%A7%AB%E0%A7%A6/ HTTP/1.1" 200 15491 "-" "Mozilla/5.0 (compatible; AhrefsBot/7.0; +http://ahrefs.com/robot/)"
51.89.69.32 - - [14/Sep/2026:22:38:33 +0600] "GET /%E0%A6%B8%E0%A6%BE%E0%A6%A4%E0%A6%95%E0%A7%8D%E0%A6%B7%E0%A7%80%E0%A6%B0%E0%A6%BE%E0%A6%AF%E0%A6%BC-%E0%A6%AA%E0%A7%81%E0%A6%95%E0%A7%81%E0%A6%B0%E0%A7%87-%E0%A6%A1%E0%A7%81%E0%A6%AC%E0%A7%87/ HTTP/1.1" 200 14567 "-" "Mozilla/5.0 (compatible; AhrefsBot/7.0; +http://ahrefs.com/robot/)"
116.202.222.251 - - [14/Sep/2026:22:39:02 +0600] "GET /?wp_automatic=cron HTTP/1.1" 200 1569 "-" "curl/7.61.1"
116.202.222.251 - - [14/Sep/2026:22:40:04 +0600] "GET /?wp_automatic=cron HTTP/1.1" 200 1570 "-" "curl/7.61.1"
116.202.222.251 - - [14/Sep/2026:22:40:33 +0600] "POST /wp-cron.php?doing_wp_cron=1789404033.6443679332733154296875 HTTP/1.1" 200 0 "-" "WordPress/7.1; http://bangladaily.online"
51.89.59.40 - - [14/Sep/2026:22:40:32 +0600] "GET /%E0%A6%AC%E0%A6%BF%E0%A6%AF%E0%A6%BC%E0%A7%87%E0%A6%B0-%E0%A6%AA%E0%A6%B0-%E0%A6%AC%E0%A6%BE%E0%A6%A1%E0%A6%BC%E0%A6%BF-%E0%A6%AB%E0%A7%87%E0%A6%B0%E0%A6%BE%E0%A6%B0-%E0%A6%AA%E0%A6%A5%E0%A7%87/feed/ HTTP/1.1" 200 617 "-" "Mozilla/5.0 (compatible; AhrefsBot/7.0; +http://ahrefs.com/robot/)"
51.89.69.102 - - [14/Sep/2026:22:40:42 +0600] "GET /wp-content/uploads/2026/09/og_1789389106_6aa7e932caabd.jpeg HTTP/1.1" 200 26654 "-" "Mozilla/5.0 (compatible; AhrefsBot/7.0; +http://ahrefs.com/robot/)"
51.89.72.10 - - [14/Sep/2026:22:40:43 +0600] "GET /wp-content/uploads/2026/09/og_1789402374_6aa81d066aba3-300x156.jpeg HTTP/1.1" 200 18160 "-" "Mozilla/5.0 (compatible; AhrefsBot/7.0; +http://ahrefs.com/robot/)"
51.89.83.55 - - [14/Sep/2026:22:40:45 +0600] "GET /wp-content/uploads/2026/09/6aa7bc205d7df17893775686aa7bc205d7ec.jpg HTTP/1.1" 200 91630 "-" "Mozilla/5.0 (compatible; AhrefsBot/7.0; +http://ahrefs.com/robot/)"
116.202.222.251 - - [14/Sep/2026:22:41:05 +0600] "POST /wp-cron.php?doing_wp_cron=1789404065.7161979675292968750000 HTTP/1.1" 200 0 "-" "WordPress/7.1; http://bangladaily.online"
116.202.222.251 - - [14/Sep/2026:22:41:02 +0600] "GET /?wp_automatic=cron HTTP/1.1" 200 2981 "-" "curl/7.61.1"
116.202.222.251 - - [14/Sep/2026:22:41:46 +0600] "POST /wp-cron.php?doing_wp_cron=1789404106.3578300476074218750000 HTTP/1.1" 200 0 "-" "WordPress/7.1; http://bangladaily.online"
116.202.222.251 - - [14/Sep/2026:22:42:02 +0600] "GET /?wp_automatic=cron HTTP/1.1" 200 1602 "-" "curl/7.61.1"
51.89.71.144 - - [14/Sep/2026:22:42:08 +0600] "GET /wp-content/uploads/2026/09/og_1789388551_6aa7e707dd913.jpeg HTTP/1.1" 200 38632 "-" "Mozilla/5.0 (compatible; AhrefsBot/7.0; +http://ahrefs.com/robot/)"
116.202.222.251 - - [14/Sep/2026:22:42:27 +0600] "POST /wp-cron.php?doing_wp_cron=1789404147.0962550640106201171875 HTTP/1.1" 200 0 "-" "WordPress/7.1; http://bangladaily.online"
43.132.214.228 - - [14/Sep/2026:22:43:16 +0600] "GET /%e0%a6%86%e0%a6%b8%e0%a6%9b%e0%a7%87-%e0%a6%ae%e0%a6%a8%e0%a6%bf%e0%a6%b0-%e0%a6%96%e0%a6%be%e0%a6%a8%e0%a7%87%e0%a6%b0-%e0%a6%ae%e0%a6%be/ HTTP/1.1" 200 19113 "-" "Mozilla/5.0 (iPhone; CPU iPhone OS 13_2_3 like Mac OS X) AppleWebKit/605.1.15 (KHTML, like Gecko) Version/13.0.3 Mobile/15E148 Safari/604.1"
116.202.222.251 - - [14/Sep/2026:22:44:02 +0600] "GET /?wp_automatic=cron HTTP/1.1" 200 1547 "-" "curl/7.61.1"
74.7.243.200 - - [14/Sep/2026:22:44:10 +0600] "GET /wp-json/oembed/1.0/embed?format=xml&url=http%3A%2F%2Fbangladaily.online%2F%25e0%25a6%25aa%25e0%25a6%25b2%25e0%25a7%258d%25e0%25a6%25b2%25e0%25a6%25ac%25e0%25a7%2580%25e0%25a6%25a4%25e0%25a7%2587-%25e0%25a6%25ac%25e0%25a6%25b8%25e0%25a7%258d%25e0%25a6%25a4%25e0%25a6%25be%25e0%25a6%25ac%25e0%25a6%25a8%25e0%25a7%258d%25e0%25a6%25a6%25e0%25a6%25bf%25e0%25a6%25b0-%25e0%25a6%25ad%25e0%25a6%25bf%25e0%25a6%25a1%2F HTTP/1.1" 200 1363 "http://bangladaily.online/%e0%a6%aa%e0%a6%b2%e0%a7%8d%e0%a6%b2%e0%a6%ac%e0%a7%80%e0%a6%a4%e0%a7%87-%e0%a6%ac%e0%a6%b8%e0%a7%8d%e0%a6%a4%e0%a6%be%e0%a6%ac%e0%a6%a8%e0%a7%8d%e0%a6%a6%e0%a6%bf%e0%a6%b0-%e0%a6%ad%e0%a6%bf%e0%a6%a1/" "Mozilla/5.0 AppleWebKit/537.36 (KHTML, like Gecko; compatible; GPTBot/1.4; +https://openai.com/gptbot)"
74.7.243.200 - - [14/Sep/2026:22:42:59 +0600] "GET /wp-json/oembed/1.0/embed?format=xml&url=http%3A%2F%2Fbangladaily.online%2F%25e0%25a6%25ae%25e0%25a7%2582%25e0%25a6%25b2-%25e0%25a6%25b8%25e0%25a6%25a1%25e0%25a6%25bc%25e0%25a6%2595-%25e0%25a6%25a5%25e0%25a7%2587%25e0%25a6%2595%25e0%25a7%2587-%25e0%25a6%25ac%25e0%25a7%258d%25e0%25a6%25af%25e0%25a6%25be%25e0%25a6%259f%25e0%25a6%25be%25e0%25a6%25b0%25e0%25a6%25bf%25e0%25a6%259a%25e0%25a6%25be%2F HTTP/1.1" 429 0 "http://bangladaily.online/%e0%a6%ae%e0%a7%82%e0%a6%b2-%e0%a6%b8%e0%a6%a1%e0%a6%bc%e0%a6%95-%e0%a6%a5%e0%a7%87%e0%a6%95%e0%a7%87-%e0%a6%ac%e0%a7%8d%e0%a6%af%e0%a6%be%e0%a6%9f%e0%a6%be%e0%a6%b0%e0%a6%bf%e0%a6%9a%e0%a6%be/" "Mozilla/5.0 AppleWebKit/537.36 (KHTML, like Gecko; compatible; GPTBot/1.4; +https://openai.com/gptbot)"
116.202.222.251 - - [14/Sep/2026:22:43:02 +0600] "GET /?wp_automatic=cron HTTP/1.1" 200 1573 "-" "curl/7.61.1"
51.89.39.57 - - [14/Sep/2026:22:43:07 +0600] "GET /%E0%A6%B8%E0%A6%A8%E0%A7%8D%E0%A6%A4%E0%A7%8D%E0%A6%B0%E0%A6%BE%E0%A6%B8-%E0%A6%A6%E0%A6%AE%E0%A6%A8%E0%A7%87-%E0%A6%95%E0%A7%8D%E0%A6%B0%E0%A6%B8%E0%A6%AB%E0%A6%BE%E0%A6%AF%E0%A6%BC%E0%A6%BE%E0%A6%B0/ HTTP/1.1" 200 15494 "-" "Mozilla/5.0 (compatible; AhrefsBot/7.0; +http://ahrefs.com/robot/)"
74.7.243.200 - - [14/Sep/2026:22:43:08 +0600] "GET /wp-json/oembed/1.0/embed?format=xml&url=http%3A%2F%2Fbangladaily.online%2F%25e0%25a6%25a8%25e0%25a6%25af%25e0%25a6%25bc%25e0%25a6%25be%25e0%25a6%25a6%25e0%25a6%25bf%25e0%25a6%25b2%25e0%25a7%258d%25e0%25a6%25b2%25e0%25a6%25bf-%25e0%25a6%2598%25e0%25a7%258b%25e0%25a6%25b7%25e0%25a6%25a3%25e0%25a6%25be%25e0%25a6%25aa%25e0%25a6%25a4%25e0%25a7%258d%25e0%25a6%25b0%25e0%25a7%2587-%25e0%25a6%25b8%25e0%25a6%25a8%2F HTTP/1.1" 429 0 "http://bangladaily.online/%e0%a6%a8%e0%a6%af%e0%a6%bc%e0%a6%be%e0%a6%a6%e0%a6%bf%e0%a6%b2%e0%a7%8d%e0%a6%b2%e0%a6%bf-%e0%a6%98%e0%a7%8b%e0%a6%b7%e0%a6%a3%e0%a6%be%e0%a6%aa%e0%a6%a4%e0%a7%8d%e0%a6%b0%e0%a7%87-%e0%a6%b8%e0%a6%a8/" "Mozilla/5.0 AppleWebKit/537.36 (KHTML, like Gecko; compatible; GPTBot/1.4; +https://openai.com/gptbot)"
51.89.83.50 - - [14/Sep/2026:22:43:47 +0600] "GET /%E0%A6%B6%E0%A6%BF%E0%A6%95%E0%A7%8D%E0%A6%B7%E0%A6%BE-%E0%A6%AE%E0%A6%BE%E0%A6%A8%E0%A6%AC%E0%A6%B8%E0%A6%AE%E0%A7%8D%E0%A6%AA%E0%A6%A6-%E0%A6%93-%E0%A6%AA%E0%A7%8D%E0%A6%B0%E0%A6%AF%E0%A7%81/ HTTP/1.1" 200 16331 "-" "Mozilla/5.0 (compatible; AhrefsBot/7.0; +http://ahrefs.com/robot/)"
74.7.243.200 - - [14/Sep/2026:22:43:57 +0600] "GET /wp-json/oembed/1.0/embed?format=xml&url=http%3A%2F%2Fbangladaily.online%2F%25e0%25a6%25ad%25e0%25a7%2587%25e0%25a6%25a8%25e0%25a6%25bf%25e0%25a6%25b8%25e0%25a7%2587-%25e0%25a6%25ac%25e0%25a6%25be%25e0%25a6%2581%25e0%25a6%25a7%25e0%25a6%25a8%25e0%25a7%2587%25e0%25a6%25b0-%25e0%25a6%2593%25e0%25a6%25aa%25e0%25a6%25b0-%25e0%25a6%25b9%25e0%25a6%25be%25e0%25a6%25ae%25e0%25a6%25b2%25e0%25a6%25be-2%2F HTTP/1.1" 200 1360 "http://bangladaily.online/%e0%a6%ad%e0%a7%87%e0%a6%a8%e0%a6%bf%e0%a6%b8%e0%a7%87-%e0%a6%ac%e0%a6%be%e0%a6%81%e0%a6%a7%e0%a6%a8%e0%a7%87%e0%a6%b0-%e0%a6%93%e0%a6%aa%e0%a6%b0-%e0%a6%b9%e0%a6%be%e0%a6%ae%e0%a6%b2%e0%a6%be-2/" "Mozilla/5.0 AppleWebKit/537.36 (KHTML, like Gecko; compatible; GPTBot/1.4; +https://openai.com/gptbot)"
85.208.96.201 - - [14/Sep/2026:22:44:01 +0600] "GET /%E0%A6%8F%E0%A6%A8%E0%A6%8F%E0%A6%B8%E0%A6%86%E0%A6%87-%E0%A6%89%E0%A6%AA%E0%A6%AA%E0%A6%B0%E0%A6%BF%E0%A6%9A%E0%A6%BE%E0%A6%B2%E0%A6%95-%E0%A6%AC%E0%A6%A6%E0%A6%B0%E0%A7%81%E0%A6%B2%E0%A7%87%E0%A6%B0/ HTTP/1.1" 200 18494 "-" "Mozilla/5.0 (compatible; SemrushBot/7~bl; +http://www.semrush.com/bot.html)"
74.7.243.200 - - [14/Sep/2026:22:44:29 +0600] "GET /wp-json/oembed/1.0/embed?format=xml&url=http%3A%2F%2Fbangladaily.online%2F%25e0%25a6%25ae%25e0%25a7%2587%25e0%25a6%25b8%25e0%25a6%25bf%25e0%25a6%2595%25e0%25a7%2587-%25e0%25a6%25a8%25e0%25a6%25bf%25e0%25a6%25af%25e0%25a6%25bc%25e0%25a7%2587-%25e0%25a6%25a8%25e0%25a6%25be%25e0%25a6%25a6%25e0%25a6%25bf%25e0%25a6%25af%25e0%25a6%25bc%25e0%25a6%25be%25e0%25a6%25b0-%25e0%25a6%25b9%25e0%25a7%2583-2%2F HTTP/1.1" 429 0 "http://bangladaily.online/%e0%a6%ae%e0%a7%87%e0%a6%b8%e0%a6%bf%e0%a6%95%e0%a7%87-%e0%a6%a8%e0%a6%bf%e0%a6%af%e0%a6%bc%e0%a7%87-%e0%a6%a8%e0%a6%be%e0%a6%a6%e0%a6%bf%e0%a6%af%e0%a6%bc%e0%a6%be%e0%a6%b0-%e0%a6%b9%e0%a7%83-2/" "Mozilla/5.0 AppleWebKit/537.36 (KHTML, like Gecko; compatible; GPTBot/1.4; +https://openai.com/gptbot)"
74.7.243.200 - - [14/Sep/2026:22:44:45 +0600] "GET /wp-json/oembed/1.0/embed?format=xml&url=http%3A%2F%2Fbangladaily.online%2F%25e0%25a6%25a8%25e0%25a6%25be%25e0%25a6%2595%25e0%25a6%25ad%25e0%25a6%25bf-%25e0%25a6%25ac%25e0%25a6%25bf%25e0%25a6%25a6%25e0%25a6%25be%25e0%25a6%25af%25e0%25a6%25bc-%25e0%25a6%25a8%25e0%25a6%25bf%25e0%25a6%25b2%25e0%25a7%2587%25e0%25a6%2587-%25e0%25a6%25a6%25e0%25a7%2581%25e0%25a6%2587-%25e0%25a6%258f%25e0%25a6%25b6%2F HTTP/1.1" 429 0 "http://bangladaily.online/%e0%a6%a8%e0%a6%be%e0%a6%95%e0%a6%ad%e0%a6%bf-%e0%a6%ac%e0%a6%bf%e0%a6%a6%e0%a6%be%e0%a6%af%e0%a6%bc-%e0%a6%a8%e0%a6%bf%e0%a6%b2%e0%a7%87%e0%a6%87-%e0%a6%a6%e0%a7%81%e0%a6%87-%e0%a6%8f%e0%a6%b6/" "Mozilla/5.0 AppleWebKit/537.36 (KHTML, like Gecko; compatible; GPTBot/1.4; +https://openai.com/gptbot)"
116.202.222.251 - - [14/Sep/2026:22:45:03 +0600] "GET /?wp_automatic=cron HTTP/1.1" 200 1587 "-" "curl/7.61.1"
74.7.243.200 - - [14/Sep/2026:22:45:05 +0600] "GET /wp-json/oembed/1.0/embed?format=xml&url=http%3A%2F%2Fbangladaily.online%2F%25e0%25a6%25a8%25e0%25a7%258d%25e0%25a6%25af%25e0%25a6%25be%25e0%25a6%25af%25e0%25a6%25bc%25e0%25a6%25ac%25e0%25a6%25bf%25e0%25a6%259a%25e0%25a6%25be%25e0%25a6%25b0%25e0%25a7%2587%25e0%25a6%2587-%25e0%25a6%25b6%25e0%25a6%25be%25e0%25a6%25a8%25e0%25a7%258d%25e0%25a6%25a4%25e0%25a6%25bf%25e0%25a6%25b0-%25e0%25a6%25b8%25e0%25a6%2582%2F HTTP/1.1" 429 0 "http://bangladaily.online/%e0%a6%a8%e0%a7%8d%e0%a6%af%e0%a6%be%e0%a6%af%e0%a6%bc%e0%a6%ac%e0%a6%bf%e0%a6%9a%e0%a6%be%e0%a6%b0%e0%a7%87%e0%a6%87-%e0%a6%b6%e0%a6%be%e0%a6%a8%e0%a7%8d%e0%a6%a4%e0%a6%bf%e0%a6%b0-%e0%a6%b8%e0%a6%82/" "Mozilla/5.0 AppleWebKit/537.36 (KHTML, like Gecko; compatible; GPTBot/1.4; +https://openai.com/gptbot)"
51.89.59.41 - - [14/Sep/2026:22:45:05 +0600] "GET /%E0%A6%8F%E0%A6%B6%E0%A6%BF%E0%A6%AF%E0%A6%BC%E0%A6%BE-%E0%A6%95%E0%A6%BE%E0%A6%AA%E0%A7%87%E0%A6%B0-%E0%A6%9F%E0%A7%8D%E0%A6%B0%E0%A6%AB%E0%A6%BF-%E0%A6%A8%E0%A6%BE-%E0%A6%A8%E0%A7%87%E0%A6%93/ HTTP/1.1" 200 15870 "-" "Mozilla/5.0 (compatible; AhrefsBot/7.0; +http://ahrefs.com/robot/)"
74.7.243.200 - - [14/Sep/2026:22:45:14 +0600] "GET /wp-json/oembed/1.0/embed?format=xml&url=http%3A%2F%2Fbangladaily.online%2F%25e0%25a6%2589%25e0%25a6%25a4%25e0%25a7%258d%25e0%25a6%25a4%25e0%25a6%25b0-%25e0%25a6%2595%25e0%25a7%258b%25e0%25a6%25b0%25e0%25a6%25bf%25e0%25a6%25af%25e0%25a6%25bc%25e0%25a6%25be%25e0%25a6%25b0-%25e0%25a6%25ac%25e0%25a6%25bf%25e0%25a6%25aa%25e0%25a6%2595%25e0%25a7%258d%25e0%25a6%25b7%25e0%25a7%2587-%25e0%25a7%25a7%2F HTTP/1.1" 429 0 "http://bangladaily.online/%e0%a6%89%e0%a6%a4%e0%a7%8d%e0%a6%a4%e0%a6%b0-%e0%a6%95%e0%a7%8b%e0%a6%b0%e0%a6%bf%e0%a6%af%e0%a6%bc%e0%a6%be%e0%a6%b0-%e0%a6%ac%e0%a6%bf%e0%a6%aa%e0%a6%95%e0%a7%8d%e0%a6%b7%e0%a7%87-%e0%a7%a7/" "Mozilla/5.0 AppleWebKit/537.36 (KHTML, like Gecko; compatible; GPTBot/1.4; +https://openai.com/gptbot)"
51.89.74.207 - - [14/Sep/2026:22:45:37 +0600] "GET /wp-content/uploads/2026/09/ai-mttuh1pnp75q2ok-20260909144127-300x156.jpg HTTP/1.1" 200 8242 "-" "Mozilla/5.0 (compatible; AhrefsBot/7.0; +http://ahrefs.com/robot/)"
51.89.59.45 - - [14/Sep/2026:22:45:46 +0600] "GET /%E0%A6%96%E0%A7%81%E0%A6%B2%E0%A6%A8%E0%A6%BE-%E0%A6%AC%E0%A6%BF%E0%A6%B6%E0%A7%8D%E0%A6%AC%E0%A6%AC%E0%A6%BF%E0%A6%A6%E0%A7%8D%E0%A6%AF%E0%A6%BE%E0%A6%B2%E0%A6%AF%E0%A6%BC%E0%A7%87-%E0%A6%AA%E0%A7%8D/ HTTP/1.1" 200 16173 "-" "Mozilla/5.0 (compatible; AhrefsBot/7.0; +http://ahrefs.com/robot/)"
116.202.222.251 - - [14/Sep/2026:22:46:03 +0600] "GET /?wp_automatic=cron HTTP/1.1" 200 1567 "-" "curl/7.61.1"
74.7.243.200 - - [14/Sep/2026:22:46:04 +0600] "GET /wp-content/uploads/2026/09/6aa286ca8de8117890362346aa286ca8de85-768x503.jpg HTTP/1.1" 200 54280 "http://bangladaily.online/wp-json/oembed/1.0/embed?format=xml&url=http%3A%2F%2Fbangladaily.online%2F%25e0%25a6%25ad%25e0%25a7%2587%25e0%25a6%25a8%25e0%25a6%25bf%25e0%25a6%25b8%25e0%25a7%2587-%25e0%25a6%25ac%25e0%25a6%25be%25e0%25a6%2581%25e0%25a6%25a7%25e0%25a6%25a8%25e0%25a7%2587%25e0%25a6%25b0-%25e0%25a6%2593%25e0%25a6%25aa%25e0%25a6%25b0-%25e0%25a6%25b9%25e0%25a6%25be%25e0%25a6%25ae%25e0%25a6%25b2%25e0%25a6%25be-2%2F" "Mozilla/5.0 AppleWebKit/537.36 (KHTML, like Gecko; compatible; GPTBot/1.4; +https://openai.com/gptbot)"
85.208.96.201 - - [14/Sep/2026:22:46:04 +0600] "GET /category/%E0%A6%B8%E0%A6%B0%E0%A7%8D%E0%A6%AC%E0%A6%B6%E0%A7%87%E0%A6%B7/page/206/ HTTP/1.1" 200 18988 "-" "Mozilla/5.0 (compatible; SemrushBot/7~bl; +http://www.semrush.com/bot.html)"
51.89.59.44 - - [14/Sep/2026:22:46:11 +0600] "GET /wp-content/uploads/2026/09/6aa79f171d92a17893701356aa79f171d93b.jpg HTTP/1.1" 200 118853 "-" "Mozilla/5.0 (compatible; AhrefsBot/7.0; +http://ahrefs.com/robot/)"
74.7.243.200 - - [14/Sep/2026:22:46:17 +0600] "GET /wp-content/uploads/2026/09/og_1789390444_6aa7ee6c76008.jpeg HTTP/1.1" 200 26482 "http://bangladaily.online/wp-json/oembed/1.0/embed?format=xml&url=http%3A%2F%2Fbangladaily.online%2F%25e0%25a6%25aa%25e0%25a6%25b2%25e0%25a7%258d%25e0%25a6%25b2%25e0%25a6%25ac%25e0%25a7%2580%25e0%25a6%25a4%25e0%25a7%2587-%25e0%25a6%25ac%25e0%25a6%25b8%25e0%25a7%258d%25e0%25a6%25a4%25e0%25a6%25be%25e0%25a6%25ac%25e0%25a6%25a8%25e0%25a7%258d%25e0%25a6%25a6%25e0%25a6%25bf%25e0%25a6%25b0-%25e0%25a6%25ad%25e0%25a6%25bf%25e0%25a6%25a1%2F" "Mozilla/5.0 AppleWebKit/537.36 (KHTML, like Gecko; compatible; GPTBot/1.4; +https://openai.com/gptbot)"
116.202.222.251 - - [14/Sep/2026:22:46:27 +0600] "POST /wp-cron.php?doing_wp_cron=1789404387.6777620315551757812500 HTTP/1.1" 200 0 "-" "WordPress/7.1; http://bangladaily.online"
51.89.38.137 - - [14/Sep/2026:22:46:26 +0600] "GET /%E0%A6%AC%E0%A6%A6%E0%A6%B2%E0%A6%BF%E0%A6%B0-%E0%A6%9C%E0%A6%A8%E0%A7%8D%E0%A6%AF-%E0%A7%A7%E0%A7%A9%E0%A7%AC%E0%A7%AD%E0%A7%AD-%E0%A6%B6%E0%A6%BF%E0%A6%95%E0%A7%8D%E0%A6%B7%E0%A6%95%E0%A7%87/ HTTP/1.1" 200 14490 "-" "Mozilla/5.0 (compatible; AhrefsBot/7.0; +http://ahrefs.com/robot/)"
74.7.243.200 - - [14/Sep/2026:22:46:27 +0600] "GET /wp-json/oembed/1.0/embed?format=xml&url=http%3A%2F%2Fbangladaily.online%2F%25e0%25a6%259c%25e0%25a6%25be%25e0%25a6%25ac%25e0%25a6%25bf%25e0%25a6%25a4%25e0%25a7%2587-%25e0%25a6%25a6%25e0%25a7%258b%25e0%25a6%2595%25e0%25a6%25be%25e0%25a6%25a8-%25e0%25a6%25a6%25e0%25a6%2596%25e0%25a6%25b2-%25e0%25a6%25a8%25e0%25a6%25bf%25e0%25a6%25af%25e0%25a6%25bc%25e0%25a7%2587-%25e0%25a6%25a6%25e0%25a7%2581%2F HTTP/1.1" 200 1334 "http://bangladaily.online/%e0%a6%9c%e0%a6%be%e0%a6%ac%e0%a6%bf%e0%a6%a4%e0%a7%87-%e0%a6%a6%e0%a7%8b%e0%a6%95%e0%a6%be%e0%a6%a8-%e0%a6%a6%e0%a6%96%e0%a6%b2-%e0%a6%a8%e0%a6%bf%e0%a6%af%e0%a6%bc%e0%a7%87-%e0%a6%a6%e0%a7%81/" "Mozilla/5.0 AppleWebKit/537.36 (KHTML, like Gecko; compatible; GPTBot/1.4; +https://openai.com/gptbot)"
74.7.243.200 - - [14/Sep/2026:22:46:35 +0600] "GET /wp-json/oembed/1.0/embed?format=xml&url=http%3A%2F%2Fbangladaily.online%2F%25e0%25a6%2585%25e0%25a6%25ae%25e0%25a6%25bf%25e0%25a6%25a4%25e0%25a6%25be%25e0%25a6%25ad-%25e0%25a6%25ac%25e0%25a6%259a%25e0%25a7%258d%25e0%25a6%259a%25e0%25a6%25a8%25e0%25a7%2587%25e0%25a6%25b0-%25e0%25a6%25ae%25e0%25a6%25a8%25e0%25a7%2587-%25e0%25a6%25b0%25e0%25a6%25af%25e0%25a6%25bc%25e0%25a7%2587-%25e0%25a6%2597%2F HTTP/1.1" 429 0 "http://bangladaily.online/%e0%a6%85%e0%a6%ae%e0%a6%bf%e0%a6%a4%e0%a6%be%e0%a6%ad-%e0%a6%ac%e0%a6%9a%e0%a7%8d%e0%a6%9a%e0%a6%a8%e0%a7%87%e0%a6%b0-%e0%a6%ae%e0%a6%a8%e0%a7%87-%e0%a6%b0%e0%a6%af%e0%a6%bc%e0%a7%87-%e0%a6%97/" "Mozilla/5.0 AppleWebKit/537.36 (KHTML, like Gecko; compatible; GPTBot/1.4; +https://openai.com/gptbot)"
85.208.96.195 - - [14/Sep/2026:22:44:17 +0600] "GET /%E0%A6%AE%E0%A6%AF%E0%A6%BC%E0%A6%AE%E0%A6%A8%E0%A6%B8%E0%A6%BF%E0%A6%82%E0%A6%B9%E0%A7%87%E0%A6%B0-%E0%A6%AD%E0%A7%87%E0%A6%9F%E0%A7%87%E0%A6%B0%E0%A6%BF%E0%A6%A8%E0%A6%BE%E0%A6%B0%E0%A6%BF-%E0%A6%B6/ HTTP/1.1" 200 19078 "-" "Mozilla/5.0 (compatible; SemrushBot/7~bl; +http://www.semrush.com/bot.html)"
185.191.171.11 - - [14/Sep/2026:22:44:20 +0600] "GET /%E0%A6%87%E0%A6%B8%E0%A6%B2%E0%A6%BE%E0%A6%AE%E0%A6%BE%E0%A6%AC%E0%A6%BE%E0%A6%A6%E0%A7%87-%E0%A6%88%E0%A6%A6%E0%A7%87-%E0%A6%AE%E0%A6%BF%E0%A6%B2%E0%A6%BE%E0%A6%A6%E0%A7%81%E0%A6%A8%E0%A7%8D%E0%A6%A8/ HTTP/1.1" 200 19401 "-" "Mozilla/5.0 (compatible; SemrushBot/7~bl; +http://www.semrush.com/bot.html)"
