51.89.72.5 - - [15/Sep/2026:00:10:39 +0600] "GET /wp-content/uploads/2026/09/og_1789402239_6aa81c800039c-300x156.jpeg HTTP/1.1" 200 14860 "-" "Mozilla/5.0 (compatible; AhrefsBot/7.0; +http://ahrefs.com/robot/)"
51.89.38.137 - - [15/Sep/2026:00:10:40 +0600] "GET /wp-content/uploads/2026/09/6aa7cf43df5aa17893824676aa7cf43df5ad.jpg HTTP/1.1" 200 172597 "-" "Mozilla/5.0 (compatible; AhrefsBot/7.0; +http://ahrefs.com/robot/)"
51.89.69.108 - - [15/Sep/2026:00:10:41 +0600] "GET /wp-content/uploads/2026/09/sn-wn-20260914234830-300x156.jpg HTTP/1.1" 200 11344 "-" "Mozilla/5.0 (compatible; AhrefsBot/7.0; +http://ahrefs.com/robot/)"
135.181.213.219 - - [15/Sep/2026:00:10:44 +0600] "GET /%E0%A6%87%E0%A6%AF%E0%A6%BC%E0%A6%BE%E0%A6%AE%E0%A6%BE%E0%A6%B2%E0%A7%87%E0%A6%B0-%E0%A6%85%E0%A6%AC%E0%A6%BF%E0%A6%B6%E0%A7%8D%E0%A6%AC%E0%A6%BE%E0%A6%B8%E0%A7%8D%E0%A6%AF-%E0%A6%B0%E0%A7%87%E0%A6%95/ HTTP/1.1" 200 16932 "-" "Mozilla/5.0 (compatible; MJ12bot/v1.4.8; http://mj12bot.com/)"
135.181.213.219 - - [15/Sep/2026:00:10:53 +0600] "GET /%E0%A6%9A%E0%A6%AC%E0%A6%BF%E0%A6%B0-%E0%A6%B8%E0%A7%8B%E0%A6%B9%E0%A6%B0%E0%A6%BE%E0%A6%93%E0%A6%AF%E0%A6%BC%E0%A6%BE%E0%A6%B0%E0%A7%8D%E0%A6%A6%E0%A7%80-%E0%A6%B9%E0%A6%B2-%E0%A6%AA%E0%A7%8D/ HTTP/1.1" 200 15421 "-" "Mozilla/5.0 (compatible; MJ12bot/v1.4.8; http://mj12bot.com/)"
135.181.213.219 - - [15/Sep/2026:00:11:01 +0600] "GET /%E0%A6%A6%E0%A7%87%E0%A6%AC%E0%A6%BE%E0%A6%B6%E0%A7%80%E0%A6%B7-%E0%A6%A6%E0%A6%A4%E0%A7%8D%E0%A6%A4%E0%A7%87%E0%A6%B0-%E0%A6%AA%E0%A6%B0%E0%A6%BF%E0%A6%AC%E0%A6%BE%E0%A6%B0%E0%A7%87%E0%A6%B0/ HTTP/1.1" 200 15908 "-" "Mozilla/5.0 (compatible; MJ12bot/v1.4.8; http://mj12bot.com/)"
185.191.171.4 - - [15/Sep/2026:00:11:10 +0600] "GET /%E0%A6%95%E0%A6%B0-%E0%A6%A6%E0%A7%87%E0%A6%93%E0%A6%AF%E0%A6%BC%E0%A6%BE%E0%A6%B0-%E0%A6%95%E0%A7%8D%E0%A6%B7%E0%A7%87%E0%A6%A4%E0%A7%8D%E0%A6%B0%E0%A7%87-%E0%A6%AE%E0%A6%BE%E0%A6%A8%E0%A7%81/ HTTP/1.1" 200 20855 "-" "Mozilla/5.0 (compatible; SemrushBot/7~bl; +http://www.semrush.com/bot.html)"
135.181.213.219 - - [15/Sep/2026:00:11:11 +0600] "GET /%E0%A6%AB%E0%A7%87%E0%A6%A8%E0%A7%80%E0%A6%A4%E0%A7%87-%E0%A6%AD%E0%A6%BE%E0%A6%B0%E0%A6%A4%E0%A7%80%E0%A6%AF%E0%A6%BC-%E0%A6%B6%E0%A6%BE%E0%A6%A1%E0%A6%BC%E0%A6%BF-%E0%A6%B2%E0%A7%87%E0%A6%B9/ HTTP/1.1" 200 15990 "-" "Mozilla/5.0 (compatible; MJ12bot/v1.4.8; http://mj12bot.com/)"
135.181.213.219 - - [15/Sep/2026:00:11:14 +0600] "GET /%E0%A6%AB%E0%A7%87%E0%A6%B8%E0%A6%93%E0%A6%AF%E0%A6%BC%E0%A6%BE%E0%A6%B6-%E0%A6%93-%E0%A6%95%E0%A7%8D%E0%A6%B2%E0%A6%BF%E0%A6%A8%E0%A6%9C%E0%A6%BE%E0%A6%B0-%E0%A6%8F%E0%A6%95-%E0%A6%A8%E0%A6%AF/ HTTP/1.1" 200 17760 "-" "Mozilla/5.0 (compatible; MJ12bot/v1.4.8; http://mj12bot.com/)"
135.181.213.219 - - [15/Sep/2026:00:11:31 +0600] "GET /%E0%A6%AE%E0%A7%87%E0%A6%B8%E0%A6%BF%E0%A6%B0-%E0%A6%85%E0%A6%AC%E0%A6%B8%E0%A6%B0%E0%A7%87-%E0%A6%B0%E0%A7%8B%E0%A6%95%E0%A7%81%E0%A6%9C%E0%A7%8D%E0%A6%9C%E0%A7%8B%E0%A6%B0-%E0%A6%86%E0%A6%AC/ HTTP/1.1" 200 17026 "-" "Mozilla/5.0 (compatible; MJ12bot/v1.4.8; http://mj12bot.com/)"
135.181.213.219 - - [15/Sep/2026:00:11:48 +0600] "GET /%E0%A6%B9%E0%A6%A4%E0%A7%8D%E0%A6%AF%E0%A6%BE%E0%A6%95%E0%A6%BE%E0%A6%A3%E0%A7%8D%E0%A6%A1-%E0%A6%AC%E0%A7%87%E0%A6%A1%E0%A6%BC%E0%A7%87%E0%A6%9B%E0%A7%87-%E0%A6%B8%E0%A7%8D%E0%A6%AC%E0%A7%80/ HTTP/1.1" 200 19192 "-" "Mozilla/5.0 (compatible; MJ12bot/v1.4.8; http://mj12bot.com/)"
170.106.73.216 - - [15/Sep/2026:00:11:52 +0600] "GET /2026/08/?path=%2Fhome%2Fbanglad4%2Fpublic_html%2Fcgi-bin HTTP/1.1" 301 905 "-" "Mozilla/5.0 (iPhone; CPU iPhone OS 13_2_3 like Mac OS X) AppleWebKit/605.1.15 (KHTML, like Gecko) Version/13.0.3 Mobile/15E148 Safari/604.1"
170.106.73.216 - - [15/Sep/2026:00:11:56 +0600] "GET / HTTP/1.1" 200 27911 "http://bangladaily.online/2026/08/?path=%2Fhome%2Fbanglad4%2Fpublic_html%2Fcgi-bin" "Mozilla/5.0 (iPhone; CPU iPhone OS 13_2_3 like Mac OS X) AppleWebKit/605.1.15 (KHTML, like Gecko) Version/13.0.3 Mobile/15E148 Safari/604.1"
135.181.213.219 - - [15/Sep/2026:00:12:03 +0600] "GET /category/%E0%A6%B0%E0%A6%BE%E0%A6%9C%E0%A6%A8%E0%A7%80%E0%A6%A4%E0%A6%BF/ HTTP/1.1" 200 16091 "-" "Mozilla/5.0 (compatible; MJ12bot/v1.4.8; http://mj12bot.com/)"
135.181.213.219 - - [15/Sep/2026:00:12:08 +0600] "GET /category/%E0%A6%B6%E0%A6%BF%E0%A6%B2%E0%A7%8D%E0%A6%AA-%E0%A6%93-%E0%A6%B8%E0%A6%BE%E0%A6%B9%E0%A6%BF%E0%A6%A4%E0%A7%8D%E0%A6%AF/ HTTP/1.1" 200 16054 "-" "Mozilla/5.0 (compatible; MJ12bot/v1.4.8; http://mj12bot.com/)"
135.181.213.219 - - [15/Sep/2026:00:12:13 +0600] "GET /category/%E0%A6%B8%E0%A6%B0%E0%A7%8D%E0%A6%AC%E0%A6%B6%E0%A7%87%E0%A6%B7/ HTTP/1.1" 200 15721 "-" "Mozilla/5.0 (compatible; MJ12bot/v1.4.8; http://mj12bot.com/)"
51.89.38.130 - - [15/Sep/2026:00:12:15 +0600] "GET /%E0%A6%A8%E0%A6%AF%E0%A6%BC%E0%A6%BE%E0%A6%A6%E0%A6%BF%E0%A6%B2%E0%A7%8D%E0%A6%B2%E0%A6%BF-%E0%A6%98%E0%A7%8B%E0%A6%B7%E0%A6%A3%E0%A6%BE%E0%A6%AA%E0%A6%A4%E0%A7%8D%E0%A6%B0%E0%A7%87-%E0%A6%B8%E0%A6%A8/ HTTP/1.1" 200 20215 "-" "Mozilla/5.0 (compatible; AhrefsBot/7.0; +http://ahrefs.com/robot/)"
135.181.213.219 - - [15/Sep/2026:00:12:28 +0600] "GET /%E0%A6%8F%E0%A6%86%E0%A6%87-%E0%A6%AC%E0%A7%8D%E0%A6%AF%E0%A6%AC%E0%A6%B9%E0%A6%BE%E0%A6%B0-%E0%A6%95%E0%A6%B0%E0%A7%87-%E0%A6%86%E0%A6%A6%E0%A6%BE%E0%A6%B2%E0%A6%A4%E0%A7%87%E0%A6%B0-%E0%A6%B0/ HTTP/1.1" 200 16869 "-" "Mozilla/5.0 (compatible; MJ12bot/v1.4.8; http://mj12bot.com/)"
116.202.222.251 - - [15/Sep/2026:00:14:03 +0600] "GET /?wp_automatic=cron HTTP/1.1" 200 7072 "-" "curl/7.61.1"
59.125.102.227 - - [15/Sep/2026:00:14:24 +0600] "GET /wp-json/wp/v2/users HTTP/1.1" 200 1917 "-" "Mozilla/5.0 (Windows NT 10.0; Win64; x64; rv:76.0) Gecko/20100101 Firefox/76.0"
59.125.102.227 - - [15/Sep/2026:00:14:27 +0600] "GET /?author=1 HTTP/1.1" 200 1574 "-" "Mozilla/5.0 (Windows NT 10.0; Win64; x64; rv:51.0) Gecko/20100101 Firefox/51.0"
59.125.102.227 - - [15/Sep/2026:00:14:28 +0600] "GET /?author=2 HTTP/1.1" 200 11712 "-" "Mozilla/5.0 (Windows NT 10.0; Win64; x64; rv:68.0) Gecko/20100101 Firefox/68.0"
185.191.171.16 - - [15/Sep/2026:00:14:30 +0600] "GET /%E0%A6%86%E0%A6%9C%E0%A6%95%E0%A7%87%E0%A6%B0-%E0%A6%AE%E0%A7%81%E0%A6%A6%E0%A7%8D%E0%A6%B0%E0%A6%BE%E0%A6%B0-%E0%A6%B0%E0%A7%87%E0%A6%9F-%E0%A6%95%E0%A6%A4-%E0%A6%9C%E0%A6%BE%E0%A6%A8%E0%A7%81/ HTTP/1.1" 200 19486 "-" "Mozilla/5.0 (compatible; SemrushBot/7~bl; +http://www.semrush.com/bot.html)"
116.202.222.251 - - [15/Sep/2026:00:14:33 +0600] "POST /wp-cron.php?doing_wp_cron=1789409673.6723439693450927734375 HTTP/1.1" 200 0 "-" "WordPress/7.1; http://bangladaily.online"
59.125.102.227 - - [15/Sep/2026:00:14:51 +0600] "GET /?author=5 HTTP/1.1" 200 11712 "-" "Mozilla/5.0 (Windows NT 10.0; Win64; x64; rv:61.0) Gecko/20100101 Firefox/61.0"
116.202.222.251 - - [15/Sep/2026:00:11:02 +0600] "GET /?wp_automatic=cron HTTP/1.1" 200 7078 "-" "curl/7.61.1"
135.181.213.219 - - [15/Sep/2026:00:11:06 +0600] "GET /%E0%A6%A8%E0%A6%A4%E0%A7%81%E0%A6%A8-%E0%A6%AA%E0%A7%87-%E0%A6%B8%E0%A7%8D%E0%A6%95%E0%A7%87%E0%A6%B2-%E0%A6%AC%E0%A6%BE%E0%A6%B8%E0%A7%8D%E0%A6%A4%E0%A6%AC%E0%A6%BE%E0%A6%AF%E0%A6%BC%E0%A6%A8/ HTTP/1.1" 200 19424 "-" "Mozilla/5.0 (compatible; MJ12bot/v1.4.8; http://mj12bot.com/)"
135.181.213.219 - - [15/Sep/2026:00:11:19 +0600] "GET /%E0%A6%AC%E0%A6%BF%E0%A6%A6%E0%A7%8D%E0%A6%AF%E0%A7%81%E0%A7%8E-%E0%A6%B8%E0%A6%82%E0%A6%95%E0%A6%9F-%E0%A6%B8%E0%A6%AE%E0%A6%BE%E0%A6%A7%E0%A6%BE%E0%A6%A8%E0%A7%87-%E0%A6%A6%E0%A7%81%E0%A6%87/ HTTP/1.1" 200 18363 "-" "Mozilla/5.0 (compatible; MJ12bot/v1.4.8; http://mj12bot.com/)"
135.181.213.219 - - [15/Sep/2026:00:11:29 +0600] "GET /%E0%A6%AE%E0%A7%87%E0%A6%B8%E0%A6%BF%E0%A6%B0-%E0%A6%85%E0%A6%AC%E0%A6%B8%E0%A6%B0%E0%A7%87%E0%A6%B0-%E0%A6%96%E0%A7%81%E0%A6%81%E0%A6%9F%E0%A6%BF%E0%A6%A8%E0%A6%BE%E0%A6%9F%E0%A6%BF-%E0%A6%A4/ HTTP/1.1" 200 18010 "-" "Mozilla/5.0 (compatible; MJ12bot/v1.4.8; http://mj12bot.com/)"
116.202.222.251 - - [15/Sep/2026:00:11:32 +0600] "POST /wp-cron.php?doing_wp_cron=1789409492.1091248989105224609375 HTTP/1.1" 200 0 "-" "WordPress/7.1; http://bangladaily.online"
116.202.222.251 - - [15/Sep/2026:00:12:02 +0600] "GET /?wp_automatic=cron HTTP/1.1" 200 7052 "-" "curl/7.61.1"
116.202.222.251 - - [15/Sep/2026:00:13:02 +0600] "GET /?wp_automatic=cron HTTP/1.1" 200 7094 "-" "curl/7.61.1"
135.181.213.219 - - [15/Sep/2026:00:13:15 +0600] "GET /%E0%A6%AE%E0%A7%8B%E0%A6%B9%E0%A6%BE%E0%A6%AE%E0%A7%8D%E0%A6%AE%E0%A6%A6%E0%A6%AA%E0%A7%81%E0%A6%B0%E0%A7%87-%E0%A6%85%E0%A6%AA%E0%A6%B0%E0%A6%BE%E0%A6%A7-%E0%A6%A6%E0%A6%AE%E0%A6%A8%E0%A7%87/ HTTP/1.1" 200 16965 "-" "Mozilla/5.0 (compatible; MJ12bot/v1.4.8; http://mj12bot.com/)"
135.181.213.219 - - [15/Sep/2026:00:13:28 +0600] "GET /%E0%A6%B6%E0%A7%87%E0%A6%B7-%E0%A6%AE%E0%A7%81%E0%A6%B9%E0%A7%82%E0%A6%B0%E0%A7%8D%E0%A6%A4%E0%A7%87-%E0%A6%B0%E0%A6%95%E0%A7%8D%E0%A6%B7%E0%A6%BE-%E0%A6%9F%E0%A6%BE%E0%A6%A8%E0%A6%BE-%E0%A6%A6/ HTTP/1.1" 200 16409 "-" "Mozilla/5.0 (compatible; MJ12bot/v1.4.8; http://mj12bot.com/)"
185.191.171.7 - - [15/Sep/2026:00:14:07 +0600] "GET /%E0%A6%8F%E0%A6%95-%E0%A6%B6%E0%A6%BE%E0%A6%A1%E0%A6%BC%E0%A6%BF%E0%A6%A4%E0%A7%87-%E0%A6%AF%E0%A7%87%E0%A6%AD%E0%A6%BE%E0%A6%AC%E0%A7%87-%E0%A6%AA%E0%A7%8D%E0%A6%B0%E0%A6%BE%E0%A6%A3%E0%A7%87/ HTTP/1.1" 200 22335 "-" "Mozilla/5.0 (compatible; SemrushBot/7~bl; +http://www.semrush.com/bot.html)"
51.89.69.99 - - [15/Sep/2026:00:14:15 +0600] "GET /%E0%A6%A1%E0%A6%BE%E0%A6%95%E0%A6%B8%E0%A7%81%E0%A6%B0-%E0%A6%B8%E0%A6%82%E0%A6%97%E0%A7%8D%E0%A6%B0%E0%A6%B9%E0%A6%B6%E0%A6%BE%E0%A6%B2%E0%A6%BE%E0%A6%AF%E0%A6%BC-%E0%A6%9C%E0%A6%BF%E0%A6%A8%E0%A7%8D/ HTTP/1.1" 200 16838 "-" "Mozilla/5.0 (compatible; AhrefsBot/7.0; +http://ahrefs.com/robot/)"
116.202.222.251 - - [15/Sep/2026:00:14:24 +0600] "POST /wp-cron.php?doing_wp_cron=1789409664.6922791004180908203125 HTTP/1.1" 200 0 "-" "WordPress/7.1; http://bangladaily.online"
59.125.102.227 - - [15/Sep/2026:00:14:25 +0600] "GET /wp-json/wp/v2/users?search=xtw HTTP/1.1" 200 1627 "-" "Mozilla/5.0 (Windows NT 10.0; Win64; x64; rv:76.0) Gecko/20100101 Firefox/76.0"
59.125.102.227 - - [15/Sep/2026:00:14:30 +0600] "GET /?author=3 HTTP/1.1" 200 11712 "-" "Mozilla/5.0 (Windows NT 10.0; Win64; x64; rv:41.0) Gecko/20100101 Firefox/41.0"
59.125.102.227 - - [15/Sep/2026:00:14:33 +0600] "GET /?author=4 HTTP/1.1" 200 11712 "-" "Mozilla/5.0 (Windows NT 10.0; Win64; x64; rv:84.0) Gecko/20100101 Firefox/84.0"
59.125.102.227 - - [15/Sep/2026:00:14:52 +0600] "GET /?author=6 HTTP/1.1" 200 11712 "-" "Mozilla/5.0 (Windows NT 10.0; Win64; x64; rv:68.0) Gecko/20100101 Firefox/68.0"
59.125.102.227 - - [15/Sep/2026:00:14:54 +0600] "GET /?author=7 HTTP/1.1" 200 11712 "-" "Mozilla/5.0 (Windows NT 10.0; Win64; x64; rv:95.0) Gecko/20100101 Firefox/95.0"
51.89.69.47 - - [15/Sep/2026:00:14:55 +0600] "GET /%E0%A6%AA%E0%A6%AF%E0%A6%BC%E0%A7%87%E0%A6%A8%E0%A7%8D%E0%A6%9F-%E0%A6%B9%E0%A6%BE%E0%A6%B0%E0%A6%BF%E0%A6%AF%E0%A6%BC%E0%A7%87-%E0%A6%9F%E0%A7%87%E0%A6%B8%E0%A7%8D%E0%A6%9F-%E0%A6%B0/ HTTP/1.1" 200 16915 "-" "Mozilla/5.0 (compatible; AhrefsBot/7.0; +http://ahrefs.com/robot/)"
116.202.222.251 - - [15/Sep/2026:00:15:03 +0600] "GET /?wp_automatic=cron HTTP/1.1" 200 7074 "-" "curl/7.61.1"
59.125.102.227 - - [15/Sep/2026:00:15:13 +0600] "GET /?author=8 HTTP/1.1" 200 11712 "-" "Mozilla/5.0 (Windows NT 10.0; Win64; x64; rv:48.0) Gecko/20100101 Firefox/48.0"
59.125.102.227 - - [15/Sep/2026:00:15:15 +0600] "GET /?author=9 HTTP/1.1" 200 11712 "-" "Mozilla/5.0 (Windows NT 10.0; Win64; x64; rv:65.0) Gecko/20100101 Firefox/65.0"
59.125.102.227 - - [15/Sep/2026:00:15:32 +0600] "GET /?author=10 HTTP/1.1" 200 11712 "-" "Mozilla/5.0 (Windows NT 10.0; Win64; x64; rv:93.0) Gecko/20100101 Firefox/93.0"
51.89.83.53 - - [15/Sep/2026:00:15:46 +0600] "GET /wp-content/uploads/2026/09/og_1789381005_6aa7c98ddadda.jpeg HTTP/1.1" 200 53192 "-" "Mozilla/5.0 (compatible; AhrefsBot/7.0; +http://ahrefs.com/robot/)"
51.89.74.193 - - [15/Sep/2026:00:15:49 +0600] "GET /wp-content/uploads/2026/09/6aa7eb76e7f0d17893896866aa7eb76e7f28.jpg HTTP/1.1" 200 113579 "-" "Mozilla/5.0 (compatible; AhrefsBot/7.0; +http://ahrefs.com/robot/)"
59.125.102.227 - - [15/Sep/2026:00:15:51 +0600] "GET /?author=12 HTTP/1.1" 200 11712 "-" "Mozilla/5.0 (Windows NT 10.0; Win64; x64; rv:88.0) Gecko/20100101 Firefox/88.0"
59.125.102.227 - - [15/Sep/2026:00:15:53 +0600] "GET /?author=13 HTTP/1.1" 200 11712 "-" "Mozilla/5.0 (Windows NT 10.0; Win64; x64; rv:85.0) Gecko/20100101 Firefox/85.0"
59.125.102.227 - - [15/Sep/2026:00:15:54 +0600] "GET /?author=14 HTTP/1.1" 200 11712 "-" "Mozilla/5.0 (Windows NT 10.0; Win64; x64; rv:87.0) Gecko/20100101 Firefox/87.0"
116.202.222.251 - - [15/Sep/2026:00:16:02 +0600] "GET /?wp_automatic=cron HTTP/1.1" 200 7075 "-" "curl/7.61.1"
51.89.69.102 - - [15/Sep/2026:00:16:03 +0600] "GET /%E0%A6%AC%E0%A6%BF%E0%A6%AE%E0%A6%BE-%E0%A6%96%E0%A6%BE%E0%A6%A4%E0%A7%87-%E0%A6%AC%E0%A6%95%E0%A7%87%E0%A6%AF%E0%A6%BC%E0%A6%BE-%E0%A6%A6%E0%A6%BE%E0%A6%AC%E0%A6%BF-%E0%A7%AD-%E0%A6%B9%E0%A6%BE/ HTTP/1.1" 200 17435 "-" "Mozilla/5.0 (compatible; AhrefsBot/7.0; +http://ahrefs.com/robot/)"
59.125.102.227 - - [15/Sep/2026:00:16:11 +0600] "GET /?author=15 HTTP/1.1" 200 11712 "-" "Mozilla/5.0 (Windows NT 10.0; Win64; x64; rv:50.0) Gecko/20100101 Firefox/50.0"
51.89.69.109 - - [15/Sep/2026:00:17:07 +0600] "GET /%E0%A7%AC%E0%A7%A6-%E0%A6%95%E0%A6%BF%E0%A6%B2%E0%A7%8B%E0%A6%AE%E0%A6%BF%E0%A6%9F%E0%A6%BE%E0%A6%B0-%E0%A6%AC%E0%A7%87%E0%A6%97%E0%A7%87-%E0%A6%9D%E0%A6%A1%E0%A6%BC%E0%A7%87%E0%A6%B0-%E0%A6%86/ HTTP/1.1" 200 16176 "-" "Mozilla/5.0 (compatible; AhrefsBot/7.0; +http://ahrefs.com/robot/)"
116.202.222.251 - - [15/Sep/2026:00:18:02 +0600] "GET /?wp_automatic=cron HTTP/1.1" 200 7108 "-" "curl/7.61.1"
116.202.222.251 - - [15/Sep/2026:00:15:32 +0600] "POST /wp-cron.php?doing_wp_cron=1789409732.9797530174255371093750 HTTP/1.1" 200 0 "-" "WordPress/7.1; http://bangladaily.online"
59.125.102.227 - - [15/Sep/2026:00:15:34 +0600] "GET /?author=11 HTTP/1.1" 200 11712 "-" "Mozilla/5.0 (Windows NT 10.0; Win64; x64; rv:62.0) Gecko/20100101 Firefox/62.0"
185.191.171.12 - - [15/Sep/2026:00:15:41 +0600] "GET /%E0%A6%A8%E0%A7%8C%E0%A6%AC%E0%A6%BE%E0%A6%B9%E0%A6%BF%E0%A6%A8%E0%A7%80%E0%A6%B0-%E0%A6%A8%E0%A6%BF%E0%A6%AF%E0%A6%BC%E0%A7%8B%E0%A6%97-%E0%A6%AC%E0%A6%BF%E0%A6%9C%E0%A7%8D%E0%A6%9E%E0%A6%AA%E0%A7%8D/ HTTP/1.1" 200 20978 "-" "Mozilla/5.0 (compatible; SemrushBot/7~bl; +http://www.semrush.com/bot.html)"
51.89.59.37 - - [15/Sep/2026:00:16:08 +0600] "GET /wp-content/uploads/2026/09/6aa7db31c63d017893855216aa7db31c63d4.jpg HTTP/1.1" 200 108241 "-" "Mozilla/5.0 (compatible; AhrefsBot/7.0; +http://ahrefs.com/robot/)"
116.202.222.251 - - [15/Sep/2026:00:17:04 +0600] "GET /wp-content/uploads/2026/09/rizvi-mu128hm60vfczkg-20260914155050.jpg HTTP/1.1" 200 49026 "http://cdn.jagonews24.com" "Mozilla/5.0 (Macintosh; Intel Mac OS X 10_15_7) AppleWebKit/537.36 (KHTML, like Gecko) Chrome/107.0.0.0 Safari/537.36"
116.202.222.251 - - [15/Sep/2026:00:17:04 +0600] "POST /wp-cron.php?doing_wp_cron=1789409824.7577879428863525390625 HTTP/1.1" 200 0 "-" "WordPress/7.1; http://bangladaily.online"
116.202.222.251 - - [15/Sep/2026:00:17:02 +0600] "GET /?wp_automatic=cron HTTP/1.1" 200 7813 "-" "curl/7.61.1"
116.202.222.251 - - [15/Sep/2026:00:25:03 +0600] "GET /?wp_automatic=cron HTTP/1.1" 200 12675 "-" "curl/7.61.1"
185.191.171.16 - - [15/Sep/2026:00:25:14 +0600] "GET /%E0%A6%86%E0%A6%AE%E0%A6%BE%E0%A6%A6%E0%A7%87%E0%A6%B0-%E0%A6%A2%E0%A6%BE%E0%A6%95%E0%A6%BE%E0%A6%AF%E0%A6%BC-%E0%A6%97%E0%A6%BF%E0%A6%AF%E0%A6%BC%E0%A7%87-%E0%A6%9A%E0%A6%BE%E0%A6%95/ HTTP/1.1" 200 21234 "-" "Mozilla/5.0 (compatible; SemrushBot/7~bl; +http://www.semrush.com/bot.html)"
116.202.222.251 - - [15/Sep/2026:00:25:06 +0600] "POST /wp-cron.php?doing_wp_cron=1789410306.8425800800323486328125 HTTP/1.1" 200 0 "-" "WordPress/7.1; http://bangladaily.online"
116.202.222.251 - - [15/Sep/2026:00:19:32 +0600] "POST /wp-cron.php?doing_wp_cron=1789409972.2559490203857421875000 HTTP/1.1" 200 0 "-" "WordPress/7.1; http://bangladaily.online"
51.89.38.143 - - [15/Sep/2026:00:19:31 +0600] "GET /%E0%A6%AF%E0%A7%87%E0%A6%AD%E0%A6%BE%E0%A6%AC%E0%A7%87-%E0%A6%AD%E0%A6%BE%E0%A6%A4-%E0%A6%96%E0%A7%87%E0%A6%B2%E0%A7%87-%E0%A6%AD%E0%A7%81%E0%A6%81%E0%A6%A1%E0%A6%BC%E0%A6%BF-%E0%A6%AC%E0%A6%BE/ HTTP/1.1" 200 17918 "-" "Mozilla/5.0 (compatible; AhrefsBot/7.0; +http://ahrefs.com/robot/)"
85.208.96.195 - - [15/Sep/2026:00:19:56 +0600] "GET /%E0%A6%B8%E0%A7%8C%E0%A6%A6%E0%A6%BF-%E0%A6%A4%E0%A7%87%E0%A6%B2-%E0%A6%AA%E0%A6%BE%E0%A6%87%E0%A6%AA%E0%A6%B2%E0%A6%BE%E0%A6%87%E0%A6%A8%E0%A7%87-%E0%A6%B9%E0%A6%BE%E0%A6%AE%E0%A6%B2%E0%A6%BE/ HTTP/1.1" 200 20042 "-" "Mozilla/5.0 (compatible; SemrushBot/7~bl; +http://www.semrush.com/bot.html)"
116.202.222.251 - - [15/Sep/2026:00:22:03 +0600] "GET /?wp_automatic=cron HTTP/1.1" 200 7072 "-" "curl/7.61.1"
43.130.34.74 - - [15/Sep/2026:00:22:15 +0600] "GET / HTTP/1.1" 200 27825 "http://bangladaily.online/2026/09/?path=%2Fhome%2Fbanglad4%2Fpublic_html%2Fcgi-bin" "Mozilla/5.0 (iPhone; CPU iPhone OS 13_2_3 like Mac OS X) AppleWebKit/605.1.15 (KHTML, like Gecko) Version/13.0.3 Mobile/15E148 Safari/604.1"
116.202.222.251 - - [15/Sep/2026:00:23:03 +0600] "GET /?wp_automatic=cron HTTP/1.1" 200 7074 "-" "curl/7.61.1"
116.202.222.251 - - [15/Sep/2026:00:24:02 +0600] "GET /?wp_automatic=cron HTTP/1.1" 200 7075 "-" "curl/7.61.1"
116.202.222.251 - - [15/Sep/2026:00:19:02 +0600] "GET /?wp_automatic=cron HTTP/1.1" 200 7076 "-" "curl/7.61.1"
116.202.222.251 - - [15/Sep/2026:00:20:03 +0600] "GET /?wp_automatic=cron HTTP/1.1" 200 7051 "-" "curl/7.61.1"
51.89.39.61 - - [15/Sep/2026:00:20:04 +0600] "GET /%E0%A6%87%E0%A6%AF%E0%A6%BC%E0%A6%BE%E0%A6%AE%E0%A6%BE%E0%A6%B2%E0%A6%95%E0%A7%87-%E0%A6%B8%E0%A6%BE%E0%A6%AC%E0%A7%87%E0%A6%95-%E0%A6%AC%E0%A6%BE%E0%A6%B0%E0%A7%8D%E0%A6%B8%E0%A6%BE-%E0%A6%A4/ HTTP/1.1" 200 16746 "-" "Mozilla/5.0 (compatible; AhrefsBot/7.0; +http://ahrefs.com/robot/)"
116.202.222.251 - - [15/Sep/2026:00:20:33 +0600] "POST /wp-cron.php?doing_wp_cron=1789410033.9581229686737060546875 HTTP/1.1" 200 0 "-" "WordPress/7.1; http://bangladaily.online"
51.89.39.48 - - [15/Sep/2026:00:20:33 +0600] "GET /%E0%A6%A4%E0%A7%80%E0%A6%AC%E0%A7%8D%E0%A6%B0-%E0%A6%AA%E0%A7%8D%E0%A6%B0%E0%A6%AF%E0%A6%BC%E0%A7%8B%E0%A6%9C%E0%A6%A8%E0%A7%87%E0%A6%B0-%E0%A6%B8%E0%A6%AE%E0%A6%AF%E0%A6%BC-%E0%A6%AF%E0%A7%87/ HTTP/1.1" 200 17230 "-" "Mozilla/5.0 (compatible; AhrefsBot/7.0; +http://ahrefs.com/robot/)"
51.89.71.156 - - [15/Sep/2026:00:20:34 +0600] "GET /wp-content/uploads/2026/09/og_1789382084_6aa7cdc4d939e.jpeg HTTP/1.1" 200 36450 "-" "Mozilla/5.0 (compatible; AhrefsBot/7.0; +http://ahrefs.com/robot/)"
116.202.222.251 - - [15/Sep/2026:00:21:02 +0600] "GET /?wp_automatic=cron HTTP/1.1" 200 7093 "-" "curl/7.61.1"
116.202.222.251 - - [15/Sep/2026:00:21:39 +0600] "POST /wp-cron.php?doing_wp_cron=1789410099.1538589000701904296875 HTTP/1.1" 200 0 "-" "WordPress/7.1; http://bangladaily.online"
51.89.72.9 - - [15/Sep/2026:00:21:38 +0600] "GET /%E0%A6%86%E0%A6%AE%E0%A6%BF%E0%A6%B0-%E0%A6%B9%E0%A6%BE%E0%A6%AE%E0%A6%9C%E0%A6%BE%E0%A6%B0-%E0%A6%93%E0%A6%AA%E0%A6%B0-%E0%A6%B9%E0%A6%BE%E0%A6%AE%E0%A6%B2%E0%A6%BE%E0%A6%AF%E0%A6%BC-%E0%A6%89/ HTTP/1.1" 200 16595 "-" "Mozilla/5.0 (compatible; AhrefsBot/7.0; +http://ahrefs.com/robot/)"
43.130.34.74 - - [15/Sep/2026:00:22:11 +0600] "GET /2026/09/?path=%2Fhome%2Fbanglad4%2Fpublic_html%2Fcgi-bin HTTP/1.1" 301 905 "-" "Mozilla/5.0 (iPhone; CPU iPhone OS 13_2_3 like Mac OS X) AppleWebKit/605.1.15 (KHTML, like Gecko) Version/13.0.3 Mobile/15E148 Safari/604.1"
116.202.222.251 - - [15/Sep/2026:00:26:02 +0600] "GET /?wp_automatic=cron HTTP/1.1" 200 7108 "-" "curl/7.61.1"
116.202.222.251 - - [15/Sep/2026:00:26:22 +0600] "POST /wp-cron.php?doing_wp_cron=1789410382.8449010848999023437500 HTTP/1.1" 200 0 "-" "WordPress/7.1; http://bangladaily.online"
116.202.222.251 - - [15/Sep/2026:00:29:02 +0600] "GET /?wp_automatic=cron HTTP/1.1" 200 7094 "-" "curl/7.61.1"
34.72.176.129 - - [15/Sep/2026:00:29:33 +0600] "GET / HTTP/1.1" 200 27768 "-" "Mozilla/5.0 (Windows NT 10.0; Win64; x64) AppleWebKit/537.36 (KHTML, like Gecko) Chrome/125.0.6422.60 Safari/537.36 Edge/12.246"
34.72.176.129 - - [15/Sep/2026:00:29:36 +0600] "GET /wp-content/themes/covernews/assets/bootstrap/css/bootstrap.min.css?ver=7.1 HTTP/1.1" 200 19695 "http://bangladaily.online/" "Mozilla/5.0 (Windows NT 10.0; Win64; x64) AppleWebKit/537.36 (KHTML, like Gecko) Chrome/125.0.6422.60 Safari/537.36 Edge/12.246"
104.197.69.115 - - [15/Sep/2026:00:29:36 +0600] "GET /wp-content/themes/covernews/assets/fonts/css/lato.css?ver=2.1.11 HTTP/1.1" 200 152 "http://bangladaily.online/" "Mozilla/5.0 (Windows NT 10.0; Win64; x64) AppleWebKit/537.36 (KHTML, like Gecko) Chrome/125.0.6422.60 Safari/537.36 Edge/12.246"
34.123.170.104 - - [15/Sep/2026:00:29:36 +0600] "GET /wp-content/themes/covernews/assets/fonts/css/source-sans.css?ver=2.1.11 HTTP/1.1" 200 165 "http://bangladaily.online/" "Mozilla/5.0 (Windows NT 10.0; Win64; x64) AppleWebKit/537.36 (KHTML, like Gecko) Chrome/125.0.6422.60 Safari/537.36 Edge/12.246"
34.72.176.129 - - [15/Sep/2026:00:29:36 +0600] "GET /wp-content/themes/newscircuit/style.css?ver=2.1.11 HTTP/1.1" 200 3972 "http://bangladaily.online/" "Mozilla/5.0 (Windows NT 10.0; Win64; x64) AppleWebKit/537.36 (KHTML, like Gecko) Chrome/125.0.6422.60 Safari/537.36 Edge/12.246"
34.123.170.104 - - [15/Sep/2026:00:29:36 +0600] "GET /wp-content/themes/covernews/assets/icons/style.css?ver=7.1 HTTP/1.1" 200 1544 "http://bangladaily.online/" "Mozilla/5.0 (Windows NT 10.0; Win64; x64) AppleWebKit/537.36 (KHTML, like Gecko) Chrome/125.0.6422.60 Safari/537.36 Edge/12.246"
34.123.170.104 - - [15/Sep/2026:00:29:36 +0600] "GET /wp-content/themes/covernews/assets/slick/css/slick.css?ver=2.1.11 HTTP/1.1" 200 569 "http://bangladaily.online/" "Mozilla/5.0 (Windows NT 10.0; Win64; x64) AppleWebKit/537.36 (KHTML, like Gecko) Chrome/125.0.6422.60 Safari/537.36 Edge/12.246"
34.72.176.129 - - [15/Sep/2026:00:29:36 +0600] "GET /wp-includes/js/jquery/jquery.min.js?ver=3.7.1 HTTP/1.1" 200 30419 "http://bangladaily.online/" "Mozilla/5.0 (Windows NT 10.0; Win64; x64) AppleWebKit/537.36 (KHTML, like Gecko) Chrome/125.0.6422.60 Safari/537.36 Edge/12.246"
34.123.170.104 - - [15/Sep/2026:00:29:36 +0600] "GET /wp-includes/js/jquery/jquery-migrate.min.js?ver=3.4.1 HTTP/1.1" 200 4872 "http://bangladaily.online/" "Mozilla/5.0 (Windows NT 10.0; Win64; x64) AppleWebKit/537.36 (KHTML, like Gecko) Chrome/125.0.6422.60 Safari/537.36 Edge/12.246"
34.123.170.104 - - [15/Sep/2026:00:29:36 +0600] "GET /wp-content/uploads/2026/09/og_1789401951_6aa81b5f3b07d-150x150.jpeg HTTP/1.1" 200 7370 "http://bangladaily.online/" "Mozilla/5.0 (Windows NT 10.0; Win64; x64) AppleWebKit/537.36 (KHTML, like Gecko) Chrome/125.0.6422.60 Safari/537.36 Edge/12.246"
34.123.170.104 - - [15/Sep/2026:00:29:36 +0600] "GET /wp-content/uploads/2026/09/rizvi-mu128hm60vfczkg-20260914155050-150x150.jpg HTTP/1.1" 200 7478 "http://bangladaily.online/" "Mozilla/5.0 (Windows NT 10.0; Win64; x64) AppleWebKit/537.36 (KHTML, like Gecko) Chrome/125.0.6422.60 Safari/537.36 Edge/12.246"
104.197.69.115 - - [15/Sep/2026:00:29:39 +0600] "GET /wp-content/themes/covernews/js/navigation.js?ver=2.1.11 HTTP/1.1" 200 1094 "http://bangladaily.online/" "Mozilla/5.0 (Windows NT 10.0; Win64; x64) AppleWebKit/537.36 (KHTML, like Gecko) Chrome/125.0.6422.60 Safari/537.36 Edge/12.246"
34.72.176.129 - - [15/Sep/2026:00:29:39 +0600] "GET /wp-content/themes/covernews/js/skip-link-focus-fix.js?ver=2.1.11 HTTP/1.1" 200 417 "http://bangladaily.online/" "Mozilla/5.0 (Windows NT 10.0; Win64; x64) AppleWebKit/537.36 (KHTML, like Gecko) Chrome/125.0.6422.60 Safari/537.36 Edge/12.246"
34.123.170.104 - - [15/Sep/2026:00:29:39 +0600] "GET /wp-content/themes/covernews/assets/fonts/lato/lato-regular.woff2 HTTP/1.1" 200 25356 "http://bangladaily.online/wp-content/themes/covernews/assets/fonts/css/lato.css?ver=2.1.11" "Mozilla/5.0 (Windows NT 10.0; Win64; x64) AppleWebKit/537.36 (KHTML, like Gecko) Chrome/125.0.6422.60 Safari/537.36 Edge/12.246"
34.123.170.104 - - [15/Sep/2026:00:29:39 +0600] "GET /wp-content/themes/covernews/assets/fonts/source-sans/source-sans-700.woff2 HTTP/1.1" 200 74736 "http://bangladaily.online/wp-content/themes/covernews/assets/fonts/css/source-sans.css?ver=2.1.11" "Mozilla/5.0 (Windows NT 10.0; Win64; x64) AppleWebKit/537.36 (KHTML, like Gecko) Chrome/125.0.6422.60 Safari/537.36 Edge/12.246"
34.123.170.104 - - [15/Sep/2026:00:29:40 +0600] "GET /wp-content/themes/covernews/assets/fonts/lato/lato-700.woff2 HTTP/1.1" 200 24836 "http://bangladaily.online/wp-content/themes/covernews/assets/fonts/css/lato.css?ver=2.1.11" "Mozilla/5.0 (Windows NT 10.0; Win64; x64) AppleWebKit/537.36 (KHTML, like Gecko) Chrome/125.0.6422.60 Safari/537.36 Edge/12.246"
34.123.170.104 - - [15/Sep/2026:00:29:40 +0600] "GET /wp-content/themes/covernews/assets/jquery-match-height/jquery.matchHeight.min.js?ver=2.1.11 HTTP/1.1" 200 1383 "http://bangladaily.online/" "Mozilla/5.0 (Windows NT 10.0; Win64; x64) AppleWebKit/537.36 (KHTML, like Gecko) Chrome/125.0.6422.60 Safari/537.36 Edge/12.246"
34.72.176.129 - - [15/Sep/2026:00:29:42 +0600] "GET /wp-content/themes/covernews/assets/fixed-header-script.js?ver=2.1.11 HTTP/1.1" 200 792 "http://bangladaily.online/" "Mozilla/5.0 (Windows NT 10.0; Win64; x64) AppleWebKit/537.36 (KHTML, like Gecko) Chrome/125.0.6422.60 Safari/537.36 Edge/12.246"
104.197.69.115 - - [15/Sep/2026:00:29:42 +0600] "GET /wp-content/themes/covernews/assets/slick/js/slick.min.js?ver=2.1.11 HTTP/1.1" 200 11302 "http://bangladaily.online/" "Mozilla/5.0 (Windows NT 10.0; Win64; x64) AppleWebKit/537.36 (KHTML, like Gecko) Chrome/125.0.6422.60 Safari/537.36 Edge/12.246"
34.72.176.129 - - [15/Sep/2026:00:29:42 +0600] "GET /wp-content/themes/covernews/assets/bootstrap/js/bootstrap.min.js?ver=2.1.11 HTTP/1.1" 200 15404 "http://bangladaily.online/" "Mozilla/5.0 (Windows NT 10.0; Win64; x64) AppleWebKit/537.36 (KHTML, like Gecko) Chrome/125.0.6422.60 Safari/537.36 Edge/12.246"
34.72.176.129 - - [15/Sep/2026:00:29:42 +0600] "GET /wp-content/themes/covernews/admin-dashboard/dist/covernews_scripts.build.js?ver=2.1.11 HTTP/1.1" 200 12217 "http://bangladaily.online/" "Mozilla/5.0 (Windows NT 10.0; Win64; x64) AppleWebKit/537.36 (KHTML, like Gecko) Chrome/125.0.6422.60 Safari/537.36 Edge/12.246"
34.72.176.129 - - [15/Sep/2026:00:29:43 +0600] "GET /wp-content/themes/covernews/assets/icons/fonts/aft-icons.ttf?e3nek0 HTTP/1.1" 200 12828 "http://bangladaily.online/wp-content/themes/covernews/assets/icons/style.css?ver=7.1" "Mozilla/5.0 (Windows NT 10.0; Win64; x64) AppleWebKit/537.36 (KHTML, like Gecko) Chrome/125.0.6422.60 Safari/537.36 Edge/12.246"
34.72.176.129 - - [15/Sep/2026:00:29:43 +0600] "GET /wp-content/uploads/2026/08/cropped-Creating_news_website_logo_2K_202608292252-scaled-3-1024x281.jpeg HTTP/1.1" 200 35417 "http://bangladaily.online/" "Mozilla/5.0 (Windows NT 10.0; Win64; x64) AppleWebKit/537.36 (KHTML, like Gecko) Chrome/125.0.6422.60 Safari/537.36 Edge/12.246"
34.72.176.129 - - [15/Sep/2026:00:29:43 +0600] "GET /wp-content/uploads/2026/09/og_1789401951_6aa81b5f3b07d.jpeg HTTP/1.1" 200 29294 "http://bangladaily.online/" "Mozilla/5.0 (Windows NT 10.0; Win64; x64) AppleWebKit/537.36 (KHTML, like Gecko) Chrome/125.0.6422.60 Safari/537.36 Edge/12.246"
34.123.170.104 - - [15/Sep/2026:00:29:43 +0600] "GET /wp-content/uploads/2026/09/rizvi-mu128hm60vfczkg-20260914155050.jpg HTTP/1.1" 200 49026 "http://bangladaily.online/" "Mozilla/5.0 (Windows NT 10.0; Win64; x64) AppleWebKit/537.36 (KHTML, like Gecko) Chrome/125.0.6422.60 Safari/537.36 Edge/12.246"
34.72.176.129 - - [15/Sep/2026:00:29:43 +0600] "GET /wp-content/uploads/2026/09/bnp-2-20260914215258.jpg HTTP/1.1" 200 32206 "http://bangladaily.online/" "Mozilla/5.0 (Windows NT 10.0; Win64; x64) AppleWebKit/537.36 (KHTML, like Gecko) Chrome/125.0.6422.60 Safari/537.36 Edge/12.246"
34.72.176.129 - - [15/Sep/2026:00:29:43 +0600] "GET /wp-content/uploads/2026/09/og_1789402239_6aa81c800039c.jpeg HTTP/1.1" 200 44652 "http://bangladaily.online/" "Mozilla/5.0 (Windows NT 10.0; Win64; x64) AppleWebKit/537.36 (KHTML, like Gecko) Chrome/125.0.6422.60 Safari/537.36 Edge/12.246"
104.197.69.115 - - [15/Sep/2026:00:29:43 +0600] "GET /wp-content/themes/covernews/assets/fonts/source-sans/source-sans-regular.woff2 HTTP/1.1" 200 75084 "http://bangladaily.online/wp-content/themes/covernews/assets/fonts/css/source-sans.css?ver=2.1.11" "Mozilla/5.0 (Windows NT 10.0; Win64; x64) AppleWebKit/537.36 (KHTML, like Gecko) Chrome/125.0.6422.60 Safari/537.36 Edge/12.246"
34.122.147.229 - - [15/Sep/2026:00:29:57 +0600] "GET /wp-content/uploads/2026/09/og_1789401951_6aa81b5f3b07d.jpeg HTTP/1.1" 200 29294 "http://bangladaily.online/" "Mozilla/5.0 (Windows NT 10.0; Win64; x64) AppleWebKit/537.36 (KHTML, like Gecko) Chrome/125.0.6422.60 Safari/537.36 Edge/12.246"
34.122.147.229 - - [15/Sep/2026:00:29:57 +0600] "GET /wp-content/uploads/2026/09/bnp-2-20260914215258.jpg HTTP/1.1" 200 32206 "http://bangladaily.online/" "Mozilla/5.0 (Windows NT 10.0; Win64; x64) AppleWebKit/537.36 (KHTML, like Gecko) Chrome/125.0.6422.60 Safari/537.36 Edge/12.246"
34.122.147.229 - - [15/Sep/2026:00:29:57 +0600] "GET /wp-content/uploads/2026/09/sn-wn-20260914234830.jpg HTTP/1.1" 200 25766 "http://bangladaily.online/" "Mozilla/5.0 (Windows NT 10.0; Win64; x64) AppleWebKit/537.36 (KHTML, like Gecko) Chrome/125.0.6422.60 Safari/537.36 Edge/12.246"
104.197.69.115 - - [15/Sep/2026:00:29:57 +0600] "GET /wp-content/uploads/2026/09/og_1789401951_6aa81b5f3b07d-300x156.jpeg HTTP/1.1" 200 11220 "http://bangladaily.online/" "Mozilla/5.0 (Windows NT 10.0; Win64; x64) AppleWebKit/537.36 (KHTML, like Gecko) Chrome/125.0.6422.60 Safari/537.36 Edge/12.246"
104.197.69.115 - - [15/Sep/2026:00:29:57 +0600] "GET /wp-content/uploads/2026/09/rizvi-mu128hm60vfczkg-20260914155050-300x156.jpg HTTP/1.1" 200 13632 "http://bangladaily.online/" "Mozilla/5.0 (Windows NT 10.0; Win64; x64) AppleWebKit/537.36 (KHTML, like Gecko) Chrome/125.0.6422.60 Safari/537.36 Edge/12.246"
34.123.170.104 - - [15/Sep/2026:00:29:57 +0600] "GET /wp-content/uploads/2026/09/rizvi-mu128hm60vfczkg-20260914155050.jpg HTTP/1.1" 200 49026 "http://bangladaily.online/" "Mozilla/5.0 (Windows NT 10.0; Win64; x64) AppleWebKit/537.36 (KHTML, like Gecko) Chrome/125.0.6422.60 Safari/537.36 Edge/12.246"
34.122.147.229 - - [15/Sep/2026:00:29:57 +0600] "GET /wp-content/uploads/2026/09/bnp-2-20260914215258-300x156.jpg HTTP/1.1" 200 12742 "http://bangladaily.online/" "Mozilla/5.0 (Windows NT 10.0; Win64; x64) AppleWebKit/537.36 (KHTML, like Gecko) Chrome/125.0.6422.60 Safari/537.36 Edge/12.246"
34.122.147.229 - - [15/Sep/2026:00:29:57 +0600] "GET /wp-content/uploads/2026/09/og_1789402239_6aa81c800039c-300x156.jpeg HTTP/1.1" 200 14860 "http://bangladaily.online/" "Mozilla/5.0 (Windows NT 10.0; Win64; x64) AppleWebKit/537.36 (KHTML, like Gecko) Chrome/125.0.6422.60 Safari/537.36 Edge/12.246"
34.122.147.229 - - [15/Sep/2026:00:29:57 +0600] "GET /wp-content/uploads/2026/09/sn-wn-20260914234830-300x156.jpg HTTP/1.1" 200 11344 "http://bangladaily.online/" "Mozilla/5.0 (Windows NT 10.0; Win64; x64) AppleWebKit/537.36 (KHTML, like Gecko) Chrome/125.0.6422.60 Safari/537.36 Edge/12.246"
34.122.147.229 - - [15/Sep/2026:00:29:57 +0600] "GET /wp-content/uploads/2026/09/sn-wn-20260914234830.jpg HTTP/1.1" 200 25766 "http://bangladaily.online/" "Mozilla/5.0 (Windows NT 10.0; Win64; x64) AppleWebKit/537.36 (KHTML, like Gecko) Chrome/125.0.6422.60 Safari/537.36 Edge/12.246"
34.122.147.229 - - [15/Sep/2026:00:29:57 +0600] "GET /wp-content/uploads/2026/09/og_1789402239_6aa81c800039c-150x150.jpeg HTTP/1.1" 200 7772 "http://bangladaily.online/" "Mozilla/5.0 (Windows NT 10.0; Win64; x64) AppleWebKit/537.36 (KHTML, like Gecko) Chrome/125.0.6422.60 Safari/537.36 Edge/12.246"
34.122.147.229 - - [15/Sep/2026:00:29:57 +0600] "GET /wp-content/uploads/2026/09/sn-wn-20260914234830-150x150.jpg HTTP/1.1" 200 6074 "http://bangladaily.online/" "Mozilla/5.0 (Windows NT 10.0; Win64; x64) AppleWebKit/537.36 (KHTML, like Gecko) Chrome/125.0.6422.60 Safari/537.36 Edge/12.246"
104.197.69.115 - - [15/Sep/2026:00:29:57 +0600] "GET /wp-content/uploads/2026/09/bnp-2-20260914215258-150x150.jpg HTTP/1.1" 200 6900 "http://bangladaily.online/" "Mozilla/5.0 (Windows NT 10.0; Win64; x64) AppleWebKit/537.36 (KHTML, like Gecko) Chrome/125.0.6422.60 Safari/537.36 Edge/12.246"
34.123.170.104 - - [15/Sep/2026:00:29:57 +0600] "GET /wp-content/uploads/2026/09/rizvi-mu128hm60vfczkg-20260914155050-150x150.jpg HTTP/1.1" 200 7478 "http://bangladaily.online/" "Mozilla/5.0 (Windows NT 10.0; Win64; x64) AppleWebKit/537.36 (KHTML, like Gecko) Chrome/125.0.6422.60 Safari/537.36 Edge/12.246"
34.122.147.229 - - [15/Sep/2026:00:29:57 +0600] "GET /wp-content/uploads/2026/09/og_1789401951_6aa81b5f3b07d-150x150.jpeg HTTP/1.1" 200 7370 "http://bangladaily.online/" "Mozilla/5.0 (Windows NT 10.0; Win64; x64) AppleWebKit/537.36 (KHTML, like Gecko) Chrome/125.0.6422.60 Safari/537.36 Edge/12.246"
34.122.147.229 - - [15/Sep/2026:00:30:02 +0600] "GET /?action=edit&file=wp-login.php&path=%2Fhome%2Fbanglad4%2Fpublic_html HTTP/1.1" 200 44857 "http://bangladaily.online/" "Mozilla/5.0 (Windows NT 10.0; Win64; x64) AppleWebKit/537.36 (KHTML, like Gecko) Chrome/125.0.6422.60 Safari/537.36 Edge/12.246"
34.122.147.229 - - [15/Sep/2026:00:30:03 +0600] "GET /wp-content/themes/covernews/assets/bootstrap/css/bootstrap.min.css?ver=7.1 HTTP/1.1" 200 19695 "http://bangladaily.online/?action=edit&file=wp-login.php&path=%2Fhome%2Fbanglad4%2Fpublic_html" "Mozilla/5.0 (Windows NT 10.0; Win64; x64) AppleWebKit/537.36 (KHTML, like Gecko) Chrome/125.0.6422.60 Safari/537.36 Edge/12.246"
104.197.69.115 - - [15/Sep/2026:00:30:03 +0600] "GET /wp-content/themes/newscircuit/style.css?ver=2.1.11 HTTP/1.1" 200 3972 "http://bangladaily.online/?action=edit&file=wp-login.php&path=%2Fhome%2Fbanglad4%2Fpublic_html" "Mozilla/5.0 (Windows NT 10.0; Win64; x64) AppleWebKit/537.36 (KHTML, like Gecko) Chrome/125.0.6422.60 Safari/537.36 Edge/12.246"
34.122.147.229 - - [15/Sep/2026:00:30:03 +0600] "GET /wp-content/themes/covernews/assets/fonts/css/source-sans.css?ver=2.1.11 HTTP/1.1" 200 165 "http://bangladaily.online/?action=edit&file=wp-login.php&path=%2Fhome%2Fbanglad4%2Fpublic_html" "Mozilla/5.0 (Windows NT 10.0; Win64; x64) AppleWebKit/537.36 (KHTML, like Gecko) Chrome/125.0.6422.60 Safari/537.36 Edge/12.246"
34.122.147.229 - - [15/Sep/2026:00:30:03 +0600] "GET /wp-content/themes/covernews/assets/fonts/css/lato.css?ver=2.1.11 HTTP/1.1" 200 152 "http://bangladaily.online/?action=edit&file=wp-login.php&path=%2Fhome%2Fbanglad4%2Fpublic_html" "Mozilla/5.0 (Windows NT 10.0; Win64; x64) AppleWebKit/537.36 (KHTML, like Gecko) Chrome/125.0.6422.60 Safari/537.36 Edge/12.246"
34.123.170.104 - - [15/Sep/2026:00:30:03 +0600] "GET /wp-content/themes/covernews/style.css?ver=7.1 HTTP/1.1" 200 38405 "http://bangladaily.online/?action=edit&file=wp-login.php&path=%2Fhome%2Fbanglad4%2Fpublic_html" "Mozilla/5.0 (Windows NT 10.0; Win64; x64) AppleWebKit/537.36 (KHTML, like Gecko) Chrome/125.0.6422.60 Safari/537.36 Edge/12.246"
34.122.147.229 - - [15/Sep/2026:00:30:03 +0600] "GET /wp-content/themes/covernews/assets/slick/css/slick.css?ver=2.1.11 HTTP/1.1" 200 569 "http://bangladaily.online/?action=edit&file=wp-login.php&path=%2Fhome%2Fbanglad4%2Fpublic_html" "Mozilla/5.0 (Windows NT 10.0; Win64; x64) AppleWebKit/537.36 (KHTML, like Gecko) Chrome/125.0.6422.60 Safari/537.36 Edge/12.246"
34.122.147.229 - - [15/Sep/2026:00:30:03 +0600] "GET /wp-includes/js/jquery/jquery-migrate.min.js?ver=3.4.1 HTTP/1.1" 200 4872 "http://bangladaily.online/?action=edit&file=wp-login.php&path=%2Fhome%2Fbanglad4%2Fpublic_html" "Mozilla/5.0 (Windows NT 10.0; Win64; x64) AppleWebKit/537.36 (KHTML, like Gecko) Chrome/125.0.6422.60 Safari/537.36 Edge/12.246"
104.197.69.115 - - [15/Sep/2026:00:30:03 +0600] "GET /wp-content/uploads/2026/09/og_1789401951_6aa81b5f3b07d-150x150.jpeg HTTP/1.1" 200 7370 "http://bangladaily.online/?action=edit&file=wp-login.php&path=%2Fhome%2Fbanglad4%2Fpublic_html" "Mozilla/5.0 (Windows NT 10.0; Win64; x64) AppleWebKit/537.36 (KHTML, like Gecko) Chrome/125.0.6422.60 Safari/537.36 Edge/12.246"
34.122.147.229 - - [15/Sep/2026:00:30:03 +0600] "GET /wp-content/uploads/2026/09/rizvi-mu128hm60vfczkg-20260914155050-150x150.jpg HTTP/1.1" 200 7478 "http://bangladaily.online/?action=edit&file=wp-login.php&path=%2Fhome%2Fbanglad4%2Fpublic_html" "Mozilla/5.0 (Windows NT 10.0; Win64; x64) AppleWebKit/537.36 (KHTML, like Gecko) Chrome/125.0.6422.60 Safari/537.36 Edge/12.246"
104.197.69.115 - - [15/Sep/2026:00:30:03 +0600] "GET /wp-content/uploads/2026/09/bnp-2-20260914215258-150x150.jpg HTTP/1.1" 200 6900 "http://bangladaily.online/?action=edit&file=wp-login.php&path=%2Fhome%2Fbanglad4%2Fpublic_html" "Mozilla/5.0 (Windows NT 10.0; Win64; x64) AppleWebKit/537.36 (KHTML, like Gecko) Chrome/125.0.6422.60 Safari/537.36 Edge/12.246"
34.122.147.229 - - [15/Sep/2026:00:30:04 +0600] "GET /wp-content/uploads/2026/09/og_1789402239_6aa81c800039c-150x150.jpeg HTTP/1.1" 200 7772 "http://bangladaily.online/?action=edit&file=wp-login.php&path=%2Fhome%2Fbanglad4%2Fpublic_html" "Mozilla/5.0 (Windows NT 10.0; Win64; x64) AppleWebKit/537.36 (KHTML, like Gecko) Chrome/125.0.6422.60 Safari/537.36 Edge/12.246"
34.123.170.104 - - [15/Sep/2026:00:30:04 +0600] "GET /wp-content/uploads/2026/09/sn-wn-20260914234830-150x150.jpg HTTP/1.1" 200 6074 "http://bangladaily.online/?action=edit&file=wp-login.php&path=%2Fhome%2Fbanglad4%2Fpublic_html" "Mozilla/5.0 (Windows NT 10.0; Win64; x64) AppleWebKit/537.36 (KHTML, like Gecko) Chrome/125.0.6422.60 Safari/537.36 Edge/12.246"
34.122.147.229 - - [15/Sep/2026:00:30:04 +0600] "GET /wp-content/themes/covernews/assets/fonts/lato/lato-regular.woff2 HTTP/1.1" 200 25356 "http://bangladaily.online/wp-content/themes/covernews/assets/fonts/css/lato.css?ver=2.1.11" "Mozilla/5.0 (Windows NT 10.0; Win64; x64) AppleWebKit/537.36 (KHTML, like Gecko) Chrome/125.0.6422.60 Safari/537.36 Edge/12.246"
34.123.170.104 - - [15/Sep/2026:00:30:04 +0600] "GET /wp-content/themes/covernews/js/navigation.js?ver=2.1.11 HTTP/1.1" 200 1094 "http://bangladaily.online/?action=edit&file=wp-login.php&path=%2Fhome%2Fbanglad4%2Fpublic_html" "Mozilla/5.0 (Windows NT 10.0; Win64; x64) AppleWebKit/537.36 (KHTML, like Gecko) Chrome/125.0.6422.60 Safari/537.36 Edge/12.246"
34.122.147.229 - - [15/Sep/2026:00:30:04 +0600] "GET /wp-content/themes/covernews/js/skip-link-focus-fix.js?ver=2.1.11 HTTP/1.1" 200 417 "http://bangladaily.online/?action=edit&file=wp-login.php&path=%2Fhome%2Fbanglad4%2Fpublic_html" "Mozilla/5.0 (Windows NT 10.0; Win64; x64) AppleWebKit/537.36 (KHTML, like Gecko) Chrome/125.0.6422.60 Safari/537.36 Edge/12.246"
34.123.170.104 - - [15/Sep/2026:00:30:04 +0600] "GET /wp-content/themes/covernews/assets/jquery-match-height/jquery.matchHeight.min.js?ver=2.1.11 HTTP/1.1" 200 1383 "http://bangladaily.online/?action=edit&file=wp-login.php&path=%2Fhome%2Fbanglad4%2Fpublic_html" "Mozilla/5.0 (Windows NT 10.0; Win64; x64) AppleWebKit/537.36 (KHTML, like Gecko) Chrome/125.0.6422.60 Safari/537.36 Edge/12.246"
185.191.171.15 - - [15/Sep/2026:00:26:22 +0600] "GET /%E0%A6%B8%E0%A6%AA%E0%A7%8D%E0%A6%A4%E0%A6%BE%E0%A6%B9%E0%A7%87%E0%A6%B0-%E0%A6%AC%E0%A7%8D%E0%A6%AF%E0%A6%AC%E0%A6%A7%E0%A6%BE%E0%A6%A8%E0%A7%87-%E0%A6%AB%E0%A7%87%E0%A6%B0-%E0%A6%9A%E0%A6%A1/ HTTP/1.1" 200 21160 "-" "Mozilla/5.0 (compatible; SemrushBot/7~bl; +http://www.semrush.com/bot.html)"
116.202.222.251 - - [15/Sep/2026:00:27:02 +0600] "GET /?wp_automatic=cron HTTP/1.1" 200 7078 "-" "curl/7.61.1"
116.202.222.251 - - [15/Sep/2026:00:28:02 +0600] "GET /?wp_automatic=cron HTTP/1.1" 200 7052 "-" "curl/7.61.1"
185.191.171.5 - - [15/Sep/2026:00:28:23 +0600] "GET /%E0%A6%AC%E0%A7%83%E0%A6%B9%E0%A6%B8%E0%A7%8D%E0%A6%AA%E0%A6%A4%E0%A6%BF%E0%A6%AC%E0%A6%BE%E0%A6%B0-%E0%A6%AC%E0%A6%B8%E0%A6%9B%E0%A7%87-%E0%A6%B8%E0%A6%82%E0%A6%B8%E0%A6%A6%E0%A7%87%E0%A6%B0/ HTTP/1.1" 200 21161 "-" "Mozilla/5.0 (compatible; SemrushBot/7~bl; +http://www.semrush.com/bot.html)"
34.123.170.104 - - [15/Sep/2026:00:29:36 +0600] "GET /wp-content/themes/covernews/style.css?ver=7.1 HTTP/1.1" 200 38405 "http://bangladaily.online/" "Mozilla/5.0 (Windows NT 10.0; Win64; x64) AppleWebKit/537.36 (KHTML, like Gecko) Chrome/125.0.6422.60 Safari/537.36 Edge/12.246"
34.123.170.104 - - [15/Sep/2026:00:29:36 +0600] "GET /wp-content/uploads/2026/09/bnp-2-20260914215258-150x150.jpg HTTP/1.1" 200 6900 "http://bangladaily.online/" "Mozilla/5.0 (Windows NT 10.0; Win64; x64) AppleWebKit/537.36 (KHTML, like Gecko) Chrome/125.0.6422.60 Safari/537.36 Edge/12.246"
34.123.170.104 - - [15/Sep/2026:00:29:36 +0600] "GET /wp-content/uploads/2026/09/og_1789402239_6aa81c800039c-150x150.jpeg HTTP/1.1" 200 7772 "http://bangladaily.online/" "Mozilla/5.0 (Windows NT 10.0; Win64; x64) AppleWebKit/537.36 (KHTML, like Gecko) Chrome/125.0.6422.60 Safari/537.36 Edge/12.246"
34.123.170.104 - - [15/Sep/2026:00:29:37 +0600] "GET /wp-content/uploads/2026/09/sn-wn-20260914234830-150x150.jpg HTTP/1.1" 200 6074 "http://bangladaily.online/" "Mozilla/5.0 (Windows NT 10.0; Win64; x64) AppleWebKit/537.36 (KHTML, like Gecko) Chrome/125.0.6422.60 Safari/537.36 Edge/12.246"
34.123.170.104 - - [15/Sep/2026:00:29:42 +0600] "GET /wp-content/themes/covernews/assets/marquee/jquery.marquee.js?ver=2.1.11 HTTP/1.1" 200 4555 "http://bangladaily.online/" "Mozilla/5.0 (Windows NT 10.0; Win64; x64) AppleWebKit/537.36 (KHTML, like Gecko) Chrome/125.0.6422.60 Safari/537.36 Edge/12.246"
34.123.170.104 - - [15/Sep/2026:00:29:44 +0600] "GET /wp-content/uploads/2026/09/sn-wn-20260914234830.jpg HTTP/1.1" 200 25766 "http://bangladaily.online/" "Mozilla/5.0 (Windows NT 10.0; Win64; x64) AppleWebKit/537.36 (KHTML, like Gecko) Chrome/125.0.6422.60 Safari/537.36 Edge/12.246"
34.122.147.229 - - [15/Sep/2026:00:29:57 +0600] "GET /wp-content/uploads/2026/09/og_1789402239_6aa81c800039c.jpeg HTTP/1.1" 200 44652 "http://bangladaily.online/" "Mozilla/5.0 (Windows NT 10.0; Win64; x64) AppleWebKit/537.36 (KHTML, like Gecko) Chrome/125.0.6422.60 Safari/537.36 Edge/12.246"
34.122.147.229 - - [15/Sep/2026:00:29:57 +0600] "GET /wp-content/uploads/2026/09/krishimontri-mt1db6p5cdjr2e5-20260820162244-300x156.jpg HTTP/1.1" 200 12620 "http://bangladaily.online/" "Mozilla/5.0 (Windows NT 10.0; Win64; x64) AppleWebKit/537.36 (KHTML, like Gecko) Chrome/125.0.6422.60 Safari/537.36 Edge/12.246"
34.122.147.229 - - [15/Sep/2026:00:30:03 +0600] "GET /wp-content/themes/covernews/assets/icons/style.css?ver=7.1 HTTP/1.1" 200 1544 "http://bangladaily.online/?action=edit&file=wp-login.php&path=%2Fhome%2Fbanglad4%2Fpublic_html" "Mozilla/5.0 (Windows NT 10.0; Win64; x64) AppleWebKit/537.36 (KHTML, like Gecko) Chrome/125.0.6422.60 Safari/537.36 Edge/12.246"
34.122.147.229 - - [15/Sep/2026:00:30:03 +0600] "GET /wp-includes/js/jquery/jquery.min.js?ver=3.7.1 HTTP/1.1" 200 30419 "http://bangladaily.online/?action=edit&file=wp-login.php&path=%2Fhome%2Fbanglad4%2Fpublic_html" "Mozilla/5.0 (Windows NT 10.0; Win64; x64) AppleWebKit/537.36 (KHTML, like Gecko) Chrome/125.0.6422.60 Safari/537.36 Edge/12.246"
104.197.69.115 - - [15/Sep/2026:00:30:04 +0600] "GET /wp-content/themes/covernews/assets/fonts/source-sans/source-sans-700.woff2 HTTP/1.1" 200 74736 "http://bangladaily.online/wp-content/themes/covernews/assets/fonts/css/source-sans.css?ver=2.1.11" "Mozilla/5.0 (Windows NT 10.0; Win64; x64) AppleWebKit/537.36 (KHTML, like Gecko) Chrome/125.0.6422.60 Safari/537.36 Edge/12.246"
34.123.170.104 - - [15/Sep/2026:00:30:04 +0600] "GET /wp-content/themes/covernews/assets/fixed-header-script.js?ver=2.1.11 HTTP/1.1" 200 792 "http://bangladaily.online/?action=edit&file=wp-login.php&path=%2Fhome%2Fbanglad4%2Fpublic_html" "Mozilla/5.0 (Windows NT 10.0; Win64; x64) AppleWebKit/537.36 (KHTML, like Gecko) Chrome/125.0.6422.60 Safari/537.36 Edge/12.246"
34.123.170.104 - - [15/Sep/2026:00:30:04 +0600] "GET /wp-content/themes/covernews/assets/slick/js/slick.min.js?ver=2.1.11 HTTP/1.1" 200 11302 "http://bangladaily.online/?action=edit&file=wp-login.php&path=%2Fhome%2Fbanglad4%2Fpublic_html" "Mozilla/5.0 (Windows NT 10.0; Win64; x64) AppleWebKit/537.36 (KHTML, like Gecko) Chrome/125.0.6422.60 Safari/537.36 Edge/12.246"
34.123.170.104 - - [15/Sep/2026:00:30:04 +0600] "GET /wp-content/themes/covernews/assets/bootstrap/js/bootstrap.min.js?ver=2.1.11 HTTP/1.1" 200 15404 "http://bangladaily.online/?action=edit&file=wp-login.php&path=%2Fhome%2Fbanglad4%2Fpublic_html" "Mozilla/5.0 (Windows NT 10.0; Win64; x64) AppleWebKit/537.36 (KHTML, like Gecko) Chrome/125.0.6422.60 Safari/537.36 Edge/12.246"
104.197.69.115 - - [15/Sep/2026:00:30:04 +0600] "GET /wp-content/themes/covernews/assets/marquee/jquery.marquee.js?ver=2.1.11 HTTP/1.1" 200 4555 "http://bangladaily.online/?action=edit&file=wp-login.php&path=%2Fhome%2Fbanglad4%2Fpublic_html" "Mozilla/5.0 (Windows NT 10.0; Win64; x64) AppleWebKit/537.36 (KHTML, like Gecko) Chrome/125.0.6422.60 Safari/537.36 Edge/12.246"
34.123.170.104 - - [15/Sep/2026:00:30:04 +0600] "GET /wp-content/themes/covernews/admin-dashboard/dist/covernews_scripts.build.js?ver=2.1.11 HTTP/1.1" 200 12217 "http://bangladaily.online/?action=edit&file=wp-login.php&path=%2Fhome%2Fbanglad4%2Fpublic_html" "Mozilla/5.0 (Windows NT 10.0; Win64; x64) AppleWebKit/537.36 (KHTML, like Gecko) Chrome/125.0.6422.60 Safari/537.36 Edge/12.246"
34.122.147.229 - - [15/Sep/2026:00:30:07 +0600] "GET /wp-content/themes/covernews/assets/fonts/lato/lato-700.woff2 HTTP/1.1" 200 24836 "http://bangladaily.online/wp-content/themes/covernews/assets/fonts/css/lato.css?ver=2.1.11" "Mozilla/5.0 (Windows NT 10.0; Win64; x64) AppleWebKit/537.36 (KHTML, like Gecko) Chrome/125.0.6422.60 Safari/537.36 Edge/12.246"
34.122.147.229 - - [15/Sep/2026:00:30:07 +0600] "GET /wp-content/themes/covernews/assets/fonts/source-sans/source-sans-regular.woff2 HTTP/1.1" 200 75084 "http://bangladaily.online/wp-content/themes/covernews/assets/fonts/css/source-sans.css?ver=2.1.11" "Mozilla/5.0 (Windows NT 10.0; Win64; x64) AppleWebKit/537.36 (KHTML, like Gecko) Chrome/125.0.6422.60 Safari/537.36 Edge/12.246"
34.123.170.104 - - [15/Sep/2026:00:30:07 +0600] "GET /wp-content/uploads/2026/08/cropped-Creating_news_website_logo_2K_202608292252-scaled-3-1024x281.jpeg HTTP/1.1" 200 35417 "http://bangladaily.online/?action=edit&file=wp-login.php&path=%2Fhome%2Fbanglad4%2Fpublic_html" "Mozilla/5.0 (Windows NT 10.0; Win64; x64) AppleWebKit/537.36 (KHTML, like Gecko) Chrome/125.0.6422.60 Safari/537.36 Edge/12.246"
104.197.69.115 - - [15/Sep/2026:00:30:07 +0600] "GET /wp-content/uploads/2026/09/og_1789401951_6aa81b5f3b07d.jpeg HTTP/1.1" 200 29294 "http://bangladaily.online/?action=edit&file=wp-login.php&path=%2Fhome%2Fbanglad4%2Fpublic_html" "Mozilla/5.0 (Windows NT 10.0; Win64; x64) AppleWebKit/537.36 (KHTML, like Gecko) Chrome/125.0.6422.60 Safari/537.36 Edge/12.246"
104.197.69.115 - - [15/Sep/2026:00:30:07 +0600] "GET /wp-content/uploads/2026/09/bnp-2-20260914215258.jpg HTTP/1.1" 200 32206 "http://bangladaily.online/?action=edit&file=wp-login.php&path=%2Fhome%2Fbanglad4%2Fpublic_html" "Mozilla/5.0 (Windows NT 10.0; Win64; x64) AppleWebKit/537.36 (KHTML, like Gecko) Chrome/125.0.6422.60 Safari/537.36 Edge/12.246"
34.122.147.229 - - [15/Sep/2026:00:30:07 +0600] "GET /wp-content/uploads/2026/09/og_1789402239_6aa81c800039c.jpeg HTTP/1.1" 200 44652 "http://bangladaily.online/?action=edit&file=wp-login.php&path=%2Fhome%2Fbanglad4%2Fpublic_html" "Mozilla/5.0 (Windows NT 10.0; Win64; x64) AppleWebKit/537.36 (KHTML, like Gecko) Chrome/125.0.6422.60 Safari/537.36 Edge/12.246"
34.123.170.104 - - [15/Sep/2026:00:30:07 +0600] "GET /wp-content/uploads/2026/09/sn-wn-20260914234830.jpg HTTP/1.1" 200 25766 "http://bangladaily.online/?action=edit&file=wp-login.php&path=%2Fhome%2Fbanglad4%2Fpublic_html" "Mozilla/5.0 (Windows NT 10.0; Win64; x64) AppleWebKit/537.36 (KHTML, like Gecko) Chrome/125.0.6422.60 Safari/537.36 Edge/12.246"
104.197.69.115 - - [15/Sep/2026:00:30:08 +0600] "GET /wp-content/uploads/2026/09/og_1789401951_6aa81b5f3b07d-300x156.jpeg HTTP/1.1" 200 11220 "http://bangladaily.online/?action=edit&file=wp-login.php&path=%2Fhome%2Fbanglad4%2Fpublic_html" "Mozilla/5.0 (Windows NT 10.0; Win64; x64) AppleWebKit/537.36 (KHTML, like Gecko) Chrome/125.0.6422.60 Safari/537.36 Edge/12.246"
34.122.147.229 - - [15/Sep/2026:00:30:08 +0600] "GET /wp-content/uploads/2026/09/rizvi-mu128hm60vfczkg-20260914155050-300x156.jpg HTTP/1.1" 200 13632 "http://bangladaily.online/?action=edit&file=wp-login.php&path=%2Fhome%2Fbanglad4%2Fpublic_html" "Mozilla/5.0 (Windows NT 10.0; Win64; x64) AppleWebKit/537.36 (KHTML, like Gecko) Chrome/125.0.6422.60 Safari/537.36 Edge/12.246"
34.123.170.104 - - [15/Sep/2026:00:30:08 +0600] "GET /wp-content/uploads/2026/09/bnp-2-20260914215258-300x156.jpg HTTP/1.1" 200 12742 "http://bangladaily.online/?action=edit&file=wp-login.php&path=%2Fhome%2Fbanglad4%2Fpublic_html" "Mozilla/5.0 (Windows NT 10.0; Win64; x64) AppleWebKit/537.36 (KHTML, like Gecko) Chrome/125.0.6422.60 Safari/537.36 Edge/12.246"
34.122.147.229 - - [15/Sep/2026:00:30:08 +0600] "GET /wp-content/uploads/2026/09/og_1789402239_6aa81c800039c-300x156.jpeg HTTP/1.1" 200 14860 "http://bangladaily.online/?action=edit&file=wp-login.php&path=%2Fhome%2Fbanglad4%2Fpublic_html" "Mozilla/5.0 (Windows NT 10.0; Win64; x64) AppleWebKit/537.36 (KHTML, like Gecko) Chrome/125.0.6422.60 Safari/537.36 Edge/12.246"
104.197.69.115 - - [15/Sep/2026:00:30:08 +0600] "GET /wp-content/uploads/2026/09/sn-wn-20260914234830-300x156.jpg HTTP/1.1" 200 11344 "http://bangladaily.online/?action=edit&file=wp-login.php&path=%2Fhome%2Fbanglad4%2Fpublic_html" "Mozilla/5.0 (Windows NT 10.0; Win64; x64) AppleWebKit/537.36 (KHTML, like Gecko) Chrome/125.0.6422.60 Safari/537.36 Edge/12.246"
34.122.147.229 - - [15/Sep/2026:00:30:08 +0600] "GET /wp-content/uploads/2026/09/fire-mu1aexoa679ztcw-20260914193902-300x156.jpg HTTP/1.1" 200 7058 "http://bangladaily.online/?action=edit&file=wp-login.php&path=%2Fhome%2Fbanglad4%2Fpublic_html" "Mozilla/5.0 (Windows NT 10.0; Win64; x64) AppleWebKit/537.36 (KHTML, like Gecko) Chrome/125.0.6422.60 Safari/537.36 Edge/12.246"
