85.208.96.200 - - [14/Sep/2026:22:44:35 +0600] "GET /%E0%A6%AC%E0%A6%BF%E0%A6%AA%E0%A7%8D%E0%A6%B2%E0%A6%AC-%E0%A6%AC%E0%A6%A1%E0%A6%BC%E0%A7%81%E0%A6%AF%E0%A6%BC%E0%A6%BE-%E0%A6%93-%E0%A6%AA%E0%A6%B0%E0%A6%BF%E0%A6%AC%E0%A6%BE%E0%A6%B0%E0%A7%87/ HTTP/1.1" 200 18462 "-" "Mozilla/5.0 (compatible; SemrushBot/7~bl; +http://www.semrush.com/bot.html)"
51.89.71.151 - - [14/Sep/2026:22:45:36 +0600] "GET /wp-content/uploads/2026/09/6aa7cbc82df5017893815766aa7cbc82df53.jpg HTTP/1.1" 200 140350 "-" "Mozilla/5.0 (compatible; AhrefsBot/7.0; +http://ahrefs.com/robot/)"
51.89.69.38 - - [14/Sep/2026:22:45:41 +0600] "GET /wp-content/uploads/2026/09/6aa7be99489d617893782016aa7be99489f0.jpg HTTP/1.1" 200 103592 "-" "Mozilla/5.0 (compatible; AhrefsBot/7.0; +http://ahrefs.com/robot/)"
51.89.71.81 - - [14/Sep/2026:22:45:52 +0600] "GET /wp-content/uploads/2026/09/dscc2-20260914175819.jpg HTTP/1.1" 200 48306 "-" "Mozilla/5.0 (compatible; AhrefsBot/7.0; +http://ahrefs.com/robot/)"
74.7.243.200 - - [14/Sep/2026:22:46:52 +0600] "GET /wp-json/oembed/1.0/embed?format=xml&url=http%3A%2F%2Fbangladaily.online%2F%25e0%25a6%25a6%25e0%25a7%258d%25e0%25a6%25ac%25e0%25a6%25bf%25e0%25a6%25a4%25e0%25a7%2580%25e0%25a6%25af%25e0%25a6%25bc-%25e0%25a6%25ac%25e0%25a6%25bf%25e0%25a6%25af%25e0%25a6%25bc%25e0%25a7%2587-%25e0%25a6%2595%25e0%25a6%25b0%25e0%25a6%25b2%25e0%25a7%2587%25e0%25a6%25a8-%25e0%25a6%2587%25e0%25a6%25ae%25e0%25a6%25b0%2F HTTP/1.1" 200 1310 "http://bangladaily.online/%e0%a6%a6%e0%a7%8d%e0%a6%ac%e0%a6%bf%e0%a6%a4%e0%a7%80%e0%a6%af%e0%a6%bc-%e0%a6%ac%e0%a6%bf%e0%a6%af%e0%a6%bc%e0%a7%87-%e0%a6%95%e0%a6%b0%e0%a6%b2%e0%a7%87%e0%a6%a8-%e0%a6%87%e0%a6%ae%e0%a6%b0/" "Mozilla/5.0 AppleWebKit/537.36 (KHTML, like Gecko; compatible; GPTBot/1.4; +https://openai.com/gptbot)"
74.7.243.200 - - [14/Sep/2026:22:47:06 +0600] "GET /wp-json/oembed/1.0/embed?format=xml&url=http%3A%2F%2Fbangladaily.online%2F%25e0%25a6%2595%25e0%25a7%258b%25e0%25a6%259a-%25e0%25a6%25ac%25e0%25a6%25be%25e0%25a6%259f%25e0%25a6%25b2%25e0%25a6%25be%25e0%25a6%25b0%25e0%25a7%2587%25e0%25a6%25b0-%25e0%25a6%25b6%25e0%25a6%25bf%25e0%25a6%25b6%25e0%25a7%2581%25e0%25a6%25b8%25e0%25a7%2581%25e0%25a6%25b2%25e0%25a6%25ad-%25e0%25a6%25aa%25e0%25a6%25b0%2F HTTP/1.1" 429 0 "http://bangladaily.online/%e0%a6%95%e0%a7%8b%e0%a6%9a-%e0%a6%ac%e0%a6%be%e0%a6%9f%e0%a6%b2%e0%a6%be%e0%a6%b0%e0%a7%87%e0%a6%b0-%e0%a6%b6%e0%a6%bf%e0%a6%b6%e0%a7%81%e0%a6%b8%e0%a7%81%e0%a6%b2%e0%a6%ad-%e0%a6%aa%e0%a6%b0/" "Mozilla/5.0 AppleWebKit/537.36 (KHTML, like Gecko; compatible; GPTBot/1.4; +https://openai.com/gptbot)"
74.7.243.200 - - [14/Sep/2026:22:47:15 +0600] "GET /wp-json/oembed/1.0/embed?format=xml&url=http%3A%2F%2Fbangladaily.online%2F%25e0%25a6%2587%25e0%25a6%25af%25e0%25a6%25bc%25e0%25a7%2587%25e0%25a6%25ae%25e0%25a7%2587%25e0%25a6%25a8%25e0%25a7%2587-%25e0%25a7%25a8%25e0%25a7%25aa-%25e0%25a6%2598%25e0%25a6%25a3%25e0%25a7%258d%25e0%25a6%259f%25e0%25a6%25be%25e0%25a6%25af%25e0%25a6%25bc-%25e0%25a6%25b8%25e0%25a7%258c%25e0%25a6%25a6%25e0%25a6%25bf%2F HTTP/1.1" 429 0 "http://bangladaily.online/%e0%a6%87%e0%a6%af%e0%a6%bc%e0%a7%87%e0%a6%ae%e0%a7%87%e0%a6%a8%e0%a7%87-%e0%a7%a8%e0%a7%aa-%e0%a6%98%e0%a6%a3%e0%a7%8d%e0%a6%9f%e0%a6%be%e0%a6%af%e0%a6%bc-%e0%a6%b8%e0%a7%8c%e0%a6%a6%e0%a6%bf/" "Mozilla/5.0 AppleWebKit/537.36 (KHTML, like Gecko; compatible; GPTBot/1.4; +https://openai.com/gptbot)"
116.202.222.251 - - [14/Sep/2026:22:47:23 +0600] "POST /wp-cron.php?doing_wp_cron=1789404443.9331729412078857421875 HTTP/1.1" 200 0 "-" "WordPress/7.1; http://bangladaily.online"
74.7.243.200 - - [14/Sep/2026:22:47:50 +0600] "GET /wp-json/oembed/1.0/embed?format=xml&url=http%3A%2F%2Fbangladaily.online%2F%25e0%25a6%258f%25e0%25a6%2595%25e0%25a6%25be%25e0%25a6%25a6%25e0%25a6%25b6%25e0%25a7%2587-%25e0%25a6%25ad%25e0%25a6%25b0%25e0%25a7%258d%25e0%25a6%25a4%25e0%25a6%25bf%25e0%25a6%25a4%25e0%25a7%2587-%25e0%25a6%25aa%25e0%25a7%258d%25e0%25a6%25b0%25e0%25a6%25be%25e0%25a6%25af%25e0%25a6%25bc-%25e0%25a7%25a7%25e0%25a7%25a6%2F HTTP/1.1" 429 0 "http://bangladaily.online/%e0%a6%8f%e0%a6%95%e0%a6%be%e0%a6%a6%e0%a6%b6%e0%a7%87-%e0%a6%ad%e0%a6%b0%e0%a7%8d%e0%a6%a4%e0%a6%bf%e0%a6%a4%e0%a7%87-%e0%a6%aa%e0%a7%8d%e0%a6%b0%e0%a6%be%e0%a6%af%e0%a6%bc-%e0%a7%a7%e0%a7%a6/" "Mozilla/5.0 AppleWebKit/537.36 (KHTML, like Gecko; compatible; GPTBot/1.4; +https://openai.com/gptbot)"
116.202.222.251 - - [14/Sep/2026:22:48:02 +0600] "GET /?wp_automatic=cron HTTP/1.1" 200 1571 "-" "curl/7.61.1"
116.202.222.251 - - [14/Sep/2026:22:48:30 +0600] "POST /wp-cron.php?doing_wp_cron=1789404510.8384070396423339843750 HTTP/1.1" 200 0 "-" "WordPress/7.1; http://bangladaily.online"
116.202.222.251 - - [14/Sep/2026:22:46:53 +0600] "POST /wp-cron.php?doing_wp_cron=1789404413.0793750286102294921875 HTTP/1.1" 200 0 "-" "WordPress/7.1; http://bangladaily.online"
116.202.222.251 - - [14/Sep/2026:22:47:02 +0600] "GET /?wp_automatic=cron HTTP/1.1" 200 1568 "-" "curl/7.61.1"
185.191.171.4 - - [14/Sep/2026:22:47:13 +0600] "GET /%E0%A6%AA%E0%A6%B0%E0%A6%BF%E0%A6%B6%E0%A7%8B%E0%A6%A7%E0%A6%A8-%E0%A6%B8%E0%A6%95%E0%A7%8D%E0%A6%B7%E0%A6%AE%E0%A6%A4%E0%A6%BE-%E0%A6%A4%E0%A6%BF%E0%A6%A8%E0%A6%97%E0%A7%81%E0%A6%A3-%E0%A6%AC/ HTTP/1.1" 200 20091 "-" "Mozilla/5.0 (compatible; SemrushBot/7~bl; +http://www.semrush.com/bot.html)"
51.89.72.15 - - [14/Sep/2026:22:47:23 +0600] "GET /%E0%A6%8F%E0%A6%B6%E0%A6%BF%E0%A6%AF%E0%A6%BC%E0%A6%BE%E0%A6%B0-%E0%A6%B6%E0%A7%80%E0%A6%B0%E0%A7%8D%E0%A6%B7-%E0%A6%B8%E0%A7%83%E0%A6%9C%E0%A6%A8%E0%A6%B6%E0%A7%80%E0%A6%B2%E0%A6%A6%E0%A7%87%E0%A6%B0/ HTTP/1.1" 200 17506 "-" "Mozilla/5.0 (compatible; AhrefsBot/7.0; +http://ahrefs.com/robot/)"
74.7.243.200 - - [14/Sep/2026:22:47:30 +0600] "GET /wp-json/oembed/1.0/embed?format=xml&url=http%3A%2F%2Fbangladaily.online%2F%25e0%25a6%258f%25e0%25a6%2595-%25e0%25a6%25b8%25e0%25a6%25aa%25e0%25a7%258d%25e0%25a6%25a4%25e0%25a6%25be%25e0%25a6%25b9%25e0%25a7%2587-%25e0%25a6%25a8%25e0%25a6%25bf%25e0%25a6%25b0%25e0%25a6%25be%25e0%25a6%25aa%25e0%25a6%25a6-%25e0%25a6%2596%25e0%25a6%25be%25e0%25a6%25a6%25e0%25a7%258d%25e0%25a6%25af-%25e0%25a6%2586%2F HTTP/1.1" 429 0 "http://bangladaily.online/%e0%a6%8f%e0%a6%95-%e0%a6%b8%e0%a6%aa%e0%a7%8d%e0%a6%a4%e0%a6%be%e0%a6%b9%e0%a7%87-%e0%a6%a8%e0%a6%bf%e0%a6%b0%e0%a6%be%e0%a6%aa%e0%a6%a6-%e0%a6%96%e0%a6%be%e0%a6%a6%e0%a7%8d%e0%a6%af-%e0%a6%86/" "Mozilla/5.0 AppleWebKit/537.36 (KHTML, like Gecko; compatible; GPTBot/1.4; +https://openai.com/gptbot)"
74.7.243.200 - - [14/Sep/2026:22:48:10 +0600] "GET /wp-json/oembed/1.0/embed?format=xml&url=http%3A%2F%2Fbangladaily.online%2F%25e0%25a6%25aa%25e0%25a6%25b0%25e0%25a6%25bf%25e0%25a6%25b6%25e0%25a7%258b%25e0%25a6%25a7%25e0%25a6%25a8-%25e0%25a6%25b8%25e0%25a6%2595%25e0%25a7%258d%25e0%25a6%25b7%25e0%25a6%25ae%25e0%25a6%25a4%25e0%25a6%25be-%25e0%25a6%25a4%25e0%25a6%25bf%25e0%25a6%25a8%25e0%25a6%2597%25e0%25a7%2581%25e0%25a6%25a3-%25e0%25a6%25ac%2F HTTP/1.1" 429 0 "http://bangladaily.online/%e0%a6%aa%e0%a6%b0%e0%a6%bf%e0%a6%b6%e0%a7%8b%e0%a6%a7%e0%a6%a8-%e0%a6%b8%e0%a6%95%e0%a7%8d%e0%a6%b7%e0%a6%ae%e0%a6%a4%e0%a6%be-%e0%a6%a4%e0%a6%bf%e0%a6%a8%e0%a6%97%e0%a7%81%e0%a6%a3-%e0%a6%ac/" "Mozilla/5.0 AppleWebKit/537.36 (KHTML, like Gecko; compatible; GPTBot/1.4; +https://openai.com/gptbot)"
116.202.222.251 - - [14/Sep/2026:22:49:05 +0600] "POST /wp-cron.php?doing_wp_cron=1789404545.4582660198211669921875 HTTP/1.1" 200 0 "-" "WordPress/7.1; http://bangladaily.online"
74.7.243.200 - - [14/Sep/2026:22:49:29 +0600] "GET /wp-json/oembed/1.0/embed?format=xml&url=http%3A%2F%2Fbangladaily.online%2F%25e0%25a6%2585%25e0%25a6%25b2%25e0%25a7%258d%25e0%25a6%25aa%25e0%25a7%2587%25e0%25a6%25b0-%25e0%25a6%259c%25e0%25a6%25a8%25e0%25a7%258d%25e0%25a6%25af-%25e0%25a6%25b0%25e0%25a6%2595%25e0%25a7%258d%25e0%25a6%25b7%25e0%25a6%25be-%25e0%25a6%25aa%25e0%25a7%2587%25e0%25a6%25b2%25e0%25a7%2587%25e0%25a6%25a8-%25e0%25a6%25ac%2F HTTP/1.1" 200 1298 "http://bangladaily.online/%e0%a6%85%e0%a6%b2%e0%a7%8d%e0%a6%aa%e0%a7%87%e0%a6%b0-%e0%a6%9c%e0%a6%a8%e0%a7%8d%e0%a6%af-%e0%a6%b0%e0%a6%95%e0%a7%8d%e0%a6%b7%e0%a6%be-%e0%a6%aa%e0%a7%87%e0%a6%b2%e0%a7%87%e0%a6%a8-%e0%a6%ac/" "Mozilla/5.0 AppleWebKit/537.36 (KHTML, like Gecko; compatible; GPTBot/1.4; +https://openai.com/gptbot)"
116.202.222.251 - - [14/Sep/2026:22:49:38 +0600] "POST /wp-cron.php?doing_wp_cron=1789404578.8774340152740478515625 HTTP/1.1" 200 0 "-" "WordPress/7.1; http://bangladaily.online"
185.191.171.16 - - [14/Sep/2026:22:49:38 +0600] "GET /%E0%A6%B2%E0%A7%8B%E0%A6%95%E0%A6%BE%E0%A6%B2-%E0%A6%AC%E0%A6%BE%E0%A6%B8%E0%A7%87-%E0%A6%AC%E0%A6%B8%E0%A7%87%E0%A6%87-%E0%A6%A6%E0%A7%8B%E0%A6%AF%E0%A6%BC%E0%A6%BE-%E0%A6%AA%E0%A6%A1%E0%A6%BC/ HTTP/1.1" 200 21000 "-" "Mozilla/5.0 (compatible; SemrushBot/7~bl; +http://www.semrush.com/bot.html)"
74.7.243.200 - - [14/Sep/2026:22:48:30 +0600] "GET /wp-json/oembed/1.0/embed?format=xml&url=http%3A%2F%2Fbangladaily.online%2F%25e0%25a6%2595%25e0%25a6%25be%25e0%25a6%25b2-%25e0%25a6%25a5%25e0%25a7%2587%25e0%25a6%2595%25e0%25a7%2587-%25e0%25a6%2595%25e0%25a6%25be%25e0%25a6%25b0%25e0%25a6%2596%25e0%25a6%25be%25e0%25a6%25a8%25e0%25a6%25be%25e0%25a6%25af%25e0%25a6%25bc-%25e0%25a6%259a%25e0%25a6%25be%25e0%25a6%25b9%25e0%25a6%25bf%25e0%25a6%25a6%2F HTTP/1.1" 200 1348 "http://bangladaily.online/%e0%a6%95%e0%a6%be%e0%a6%b2-%e0%a6%a5%e0%a7%87%e0%a6%95%e0%a7%87-%e0%a6%95%e0%a6%be%e0%a6%b0%e0%a6%96%e0%a6%be%e0%a6%a8%e0%a6%be%e0%a6%af%e0%a6%bc-%e0%a6%9a%e0%a6%be%e0%a6%b9%e0%a6%bf%e0%a6%a6/" "Mozilla/5.0 AppleWebKit/537.36 (KHTML, like Gecko; compatible; GPTBot/1.4; +https://openai.com/gptbot)"
116.202.222.251 - - [14/Sep/2026:22:49:02 +0600] "GET /?wp_automatic=cron HTTP/1.1" 200 3235 "-" "curl/7.61.1"
74.7.243.200 - - [14/Sep/2026:22:49:06 +0600] "GET /wp-json/oembed/1.0/embed?format=xml&url=http%3A%2F%2Fbangladaily.online%2F%25e0%25a6%25aa%25e0%25a6%25be%25e0%25a6%2595%25e0%25a6%25bf%25e0%25a6%25b8%25e0%25a7%258d%25e0%25a6%25a4%25e0%25a6%25be%25e0%25a6%25a8%25e0%25a7%2587%25e0%25a6%25b0-%25e0%25a6%25b9%25e0%25a6%25be%25e0%25a6%25b8%25e0%25a6%25aa%25e0%25a6%25be%25e0%25a6%25a4%25e0%25a6%25be%25e0%25a6%25b2%25e0%25a7%2587-%25e0%25a6%2586%25e0%25a6%2597%2F HTTP/1.1" 200 1335 "http://bangladaily.online/%e0%a6%aa%e0%a6%be%e0%a6%95%e0%a6%bf%e0%a6%b8%e0%a7%8d%e0%a6%a4%e0%a6%be%e0%a6%a8%e0%a7%87%e0%a6%b0-%e0%a6%b9%e0%a6%be%e0%a6%b8%e0%a6%aa%e0%a6%be%e0%a6%a4%e0%a6%be%e0%a6%b2%e0%a7%87-%e0%a6%86%e0%a6%97/" "Mozilla/5.0 AppleWebKit/537.36 (KHTML, like Gecko; compatible; GPTBot/1.4; +https://openai.com/gptbot)"
116.202.222.251 - - [14/Sep/2026:22:50:03 +0600] "GET /?wp_automatic=cron HTTP/1.1" 200 1603 "-" "curl/7.61.1"
74.7.243.200 - - [14/Sep/2026:22:50:08 +0600] "GET /wp-json/oembed/1.0/embed?format=xml&url=http%3A%2F%2Fbangladaily.online%2F%25e0%25a6%25b2%25e0%25a6%25be%25e0%25a6%25b2%25e0%25a6%2595%25e0%25a7%2581%25e0%25a6%25a0%25e0%25a6%25bf%25e0%25a6%25b0-%25e0%25a6%25b8%25e0%25a6%2582%25e0%25a6%25b8%25e0%25a7%258d%25e0%25a6%2595%25e0%25a6%25be%25e0%25a6%25b0-%25e0%25a6%25aa%25e0%25a7%2581%25e0%25a6%25b0%25e0%25a6%25be%25e0%25a6%25a8-%25e0%25a6%25a2%2F HTTP/1.1" 200 1351 "http://bangladaily.online/%e0%a6%b2%e0%a6%be%e0%a6%b2%e0%a6%95%e0%a7%81%e0%a6%a0%e0%a6%bf%e0%a6%b0-%e0%a6%b8%e0%a6%82%e0%a6%b8%e0%a7%8d%e0%a6%95%e0%a6%be%e0%a6%b0-%e0%a6%aa%e0%a7%81%e0%a6%b0%e0%a6%be%e0%a6%a8-%e0%a6%a2/" "Mozilla/5.0 AppleWebKit/537.36 (KHTML, like Gecko; compatible; GPTBot/1.4; +https://openai.com/gptbot)"
51.89.72.13 - - [14/Sep/2026:22:50:41 +0600] "GET /wp-content/uploads/2026/09/og_1789370444_6aa7a04c5fe58.jpeg HTTP/1.1" 200 20018 "-" "Mozilla/5.0 (compatible; AhrefsBot/7.0; +http://ahrefs.com/robot/)"
74.7.243.200 - - [14/Sep/2026:22:50:44 +0600] "GET /wp-json/oembed/1.0/embed?format=xml&url=http%3A%2F%2Fbangladaily.online%2F%25e0%25a6%25b9%25e0%25a6%25be%25e0%25a6%25b2%25e0%25a6%25be%25e0%25a6%25a8%25e0%25a7%258d%25e0%25a6%25a1%25e0%25a7%2587%25e0%25a6%25b0-%25e0%25a6%2597%25e0%25a7%258b%25e0%25a6%25b2-%25e0%25a6%25ac%25e0%25a6%25be%25e0%25a6%25a4%25e0%25a6%25bf%25e0%25a6%25b2-%25e0%25a6%2595%25e0%25a6%25b0%25e0%25a7%2587-%25e0%25a6%25a6%2F HTTP/1.1" 200 1297 "http://bangladaily.online/%e0%a6%b9%e0%a6%be%e0%a6%b2%e0%a6%be%e0%a6%a8%e0%a7%8d%e0%a6%a1%e0%a7%87%e0%a6%b0-%e0%a6%97%e0%a7%8b%e0%a6%b2-%e0%a6%ac%e0%a6%be%e0%a6%a4%e0%a6%bf%e0%a6%b2-%e0%a6%95%e0%a6%b0%e0%a7%87-%e0%a6%a6/" "Mozilla/5.0 AppleWebKit/537.36 (KHTML, like Gecko; compatible; GPTBot/1.4; +https://openai.com/gptbot)"
116.202.222.251 - - [14/Sep/2026:22:51:02 +0600] "GET /?wp_automatic=cron HTTP/1.1" 200 1573 "-" "curl/7.61.1"
74.7.243.200 - - [14/Sep/2026:22:49:43 +0600] "GET /wp-json/oembed/1.0/embed?format=xml&url=http%3A%2F%2Fbangladaily.online%2F%25e0%25a6%2593%25e0%25a6%25ac%25e0%25a6%25be%25e0%25a6%25af%25e0%25a6%25bc%25e0%25a6%25a6%25e0%25a7%2581%25e0%25a6%25b2-%25e0%25a6%2595%25e0%25a6%25be%25e0%25a6%25a6%25e0%25a7%2587%25e0%25a6%25b0%25e0%25a6%25b8%25e0%25a6%25b9-%25e0%25a7%25ad-%25e0%25a6%259c%25e0%25a6%25a8%25e0%25a7%2587%25e0%25a6%25b0-%25e0%25a6%25b0%2F HTTP/1.1" 429 0 "http://bangladaily.online/%e0%a6%93%e0%a6%ac%e0%a6%be%e0%a6%af%e0%a6%bc%e0%a6%a6%e0%a7%81%e0%a6%b2-%e0%a6%95%e0%a6%be%e0%a6%a6%e0%a7%87%e0%a6%b0%e0%a6%b8%e0%a6%b9-%e0%a7%ad-%e0%a6%9c%e0%a6%a8%e0%a7%87%e0%a6%b0-%e0%a6%b0/" "Mozilla/5.0 AppleWebKit/537.36 (KHTML, like Gecko; compatible; GPTBot/1.4; +https://openai.com/gptbot)"
74.7.243.200 - - [14/Sep/2026:22:49:53 +0600] "GET /wp-json/oembed/1.0/embed?format=xml&url=http%3A%2F%2Fbangladaily.online%2F%25e0%25a7%25a7%25e0%25a7%25a6-%25e0%25a6%25a6%25e0%25a7%2587%25e0%25a6%25b6%25e0%25a7%2587%25e0%25a6%25b0-%25e0%25a7%25a8%25e0%25a7%25a6%25e0%25a7%25a6-%25e0%25a6%25aa%25e0%25a7%258d%25e0%25a6%25b0%25e0%25a6%25a4%25e0%25a6%25bf%25e0%25a6%25b7%25e0%25a7%258d%25e0%25a6%25a0%25e0%25a6%25be%25e0%25a6%25a8-%25e0%25a6%25a2%2F HTTP/1.1" 429 0 "http://bangladaily.online/%e0%a7%a7%e0%a7%a6-%e0%a6%a6%e0%a7%87%e0%a6%b6%e0%a7%87%e0%a6%b0-%e0%a7%a8%e0%a7%a6%e0%a7%a6-%e0%a6%aa%e0%a7%8d%e0%a6%b0%e0%a6%a4%e0%a6%bf%e0%a6%b7%e0%a7%8d%e0%a6%a0%e0%a6%be%e0%a6%a8-%e0%a6%a2/" "Mozilla/5.0 AppleWebKit/537.36 (KHTML, like Gecko; compatible; GPTBot/1.4; +https://openai.com/gptbot)"
74.7.243.200 - - [14/Sep/2026:22:50:28 +0600] "GET /wp-json/oembed/1.0/embed?format=xml&url=http%3A%2F%2Fbangladaily.online%2F%25e0%25a6%25a1%25e0%25a6%25be%25e0%25a6%2595%25e0%25a6%25b8%25e0%25a7%2581%25e0%25a6%25b0-%25e0%25a6%25ac%25e0%25a6%25bf%25e0%25a6%25ad%25e0%25a6%25bf%25e0%25a6%25a8%25e0%25a7%258d%25e0%25a6%25a8-%25e0%25a6%2595%25e0%25a6%25b0%25e0%25a7%258d%25e0%25a6%25ae%25e0%25a6%2595%25e0%25a6%25be%25e0%25a6%25a3%25e0%25a7%258d%25e0%25a6%25a1%2F HTTP/1.1" 429 0 "http://bangladaily.online/%e0%a6%a1%e0%a6%be%e0%a6%95%e0%a6%b8%e0%a7%81%e0%a6%b0-%e0%a6%ac%e0%a6%bf%e0%a6%ad%e0%a6%bf%e0%a6%a8%e0%a7%8d%e0%a6%a8-%e0%a6%95%e0%a6%b0%e0%a7%8d%e0%a6%ae%e0%a6%95%e0%a6%be%e0%a6%a3%e0%a7%8d%e0%a6%a1/" "Mozilla/5.0 AppleWebKit/537.36 (KHTML, like Gecko; compatible; GPTBot/1.4; +https://openai.com/gptbot)"
185.191.171.8 - - [14/Sep/2026:22:51:05 +0600] "GET /category/%E0%A6%B8%E0%A6%B0%E0%A7%8D%E0%A6%AC%E0%A6%B6%E0%A7%87%E0%A6%B7/page/181/ HTTP/1.1" 200 18857 "-" "Mozilla/5.0 (compatible; SemrushBot/7~bl; +http://www.semrush.com/bot.html)"
74.7.243.200 - - [14/Sep/2026:22:51:33 +0600] "GET /wp-content/uploads/2026/08/6a8ea2f7cb35d17877327276a8ea2f7cb36d-768x503.jpg HTTP/1.1" 200 68586 "http://bangladaily.online/wp-json/oembed/1.0/embed?format=xml&url=http%3A%2F%2Fbangladaily.online%2F%25e0%25a6%25aa%25e0%25a6%25be%25e0%25a6%2595%25e0%25a6%25bf%25e0%25a6%25b8%25e0%25a7%258d%25e0%25a6%25a4%25e0%25a6%25be%25e0%25a6%25a8%25e0%25a7%2587%25e0%25a6%25b0-%25e0%25a6%25b9%25e0%25a6%25be%25e0%25a6%25b8%25e0%25a6%25aa%25e0%25a6%25be%25e0%25a6%25a4%25e0%25a6%25be%25e0%25a6%25b2%25e0%25a7%2587-%25e0%25a6%2586%25e0%25a6%2597%2F" "Mozilla/5.0 AppleWebKit/537.36 (KHTML, like Gecko; compatible; GPTBot/1.4; +https://openai.com/gptbot)"
74.7.243.200 - - [14/Sep/2026:22:51:43 +0600] "GET /wp-json/oembed/1.0/embed?format=xml&url=http%3A%2F%2Fbangladaily.online%2F%25e0%25a6%25ae%25e0%25a7%2587%25e0%25a6%2598%25e0%25a6%25a8%25e0%25a6%25be-%25e0%25a6%2597%25e0%25a7%258d%25e0%25a6%25b0%25e0%25a7%2581%25e0%25a6%25aa%25e0%25a7%2587-%25e0%25a6%259c%25e0%25a6%25a8%25e0%25a6%25ac%25e0%25a6%25b2-%25e0%25a6%25a8%25e0%25a6%25bf%25e0%25a6%25af%25e0%25a6%25bc%25e0%25a7%258b%25e0%25a6%2597%2F HTTP/1.1" 200 1326 "http://bangladaily.online/%e0%a6%ae%e0%a7%87%e0%a6%98%e0%a6%a8%e0%a6%be-%e0%a6%97%e0%a7%8d%e0%a6%b0%e0%a7%81%e0%a6%aa%e0%a7%87-%e0%a6%9c%e0%a6%a8%e0%a6%ac%e0%a6%b2-%e0%a6%a8%e0%a6%bf%e0%a6%af%e0%a6%bc%e0%a7%8b%e0%a6%97/" "Mozilla/5.0 AppleWebKit/537.36 (KHTML, like Gecko; compatible; GPTBot/1.4; +https://openai.com/gptbot)"
74.7.243.200 - - [14/Sep/2026:22:51:51 +0600] "GET /wp-content/uploads/2026/09/6aa7eddb2d68f17893902996aa7eddb2d6a0-768x503.jpg HTTP/1.1" 429 0 "http://bangladaily.online/wp-json/oembed/1.0/embed?format=xml&url=http%3A%2F%2Fbangladaily.online%2F%25e0%25a6%2585%25e0%25a6%25b2%25e0%25a7%258d%25e0%25a6%25aa%25e0%25a7%2587%25e0%25a6%25b0-%25e0%25a6%259c%25e0%25a6%25a8%25e0%25a7%258d%25e0%25a6%25af-%25e0%25a6%25b0%25e0%25a6%2595%25e0%25a7%258d%25e0%25a6%25b7%25e0%25a6%25be-%25e0%25a6%25aa%25e0%25a7%2587%25e0%25a6%25b2%25e0%25a7%2587%25e0%25a6%25a8-%25e0%25a6%25ac%2F" "Mozilla/5.0 AppleWebKit/537.36 (KHTML, like Gecko; compatible; GPTBot/1.4; +https://openai.com/gptbot)"
185.191.171.3 - - [14/Sep/2026:22:51:59 +0600] "GET /%E0%A6%97%E0%A7%81%E0%A6%B2%E0%A6%B6%E0%A6%BE%E0%A6%A8%E0%A7%87-%E0%A6%AC%E0%A7%88%E0%A6%A0%E0%A6%95%E0%A7%87-%E0%A6%AC%E0%A6%BF%E0%A6%8F%E0%A6%A8%E0%A6%AA%E0%A6%BF%E0%A6%B0-%E0%A6%B8%E0%A7%8D/ HTTP/1.1" 200 18115 "-" "Mozilla/5.0 (compatible; SemrushBot/7~bl; +http://www.semrush.com/bot.html)"
116.202.222.251 - - [14/Sep/2026:22:52:02 +0600] "GET /?wp_automatic=cron HTTP/1.1" 200 1547 "-" "curl/7.61.1"
74.7.243.200 - - [14/Sep/2026:22:52:22 +0600] "GET /wp-content/uploads/2026/09/dscc2-20260914175819.jpg HTTP/1.1" 429 0 "http://bangladaily.online/wp-json/oembed/1.0/embed?format=xml&url=http%3A%2F%2Fbangladaily.online%2F%25e0%25a6%25b2%25e0%25a6%25be%25e0%25a6%25b2%25e0%25a6%2595%25e0%25a7%2581%25e0%25a6%25a0%25e0%25a6%25bf%25e0%25a6%25b0-%25e0%25a6%25b8%25e0%25a6%2582%25e0%25a6%25b8%25e0%25a7%258d%25e0%25a6%2595%25e0%25a6%25be%25e0%25a6%25b0-%25e0%25a6%25aa%25e0%25a7%2581%25e0%25a6%25b0%25e0%25a6%25be%25e0%25a6%25a8-%25e0%25a6%25a2%2F" "Mozilla/5.0 AppleWebKit/537.36 (KHTML, like Gecko; compatible; GPTBot/1.4; +https://openai.com/gptbot)"
116.202.222.251 - - [14/Sep/2026:22:53:03 +0600] "POST /wp-cron.php?doing_wp_cron=1789404783.9297590255737304687500 HTTP/1.1" 200 0 "-" "WordPress/7.1; http://bangladaily.online"
74.7.243.200 - - [14/Sep/2026:22:53:45 +0600] "GET /wp-json/oembed/1.0/embed?format=xml&url=http%3A%2F%2Fbangladaily.online%2F%25e0%25a6%2586%25e0%25a6%25b8%25e0%25a6%259b%25e0%25a7%2587-%25e0%25a6%25ae%25e0%25a6%25a8%25e0%25a6%25bf%25e0%25a6%25b0-%25e0%25a6%2596%25e0%25a6%25be%25e0%25a6%25a8%25e0%25a7%2587%25e0%25a6%25b0-%25e0%25a6%25ae%25e0%25a6%25be%2F HTTP/1.1" 200 1272 "http://bangladaily.online/%e0%a6%86%e0%a6%b8%e0%a6%9b%e0%a7%87-%e0%a6%ae%e0%a6%a8%e0%a6%bf%e0%a6%b0-%e0%a6%96%e0%a6%be%e0%a6%a8%e0%a7%87%e0%a6%b0-%e0%a6%ae%e0%a6%be/" "Mozilla/5.0 AppleWebKit/537.36 (KHTML, like Gecko; compatible; GPTBot/1.4; +https://openai.com/gptbot)"
116.202.222.251 - - [14/Sep/2026:22:54:02 +0600] "GET /?wp_automatic=cron HTTP/1.1" 200 1567 "-" "curl/7.61.1"
116.202.222.251 - - [14/Sep/2026:22:54:35 +0600] "POST /wp-cron.php?doing_wp_cron=1789404875.3019590377807617187500 HTTP/1.1" 200 0 "-" "WordPress/7.1; http://bangladaily.online"
74.7.243.200 - - [14/Sep/2026:22:51:04 +0600] "GET /wp-content/uploads/2026/09/6aa7ecdcb43a617893900446aa7ecdcb43ba-768x503.jpg HTTP/1.1" 200 59512 "http://bangladaily.online/wp-json/oembed/1.0/embed?format=xml&url=http%3A%2F%2Fbangladaily.online%2F%25e0%25a6%2595%25e0%25a6%25be%25e0%25a6%25b2-%25e0%25a6%25a5%25e0%25a7%2587%25e0%25a6%2595%25e0%25a7%2587-%25e0%25a6%2595%25e0%25a6%25be%25e0%25a6%25b0%25e0%25a6%2596%25e0%25a6%25be%25e0%25a6%25a8%25e0%25a6%25be%25e0%25a6%25af%25e0%25a6%25bc-%25e0%25a6%259a%25e0%25a6%25be%25e0%25a6%25b9%25e0%25a6%25bf%25e0%25a6%25a6%2F" "Mozilla/5.0 AppleWebKit/537.36 (KHTML, like Gecko; compatible; GPTBot/1.4; +https://openai.com/gptbot)"
162.62.213.165 - - [14/Sep/2026:22:51:20 +0600] "GET /wp-json/wp/v2/posts/5108 HTTP/1.1" 200 3366 "-" "Mozilla/5.0 (iPhone; CPU iPhone OS 13_2_3 like Mac OS X) AppleWebKit/605.1.15 (KHTML, like Gecko) Version/13.0.3 Mobile/15E148 Safari/604.1"
74.7.243.200 - - [14/Sep/2026:22:52:08 +0600] "GET /wp-json/oembed/1.0/embed?format=xml&url=http%3A%2F%2Fbangladaily.online%2F%25e0%25a6%25a8%25e0%25a6%25ad%25e0%25a7%2587%25e0%25a6%25ae%25e0%25a7%258d%25e0%25a6%25ac%25e0%25a6%25b0%25e0%25a7%2587-%25e0%25a6%2587%25e0%25a6%2589%25e0%25a6%25aa%25e0%25a6%25bf-%25e0%25a6%25ad%25e0%25a7%258b%25e0%25a6%259f-%25e0%25a6%25b6%25e0%25a7%2581%25e0%25a6%25b0%25e0%25a7%2581-%25e0%25a6%25b8%25e0%25a7%258d%2F HTTP/1.1" 200 1321 "http://bangladaily.online/%e0%a6%a8%e0%a6%ad%e0%a7%87%e0%a6%ae%e0%a7%8d%e0%a6%ac%e0%a6%b0%e0%a7%87-%e0%a6%87%e0%a6%89%e0%a6%aa%e0%a6%bf-%e0%a6%ad%e0%a7%8b%e0%a6%9f-%e0%a6%b6%e0%a7%81%e0%a6%b0%e0%a7%81-%e0%a6%b8%e0%a7%8d/" "Mozilla/5.0 AppleWebKit/537.36 (KHTML, like Gecko; compatible; GPTBot/1.4; +https://openai.com/gptbot)"
185.191.171.16 - - [14/Sep/2026:22:52:19 +0600] "GET /category/%E0%A6%B8%E0%A6%B0%E0%A7%8D%E0%A6%AC%E0%A6%B6%E0%A7%87%E0%A6%B7/page/202/ HTTP/1.1" 200 18899 "-" "Mozilla/5.0 (compatible; SemrushBot/7~bl; +http://www.semrush.com/bot.html)"
116.202.222.251 - - [14/Sep/2026:22:52:23 +0600] "POST /wp-cron.php?doing_wp_cron=1789404743.0302739143371582031250 HTTP/1.1" 200 0 "-" "WordPress/7.1; http://bangladaily.online"
185.191.171.15 - - [14/Sep/2026:22:52:22 +0600] "GET /category/%E0%A6%B8%E0%A6%B0%E0%A7%8D%E0%A6%AC%E0%A6%B6%E0%A7%87%E0%A6%B7/page/180/ HTTP/1.1" 200 18772 "-" "Mozilla/5.0 (compatible; SemrushBot/7~bl; +http://www.semrush.com/bot.html)"
116.202.222.251 - - [14/Sep/2026:22:53:02 +0600] "GET /?wp_automatic=cron HTTP/1.1" 200 1589 "-" "curl/7.61.1"
74.7.243.200 - - [14/Sep/2026:22:53:05 +0600] "GET /wp-json/oembed/1.0/embed?format=xml&url=http%3A%2F%2Fbangladaily.online%2F%25e0%25a6%25ac%25e0%25a6%25be%25e0%25a6%25b0%25e0%25a7%258d%25e0%25a6%25a8-%25e0%25a6%2587%25e0%25a6%25a8%25e0%25a6%25b8%25e0%25a7%258d%25e0%25a6%259f%25e0%25a6%25bf%25e0%25a6%259f%25e0%25a6%25bf%25e0%25a6%2589%25e0%25a6%259f%25e0%25a7%2587%25e0%25a6%25b0-%25e0%25a6%25b8%25e0%25a6%25be%25e0%25a6%25ae%25e0%25a6%25a8%25e0%25a7%2587%2F HTTP/1.1" 429 0 "http://bangladaily.online/%e0%a6%ac%e0%a6%be%e0%a6%b0%e0%a7%8d%e0%a6%a8-%e0%a6%87%e0%a6%a8%e0%a6%b8%e0%a7%8d%e0%a6%9f%e0%a6%bf%e0%a6%9f%e0%a6%bf%e0%a6%89%e0%a6%9f%e0%a7%87%e0%a6%b0-%e0%a6%b8%e0%a6%be%e0%a6%ae%e0%a6%a8%e0%a7%87/" "Mozilla/5.0 AppleWebKit/537.36 (KHTML, like Gecko; compatible; GPTBot/1.4; +https://openai.com/gptbot)"
74.7.243.200 - - [14/Sep/2026:22:54:05 +0600] "GET /wp-content/uploads/2026/09/og_1789311115_6aa6b88bcffe3.jpeg HTTP/1.1" 200 28086 "http://bangladaily.online/wp-json/oembed/1.0/embed?format=xml&url=http%3A%2F%2Fbangladaily.online%2F%25e0%25a6%25ae%25e0%25a7%2587%25e0%25a6%2598%25e0%25a6%25a8%25e0%25a6%25be-%25e0%25a6%2597%25e0%25a7%258d%25e0%25a6%25b0%25e0%25a7%2581%25e0%25a6%25aa%25e0%25a7%2587-%25e0%25a6%259c%25e0%25a6%25a8%25e0%25a6%25ac%25e0%25a6%25b2-%25e0%25a6%25a8%25e0%25a6%25bf%25e0%25a6%25af%25e0%25a6%25bc%25e0%25a7%258b%25e0%25a6%2597%2F" "Mozilla/5.0 AppleWebKit/537.36 (KHTML, like Gecko; compatible; GPTBot/1.4; +https://openai.com/gptbot)"
74.7.243.200 - - [14/Sep/2026:22:54:34 +0600] "GET /wp-json/oembed/1.0/embed?format=xml&url=http%3A%2F%2Fbangladaily.online%2F%25e0%25a6%259d%25e0%25a7%258b%25e0%25a6%25aa%25e0%25a6%259d%25e0%25a6%25be%25e0%25a6%25a1%25e0%25a6%25bc%25e0%25a7%2587-%25e0%25a6%25ac%25e0%25a6%25bf%25e0%25a6%25b2%25e0%25a7%2580%25e0%25a6%25a8-%25e0%25a6%25b8%25e0%25a7%258b%25e0%25a6%25af%25e0%25a6%25bc%25e0%25a6%25be-%25e0%25a6%2595%25e0%25a7%258b%25e0%25a6%259f%2F HTTP/1.1" 200 1300 "http://bangladaily.online/%e0%a6%9d%e0%a7%8b%e0%a6%aa%e0%a6%9d%e0%a6%be%e0%a6%a1%e0%a6%bc%e0%a7%87-%e0%a6%ac%e0%a6%bf%e0%a6%b2%e0%a7%80%e0%a6%a8-%e0%a6%b8%e0%a7%8b%e0%a6%af%e0%a6%bc%e0%a6%be-%e0%a6%95%e0%a7%8b%e0%a6%9f/" "Mozilla/5.0 AppleWebKit/537.36 (KHTML, like Gecko; compatible; GPTBot/1.4; +https://openai.com/gptbot)"
74.7.243.200 - - [14/Sep/2026:22:54:44 +0600] "GET /wp-content/uploads/2026/09/6aa7cd827010517893820186aa7cd8270117-768x503.jpg HTTP/1.1" 200 66172 "http://bangladaily.online/wp-json/oembed/1.0/embed?format=xml&url=http%3A%2F%2Fbangladaily.online%2F%25e0%25a6%25a8%25e0%25a6%25ad%25e0%25a7%2587%25e0%25a6%25ae%25e0%25a7%258d%25e0%25a6%25ac%25e0%25a6%25b0%25e0%25a7%2587-%25e0%25a6%2587%25e0%25a6%2589%25e0%25a6%25aa%25e0%25a6%25bf-%25e0%25a6%25ad%25e0%25a7%258b%25e0%25a6%259f-%25e0%25a6%25b6%25e0%25a7%2581%25e0%25a6%25b0%25e0%25a7%2581-%25e0%25a6%25b8%25e0%25a7%258d%2F" "Mozilla/5.0 AppleWebKit/537.36 (KHTML, like Gecko; compatible; GPTBot/1.4; +https://openai.com/gptbot)"
74.7.243.200 - - [14/Sep/2026:22:54:53 +0600] "GET /wp-json/oembed/1.0/embed?format=xml&url=http%3A%2F%2Fbangladaily.online%2F%25e0%25a6%25ae%25e0%25a6%25be-%25e0%25a6%25b9%25e0%25a6%2593%25e0%25a6%25af%25e0%25a6%25bc%25e0%25a6%25be%25e0%25a6%25b0-%25e0%25a6%2585%25e0%25a6%25aa%25e0%25a7%2587%25e0%25a6%2595%25e0%25a7%258d%25e0%25a6%25b7%25e0%25a6%25be%25e0%25a6%25af%25e0%25a6%25bc-%25e0%25a6%25ae%25e0%25a7%258c%25e0%25a6%25b8%25e0%25a7%2581%2F HTTP/1.1" 429 0 "http://bangladaily.online/%e0%a6%ae%e0%a6%be-%e0%a6%b9%e0%a6%93%e0%a6%af%e0%a6%bc%e0%a6%be%e0%a6%b0-%e0%a6%85%e0%a6%aa%e0%a7%87%e0%a6%95%e0%a7%8d%e0%a6%b7%e0%a6%be%e0%a6%af%e0%a6%bc-%e0%a6%ae%e0%a7%8c%e0%a6%b8%e0%a7%81/" "Mozilla/5.0 AppleWebKit/537.36 (KHTML, like Gecko; compatible; GPTBot/1.4; +https://openai.com/gptbot)"
74.7.243.200 - - [14/Sep/2026:22:54:59 +0600] "GET /wp-json/oembed/1.0/embed?format=xml&url=http%3A%2F%2Fbangladaily.online%2F%25e0%25a6%25a2%25e0%25a6%25be%25e0%25a6%25ac%25e0%25a6%25bf-%25e0%25a6%2595%25e0%25a7%258d%25e0%25a6%25af%25e0%25a6%25be%25e0%25a6%25ae%25e0%25a7%258d%25e0%25a6%25aa%25e0%25a6%25be%25e0%25a6%25b8%25e0%25a7%2587-%25e0%25a6%25b8%25e0%25a7%258d%25e0%25a6%25ac%25e0%25a6%25b8%25e0%25a7%258d%25e0%25a6%25a4%25e0%25a6%25bf%2F HTTP/1.1" 429 0 "http://bangladaily.online/%e0%a6%a2%e0%a6%be%e0%a6%ac%e0%a6%bf-%e0%a6%95%e0%a7%8d%e0%a6%af%e0%a6%be%e0%a6%ae%e0%a7%8d%e0%a6%aa%e0%a6%be%e0%a6%b8%e0%a7%87-%e0%a6%b8%e0%a7%8d%e0%a6%ac%e0%a6%b8%e0%a7%8d%e0%a6%a4%e0%a6%bf/" "Mozilla/5.0 AppleWebKit/537.36 (KHTML, like Gecko; compatible; GPTBot/1.4; +https://openai.com/gptbot)"
116.202.222.251 - - [14/Sep/2026:22:55:03 +0600] "GET /?wp_automatic=cron HTTP/1.1" 200 1569 "-" "curl/7.61.1"
74.7.243.200 - - [14/Sep/2026:22:55:09 +0600] "GET /wp-json/oembed/1.0/embed?format=xml&url=http%3A%2F%2Fbangladaily.online%2F%25e0%25a6%25a8%25e0%25a6%25be%25e0%25a6%25ae-%25e0%25a6%25ac%25e0%25a6%25a6%25e0%25a6%25b2%25e0%25a7%2587-%25e0%25a6%25a4%25e0%25a6%25be%25e0%25a6%25b0%25e0%25a6%2595%25e0%25a6%25be-%25e0%25a6%25b9%25e0%25a6%2593%25e0%25a6%25af%25e0%25a6%25bc%25e0%25a6%25be-%25e0%25a6%25af%25e0%25a7%2587%25e0%25a6%25b8%25e0%25a6%25ac-3%2F HTTP/1.1" 429 0 "http://bangladaily.online/%e0%a6%a8%e0%a6%be%e0%a6%ae-%e0%a6%ac%e0%a6%a6%e0%a6%b2%e0%a7%87-%e0%a6%a4%e0%a6%be%e0%a6%b0%e0%a6%95%e0%a6%be-%e0%a6%b9%e0%a6%93%e0%a6%af%e0%a6%bc%e0%a6%be-%e0%a6%af%e0%a7%87%e0%a6%b8%e0%a6%ac-3/" "Mozilla/5.0 AppleWebKit/537.36 (KHTML, like Gecko; compatible; GPTBot/1.4; +https://openai.com/gptbot)"
116.202.222.251 - - [14/Sep/2026:22:55:24 +0600] "POST /wp-cron.php?doing_wp_cron=1789404924.9657649993896484375000 HTTP/1.1" 200 0 "-" "WordPress/7.1; http://bangladaily.online"
74.7.243.200 - - [14/Sep/2026:22:55:24 +0600] "GET /wp-json/oembed/1.0/embed?format=xml&url=http%3A%2F%2Fbangladaily.online%2F%25e0%25a6%25b0%25e0%25a6%25be%25e0%25a6%259c%25e0%25a6%25b6%25e0%25a6%25be%25e0%25a6%25b9%25e0%25a7%2580%25e0%25a6%25b0-%25e0%25a6%25aa%25e0%25a6%25ac%25e0%25a6%25be%25e0%25a6%25b0-%25e0%25a7%25a7%25e0%25a7%25af-%25e0%25a6%259c%25e0%25a6%25b2%25e0%25a6%25be%25e0%25a6%25b6%25e0%25a6%25af%25e0%25a6%25bc%25e0%25a7%2587%2F HTTP/1.1" 200 1323 "http://bangladaily.online/%e0%a6%b0%e0%a6%be%e0%a6%9c%e0%a6%b6%e0%a6%be%e0%a6%b9%e0%a7%80%e0%a6%b0-%e0%a6%aa%e0%a6%ac%e0%a6%be%e0%a6%b0-%e0%a7%a7%e0%a7%af-%e0%a6%9c%e0%a6%b2%e0%a6%be%e0%a6%b6%e0%a6%af%e0%a6%bc%e0%a7%87/" "Mozilla/5.0 AppleWebKit/537.36 (KHTML, like Gecko; compatible; GPTBot/1.4; +https://openai.com/gptbot)"
74.7.243.200 - - [14/Sep/2026:22:56:00 +0600] "GET /wp-json/oembed/1.0/embed?format=xml&url=http%3A%2F%2Fbangladaily.online%2F%25e0%25a6%25a6%25e0%25a7%2587%25e0%25a6%25b6%25e0%25a7%2587-%25e0%25a6%25ab%25e0%25a6%25bf%25e0%25a6%25b0%25e0%25a7%2587-%25e0%25a6%25ac%25e0%25a6%25bf%25e0%25a6%25ae%25e0%25a6%25be%25e0%25a6%25a8%25e0%25a6%25ac%25e0%25a6%25a8%25e0%25a7%258d%25e0%25a6%25a6%25e0%25a6%25b0%25e0%25a7%2587-%25e0%25a6%25af%25e0%25a6%25be%2F HTTP/1.1" 200 1290 "http://bangladaily.online/%e0%a6%a6%e0%a7%87%e0%a6%b6%e0%a7%87-%e0%a6%ab%e0%a6%bf%e0%a6%b0%e0%a7%87-%e0%a6%ac%e0%a6%bf%e0%a6%ae%e0%a6%be%e0%a6%a8%e0%a6%ac%e0%a6%a8%e0%a7%8d%e0%a6%a6%e0%a6%b0%e0%a7%87-%e0%a6%af%e0%a6%be/" "Mozilla/5.0 AppleWebKit/537.36 (KHTML, like Gecko; compatible; GPTBot/1.4; +https://openai.com/gptbot)"
74.7.243.200 - - [14/Sep/2026:22:56:20 +0600] "GET /wp-content/uploads/2026/09/shamina-choudary-mtzutkont93r0n5-20260913193644.jpg HTTP/1.1" 200 33966 "http://bangladaily.online/wp-json/oembed/1.0/embed?format=xml&url=http%3A%2F%2Fbangladaily.online%2F%25e0%25a6%2586%25e0%25a6%25b8%25e0%25a6%259b%25e0%25a7%2587-%25e0%25a6%25ae%25e0%25a6%25a8%25e0%25a6%25bf%25e0%25a6%25b0-%25e0%25a6%2596%25e0%25a6%25be%25e0%25a6%25a8%25e0%25a7%2587%25e0%25a6%25b0-%25e0%25a6%25ae%25e0%25a6%25be%2F" "Mozilla/5.0 AppleWebKit/537.36 (KHTML, like Gecko; compatible; GPTBot/1.4; +https://openai.com/gptbot)"
85.208.96.205 - - [14/Sep/2026:22:56:41 +0600] "GET /%E0%A6%9C%E0%A6%BE%E0%A6%B0%E0%A7%8D%E0%A6%AE%E0%A6%BE%E0%A6%A8-%E0%A6%9A%E0%A7%8D%E0%A6%AF%E0%A6%BE%E0%A6%A8%E0%A7%8D%E0%A6%B8%E0%A7%87%E0%A6%B2%E0%A6%B0%E0%A7%87%E0%A6%B0-%E0%A6%AC%E0%A6%BF%E0%A6%B0/ HTTP/1.1" 200 20546 "-" "Mozilla/5.0 (compatible; SemrushBot/7~bl; +http://www.semrush.com/bot.html)"
116.202.222.251 - - [14/Sep/2026:22:57:02 +0600] "GET /?wp_automatic=cron HTTP/1.1" 200 2316 "-" "curl/7.61.1"
74.7.243.200 - - [14/Sep/2026:22:57:08 +0600] "GET /wp-content/uploads/2026/09/motamot-20260914094528.jpg HTTP/1.1" 429 0 "http://bangladaily.online/wp-json/oembed/1.0/embed?format=xml&url=http%3A%2F%2Fbangladaily.online%2F%25e0%25a6%259d%25e0%25a7%258b%25e0%25a6%25aa%25e0%25a6%259d%25e0%25a6%25be%25e0%25a6%25a1%25e0%25a6%25bc%25e0%25a7%2587-%25e0%25a6%25ac%25e0%25a6%25bf%25e0%25a6%25b2%25e0%25a7%2580%25e0%25a6%25a8-%25e0%25a6%25b8%25e0%25a7%258b%25e0%25a6%25af%25e0%25a6%25bc%25e0%25a6%25be-%25e0%25a6%2595%25e0%25a7%258b%25e0%25a6%259f%2F" "Mozilla/5.0 AppleWebKit/537.36 (KHTML, like Gecko; compatible; GPTBot/1.4; +https://openai.com/gptbot)"
116.202.222.251 - - [14/Sep/2026:22:56:00 +0600] "POST /wp-cron.php?doing_wp_cron=1789404960.8953950405120849609375 HTTP/1.1" 200 0 "-" "WordPress/7.1; http://bangladaily.online"
116.202.222.251 - - [14/Sep/2026:22:56:02 +0600] "GET /?wp_automatic=cron HTTP/1.1" 200 1569 "-" "curl/7.61.1"
185.191.171.10 - - [14/Sep/2026:22:56:14 +0600] "GET /%E0%A6%8F%E0%A6%AE%E0%A6%AA%E0%A6%BF%E0%A6%93%E0%A6%AD%E0%A7%81%E0%A6%95%E0%A7%8D%E0%A6%A4-%E0%A6%B6%E0%A6%BF%E0%A6%95%E0%A7%8D%E0%A6%B7%E0%A6%95-%E0%A6%95%E0%A6%B0%E0%A7%8D%E0%A6%AE%E0%A6%9A%E0%A6%BE/ HTTP/1.1" 200 19805 "-" "Mozilla/5.0 (compatible; SemrushBot/7~bl; +http://www.semrush.com/bot.html)"
74.7.243.200 - - [14/Sep/2026:22:56:36 +0600] "GET /wp-json/oembed/1.0/embed?format=xml&url=http%3A%2F%2Fbangladaily.online%2F%25e0%25a6%25ad%25e0%25a6%25b0%25e0%25a6%25bf%25e0%25a6%25a4%25e0%25a7%2587-%25e0%25a6%25b8%25e0%25a7%258b%25e0%25a6%25a8%25e0%25a6%25be%25e0%25a6%25b0-%25e0%25a6%25a6%25e0%25a6%25be%25e0%25a6%25ae-%25e0%25a6%25ac%25e0%25a6%25be%25e0%25a6%25a1%25e0%25a6%25bc%25e0%25a6%25b2-%25e0%25a7%25ab%25e0%25a7%25aa%25e0%25a7%25ae%2F HTTP/1.1" 429 0 "http://bangladaily.online/%e0%a6%ad%e0%a6%b0%e0%a6%bf%e0%a6%a4%e0%a7%87-%e0%a6%b8%e0%a7%8b%e0%a6%a8%e0%a6%be%e0%a6%b0-%e0%a6%a6%e0%a6%be%e0%a6%ae-%e0%a6%ac%e0%a6%be%e0%a6%a1%e0%a6%bc%e0%a6%b2-%e0%a7%ab%e0%a7%aa%e0%a7%ae/" "Mozilla/5.0 AppleWebKit/537.36 (KHTML, like Gecko; compatible; GPTBot/1.4; +https://openai.com/gptbot)"
116.202.222.251 - - [14/Sep/2026:22:56:42 +0600] "POST /wp-cron.php?doing_wp_cron=1789405002.3987228870391845703125 HTTP/1.1" 200 0 "-" "WordPress/7.1; http://bangladaily.online"
116.202.222.251 - - [14/Sep/2026:22:57:05 +0600] "POST /wp-cron.php?doing_wp_cron=1789405025.1724250316619873046875 HTTP/1.1" 200 0 "-" "WordPress/7.1; http://bangladaily.online"
116.202.222.251 - - [14/Sep/2026:22:57:58 +0600] "POST /wp-cron.php?doing_wp_cron=1789405078.1596469879150390625000 HTTP/1.1" 200 0 "-" "WordPress/7.1; http://bangladaily.online"
74.7.243.200 - - [14/Sep/2026:22:58:08 +0600] "GET /wp-json/oembed/1.0/embed?format=xml&url=http%3A%2F%2Fbangladaily.online%2F%25e0%25a6%25ac%25e0%25a6%25b0%25e0%25a6%25bf%25e0%25a6%25b6%25e0%25a6%25be%25e0%25a6%25b2%25e0%25a7%2587-%25e0%25a6%259a%25e0%25a6%25a1%25e0%25a6%25bc%25e0%25a6%25be-%25e0%25a6%25a6%25e0%25a6%25be%25e0%25a6%25ae%25e0%25a7%2587-%25e0%25a6%25ac%25e0%25a6%25bf%25e0%25a6%2595%25e0%25a7%258d%25e0%25a6%25b0%25e0%25a6%25bf%2F HTTP/1.1" 200 1315 "http://bangladaily.online/%e0%a6%ac%e0%a6%b0%e0%a6%bf%e0%a6%b6%e0%a6%be%e0%a6%b2%e0%a7%87-%e0%a6%9a%e0%a6%a1%e0%a6%bc%e0%a6%be-%e0%a6%a6%e0%a6%be%e0%a6%ae%e0%a7%87-%e0%a6%ac%e0%a6%bf%e0%a6%95%e0%a7%8d%e0%a6%b0%e0%a6%bf/" "Mozilla/5.0 AppleWebKit/537.36 (KHTML, like Gecko; compatible; GPTBot/1.4; +https://openai.com/gptbot)"
74.7.243.200 - - [14/Sep/2026:22:59:24 +0600] "GET /wp-content/uploads/2026/09/6aa78a82bbd9017893648666aa78a82bbda7-768x503.jpg HTTP/1.1" 429 0 "http://bangladaily.online/wp-json/oembed/1.0/embed?format=xml&url=http%3A%2F%2Fbangladaily.online%2F%25e0%25a6%25a6%25e0%25a7%2587%25e0%25a6%25b6%25e0%25a7%2587-%25e0%25a6%25ab%25e0%25a6%25bf%25e0%25a6%25b0%25e0%25a7%2587-%25e0%25a6%25ac%25e0%25a6%25bf%25e0%25a6%25ae%25e0%25a6%25be%25e0%25a6%25a8%25e0%25a6%25ac%25e0%25a6%25a8%25e0%25a7%258d%25e0%25a6%25a6%25e0%25a6%25b0%25e0%25a7%2587-%25e0%25a6%25af%25e0%25a6%25be%2F" "Mozilla/5.0 AppleWebKit/537.36 (KHTML, like Gecko; compatible; GPTBot/1.4; +https://openai.com/gptbot)"
74.7.243.200 - - [14/Sep/2026:22:57:28 +0600] "GET /wp-json/oembed/1.0/embed?format=xml&url=http%3A%2F%2Fbangladaily.online%2F%25e0%25a6%25b0%25e0%25a6%25be%25e0%25a6%25ae%25e0%25a7%2587%25e0%25a6%2595-%25e0%25a6%25b9%25e0%25a6%25be%25e0%25a6%25b8%25e0%25a6%25aa%25e0%25a6%25be%25e0%25a6%25a4%25e0%25a6%25be%25e0%25a6%25b2%25e0%25a7%2587-%25e0%25a6%25aa%25e0%25a7%258d%25e0%25a6%25b0%25e0%25a6%25a5%25e0%25a6%25ae%25e0%25a6%25ac%25e0%25a6%25be%25e0%25a6%25b0%2F HTTP/1.1" 429 0 "http://bangladaily.online/%e0%a6%b0%e0%a6%be%e0%a6%ae%e0%a7%87%e0%a6%95-%e0%a6%b9%e0%a6%be%e0%a6%b8%e0%a6%aa%e0%a6%be%e0%a6%a4%e0%a6%be%e0%a6%b2%e0%a7%87-%e0%a6%aa%e0%a7%8d%e0%a6%b0%e0%a6%a5%e0%a6%ae%e0%a6%ac%e0%a6%be%e0%a6%b0/" "Mozilla/5.0 AppleWebKit/537.36 (KHTML, like Gecko; compatible; GPTBot/1.4; +https://openai.com/gptbot)"
74.7.243.200 - - [14/Sep/2026:22:57:48 +0600] "GET /wp-json/oembed/1.0/embed?format=xml&url=http%3A%2F%2Fbangladaily.online%2F%25e0%25a6%25b8%25e0%25a6%25be%25e0%25a6%25a1%25e0%25a6%25bc%25e0%25a7%2587-%25e0%25a7%25ac-%25e0%25a6%2595%25e0%25a7%258b%25e0%25a6%259f%25e0%25a6%25bf-%25e0%25a6%25ac%25e0%25a6%259b%25e0%25a6%25b0-%25e0%25a6%25aa%25e0%25a6%25b0-%25e0%25a6%25ae%25e0%25a6%25bf%25e0%25a6%25b2%25e0%25a6%25b2-%25e0%25a6%25a1%25e0%25a6%25be%2F HTTP/1.1" 429 0 "http://bangladaily.online/%e0%a6%b8%e0%a6%be%e0%a6%a1%e0%a6%bc%e0%a7%87-%e0%a7%ac-%e0%a6%95%e0%a7%8b%e0%a6%9f%e0%a6%bf-%e0%a6%ac%e0%a6%9b%e0%a6%b0-%e0%a6%aa%e0%a6%b0-%e0%a6%ae%e0%a6%bf%e0%a6%b2%e0%a6%b2-%e0%a6%a1%e0%a6%be/" "Mozilla/5.0 AppleWebKit/537.36 (KHTML, like Gecko; compatible; GPTBot/1.4; +https://openai.com/gptbot)"
85.208.96.208 - - [14/Sep/2026:22:57:57 +0600] "GET /robots.txt HTTP/1.1" 200 126 "-" "Mozilla/5.0 (compatible; SemrushBot/7~bl; +http://www.semrush.com/bot.html)"
85.208.96.202 - - [14/Sep/2026:22:57:58 +0600] "GET /%E0%A6%B8%E0%A6%A1%E0%A6%BC%E0%A6%95-%E0%A6%AC%E0%A6%BF%E0%A6%AD%E0%A6%BE%E0%A6%9C%E0%A6%95%E0%A7%87-%E0%A6%AC%E0%A7%83%E0%A6%95%E0%A7%8D%E0%A6%B7%E0%A6%B0%E0%A7%8B%E0%A6%AA%E0%A6%A3-%E0%A6%95/ HTTP/1.1" 200 21049 "-" "Mozilla/5.0 (compatible; SemrushBot/7~bl; +http://www.semrush.com/bot.html)"
116.202.222.251 - - [14/Sep/2026:22:58:02 +0600] "GET /?wp_automatic=cron HTTP/1.1" 200 1603 "-" "curl/7.61.1"
74.7.243.200 - - [14/Sep/2026:22:58:44 +0600] "GET /wp-content/uploads/2026/09/rangpur-20260913195409.jpg HTTP/1.1" 429 0 "http://bangladaily.online/wp-json/oembed/1.0/embed?format=xml&url=http%3A%2F%2Fbangladaily.online%2F%25e0%25a6%25b0%25e0%25a6%25be%25e0%25a6%259c%25e0%25a6%25b6%25e0%25a6%25be%25e0%25a6%25b9%25e0%25a7%2580%25e0%25a6%25b0-%25e0%25a6%25aa%25e0%25a6%25ac%25e0%25a6%25be%25e0%25a6%25b0-%25e0%25a7%25a7%25e0%25a7%25af-%25e0%25a6%259c%25e0%25a6%25b2%25e0%25a6%25be%25e0%25a6%25b6%25e0%25a6%25af%25e0%25a6%25bc%25e0%25a7%2587%2F" "Mozilla/5.0 AppleWebKit/537.36 (KHTML, like Gecko; compatible; GPTBot/1.4; +https://openai.com/gptbot)"
116.202.222.251 - - [14/Sep/2026:22:59:02 +0600] "GET /?wp_automatic=cron HTTP/1.1" 200 1573 "-" "curl/7.61.1"
74.7.243.200 - - [14/Sep/2026:22:59:04 +0600] "GET /wp-json/oembed/1.0/embed?format=xml&url=http%3A%2F%2Fbangladaily.online%2F%25e0%25a6%25ac%25e0%25a6%25bf%25e0%25a6%25af%25e0%25a6%25bc%25e0%25a7%2587%25e0%25a6%25a4%25e0%25a7%2587-%25e0%25a6%25ac%25e0%25a6%25af%25e0%25a6%25bc%25e0%25a6%25b8%25e0%25a7%2587%25e0%25a6%25b0-%25e0%25a6%25ac%25e0%25a7%258d%25e0%25a6%25af%25e0%25a6%25ac%25e0%25a6%25a7%25e0%25a6%25be%25e0%25a6%25a8-%25e0%25a6%2595%2F HTTP/1.1" 429 0 "http://bangladaily.online/%e0%a6%ac%e0%a6%bf%e0%a6%af%e0%a6%bc%e0%a7%87%e0%a6%a4%e0%a7%87-%e0%a6%ac%e0%a6%af%e0%a6%bc%e0%a6%b8%e0%a7%87%e0%a6%b0-%e0%a6%ac%e0%a7%8d%e0%a6%af%e0%a6%ac%e0%a6%a7%e0%a6%be%e0%a6%a8-%e0%a6%95/" "Mozilla/5.0 AppleWebKit/537.36 (KHTML, like Gecko; compatible; GPTBot/1.4; +https://openai.com/gptbot)"
74.7.243.200 - - [14/Sep/2026:23:00:24 +0600] "GET /wp-json/oembed/1.0/embed?format=xml&url=http%3A%2F%2Fbangladaily.online%2F%25e0%25a6%25b8%25e0%25a7%258d%25e0%25a6%25a5%25e0%25a6%25be%25e0%25a6%25a8%25e0%25a7%2580%25e0%25a6%25af%25e0%25a6%25bc-%25e0%25a6%25b8%25e0%25a6%25b0%25e0%25a6%2595%25e0%25a6%25be%25e0%25a6%25b0-%25e0%25a6%25a8%25e0%25a6%25bf%25e0%25a6%25b0%25e0%25a7%258d%25e0%25a6%25ac%25e0%25a6%25be%25e0%25a6%259a%25e0%25a6%25a8%2F HTTP/1.1" 429 0 "http://bangladaily.online/%e0%a6%b8%e0%a7%8d%e0%a6%a5%e0%a6%be%e0%a6%a8%e0%a7%80%e0%a6%af%e0%a6%bc-%e0%a6%b8%e0%a6%b0%e0%a6%95%e0%a6%be%e0%a6%b0-%e0%a6%a8%e0%a6%bf%e0%a6%b0%e0%a7%8d%e0%a6%ac%e0%a6%be%e0%a6%9a%e0%a6%a8/" "Mozilla/5.0 AppleWebKit/537.36 (KHTML, like Gecko; compatible; GPTBot/1.4; +https://openai.com/gptbot)"
74.7.243.200 - - [14/Sep/2026:23:00:44 +0600] "GET /wp-json/oembed/1.0/embed?format=xml&url=http%3A%2F%2Fbangladaily.online%2F%25e0%25a6%25b9%25e0%25a6%25be%25e0%25a6%25a8%25e0%25a6%25bf%25e0%25a6%25af%25e0%25a6%25bc%25e0%25a6%25be-%25e0%25a6%2586%25e0%25a6%25ae%25e0%25a6%25bf%25e0%25a6%25b0%25e0%25a7%2587%25e0%25a6%25b0-%25e0%25a6%25ad%25e0%25a6%25bf%25e0%25a6%25a1%25e0%25a6%25bf%25e0%25a6%2593-%25e0%25a6%25ad%25e0%25a6%25be%25e0%25a6%2587%2F HTTP/1.1" 429 0 "http://bangladaily.online/%e0%a6%b9%e0%a6%be%e0%a6%a8%e0%a6%bf%e0%a6%af%e0%a6%bc%e0%a6%be-%e0%a6%86%e0%a6%ae%e0%a6%bf%e0%a6%b0%e0%a7%87%e0%a6%b0-%e0%a6%ad%e0%a6%bf%e0%a6%a1%e0%a6%bf%e0%a6%93-%e0%a6%ad%e0%a6%be%e0%a6%87/" "Mozilla/5.0 AppleWebKit/537.36 (KHTML, like Gecko; compatible; GPTBot/1.4; +https://openai.com/gptbot)"
185.191.171.9 - - [14/Sep/2026:23:00:44 +0600] "GET /%E0%A6%A8%E0%A6%BE%E0%A6%9F%E0%A7%8B%E0%A6%B0-%E0%A6%9A%E0%A7%81%E0%A6%AF%E0%A6%BC%E0%A6%BE%E0%A6%A1%E0%A6%BE%E0%A6%99%E0%A7%8D%E0%A6%97%E0%A6%BE-%E0%A6%93-%E0%A6%AE%E0%A7%87%E0%A6%B9%E0%A7%87/ HTTP/1.1" 200 17684 "-" "Mozilla/5.0 (compatible; SemrushBot/7~bl; +http://www.semrush.com/bot.html)"
74.7.243.200 - - [14/Sep/2026:23:02:20 +0600] "GET /wp-json/oembed/1.0/embed?format=xml&url=http%3A%2F%2Fbangladaily.online%2F%25e0%25a6%25ac%25e0%25a6%25bf%25e0%25a6%25ae%25e0%25a6%25be-%25e0%25a6%2596%25e0%25a6%25be%25e0%25a6%25a4%25e0%25a7%2587-%25e0%25a6%25ac%25e0%25a6%2595%25e0%25a7%2587%25e0%25a6%25af%25e0%25a6%25bc%25e0%25a6%25be-%25e0%25a6%25a6%25e0%25a6%25be%25e0%25a6%25ac%25e0%25a6%25bf-%25e0%25a7%25ad-%25e0%25a6%25b9%25e0%25a6%25be%2F HTTP/1.1" 429 0 "http://bangladaily.online/%e0%a6%ac%e0%a6%bf%e0%a6%ae%e0%a6%be-%e0%a6%96%e0%a6%be%e0%a6%a4%e0%a7%87-%e0%a6%ac%e0%a6%95%e0%a7%87%e0%a6%af%e0%a6%bc%e0%a6%be-%e0%a6%a6%e0%a6%be%e0%a6%ac%e0%a6%bf-%e0%a7%ad-%e0%a6%b9%e0%a6%be/" "Mozilla/5.0 AppleWebKit/537.36 (KHTML, like Gecko; compatible; GPTBot/1.4; +https://openai.com/gptbot)"
74.7.243.200 - - [14/Sep/2026:23:02:40 +0600] "GET /wp-json/oembed/1.0/embed?format=xml&url=http%3A%2F%2Fbangladaily.online%2F%25e0%25a6%25aa%25e0%25a7%258d%25e0%25a6%25b0%25e0%25a6%25ad%25e0%25a6%25be%25e0%25a6%25b0-%25e0%25a6%25a4%25e0%25a7%2583%25e0%25a6%25a4%25e0%25a7%2580%25e0%25a6%25af%25e0%25a6%25bc-%25e0%25a6%25ac%25e0%25a6%25bf%25e0%25a6%25af%25e0%25a6%25bc%25e0%25a7%2587-%25e0%25a6%25a8%25e0%25a6%25bf%25e0%25a6%25af%25e0%25a6%25bc%2F HTTP/1.1" 429 0 "http://bangladaily.online/%e0%a6%aa%e0%a7%8d%e0%a6%b0%e0%a6%ad%e0%a6%be%e0%a6%b0-%e0%a6%a4%e0%a7%83%e0%a6%a4%e0%a7%80%e0%a6%af%e0%a6%bc-%e0%a6%ac%e0%a6%bf%e0%a6%af%e0%a6%bc%e0%a7%87-%e0%a6%a8%e0%a6%bf%e0%a6%af%e0%a6%bc/" "Mozilla/5.0 AppleWebKit/537.36 (KHTML, like Gecko; compatible; GPTBot/1.4; +https://openai.com/gptbot)"
116.202.222.251 - - [14/Sep/2026:23:03:02 +0600] "GET /?wp_automatic=cron HTTP/1.1" 200 7074 "-" "curl/7.61.1"
85.208.96.202 - - [14/Sep/2026:23:03:05 +0600] "GET /%E0%A6%A1%E0%A6%B2%E0%A6%BE%E0%A6%B0%E0%A7%87%E0%A6%B0-%E0%A6%AC%E0%A6%BF%E0%A6%AA%E0%A6%B0%E0%A7%80%E0%A6%A4%E0%A7%87-%E0%A6%AA%E0%A6%BE%E0%A6%89%E0%A6%A8%E0%A7%8D%E0%A6%A1-%E0%A6%87%E0%A6%89/ HTTP/1.1" 200 19485 "-" "Mozilla/5.0 (compatible; SemrushBot/7~bl; +http://www.semrush.com/bot.html)"
74.7.243.200 - - [14/Sep/2026:22:59:44 +0600] "GET /wp-json/oembed/1.0/embed?format=xml&url=http%3A%2F%2Fbangladaily.online%2F%25e0%25a6%25ae%25e0%25a6%25be%25e0%25a6%25a6%25e0%25a6%2595-%25e0%25a6%25ae%25e0%25a6%25be%25e0%25a6%25ae%25e0%25a6%25b2%25e0%25a6%25be%25e0%25a6%25b0-%25e0%25a6%2586%25e0%25a6%25b8%25e0%25a6%25be%25e0%25a6%25ae%25e0%25a6%25bf-%25e0%25a6%25a7%25e0%25a6%25b0%25e0%25a6%25a4%25e0%25a7%2587-%25e0%25a6%2597%25e0%25a6%25bf%2F HTTP/1.1" 429 0 "http://bangladaily.online/%e0%a6%ae%e0%a6%be%e0%a6%a6%e0%a6%95-%e0%a6%ae%e0%a6%be%e0%a6%ae%e0%a6%b2%e0%a6%be%e0%a6%b0-%e0%a6%86%e0%a6%b8%e0%a6%be%e0%a6%ae%e0%a6%bf-%e0%a6%a7%e0%a6%b0%e0%a6%a4%e0%a7%87-%e0%a6%97%e0%a6%bf/" "Mozilla/5.0 AppleWebKit/537.36 (KHTML, like Gecko; compatible; GPTBot/1.4; +https://openai.com/gptbot)"
74.7.243.200 - - [14/Sep/2026:23:00:04 +0600] "GET /wp-json/oembed/1.0/embed?format=xml&url=http%3A%2F%2Fbangladaily.online%2F%25e0%25a7%25a7%25e0%25a7%25ad%25e0%25a7%25ac-%25e0%25a6%2595%25e0%25a7%258b%25e0%25a6%259f%25e0%25a6%25bf-%25e0%25a6%259f%25e0%25a6%25be%25e0%25a6%2595%25e0%25a6%25be-%25e0%25a6%2586%25e0%25a6%25a4%25e0%25a7%258d%25e0%25a6%25ae%25e0%25a6%25b8%25e0%25a6%25be%25e0%25a7%258e-%25e0%25a6%25b9%25e0%25a6%25be%25e0%25a6%25b8%2F HTTP/1.1" 429 0 "http://bangladaily.online/%e0%a7%a7%e0%a7%ad%e0%a7%ac-%e0%a6%95%e0%a7%8b%e0%a6%9f%e0%a6%bf-%e0%a6%9f%e0%a6%be%e0%a6%95%e0%a6%be-%e0%a6%86%e0%a6%a4%e0%a7%8d%e0%a6%ae%e0%a6%b8%e0%a6%be%e0%a7%8e-%e0%a6%b9%e0%a6%be%e0%a6%b8/" "Mozilla/5.0 AppleWebKit/537.36 (KHTML, like Gecko; compatible; GPTBot/1.4; +https://openai.com/gptbot)"
116.202.222.251 - - [14/Sep/2026:23:00:03 +0600] "GET /?wp_automatic=cron HTTP/1.1" 200 1547 "-" "curl/7.61.1"
116.202.222.251 - - [14/Sep/2026:23:00:45 +0600] "POST /wp-cron.php?doing_wp_cron=1789405245.5642290115356445312500 HTTP/1.1" 200 0 "-" "WordPress/7.1; http://bangladaily.online"
116.202.222.251 - - [14/Sep/2026:23:01:02 +0600] "GET /?wp_automatic=cron HTTP/1.1" 200 1589 "-" "curl/7.61.1"
162.62.231.139 - - [14/Sep/2026:23:01:43 +0600] "GET /%E0%A6%86%E0%A6%B8%E0%A6%9B%E0%A7%87-%E0%A6%AE%E0%A6%A8%E0%A6%BF%E0%A6%B0-%E0%A6%96%E0%A6%BE%E0%A6%A8%E0%A7%87%E0%A6%B0-%E0%A6%AE%E0%A6%BE/ HTTP/1.1" 200 20473 "-" "Mozilla/5.0 (iPhone; CPU iPhone OS 13_2_3 like Mac OS X) AppleWebKit/605.1.15 (KHTML, like Gecko) Version/13.0.3 Mobile/15E148 Safari/604.1"
74.7.243.200 - - [14/Sep/2026:23:02:00 +0600] "GET /wp-json/oembed/1.0/embed?format=xml&url=http%3A%2F%2Fbangladaily.online%2F%25e0%25a6%25ae%25e0%25a6%25be-%25e0%25a6%25b9%25e0%25a6%25be%25e0%25a6%25b0%25e0%25a6%25bf%25e0%25a6%25af%25e0%25a6%25bc%25e0%25a7%2587-%25e0%25a6%2595%25e0%25a6%25be%25e0%25a6%2581%25e0%25a6%25a6%25e0%25a6%259b%25e0%25a7%2587%25e0%25a6%25a8-%25e0%25a6%259a%25e0%25a6%25bf%25e0%25a6%25a8%25e0%25a7%258d%25e0%25a6%25ae%2F HTTP/1.1" 429 0 "http://bangladaily.online/%e0%a6%ae%e0%a6%be-%e0%a6%b9%e0%a6%be%e0%a6%b0%e0%a6%bf%e0%a6%af%e0%a6%bc%e0%a7%87-%e0%a6%95%e0%a6%be%e0%a6%81%e0%a6%a6%e0%a6%9b%e0%a7%87%e0%a6%a8-%e0%a6%9a%e0%a6%bf%e0%a6%a8%e0%a7%8d%e0%a6%ae/" "Mozilla/5.0 AppleWebKit/537.36 (KHTML, like Gecko; compatible; GPTBot/1.4; +https://openai.com/gptbot)"
116.202.222.251 - - [14/Sep/2026:23:02:02 +0600] "GET /?wp_automatic=cron HTTP/1.1" 200 7072 "-" "curl/7.61.1"
74.7.243.200 - - [14/Sep/2026:23:03:00 +0600] "GET /wp-json/oembed/1.0/embed?format=xml&url=http%3A%2F%2Fbangladaily.online%2F%25e0%25a6%2587%25e0%25a6%25af%25e0%25a6%25bc%25e0%25a6%25be%25e0%25a6%25ae%25e0%25a6%25be%25e0%25a6%25b2%25e0%25a6%2595%25e0%25a7%2587-%25e0%25a6%25b8%25e0%25a6%25be%25e0%25a6%25ac%25e0%25a7%2587%25e0%25a6%2595-%25e0%25a6%25ac%25e0%25a6%25be%25e0%25a6%25b0%25e0%25a7%258d%25e0%25a6%25b8%25e0%25a6%25be-%25e0%25a6%25a4%2F HTTP/1.1" 429 0 "http://bangladaily.online/%e0%a6%87%e0%a6%af%e0%a6%bc%e0%a6%be%e0%a6%ae%e0%a6%be%e0%a6%b2%e0%a6%95%e0%a7%87-%e0%a6%b8%e0%a6%be%e0%a6%ac%e0%a7%87%e0%a6%95-%e0%a6%ac%e0%a6%be%e0%a6%b0%e0%a7%8d%e0%a6%b8%e0%a6%be-%e0%a6%a4/" "Mozilla/5.0 AppleWebKit/537.36 (KHTML, like Gecko; compatible; GPTBot/1.4; +https://openai.com/gptbot)"
74.7.243.200 - - [14/Sep/2026:23:04:00 +0600] "GET /wp-content/themes/covernews/assets/icons/style.css?ver=7.1 HTTP/1.1" 429 0 "http://bangladaily.online/" "Mozilla/5.0 AppleWebKit/537.36 (KHTML, like Gecko; compatible; GPTBot/1.4; +https://openai.com/gptbot)"
74.7.243.200 - - [14/Sep/2026:23:04:20 +0600] "GET /wp-content/themes/covernews/assets/slick/css/slick.css?ver=2.1.11 HTTP/1.1" 429 0 "http://bangladaily.online/" "Mozilla/5.0 AppleWebKit/537.36 (KHTML, like Gecko; compatible; GPTBot/1.4; +https://openai.com/gptbot)"
74.7.243.200 - - [14/Sep/2026:23:05:00 +0600] "GET /wp-content/themes/covernews/assets/fonts/css/lato.css?ver=2.1.11 HTTP/1.1" 429 0 "http://bangladaily.online/" "Mozilla/5.0 AppleWebKit/537.36 (KHTML, like Gecko; compatible; GPTBot/1.4; +https://openai.com/gptbot)"
116.202.222.251 - - [14/Sep/2026:23:05:05 +0600] "POST /wp-cron.php?doing_wp_cron=1789405505.7301650047302246093750 HTTP/1.1" 200 0 "-" "WordPress/7.1; http://bangladaily.online"
116.202.222.251 - - [14/Sep/2026:23:05:03 +0600] "GET /?wp_automatic=cron HTTP/1.1" 200 9240 "-" "curl/7.61.1"
74.7.243.200 - - [14/Sep/2026:23:05:40 +0600] "GET /wp-content/themes/covernews/assets/fonts/css/source-sans.css?ver=2.1.11 HTTP/1.1" 429 0 "http://bangladaily.online/" "Mozilla/5.0 AppleWebKit/537.36 (KHTML, like Gecko; compatible; GPTBot/1.4; +https://openai.com/gptbot)"
51.89.83.50 - - [14/Sep/2026:23:05:57 +0600] "GET /wp-content/uploads/2026/09/803150929-1395224232814904-1755867746884117447-n-mu12e7l4u7yf2hs-20260914155445-300x156.jpg HTTP/1.1" 200 15430 "-" "Mozilla/5.0 (compatible; AhrefsBot/7.0; +http://ahrefs.com/robot/)"
185.191.171.3 - - [14/Sep/2026:23:06:03 +0600] "GET /page/197/ HTTP/1.1" 200 28448 "-" "Mozilla/5.0 (compatible; SemrushBot/7~bl; +http://www.semrush.com/bot.html)"
116.202.222.251 - - [14/Sep/2026:23:06:02 +0600] "GET /?wp_automatic=cron HTTP/1.1" 200 7108 "-" "curl/7.61.1"
116.202.222.251 - - [14/Sep/2026:23:07:02 +0600] "GET /?wp_automatic=cron HTTP/1.1" 200 7078 "-" "curl/7.61.1"
116.202.222.251 - - [14/Sep/2026:23:08:02 +0600] "GET /?wp_automatic=cron HTTP/1.1" 200 7051 "-" "curl/7.61.1"
116.202.222.251 - - [14/Sep/2026:23:08:30 +0600] "POST /wp-cron.php?doing_wp_cron=1789405710.8635020256042480468750 HTTP/1.1" 200 0 "-" "WordPress/7.1; http://bangladaily.online"
51.89.59.46 - - [14/Sep/2026:23:08:29 +0600] "GET /%E0%A6%A1%E0%A6%BF%E0%A6%8F%E0%A6%AE%E0%A6%AA%E0%A6%BF%E0%A6%A4%E0%A7%87-%E0%A7%AB-%E0%A6%85%E0%A6%A4%E0%A6%BF%E0%A6%B0%E0%A6%BF%E0%A6%95%E0%A7%8D%E0%A6%A4-%E0%A6%A1%E0%A7%87%E0%A6%AA%E0%A7%81/ HTTP/1.1" 200 16171 "-" "Mozilla/5.0 (compatible; AhrefsBot/7.0; +http://ahrefs.com/robot/)"
116.202.222.251 - - [14/Sep/2026:23:09:03 +0600] "GET /?wp_automatic=cron HTTP/1.1" 200 7094 "-" "curl/7.61.1"
51.89.69.45 - - [14/Sep/2026:23:09:32 +0600] "GET /%E0%A6%86%E0%A6%AE%E0%A6%BE%E0%A6%A6%E0%A7%87%E0%A6%B0-%E0%A6%A2%E0%A6%BE%E0%A6%95%E0%A6%BE%E0%A6%AF%E0%A6%BC-%E0%A6%97%E0%A6%BF%E0%A6%AF%E0%A6%BC%E0%A7%87-%E0%A6%9A%E0%A6%BE%E0%A6%95/ HTTP/1.1" 200 16862 "-" "Mozilla/5.0 (compatible; AhrefsBot/7.0; +http://ahrefs.com/robot/)"
216.26.238.193 - - [14/Sep/2026:23:09:37 +0600] "GET /wp-login.php HTTP/1.1" 200 4247 "-" "Mozilla/5.0 (Windows NT 10.0; Win64; x64) AppleWebKit/537.36 (KHTML, like Gecko) Chrome/124.0.0.0 Safari/537.36"
216.26.238.193 - - [14/Sep/2026:23:09:38 +0600] "POST /wp-login.php HTTP/1.1" 200 4296 "http://bangladaily.online/wp-login.php" "Mozilla/5.0 (Windows NT 10.0; Win64; x64) AppleWebKit/537.36 (KHTML, like Gecko) Chrome/124.0.0.0 Safari/537.36"
216.26.238.193 - - [14/Sep/2026:23:09:39 +0600] "GET /wp-admin/ HTTP/1.1" 200 2787 "-" "Mozilla/5.0 (Windows NT 10.0; Win64; x64) AppleWebKit/537.36 (KHTML, like Gecko) Chrome/124.0.0.0 Safari/537.36"
