74.7.243.200 - - [14/Sep/2026:21:53:43 +0600] "GET /%e0%a6%aa%e0%a7%8d%e0%a6%b0%e0%a6%ad%e0%a6%be%e0%a6%b0-%e0%a6%a4%e0%a7%83%e0%a6%a4%e0%a7%80%e0%a6%af%e0%a6%bc-%e0%a6%ac%e0%a6%bf%e0%a6%af%e0%a6%bc%e0%a7%87-%e0%a6%a8%e0%a6%bf%e0%a6%af%e0%a6%bc/feed/ HTTP/1.1" 429 0 "http://bangladaily.online/%e0%a6%aa%e0%a7%8d%e0%a6%b0%e0%a6%ad%e0%a6%be%e0%a6%b0-%e0%a6%a4%e0%a7%83%e0%a6%a4%e0%a7%80%e0%a6%af%e0%a6%bc-%e0%a6%ac%e0%a6%bf%e0%a6%af%e0%a6%bc%e0%a7%87-%e0%a6%a8%e0%a6%bf%e0%a6%af%e0%a6%bc/" "Mozilla/5.0 AppleWebKit/537.36 (KHTML, like Gecko; compatible; GPTBot/1.4; +https://openai.com/gptbot)"
185.191.171.15 - - [14/Sep/2026:21:53:43 +0600] "GET /%E0%A6%A8%E0%A6%A4%E0%A7%81%E0%A6%A8-%E0%A6%9C%E0%A6%A8%E0%A6%AA%E0%A7%8D%E0%A6%B0%E0%A6%B6%E0%A6%BE%E0%A6%B8%E0%A6%A8-%E0%A6%B8%E0%A6%9A%E0%A6%BF%E0%A6%AC-%E0%A6%95%E0%A6%BE%E0%A6%AE%E0%A6%B0/ HTTP/1.1" 200 17595 "-" "Mozilla/5.0 (compatible; SemrushBot/7~bl; +http://www.semrush.com/bot.html)"
116.202.222.251 - - [14/Sep/2026:21:54:02 +0600] "GET /?wp_automatic=cron HTTP/1.1" 200 1603 "-" "curl/7.61.1"
74.7.243.200 - - [14/Sep/2026:21:54:39 +0600] "GET /?p=1823 HTTP/1.1" 429 0 "http://bangladaily.online/%e0%a6%aa%e0%a6%b0%e0%a6%bf%e0%a6%b6%e0%a7%8b%e0%a6%a7%e0%a6%a8-%e0%a6%b8%e0%a6%95%e0%a7%8d%e0%a6%b7%e0%a6%ae%e0%a6%a4%e0%a6%be-%e0%a6%a4%e0%a6%bf%e0%a6%a8%e0%a6%97%e0%a7%81%e0%a6%a3-%e0%a6%ac/" "Mozilla/5.0 AppleWebKit/537.36 (KHTML, like Gecko; compatible; GPTBot/1.4; +https://openai.com/gptbot)"
74.7.243.200 - - [14/Sep/2026:21:54:51 +0600] "GET /wp-content/uploads/2026/09/fuel-mtl752oa1j4g4ao-20260903132338.jpg HTTP/1.1" 429 0 "http://bangladaily.online/%e0%a6%aa%e0%a6%b0%e0%a6%bf%e0%a6%b6%e0%a7%8b%e0%a6%a7%e0%a6%a8-%e0%a6%b8%e0%a6%95%e0%a7%8d%e0%a6%b7%e0%a6%ae%e0%a6%a4%e0%a6%be-%e0%a6%a4%e0%a6%bf%e0%a6%a8%e0%a6%97%e0%a7%81%e0%a6%a3-%e0%a6%ac/" "Mozilla/5.0 AppleWebKit/537.36 (KHTML, like Gecko; compatible; GPTBot/1.4; +https://openai.com/gptbot)"
185.191.171.15 - - [14/Sep/2026:21:54:55 +0600] "GET /%E0%A6%AC%E0%A7%8D%E0%A6%AF%E0%A6%AC%E0%A6%B8%E0%A6%BE%E0%A6%AF%E0%A6%BC%E0%A7%80%E0%A6%A6%E0%A7%87%E0%A6%B0-%E0%A6%A6%E0%A6%95%E0%A7%8D%E0%A6%B7%E0%A6%A4%E0%A6%BE-%E0%A6%89%E0%A6%A8%E0%A7%8D%E0%A6%A8/ HTTP/1.1" 200 19847 "-" "Mozilla/5.0 (compatible; SemrushBot/7~bl; +http://www.semrush.com/bot.html)"
116.202.222.251 - - [14/Sep/2026:21:55:03 +0600] "GET /?wp_automatic=cron HTTP/1.1" 200 1573 "-" "curl/7.61.1"
74.7.243.200 - - [14/Sep/2026:21:55:11 +0600] "GET /wp-content/uploads/2026/09/hijeck-mu18l01z8otiu9d-20260914185404-300x156.jpg HTTP/1.1" 429 0 "http://bangladaily.online/%e0%a6%8f%e0%a6%95%e0%a6%be%e0%a6%a6%e0%a6%b6%e0%a7%87-%e0%a6%ad%e0%a6%b0%e0%a7%8d%e0%a6%a4%e0%a6%bf%e0%a6%a4%e0%a7%87-%e0%a6%aa%e0%a7%8d%e0%a6%b0%e0%a6%be%e0%a6%af%e0%a6%bc-%e0%a7%a7%e0%a7%a6/" "Mozilla/5.0 AppleWebKit/537.36 (KHTML, like Gecko; compatible; GPTBot/1.4; +https://openai.com/gptbot)"
74.7.243.200 - - [14/Sep/2026:21:55:31 +0600] "GET /wp-content/uploads/2026/09/class-mt5bommrxmkuitn-20260823104702.jpg HTTP/1.1" 429 0 "http://bangladaily.online/%e0%a6%8f%e0%a6%95%e0%a6%be%e0%a6%a6%e0%a6%b6%e0%a7%87-%e0%a6%ad%e0%a6%b0%e0%a7%8d%e0%a6%a4%e0%a6%bf%e0%a6%a4%e0%a7%87-%e0%a6%aa%e0%a7%8d%e0%a6%b0%e0%a6%be%e0%a6%af%e0%a6%bc-%e0%a7%a7%e0%a7%a6/" "Mozilla/5.0 AppleWebKit/537.36 (KHTML, like Gecko; compatible; GPTBot/1.4; +https://openai.com/gptbot)"
74.7.243.200 - - [14/Sep/2026:21:55:51 +0600] "GET /?p=4916 HTTP/1.1" 429 0 "http://bangladaily.online/%e0%a6%a6%e0%a7%87%e0%a6%b6%e0%a7%87-%e0%a6%ab%e0%a6%bf%e0%a6%b0%e0%a7%87-%e0%a6%ac%e0%a6%bf%e0%a6%ae%e0%a6%be%e0%a6%a8%e0%a6%ac%e0%a6%a8%e0%a7%8d%e0%a6%a6%e0%a6%b0%e0%a7%87-%e0%a6%af%e0%a6%be/" "Mozilla/5.0 AppleWebKit/537.36 (KHTML, like Gecko; compatible; GPTBot/1.4; +https://openai.com/gptbot)"
116.202.222.251 - - [14/Sep/2026:21:52:31 +0600] "POST /wp-cron.php?doing_wp_cron=1789401151.9444870948791503906250 HTTP/1.1" 200 0 "-" "WordPress/7.1; http://bangladaily.online"
74.7.243.200 - - [14/Sep/2026:21:52:31 +0600] "GET /%e0%a6%a6%e0%a7%87%e0%a6%b6%e0%a7%87-%e0%a6%ab%e0%a6%bf%e0%a6%b0%e0%a7%87-%e0%a6%ac%e0%a6%bf%e0%a6%ae%e0%a6%be%e0%a6%a8%e0%a6%ac%e0%a6%a8%e0%a7%8d%e0%a6%a6%e0%a6%b0%e0%a7%87-%e0%a6%af%e0%a6%be/ HTTP/1.1" 200 15191 "http://bangladaily.online/%e0%a6%aa%e0%a7%8d%e0%a6%b0%e0%a6%ad%e0%a6%be%e0%a6%b0-%e0%a6%a4%e0%a7%83%e0%a6%a4%e0%a7%80%e0%a6%af%e0%a6%bc-%e0%a6%ac%e0%a6%bf%e0%a6%af%e0%a6%bc%e0%a7%87-%e0%a6%a8%e0%a6%bf%e0%a6%af%e0%a6%bc/" "Mozilla/5.0 AppleWebKit/537.36 (KHTML, like Gecko; compatible; GPTBot/1.4; +https://openai.com/gptbot)"
116.202.222.251 - - [14/Sep/2026:21:53:06 +0600] "POST /wp-cron.php?doing_wp_cron=1789401186.0576899051666259765625 HTTP/1.1" 200 0 "-" "WordPress/7.1; http://bangladaily.online"
85.208.96.196 - - [14/Sep/2026:21:53:09 +0600] "GET /%E0%A6%AC%E0%A6%BE%E0%A6%82%E0%A6%B2%E0%A6%BE%E0%A6%A6%E0%A7%87%E0%A6%B6-%E0%A6%AC%E0%A7%8D%E0%A6%AF%E0%A6%BE%E0%A6%82%E0%A6%95-%E0%A6%87%E0%A6%B8%E0%A6%B2%E0%A6%BE%E0%A6%AE%E0%A7%80-%E0%A6%AC/ HTTP/1.1" 200 18716 "-" "Mozilla/5.0 (compatible; SemrushBot/7~bl; +http://www.semrush.com/bot.html)"
116.202.222.251 - - [14/Sep/2026:21:53:44 +0600] "POST /wp-cron.php?doing_wp_cron=1789401224.8125550746917724609375 HTTP/1.1" 200 0 "-" "WordPress/7.1; http://bangladaily.online"
74.7.243.200 - - [14/Sep/2026:21:54:03 +0600] "GET /%e0%a7%a7%e0%a7%ad%e0%a7%ac-%e0%a6%95%e0%a7%8b%e0%a6%9f%e0%a6%bf-%e0%a6%9f%e0%a6%be%e0%a6%95%e0%a6%be-%e0%a6%86%e0%a6%a4%e0%a7%8d%e0%a6%ae%e0%a6%b8%e0%a6%be%e0%a7%8e-%e0%a6%b9%e0%a6%be%e0%a6%b8/feed/ HTTP/1.1" 200 578 "http://bangladaily.online/%e0%a7%a7%e0%a7%ad%e0%a7%ac-%e0%a6%95%e0%a7%8b%e0%a6%9f%e0%a6%bf-%e0%a6%9f%e0%a6%be%e0%a6%95%e0%a6%be-%e0%a6%86%e0%a6%a4%e0%a7%8d%e0%a6%ae%e0%a6%b8%e0%a6%be%e0%a7%8e-%e0%a6%b9%e0%a6%be%e0%a6%b8/" "Mozilla/5.0 AppleWebKit/537.36 (KHTML, like Gecko; compatible; GPTBot/1.4; +https://openai.com/gptbot)"
116.202.222.251 - - [14/Sep/2026:21:54:23 +0600] "POST /wp-cron.php?doing_wp_cron=1789401263.7631769180297851562500 HTTP/1.1" 200 0 "-" "WordPress/7.1; http://bangladaily.online"
74.7.243.200 - - [14/Sep/2026:21:54:23 +0600] "GET /?p=5099 HTTP/1.1" 301 52 "http://bangladaily.online/%e0%a6%8f%e0%a6%95%e0%a6%be%e0%a6%a6%e0%a6%b6%e0%a7%87-%e0%a6%ad%e0%a6%b0%e0%a7%8d%e0%a6%a4%e0%a6%bf%e0%a6%a4%e0%a7%87-%e0%a6%aa%e0%a7%8d%e0%a6%b0%e0%a6%be%e0%a6%af%e0%a6%bc-%e0%a7%a7%e0%a7%a6/" "Mozilla/5.0 AppleWebKit/537.36 (KHTML, like Gecko; compatible; GPTBot/1.4; +https://openai.com/gptbot)"
116.202.222.251 - - [14/Sep/2026:21:54:56 +0600] "POST /wp-cron.php?doing_wp_cron=1789401296.1480538845062255859375 HTTP/1.1" 200 0 "-" "WordPress/7.1; http://bangladaily.online"
116.202.222.251 - - [14/Sep/2026:21:56:02 +0600] "GET /?wp_automatic=cron HTTP/1.1" 200 1547 "-" "curl/7.61.1"
116.202.222.251 - - [14/Sep/2026:21:56:46 +0600] "POST /wp-cron.php?doing_wp_cron=1789401406.0085589885711669921875 HTTP/1.1" 200 0 "-" "WordPress/7.1; http://bangladaily.online"
43.157.156.190 - - [14/Sep/2026:21:56:45 +0600] "GET / HTTP/1.1" 301 56 "-" "Mozilla/5.0 (iPhone; CPU iPhone OS 13_2_3 like Mac OS X) AppleWebKit/605.1.15 (KHTML, like Gecko) Version/13.0.3 Mobile/15E148 Safari/604.1"
74.7.243.200 - - [14/Sep/2026:21:56:51 +0600] "GET /wp-content/uploads/2026/09/6aa7c12d95e3e17893788616aa7c12d95e54.jpg HTTP/1.1" 200 91790 "http://bangladaily.online/%e0%a6%87%e0%a6%af%e0%a6%bc%e0%a6%be%e0%a6%ae%e0%a6%be%e0%a6%b2%e0%a6%95%e0%a7%87-%e0%a6%b8%e0%a6%be%e0%a6%ac%e0%a7%87%e0%a6%95-%e0%a6%ac%e0%a6%be%e0%a6%b0%e0%a7%8d%e0%a6%b8%e0%a6%be-%e0%a6%a4/" "Mozilla/5.0 AppleWebKit/537.36 (KHTML, like Gecko; compatible; GPTBot/1.4; +https://openai.com/gptbot)"
74.7.243.200 - - [14/Sep/2026:21:56:11 +0600] "GET /wp-content/uploads/2026/09/6aa78a82bbd9017893648666aa78a82bbda7.jpg HTTP/1.1" 429 0 "http://bangladaily.online/%e0%a6%a6%e0%a7%87%e0%a6%b6%e0%a7%87-%e0%a6%ab%e0%a6%bf%e0%a6%b0%e0%a7%87-%e0%a6%ac%e0%a6%bf%e0%a6%ae%e0%a6%be%e0%a6%a8%e0%a6%ac%e0%a6%a8%e0%a7%8d%e0%a6%a6%e0%a6%b0%e0%a7%87-%e0%a6%af%e0%a6%be/" "Mozilla/5.0 AppleWebKit/537.36 (KHTML, like Gecko; compatible; GPTBot/1.4; +https://openai.com/gptbot)"
74.7.243.200 - - [14/Sep/2026:21:56:31 +0600] "GET /?p=4995 HTTP/1.1" 429 0 "http://bangladaily.online/%e0%a6%87%e0%a6%af%e0%a6%bc%e0%a6%be%e0%a6%ae%e0%a6%be%e0%a6%b2%e0%a6%95%e0%a7%87-%e0%a6%b8%e0%a6%be%e0%a6%ac%e0%a7%87%e0%a6%95-%e0%a6%ac%e0%a6%be%e0%a6%b0%e0%a7%8d%e0%a6%b8%e0%a6%be-%e0%a6%a4/" "Mozilla/5.0 AppleWebKit/537.36 (KHTML, like Gecko; compatible; GPTBot/1.4; +https://openai.com/gptbot)"
43.157.156.190 - - [14/Sep/2026:21:56:47 +0600] "GET / HTTP/1.1" 200 25980 "http://www.bangladaily.online" "Mozilla/5.0 (iPhone; CPU iPhone OS 13_2_3 like Mac OS X) AppleWebKit/605.1.15 (KHTML, like Gecko) Version/13.0.3 Mobile/15E148 Safari/604.1"
116.202.222.251 - - [14/Sep/2026:21:57:02 +0600] "GET /?wp_automatic=cron HTTP/1.1" 200 1589 "-" "curl/7.61.1"
74.7.243.200 - - [14/Sep/2026:21:57:11 +0600] "GET /wp-content/uploads/2026/09/og_1789400943_6aa8176f6fdd4-300x156.jpeg HTTP/1.1" 429 0 "http://bangladaily.online/%e0%a6%87%e0%a6%af%e0%a6%bc%e0%a6%be%e0%a6%ae%e0%a6%be%e0%a6%b2%e0%a6%95%e0%a7%87-%e0%a6%b8%e0%a6%be%e0%a6%ac%e0%a7%87%e0%a6%95-%e0%a6%ac%e0%a6%be%e0%a6%b0%e0%a7%8d%e0%a6%b8%e0%a6%be-%e0%a6%a4/" "Mozilla/5.0 AppleWebKit/537.36 (KHTML, like Gecko; compatible; GPTBot/1.4; +https://openai.com/gptbot)"
85.208.96.195 - - [14/Sep/2026:21:57:14 +0600] "GET /robots.txt HTTP/1.1" 200 126 "-" "Mozilla/5.0 (compatible; SemrushBot/7~bl; +http://www.semrush.com/bot.html)"
74.7.243.200 - - [14/Sep/2026:21:57:27 +0600] "GET /wp-content/uploads/2026/09/6aa7bc205d7df17893775686aa7bc205d7ec-300x197.jpg HTTP/1.1" 429 0 "http://bangladaily.online/%e0%a6%a6%e0%a7%87%e0%a6%b6%e0%a7%87-%e0%a6%ab%e0%a6%bf%e0%a6%b0%e0%a7%87-%e0%a6%ac%e0%a6%bf%e0%a6%ae%e0%a6%be%e0%a6%a8%e0%a6%ac%e0%a6%a8%e0%a7%8d%e0%a6%a6%e0%a6%b0%e0%a7%87-%e0%a6%af%e0%a6%be/" "Mozilla/5.0 AppleWebKit/537.36 (KHTML, like Gecko; compatible; GPTBot/1.4; +https://openai.com/gptbot)"
116.202.222.251 - - [14/Sep/2026:21:58:03 +0600] "POST /wp-cron.php?doing_wp_cron=1789401483.4418060779571533203125 HTTP/1.1" 200 0 "-" "WordPress/7.1; http://bangladaily.online"
116.202.222.251 - - [14/Sep/2026:21:58:02 +0600] "GET /?wp_automatic=cron HTTP/1.1" 200 1567 "-" "curl/7.61.1"
74.7.243.200 - - [14/Sep/2026:21:58:07 +0600] "GET /%e0%a7%ae%e0%a7%aa-%e0%a6%ac%e0%a6%9b%e0%a6%b0-%e0%a6%ac%e0%a6%af%e0%a6%bc%e0%a6%b8%e0%a7%87-%e0%a6%85%e0%a6%ae%e0%a6%bf%e0%a6%a4%e0%a6%be%e0%a6%ad%e0%a7%87%e0%a6%b0-%e0%a6%86%e0%a6%95%e0%a7%8d/ HTTP/1.1" 429 0 "http://bangladaily.online/%e0%a6%a6%e0%a7%87%e0%a6%b6%e0%a7%87-%e0%a6%ab%e0%a6%bf%e0%a6%b0%e0%a7%87-%e0%a6%ac%e0%a6%bf%e0%a6%ae%e0%a6%be%e0%a6%a8%e0%a6%ac%e0%a6%a8%e0%a7%8d%e0%a6%a6%e0%a6%b0%e0%a7%87-%e0%a6%af%e0%a6%be/" "Mozilla/5.0 AppleWebKit/537.36 (KHTML, like Gecko; compatible; GPTBot/1.4; +https://openai.com/gptbot)"
74.7.243.200 - - [14/Sep/2026:21:58:23 +0600] "GET /%e0%a6%aa%e0%a7%8d%e0%a6%b0%e0%a6%a7%e0%a6%be%e0%a6%a8%e0%a6%ae%e0%a6%a8%e0%a7%8d%e0%a6%a4%e0%a7%8d%e0%a6%b0%e0%a7%80%e0%a6%b0-%e0%a6%a8%e0%a6%bf%e0%a6%b0%e0%a6%be%e0%a6%aa%e0%a6%a4%e0%a7%8d-2/ HTTP/1.1" 429 0 "http://bangladaily.online/%e0%a6%87%e0%a6%af%e0%a6%bc%e0%a6%be%e0%a6%ae%e0%a6%be%e0%a6%b2%e0%a6%95%e0%a7%87-%e0%a6%b8%e0%a6%be%e0%a6%ac%e0%a7%87%e0%a6%95-%e0%a6%ac%e0%a6%be%e0%a6%b0%e0%a7%8d%e0%a6%b8%e0%a6%be-%e0%a6%a4/" "Mozilla/5.0 AppleWebKit/537.36 (KHTML, like Gecko; compatible; GPTBot/1.4; +https://openai.com/gptbot)"
74.7.243.200 - - [14/Sep/2026:21:58:43 +0600] "GET /%e0%a6%aa%e0%a6%b6%e0%a7%8d%e0%a6%9a%e0%a6%bf%e0%a6%ae%e0%a6%ac%e0%a6%99%e0%a7%8d%e0%a6%97%e0%a7%87-%e0%a7%a8%e0%a7%ab%e0%a7%a8-%e0%a6%ae%e0%a6%be%e0%a6%a6%e0%a7%8d%e0%a6%b0%e0%a6%be%e0%a6%b8%e0%a6%be/ HTTP/1.1" 429 0 "http://bangladaily.online/%e0%a6%87%e0%a6%af%e0%a6%bc%e0%a6%be%e0%a6%ae%e0%a6%be%e0%a6%b2%e0%a6%95%e0%a7%87-%e0%a6%b8%e0%a6%be%e0%a6%ac%e0%a7%87%e0%a6%95-%e0%a6%ac%e0%a6%be%e0%a6%b0%e0%a7%8d%e0%a6%b8%e0%a6%be-%e0%a6%a4/" "Mozilla/5.0 AppleWebKit/537.36 (KHTML, like Gecko; compatible; GPTBot/1.4; +https://openai.com/gptbot)"
116.202.222.251 - - [14/Sep/2026:21:59:40 +0600] "POST /wp-cron.php?doing_wp_cron=1789401580.0315830707550048828125 HTTP/1.1" 200 0 "-" "WordPress/7.1; http://bangladaily.online"
43.157.38.228 - - [14/Sep/2026:21:59:44 +0600] "GET /%e0%a6%86%e0%a6%b8%e0%a6%9b%e0%a7%87-%e0%a6%ae%e0%a6%a8%e0%a6%bf%e0%a6%b0-%e0%a6%96%e0%a6%be%e0%a6%a8%e0%a7%87%e0%a6%b0-%e0%a6%ae%e0%a6%be/ HTTP/1.1" 200 18842 "-" "Mozilla/5.0 (iPhone; CPU iPhone OS 13_2_3 like Mac OS X) AppleWebKit/605.1.15 (KHTML, like Gecko) Version/13.0.3 Mobile/15E148 Safari/604.1"
74.7.243.200 - - [14/Sep/2026:21:59:51 +0600] "GET /%e0%a6%9c%e0%a6%bf%e0%a6%a8%e0%a7%8d%e0%a6%a8%e0%a6%be%e0%a6%b9%e0%a6%b0-%e0%a6%9b%e0%a6%ac%e0%a6%bf-%e0%a6%9b%e0%a7%87%e0%a6%81%e0%a6%a1%e0%a6%bc%e0%a6%be%e0%a6%b0-%e0%a6%98%e0%a6%9f%e0%a6%a8/ HTTP/1.1" 429 0 "http://bangladaily.online/%e0%a6%8f%e0%a6%95%e0%a6%be%e0%a6%a6%e0%a6%b6%e0%a7%87-%e0%a6%ad%e0%a6%b0%e0%a7%8d%e0%a6%a4%e0%a6%bf%e0%a6%a4%e0%a7%87-%e0%a6%aa%e0%a7%8d%e0%a6%b0%e0%a6%be%e0%a6%af%e0%a6%bc-%e0%a7%a7%e0%a7%a6/" "Mozilla/5.0 AppleWebKit/537.36 (KHTML, like Gecko; compatible; GPTBot/1.4; +https://openai.com/gptbot)"
74.7.243.200 - - [14/Sep/2026:22:00:02 +0600] "GET /%e0%a6%9c%e0%a7%80%e0%a6%ac%e0%a6%a8%e0%a6%b8%e0%a6%99%e0%a7%8d%e0%a6%97%e0%a7%80-%e0%a6%ac%e0%a7%87%e0%a6%9b%e0%a7%87-%e0%a6%a8%e0%a6%bf%e0%a6%b2%e0%a7%87%e0%a6%a8-%e0%a6%93%e0%a6%aa%e0%a6%be/ HTTP/1.1" 429 0 "http://bangladaily.online/%e0%a6%a6%e0%a7%87%e0%a6%b6%e0%a7%87-%e0%a6%ab%e0%a6%bf%e0%a6%b0%e0%a7%87-%e0%a6%ac%e0%a6%bf%e0%a6%ae%e0%a6%be%e0%a6%a8%e0%a6%ac%e0%a6%a8%e0%a7%8d%e0%a6%a6%e0%a6%b0%e0%a7%87-%e0%a6%af%e0%a6%be/" "Mozilla/5.0 AppleWebKit/537.36 (KHTML, like Gecko; compatible; GPTBot/1.4; +https://openai.com/gptbot)"
74.7.243.200 - - [14/Sep/2026:22:00:17 +0600] "GET /%E0%A6%AA%E0%A6%B0%E0%A6%BF%E0%A6%B6%E0%A7%8B%E0%A6%A7%E0%A6%A8-%E0%A6%B8%E0%A6%95%E0%A7%8D%E0%A6%B7%E0%A6%AE%E0%A6%A4%E0%A6%BE-%E0%A6%A4%E0%A6%BF%E0%A6%A8%E0%A6%97%E0%A7%81%E0%A6%A3-%E0%A6%AC/ HTTP/1.1" 429 0 "http://bangladaily.online/%e0%a6%aa%e0%a6%b0%e0%a6%bf%e0%a6%b6%e0%a7%8b%e0%a6%a7%e0%a6%a8-%e0%a6%b8%e0%a6%95%e0%a7%8d%e0%a6%b7%e0%a6%ae%e0%a6%a4%e0%a6%be-%e0%a6%a4%e0%a6%bf%e0%a6%a8%e0%a6%97%e0%a7%81%e0%a6%a3-%e0%a6%ac/" "Mozilla/5.0 AppleWebKit/537.36 (KHTML, like Gecko; compatible; GPTBot/1.4; +https://openai.com/gptbot)"
85.208.96.206 - - [14/Sep/2026:22:00:22 +0600] "GET /%E0%A6%8F%E0%A6%A6%E0%A7%87%E0%A6%B6-%E0%A6%A5%E0%A7%87%E0%A6%95%E0%A7%87-%E0%A6%A6%E0%A7%81%E0%A6%B0%E0%A7%8D%E0%A6%A8%E0%A7%80%E0%A6%A4%E0%A6%BF-%E0%A6%95%E0%A7%87%E0%A6%AF%E0%A6%BC%E0%A6%BE/ HTTP/1.1" 200 20340 "-" "Mozilla/5.0 (compatible; SemrushBot/7~bl; +http://www.semrush.com/bot.html)"
74.7.243.200 - - [14/Sep/2026:22:00:37 +0600] "GET /%e0%a6%aa%e0%a6%af%e0%a6%bc%e0%a7%87%e0%a6%a8%e0%a7%8d%e0%a6%9f-%e0%a6%b9%e0%a6%be%e0%a6%b0%e0%a6%bf%e0%a6%af%e0%a6%bc%e0%a7%87-%e0%a6%9f%e0%a7%87%e0%a6%b8%e0%a7%8d%e0%a6%9f-%e0%a6%b0/ HTTP/1.1" 429 0 "http://bangladaily.online/%e0%a6%87%e0%a6%af%e0%a6%bc%e0%a6%be%e0%a6%ae%e0%a6%be%e0%a6%b2%e0%a6%95%e0%a7%87-%e0%a6%b8%e0%a6%be%e0%a6%ac%e0%a7%87%e0%a6%95-%e0%a6%ac%e0%a6%be%e0%a6%b0%e0%a7%8d%e0%a6%b8%e0%a6%be-%e0%a6%a4/" "Mozilla/5.0 AppleWebKit/537.36 (KHTML, like Gecko; compatible; GPTBot/1.4; +https://openai.com/gptbot)"
85.208.96.196 - - [14/Sep/2026:21:57:15 +0600] "GET /%E0%A6%B8%E0%A6%AA%E0%A7%8D%E0%A6%A4%E0%A6%BE%E0%A6%B9%E0%A7%87%E0%A6%B0-%E0%A6%B8%E0%A7%87%E0%A6%B0%E0%A6%BE-%E0%A6%9A%E0%A6%BE%E0%A6%95%E0%A6%B0%E0%A6%BF-%E0%A7%A7%E0%A7%A7-%E0%A6%B8%E0%A7%87/ HTTP/1.1" 200 22690 "-" "Mozilla/5.0 (compatible; SemrushBot/7~bl; +http://www.semrush.com/bot.html)"
74.7.243.200 - - [14/Sep/2026:21:57:47 +0600] "GET /wp-content/uploads/2026/09/6aa546ab6813617892164276aa546ab68138-300x197.jpg HTTP/1.1" 200 10722 "http://bangladaily.online/%e0%a6%a6%e0%a7%87%e0%a6%b6%e0%a7%87-%e0%a6%ab%e0%a6%bf%e0%a6%b0%e0%a7%87-%e0%a6%ac%e0%a6%bf%e0%a6%ae%e0%a6%be%e0%a6%a8%e0%a6%ac%e0%a6%a8%e0%a7%8d%e0%a6%a6%e0%a6%b0%e0%a7%87-%e0%a6%af%e0%a6%be/" "Mozilla/5.0 AppleWebKit/537.36 (KHTML, like Gecko; compatible; GPTBot/1.4; +https://openai.com/gptbot)"
74.7.243.200 - - [14/Sep/2026:21:59:03 +0600] "GET /%e0%a6%a8%e0%a7%8d%e0%a6%af%e0%a6%be%e0%a6%af%e0%a6%bc%e0%a6%ac%e0%a6%bf%e0%a6%9a%e0%a6%be%e0%a6%b0%e0%a7%87%e0%a6%87-%e0%a6%b6%e0%a6%be%e0%a6%a8%e0%a7%8d%e0%a6%a4%e0%a6%bf%e0%a6%b0-%e0%a6%b8%e0%a6%82/ HTTP/1.1" 200 15256 "http://bangladaily.online/%e0%a6%aa%e0%a6%b0%e0%a6%bf%e0%a6%b6%e0%a7%8b%e0%a6%a7%e0%a6%a8-%e0%a6%b8%e0%a6%95%e0%a7%8d%e0%a6%b7%e0%a6%ae%e0%a6%a4%e0%a6%be-%e0%a6%a4%e0%a6%bf%e0%a6%a8%e0%a6%97%e0%a7%81%e0%a6%a3-%e0%a6%ac/" "Mozilla/5.0 AppleWebKit/537.36 (KHTML, like Gecko; compatible; GPTBot/1.4; +https://openai.com/gptbot)"
116.202.222.251 - - [14/Sep/2026:21:59:02 +0600] "GET /?wp_automatic=cron HTTP/1.1" 200 1568 "-" "curl/7.61.1"
116.202.222.251 - - [14/Sep/2026:21:59:23 +0600] "POST /wp-cron.php?doing_wp_cron=1789401563.9351921081542968750000 HTTP/1.1" 200 0 "-" "WordPress/7.1; http://bangladaily.online"
74.7.243.200 - - [14/Sep/2026:21:59:23 +0600] "GET /%e0%a6%ac%e0%a6%b0%e0%a6%bf%e0%a6%b6%e0%a6%be%e0%a6%b2%e0%a7%87-%e0%a6%9a%e0%a6%a1%e0%a6%bc%e0%a6%be-%e0%a6%a6%e0%a6%be%e0%a6%ae%e0%a7%87-%e0%a6%ac%e0%a6%bf%e0%a6%95%e0%a7%8d%e0%a6%b0%e0%a6%bf/ HTTP/1.1" 200 15194 "http://bangladaily.online/%e0%a6%a6%e0%a7%87%e0%a6%b6%e0%a7%87-%e0%a6%ab%e0%a6%bf%e0%a6%b0%e0%a7%87-%e0%a6%ac%e0%a6%bf%e0%a6%ae%e0%a6%be%e0%a6%a8%e0%a6%ac%e0%a6%a8%e0%a7%8d%e0%a6%a6%e0%a6%b0%e0%a7%87-%e0%a6%af%e0%a6%be/" "Mozilla/5.0 AppleWebKit/537.36 (KHTML, like Gecko; compatible; GPTBot/1.4; +https://openai.com/gptbot)"
74.7.243.200 - - [14/Sep/2026:21:59:39 +0600] "GET /%E0%A6%8F%E0%A6%95%E0%A6%BE%E0%A6%A6%E0%A6%B6%E0%A7%87-%E0%A6%AD%E0%A6%B0%E0%A7%8D%E0%A6%A4%E0%A6%BF%E0%A6%A4%E0%A7%87-%E0%A6%AA%E0%A7%8D%E0%A6%B0%E0%A6%BE%E0%A6%AF%E0%A6%BC-%E0%A7%A7%E0%A7%A6/ HTTP/1.1" 200 15403 "http://bangladaily.online/%e0%a6%8f%e0%a6%95%e0%a6%be%e0%a6%a6%e0%a6%b6%e0%a7%87-%e0%a6%ad%e0%a6%b0%e0%a7%8d%e0%a6%a4%e0%a6%bf%e0%a6%a4%e0%a7%87-%e0%a6%aa%e0%a7%8d%e0%a6%b0%e0%a6%be%e0%a6%af%e0%a6%bc-%e0%a7%a7%e0%a7%a6/" "Mozilla/5.0 AppleWebKit/537.36 (KHTML, like Gecko; compatible; GPTBot/1.4; +https://openai.com/gptbot)"
116.202.222.251 - - [14/Sep/2026:22:00:03 +0600] "GET /?wp_automatic=cron HTTP/1.1" 200 1570 "-" "curl/7.61.1"
116.202.222.251 - - [14/Sep/2026:22:00:22 +0600] "POST /wp-cron.php?doing_wp_cron=1789401622.8446269035339355468750 HTTP/1.1" 200 0 "-" "WordPress/7.1; http://bangladaily.online"
116.202.222.251 - - [14/Sep/2026:22:01:04 +0600] "POST /wp-cron.php?doing_wp_cron=1789401664.6311209201812744140625 HTTP/1.1" 200 0 "-" "WordPress/7.1; http://bangladaily.online"
116.202.222.251 - - [14/Sep/2026:22:01:02 +0600] "GET /?wp_automatic=cron HTTP/1.1" 200 1995 "-" "curl/7.61.1"
74.7.243.200 - - [14/Sep/2026:22:01:17 +0600] "GET /%E0%A6%A6%E0%A7%87%E0%A6%B6%E0%A7%87-%E0%A6%AB%E0%A6%BF%E0%A6%B0%E0%A7%87-%E0%A6%AC%E0%A6%BF%E0%A6%AE%E0%A6%BE%E0%A6%A8%E0%A6%AC%E0%A6%A8%E0%A7%8D%E0%A6%A6%E0%A6%B0%E0%A7%87-%E0%A6%AF%E0%A6%BE/ HTTP/1.1" 200 15165 "http://bangladaily.online/%e0%a6%a6%e0%a7%87%e0%a6%b6%e0%a7%87-%e0%a6%ab%e0%a6%bf%e0%a6%b0%e0%a7%87-%e0%a6%ac%e0%a6%bf%e0%a6%ae%e0%a6%be%e0%a6%a8%e0%a6%ac%e0%a6%a8%e0%a7%8d%e0%a6%a6%e0%a6%b0%e0%a7%87-%e0%a6%af%e0%a6%be/" "Mozilla/5.0 AppleWebKit/537.36 (KHTML, like Gecko; compatible; GPTBot/1.4; +https://openai.com/gptbot)"
74.7.243.200 - - [14/Sep/2026:22:01:46 +0600] "GET /%E0%A6%87%E0%A6%AF%E0%A6%BC%E0%A6%BE%E0%A6%AE%E0%A6%BE%E0%A6%B2%E0%A6%95%E0%A7%87-%E0%A6%B8%E0%A6%BE%E0%A6%AC%E0%A7%87%E0%A6%95-%E0%A6%AC%E0%A6%BE%E0%A6%B0%E0%A7%8D%E0%A6%B8%E0%A6%BE-%E0%A6%A4/ HTTP/1.1" 429 0 "http://bangladaily.online/%e0%a6%87%e0%a6%af%e0%a6%bc%e0%a6%be%e0%a6%ae%e0%a6%be%e0%a6%b2%e0%a6%95%e0%a7%87-%e0%a6%b8%e0%a6%be%e0%a6%ac%e0%a7%87%e0%a6%95-%e0%a6%ac%e0%a6%be%e0%a6%b0%e0%a7%8d%e0%a6%b8%e0%a6%be-%e0%a6%a4/" "Mozilla/5.0 AppleWebKit/537.36 (KHTML, like Gecko; compatible; GPTBot/1.4; +https://openai.com/gptbot)"
116.202.222.251 - - [14/Sep/2026:22:02:02 +0600] "GET /?wp_automatic=cron HTTP/1.1" 200 1603 "-" "curl/7.61.1"
74.7.243.200 - - [14/Sep/2026:22:02:05 +0600] "GET /?p=1821 HTTP/1.1" 429 0 "http://bangladaily.online/%e0%a6%a8%e0%a7%8d%e0%a6%af%e0%a6%be%e0%a6%af%e0%a6%bc%e0%a6%ac%e0%a6%bf%e0%a6%9a%e0%a6%be%e0%a6%b0%e0%a7%87%e0%a6%87-%e0%a6%b6%e0%a6%be%e0%a6%a8%e0%a7%8d%e0%a6%a4%e0%a6%bf%e0%a6%b0-%e0%a6%b8%e0%a6%82/" "Mozilla/5.0 AppleWebKit/537.36 (KHTML, like Gecko; compatible; GPTBot/1.4; +https://openai.com/gptbot)"
74.7.243.200 - - [14/Sep/2026:22:02:25 +0600] "GET /?p=4914 HTTP/1.1" 429 0 "http://bangladaily.online/%e0%a6%ac%e0%a6%b0%e0%a6%bf%e0%a6%b6%e0%a6%be%e0%a6%b2%e0%a7%87-%e0%a6%9a%e0%a6%a1%e0%a6%bc%e0%a6%be-%e0%a6%a6%e0%a6%be%e0%a6%ae%e0%a7%87-%e0%a6%ac%e0%a6%bf%e0%a6%95%e0%a7%8d%e0%a6%b0%e0%a6%bf/" "Mozilla/5.0 AppleWebKit/537.36 (KHTML, like Gecko; compatible; GPTBot/1.4; +https://openai.com/gptbot)"
116.202.222.251 - - [14/Sep/2026:22:03:00 +0600] "POST /wp-cron.php?doing_wp_cron=1789401780.5768129825592041015625 HTTP/1.1" 200 0 "-" "WordPress/7.1; http://bangladaily.online"
185.191.171.5 - - [14/Sep/2026:22:02:59 +0600] "GET /%E0%A6%85%E0%A6%B8%E0%A7%81%E0%A6%B8%E0%A7%8D%E0%A6%A5%E0%A6%A4%E0%A6%BE%E0%A6%B0-%E0%A6%95%E0%A6%A5%E0%A6%BE-%E0%A6%9C%E0%A6%BE%E0%A6%A8%E0%A6%BF%E0%A6%AF%E0%A6%BC%E0%A7%87%E0%A6%93-%E0%A6%AF/ HTTP/1.1" 200 19675 "-" "Mozilla/5.0 (compatible; SemrushBot/7~bl; +http://www.semrush.com/bot.html)"
74.7.243.200 - - [14/Sep/2026:22:03:05 +0600] "GET /wp-content/uploads/2026/09/og_1789400943_6aa8176f6fdd4-300x156.jpeg HTTP/1.1" 200 14748 "http://bangladaily.online/%e0%a6%a8%e0%a7%8d%e0%a6%af%e0%a6%be%e0%a6%af%e0%a6%bc%e0%a6%ac%e0%a6%bf%e0%a6%9a%e0%a6%be%e0%a6%b0%e0%a7%87%e0%a6%87-%e0%a6%b6%e0%a6%be%e0%a6%a8%e0%a7%8d%e0%a6%a4%e0%a6%bf%e0%a6%b0-%e0%a6%b8%e0%a6%82/" "Mozilla/5.0 AppleWebKit/537.36 (KHTML, like Gecko; compatible; GPTBot/1.4; +https://openai.com/gptbot)"
74.7.243.200 - - [14/Sep/2026:22:03:54 +0600] "GET /wp-content/uploads/2026/09/class-mt5bommrxmkuitn-20260823104702.jpg HTTP/1.1" 200 38860 "http://bangladaily.online/%E0%A6%8F%E0%A6%95%E0%A6%BE%E0%A6%A6%E0%A6%B6%E0%A7%87-%E0%A6%AD%E0%A6%B0%E0%A7%8D%E0%A6%A4%E0%A6%BF%E0%A6%A4%E0%A7%87-%E0%A6%AA%E0%A7%8D%E0%A6%B0%E0%A6%BE%E0%A6%AF%E0%A6%BC-%E0%A7%A7%E0%A7%A6/" "Mozilla/5.0 AppleWebKit/537.36 (KHTML, like Gecko; compatible; GPTBot/1.4; +https://openai.com/gptbot)"
116.202.222.251 - - [14/Sep/2026:22:04:02 +0600] "GET /?wp_automatic=cron HTTP/1.1" 200 1547 "-" "curl/7.61.1"
74.7.243.200 - - [14/Sep/2026:22:04:13 +0600] "GET /?p=4918 HTTP/1.1" 301 52 "http://bangladaily.online/%e0%a6%b6%e0%a7%87%e0%a6%b2%e0%a7%8d%e0%a6%9f%e0%a6%a8%e0%a6%95%e0%a7%87-%e0%a6%b9%e0%a6%be%e0%a6%b0%e0%a6%bf%e0%a6%af%e0%a6%bc%e0%a7%87-%e0%a6%87%e0%a6%89%e0%a6%8f%e0%a6%b8-%e0%a6%93%e0%a6%aa/" "Mozilla/5.0 AppleWebKit/537.36 (KHTML, like Gecko; compatible; GPTBot/1.4; +https://openai.com/gptbot)"
74.7.243.200 - - [14/Sep/2026:22:04:28 +0600] "GET /?p=4916 HTTP/1.1" 301 52 "http://bangladaily.online/%E0%A6%A6%E0%A7%87%E0%A6%B6%E0%A7%87-%E0%A6%AB%E0%A6%BF%E0%A6%B0%E0%A7%87-%E0%A6%AC%E0%A6%BF%E0%A6%AE%E0%A6%BE%E0%A6%A8%E0%A6%AC%E0%A6%A8%E0%A7%8D%E0%A6%A6%E0%A6%B0%E0%A7%87-%E0%A6%AF%E0%A6%BE/" "Mozilla/5.0 AppleWebKit/537.36 (KHTML, like Gecko; compatible; GPTBot/1.4; +https://openai.com/gptbot)"
74.7.243.200 - - [14/Sep/2026:22:00:57 +0600] "GET /%e0%a6%b6%e0%a7%87%e0%a6%b2%e0%a7%8d%e0%a6%9f%e0%a6%a8%e0%a6%95%e0%a7%87-%e0%a6%b9%e0%a6%be%e0%a6%b0%e0%a6%bf%e0%a6%af%e0%a6%bc%e0%a7%87-%e0%a6%87%e0%a6%89%e0%a6%8f%e0%a6%b8-%e0%a6%93%e0%a6%aa/ HTTP/1.1" 200 15217 "http://bangladaily.online/%e0%a6%a6%e0%a7%87%e0%a6%b6%e0%a7%87-%e0%a6%ab%e0%a6%bf%e0%a6%b0%e0%a7%87-%e0%a6%ac%e0%a6%bf%e0%a6%ae%e0%a6%be%e0%a6%a8%e0%a6%ac%e0%a6%a8%e0%a7%8d%e0%a6%a6%e0%a6%b0%e0%a7%87-%e0%a6%af%e0%a6%be/" "Mozilla/5.0 AppleWebKit/537.36 (KHTML, like Gecko; compatible; GPTBot/1.4; +https://openai.com/gptbot)"
74.7.243.200 - - [14/Sep/2026:22:01:33 +0600] "GET /%e0%a6%8f%e0%a6%ac%e0%a6%be%e0%a6%b0-%e0%a6%85%e0%a6%ac%e0%a7%88%e0%a6%a7-%e0%a6%b8%e0%a6%ae%e0%a7%8d%e0%a6%aa%e0%a6%a6-%e0%a6%93-%e0%a6%85%e0%a6%b0%e0%a7%8d%e0%a6%a5%e0%a6%aa%e0%a6%be%e0%a6%9a/ HTTP/1.1" 429 0 "http://bangladaily.online/%e0%a6%87%e0%a6%af%e0%a6%bc%e0%a6%be%e0%a6%ae%e0%a6%be%e0%a6%b2%e0%a6%95%e0%a7%87-%e0%a6%b8%e0%a6%be%e0%a6%ac%e0%a7%87%e0%a6%95-%e0%a6%ac%e0%a6%be%e0%a6%b0%e0%a7%8d%e0%a6%b8%e0%a6%be-%e0%a6%a4/" "Mozilla/5.0 AppleWebKit/537.36 (KHTML, like Gecko; compatible; GPTBot/1.4; +https://openai.com/gptbot)"
74.7.243.200 - - [14/Sep/2026:22:02:45 +0600] "GET /wp-content/uploads/2026/09/hijeck-mu18l01z8otiu9d-20260914185404-300x156.jpg HTTP/1.1" 429 0 "http://bangladaily.online/%e0%a6%a8%e0%a7%8d%e0%a6%af%e0%a6%be%e0%a6%af%e0%a6%bc%e0%a6%ac%e0%a6%bf%e0%a6%9a%e0%a6%be%e0%a6%b0%e0%a7%87%e0%a6%87-%e0%a6%b6%e0%a6%be%e0%a6%a8%e0%a7%8d%e0%a6%a4%e0%a6%bf%e0%a6%b0-%e0%a6%b8%e0%a6%82/" "Mozilla/5.0 AppleWebKit/537.36 (KHTML, like Gecko; compatible; GPTBot/1.4; +https://openai.com/gptbot)"
116.202.222.251 - - [14/Sep/2026:22:03:02 +0600] "GET /?wp_automatic=cron HTTP/1.1" 200 1573 "-" "curl/7.61.1"
51.89.69.41 - - [14/Sep/2026:22:03:19 +0600] "GET /%E0%A6%A1%E0%A6%BE%E0%A6%95%E0%A6%B8%E0%A7%81%E0%A6%B0-%E0%A6%89%E0%A6%A6%E0%A7%8D%E0%A6%AF%E0%A7%8B%E0%A6%97%E0%A7%87-%E0%A6%AE%E0%A6%BE%E0%A6%B8%E0%A6%AC%E0%A7%8D%E0%A6%AF%E0%A6%BE%E0%A6%AA%E0%A7%80/ HTTP/1.1" 200 15302 "-" "Mozilla/5.0 (compatible; AhrefsBot/7.0; +http://ahrefs.com/robot/)"
74.7.243.200 - - [14/Sep/2026:22:03:25 +0600] "GET /wp-content/uploads/2026/09/6a992269ad17417884207136a992269ad178.jpg HTTP/1.1" 200 101595 "http://bangladaily.online/%e0%a6%a8%e0%a7%8d%e0%a6%af%e0%a6%be%e0%a6%af%e0%a6%bc%e0%a6%ac%e0%a6%bf%e0%a6%9a%e0%a6%be%e0%a6%b0%e0%a7%87%e0%a6%87-%e0%a6%b6%e0%a6%be%e0%a6%a8%e0%a7%8d%e0%a6%a4%e0%a6%bf%e0%a6%b0-%e0%a6%b8%e0%a6%82/" "Mozilla/5.0 AppleWebKit/537.36 (KHTML, like Gecko; compatible; GPTBot/1.4; +https://openai.com/gptbot)"
74.7.243.200 - - [14/Sep/2026:22:03:41 +0600] "GET /wp-content/uploads/2026/09/og_1789365014_6aa78b1685415.jpeg HTTP/1.1" 429 0 "http://bangladaily.online/%e0%a6%ac%e0%a6%b0%e0%a6%bf%e0%a6%b6%e0%a6%be%e0%a6%b2%e0%a7%87-%e0%a6%9a%e0%a6%a1%e0%a6%bc%e0%a6%be-%e0%a6%a6%e0%a6%be%e0%a6%ae%e0%a7%87-%e0%a6%ac%e0%a6%bf%e0%a6%95%e0%a7%8d%e0%a6%b0%e0%a6%bf/" "Mozilla/5.0 AppleWebKit/537.36 (KHTML, like Gecko; compatible; GPTBot/1.4; +https://openai.com/gptbot)"
51.89.59.36 - - [14/Sep/2026:22:04:17 +0600] "GET /%E0%A6%B8%E0%A7%81%E0%A6%9F%E0%A6%95%E0%A7%87%E0%A6%B8%E0%A7%87-%E0%A6%A8%E0%A6%BE-%E0%A6%A7%E0%A6%B0%E0%A6%BE%E0%A6%AF%E0%A6%BC-%E0%A6%AA%E0%A7%8D%E0%A6%B0%E0%A7%87%E0%A6%AE%E0%A6%BF%E0%A6%95/ HTTP/1.1" 200 16290 "-" "Mozilla/5.0 (compatible; AhrefsBot/7.0; +http://ahrefs.com/robot/)"
116.202.222.251 - - [14/Sep/2026:22:04:29 +0600] "POST /wp-cron.php?doing_wp_cron=1789401869.4941699504852294921875 HTTP/1.1" 200 0 "-" "WordPress/7.1; http://bangladaily.online"
116.202.222.251 - - [14/Sep/2026:22:05:51 +0600] "POST /wp-cron.php?doing_wp_cron=1789401951.6884250640869140625000 HTTP/1.1" 200 0 "-" "WordPress/7.1; http://bangladaily.online"
51.89.72.15 - - [14/Sep/2026:22:06:00 +0600] "GET /wp-content/uploads/2026/09/og_1789400943_6aa8176f6fdd4-300x156.jpeg HTTP/1.1" 200 14748 "-" "Mozilla/5.0 (compatible; AhrefsBot/7.0; +http://ahrefs.com/robot/)"
74.7.243.200 - - [14/Sep/2026:22:04:41 +0600] "GET /wp-content/uploads/2026/09/6aa78a82bbd9017893648666aa78a82bbda7.jpg HTTP/1.1" 429 0 "http://bangladaily.online/%E0%A6%A6%E0%A7%87%E0%A6%B6%E0%A7%87-%E0%A6%AB%E0%A6%BF%E0%A6%B0%E0%A7%87-%E0%A6%AC%E0%A6%BF%E0%A6%AE%E0%A6%BE%E0%A6%A8%E0%A6%AC%E0%A6%A8%E0%A7%8D%E0%A6%A6%E0%A6%B0%E0%A7%87-%E0%A6%AF%E0%A6%BE/" "Mozilla/5.0 AppleWebKit/537.36 (KHTML, like Gecko; compatible; GPTBot/1.4; +https://openai.com/gptbot)"
74.7.243.200 - - [14/Sep/2026:22:04:50 +0600] "GET /wp-content/uploads/2026/09/6aa78c0db9f7d17893652616aa78c0db9f92.jpg HTTP/1.1" 429 0 "http://bangladaily.online/%e0%a6%b6%e0%a7%87%e0%a6%b2%e0%a7%8d%e0%a6%9f%e0%a6%a8%e0%a6%95%e0%a7%87-%e0%a6%b9%e0%a6%be%e0%a6%b0%e0%a6%bf%e0%a6%af%e0%a6%bc%e0%a7%87-%e0%a6%87%e0%a6%89%e0%a6%8f%e0%a6%b8-%e0%a6%93%e0%a6%aa/" "Mozilla/5.0 AppleWebKit/537.36 (KHTML, like Gecko; compatible; GPTBot/1.4; +https://openai.com/gptbot)"
116.202.222.251 - - [14/Sep/2026:22:05:03 +0600] "GET /?wp_automatic=cron HTTP/1.1" 200 1589 "-" "curl/7.61.1"
74.7.243.200 - - [14/Sep/2026:22:05:05 +0600] "GET /wp-content/uploads/2026/09/6aa7bc205d7df17893775686aa7bc205d7ec-300x197.jpg HTTP/1.1" 429 0 "http://bangladaily.online/%E0%A6%A6%E0%A7%87%E0%A6%B6%E0%A7%87-%E0%A6%AB%E0%A6%BF%E0%A6%B0%E0%A7%87-%E0%A6%AC%E0%A6%BF%E0%A6%AE%E0%A6%BE%E0%A6%A8%E0%A6%AC%E0%A6%A8%E0%A7%8D%E0%A6%A6%E0%A6%B0%E0%A7%87-%E0%A6%AF%E0%A6%BE/" "Mozilla/5.0 AppleWebKit/537.36 (KHTML, like Gecko; compatible; GPTBot/1.4; +https://openai.com/gptbot)"
74.7.243.200 - - [14/Sep/2026:22:05:25 +0600] "GET /%e0%a7%ae%e0%a7%aa-%e0%a6%ac%e0%a6%9b%e0%a6%b0-%e0%a6%ac%e0%a6%af%e0%a6%bc%e0%a6%b8%e0%a7%87-%e0%a6%85%e0%a6%ae%e0%a6%bf%e0%a6%a4%e0%a6%be%e0%a6%ad%e0%a7%87%e0%a6%b0-%e0%a6%86%e0%a6%95%e0%a7%8d/ HTTP/1.1" 429 0 "http://bangladaily.online/%E0%A6%A6%E0%A7%87%E0%A6%B6%E0%A7%87-%E0%A6%AB%E0%A6%BF%E0%A6%B0%E0%A7%87-%E0%A6%AC%E0%A6%BF%E0%A6%AE%E0%A6%BE%E0%A6%A8%E0%A6%AC%E0%A6%A8%E0%A7%8D%E0%A6%A6%E0%A6%B0%E0%A7%87-%E0%A6%AF%E0%A6%BE/" "Mozilla/5.0 AppleWebKit/537.36 (KHTML, like Gecko; compatible; GPTBot/1.4; +https://openai.com/gptbot)"
74.7.243.200 - - [14/Sep/2026:22:05:45 +0600] "GET /%e0%a6%ac%e0%a6%be%e0%a6%ac-%e0%a6%86%e0%a6%b2-%e0%a6%ae%e0%a6%be%e0%a6%a8%e0%a7%8d%e0%a6%a6%e0%a7%87%e0%a6%ac%e0%a6%93-%e0%a6%85%e0%a6%a8%e0%a6%bf%e0%a6%b0%e0%a6%be%e0%a6%aa%e0%a6%a6-%e0%a6%9c/ HTTP/1.1" 429 0 "http://bangladaily.online/%e0%a6%b6%e0%a7%87%e0%a6%b2%e0%a7%8d%e0%a6%9f%e0%a6%a8%e0%a6%95%e0%a7%87-%e0%a6%b9%e0%a6%be%e0%a6%b0%e0%a6%bf%e0%a6%af%e0%a6%bc%e0%a7%87-%e0%a6%87%e0%a6%89%e0%a6%8f%e0%a6%b8-%e0%a6%93%e0%a6%aa/" "Mozilla/5.0 AppleWebKit/537.36 (KHTML, like Gecko; compatible; GPTBot/1.4; +https://openai.com/gptbot)"
85.208.96.206 - - [14/Sep/2026:22:05:50 +0600] "GET /page/148/ HTTP/1.1" 200 25814 "-" "Mozilla/5.0 (compatible; SemrushBot/7~bl; +http://www.semrush.com/bot.html)"
51.89.74.198 - - [14/Sep/2026:22:05:59 +0600] "GET /wp-content/uploads/2026/09/og_1789370486_6aa7a076ae47c.jpeg HTTP/1.1" 200 42880 "-" "Mozilla/5.0 (compatible; AhrefsBot/7.0; +http://ahrefs.com/robot/)"
116.202.222.251 - - [14/Sep/2026:22:06:02 +0600] "GET /?wp_automatic=cron HTTP/1.1" 200 1567 "-" "curl/7.61.1"
74.7.243.200 - - [14/Sep/2026:22:06:45 +0600] "GET /%e0%a6%b9%e0%a6%be%e0%a6%b2%e0%a6%be%e0%a6%a8%e0%a7%8d%e0%a6%a1%e0%a7%87%e0%a6%b0-%e0%a6%97%e0%a7%8b%e0%a6%b2-%e0%a6%ac%e0%a6%be%e0%a6%a4%e0%a6%bf%e0%a6%b2-%e0%a6%95%e0%a6%b0%e0%a7%87-%e0%a6%a6/ HTTP/1.1" 429 0 "http://bangladaily.online/%E0%A6%A6%E0%A7%87%E0%A6%B6%E0%A7%87-%E0%A6%AB%E0%A6%BF%E0%A6%B0%E0%A7%87-%E0%A6%AC%E0%A6%BF%E0%A6%AE%E0%A6%BE%E0%A6%A8%E0%A6%AC%E0%A6%A8%E0%A7%8D%E0%A6%A6%E0%A6%B0%E0%A7%87-%E0%A6%AF%E0%A6%BE/" "Mozilla/5.0 AppleWebKit/537.36 (KHTML, like Gecko; compatible; GPTBot/1.4; +https://openai.com/gptbot)"
74.7.243.200 - - [14/Sep/2026:22:07:05 +0600] "GET /%e0%a6%ae%e0%a6%bf%e0%a6%af%e0%a6%bc%e0%a6%be%e0%a6%a8%e0%a6%ae%e0%a6%be%e0%a6%b0%e0%a7%87-%e0%a6%aa%e0%a6%be%e0%a6%9a%e0%a6%be%e0%a6%b0%e0%a7%87%e0%a6%b0-%e0%a6%b8%e0%a6%ae%e0%a6%af%e0%a6%bc/ HTTP/1.1" 429 0 "http://bangladaily.online/%e0%a6%a8%e0%a7%8d%e0%a6%af%e0%a6%be%e0%a6%af%e0%a6%bc%e0%a6%ac%e0%a6%bf%e0%a6%9a%e0%a6%be%e0%a6%b0%e0%a7%87%e0%a6%87-%e0%a6%b6%e0%a6%be%e0%a6%a8%e0%a7%8d%e0%a6%a4%e0%a6%bf%e0%a6%b0-%e0%a6%b8%e0%a6%82/" "Mozilla/5.0 AppleWebKit/537.36 (KHTML, like Gecko; compatible; GPTBot/1.4; +https://openai.com/gptbot)"
116.202.222.251 - - [14/Sep/2026:22:07:26 +0600] "POST /wp-cron.php?doing_wp_cron=1789402046.5350909233093261718750 HTTP/1.1" 200 0 "-" "WordPress/7.1; http://bangladaily.online"
74.7.243.200 - - [14/Sep/2026:22:07:25 +0600] "GET /%E0%A6%AC%E0%A6%B0%E0%A6%BF%E0%A6%B6%E0%A6%BE%E0%A6%B2%E0%A7%87-%E0%A6%9A%E0%A6%A1%E0%A6%BC%E0%A6%BE-%E0%A6%A6%E0%A6%BE%E0%A6%AE%E0%A7%87-%E0%A6%AC%E0%A6%BF%E0%A6%95%E0%A7%8D%E0%A6%B0%E0%A6%BF/ HTTP/1.1" 200 15206 "http://bangladaily.online/%e0%a6%ac%e0%a6%b0%e0%a6%bf%e0%a6%b6%e0%a6%be%e0%a6%b2%e0%a7%87-%e0%a6%9a%e0%a6%a1%e0%a6%bc%e0%a6%be-%e0%a6%a6%e0%a6%be%e0%a6%ae%e0%a7%87-%e0%a6%ac%e0%a6%bf%e0%a6%95%e0%a7%8d%e0%a6%b0%e0%a6%bf/" "Mozilla/5.0 AppleWebKit/537.36 (KHTML, like Gecko; compatible; GPTBot/1.4; +https://openai.com/gptbot)"
74.7.243.200 - - [14/Sep/2026:22:08:01 +0600] "GET /%e0%a6%9c%e0%a7%80%e0%a6%ac%e0%a6%a8%e0%a6%b8%e0%a6%99%e0%a7%8d%e0%a6%97%e0%a7%80-%e0%a6%ac%e0%a7%87%e0%a6%9b%e0%a7%87-%e0%a6%a8%e0%a6%bf%e0%a6%b2%e0%a7%87%e0%a6%a8-%e0%a6%93%e0%a6%aa%e0%a6%be/ HTTP/1.1" 429 0 "http://bangladaily.online/%E0%A6%A6%E0%A7%87%E0%A6%B6%E0%A7%87-%E0%A6%AB%E0%A6%BF%E0%A6%B0%E0%A7%87-%E0%A6%AC%E0%A6%BF%E0%A6%AE%E0%A6%BE%E0%A6%A8%E0%A6%AC%E0%A6%A8%E0%A7%8D%E0%A6%A6%E0%A6%B0%E0%A7%87-%E0%A6%AF%E0%A6%BE/" "Mozilla/5.0 AppleWebKit/537.36 (KHTML, like Gecko; compatible; GPTBot/1.4; +https://openai.com/gptbot)"
74.7.243.200 - - [14/Sep/2026:22:06:05 +0600] "GET /%e0%a6%aa%e0%a6%b6%e0%a7%8d%e0%a6%9a%e0%a6%bf%e0%a6%ae%e0%a6%ac%e0%a6%99%e0%a7%8d%e0%a6%97%e0%a7%87-%e0%a7%a8%e0%a7%ab%e0%a7%a8-%e0%a6%ae%e0%a6%be%e0%a6%a6%e0%a7%8d%e0%a6%b0%e0%a6%be%e0%a6%b8%e0%a6%be/ HTTP/1.1" 429 0 "http://bangladaily.online/%e0%a6%a8%e0%a7%8d%e0%a6%af%e0%a6%be%e0%a6%af%e0%a6%bc%e0%a6%ac%e0%a6%bf%e0%a6%9a%e0%a6%be%e0%a6%b0%e0%a7%87%e0%a6%87-%e0%a6%b6%e0%a6%be%e0%a6%a8%e0%a7%8d%e0%a6%a4%e0%a6%bf%e0%a6%b0-%e0%a6%b8%e0%a6%82/" "Mozilla/5.0 AppleWebKit/537.36 (KHTML, like Gecko; compatible; GPTBot/1.4; +https://openai.com/gptbot)"
45.74.159.42 - - [14/Sep/2026:22:06:17 +0600] "GET / HTTP/1.1" 200 25881 "-" "Mozilla/5.0 (Macintosh; Intel Mac OS X 10_15_7) AppleWebKit/537.36 (KHTML, like Gecko) Chrome/122.0.0.0 Safari/537.36"
74.7.243.200 - - [14/Sep/2026:22:06:25 +0600] "GET /%E0%A6%A8%E0%A7%8D%E0%A6%AF%E0%A6%BE%E0%A6%AF%E0%A6%BC%E0%A6%AC%E0%A6%BF%E0%A6%9A%E0%A6%BE%E0%A6%B0%E0%A7%87%E0%A6%87-%E0%A6%B6%E0%A6%BE%E0%A6%A8%E0%A7%8D%E0%A6%A4%E0%A6%BF%E0%A6%B0-%E0%A6%B8%E0%A6%82/ HTTP/1.1" 429 0 "http://bangladaily.online/%e0%a6%a8%e0%a7%8d%e0%a6%af%e0%a6%be%e0%a6%af%e0%a6%bc%e0%a6%ac%e0%a6%bf%e0%a6%9a%e0%a6%be%e0%a6%b0%e0%a7%87%e0%a6%87-%e0%a6%b6%e0%a6%be%e0%a6%a8%e0%a7%8d%e0%a6%a4%e0%a6%bf%e0%a6%b0-%e0%a6%b8%e0%a6%82/" "Mozilla/5.0 AppleWebKit/537.36 (KHTML, like Gecko; compatible; GPTBot/1.4; +https://openai.com/gptbot)"
116.202.222.251 - - [14/Sep/2026:22:07:04 +0600] "POST /wp-cron.php?doing_wp_cron=1789402024.2195200920104980468750 HTTP/1.1" 200 0 "-" "WordPress/7.1; http://bangladaily.online"
116.202.222.251 - - [14/Sep/2026:22:07:02 +0600] "GET /?wp_automatic=cron HTTP/1.1" 200 1569 "-" "curl/7.61.1"
74.7.243.200 - - [14/Sep/2026:22:07:45 +0600] "GET /%e0%a6%89%e0%a6%a4%e0%a7%8d%e0%a6%a4%e0%a6%b0%e0%a6%be-%e0%a6%a5%e0%a7%87%e0%a6%95%e0%a7%87-%e0%a6%9c%e0%a6%be%e0%a6%ae%e0%a6%be%e0%a6%b2%e0%a6%aa%e0%a7%81%e0%a6%b0-%e0%a6%9c%e0%a7%87%e0%a6%b2/ HTTP/1.1" 429 0 "http://bangladaily.online/%e0%a6%ac%e0%a6%b0%e0%a6%bf%e0%a6%b6%e0%a6%be%e0%a6%b2%e0%a7%87-%e0%a6%9a%e0%a6%a1%e0%a6%bc%e0%a6%be-%e0%a6%a6%e0%a6%be%e0%a6%ae%e0%a7%87-%e0%a6%ac%e0%a6%bf%e0%a6%95%e0%a7%8d%e0%a6%b0%e0%a6%bf/" "Mozilla/5.0 AppleWebKit/537.36 (KHTML, like Gecko; compatible; GPTBot/1.4; +https://openai.com/gptbot)"
116.202.222.251 - - [14/Sep/2026:22:08:03 +0600] "GET /?wp_automatic=cron HTTP/1.1" 200 1569 "-" "curl/7.61.1"
74.7.243.200 - - [14/Sep/2026:22:08:41 +0600] "GET /%E0%A6%B6%E0%A7%87%E0%A6%B2%E0%A7%8D%E0%A6%9F%E0%A6%A8%E0%A6%95%E0%A7%87-%E0%A6%B9%E0%A6%BE%E0%A6%B0%E0%A6%BF%E0%A6%AF%E0%A6%BC%E0%A7%87-%E0%A6%87%E0%A6%89%E0%A6%8F%E0%A6%B8-%E0%A6%93%E0%A6%AA/ HTTP/1.1" 429 0 "http://bangladaily.online/%e0%a6%b6%e0%a7%87%e0%a6%b2%e0%a7%8d%e0%a6%9f%e0%a6%a8%e0%a6%95%e0%a7%87-%e0%a6%b9%e0%a6%be%e0%a6%b0%e0%a6%bf%e0%a6%af%e0%a6%bc%e0%a7%87-%e0%a6%87%e0%a6%89%e0%a6%8f%e0%a6%b8-%e0%a6%93%e0%a6%aa/" "Mozilla/5.0 AppleWebKit/537.36 (KHTML, like Gecko; compatible; GPTBot/1.4; +https://openai.com/gptbot)"
116.202.222.251 - - [14/Sep/2026:22:09:02 +0600] "GET /?wp_automatic=cron HTTP/1.1" 200 2204 "-" "curl/7.61.1"
74.7.243.200 - - [14/Sep/2026:22:09:41 +0600] "GET /%e0%a6%b8%e0%a7%8d%e0%a6%a5%e0%a6%be%e0%a6%a8%e0%a7%80%e0%a6%af%e0%a6%bc-%e0%a6%b8%e0%a6%b0%e0%a6%95%e0%a6%be%e0%a6%b0-%e0%a6%a8%e0%a6%bf%e0%a6%b0%e0%a7%8d%e0%a6%ac%e0%a6%be%e0%a6%9a%e0%a6%a8/feed/ HTTP/1.1" 200 562 "http://bangladaily.online/%e0%a6%b8%e0%a7%8d%e0%a6%a5%e0%a6%be%e0%a6%a8%e0%a7%80%e0%a6%af%e0%a6%bc-%e0%a6%b8%e0%a6%b0%e0%a6%95%e0%a6%be%e0%a6%b0-%e0%a6%a8%e0%a6%bf%e0%a6%b0%e0%a7%8d%e0%a6%ac%e0%a6%be%e0%a6%9a%e0%a6%a8/" "Mozilla/5.0 AppleWebKit/537.36 (KHTML, like Gecko; compatible; GPTBot/1.4; +https://openai.com/gptbot)"
74.7.243.200 - - [14/Sep/2026:22:10:01 +0600] "GET /%e0%a6%aa%e0%a6%be%e0%a6%95%e0%a6%bf%e0%a6%b8%e0%a7%8d%e0%a6%a4%e0%a6%be%e0%a6%a8%e0%a7%87%e0%a6%b0-%e0%a6%b9%e0%a6%be%e0%a6%b8%e0%a6%aa%e0%a6%be%e0%a6%a4%e0%a6%be%e0%a6%b2%e0%a7%87-%e0%a6%86%e0%a6%97/feed/ HTTP/1.1" 200 560 "http://bangladaily.online/%e0%a6%aa%e0%a6%be%e0%a6%95%e0%a6%bf%e0%a6%b8%e0%a7%8d%e0%a6%a4%e0%a6%be%e0%a6%a8%e0%a7%87%e0%a6%b0-%e0%a6%b9%e0%a6%be%e0%a6%b8%e0%a6%aa%e0%a6%be%e0%a6%a4%e0%a6%be%e0%a6%b2%e0%a7%87-%e0%a6%86%e0%a6%97/" "Mozilla/5.0 AppleWebKit/537.36 (KHTML, like Gecko; compatible; GPTBot/1.4; +https://openai.com/gptbot)"
116.202.222.251 - - [14/Sep/2026:22:10:03 +0600] "GET /?wp_automatic=cron HTTP/1.1" 200 1603 "-" "curl/7.61.1"
116.202.222.251 - - [14/Sep/2026:22:10:31 +0600] "POST /wp-cron.php?doing_wp_cron=1789402231.3590888977050781250000 HTTP/1.1" 200 0 "-" "WordPress/7.1; http://bangladaily.online"
74.7.243.200 - - [14/Sep/2026:22:10:30 +0600] "GET /%e0%a6%b0%e0%a6%be%e0%a6%ae%e0%a7%87%e0%a6%95-%e0%a6%b9%e0%a6%be%e0%a6%b8%e0%a6%aa%e0%a6%be%e0%a6%a4%e0%a6%be%e0%a6%b2%e0%a7%87-%e0%a6%aa%e0%a7%8d%e0%a6%b0%e0%a6%a5%e0%a6%ae%e0%a6%ac%e0%a6%be%e0%a6%b0/feed/ HTTP/1.1" 200 567 "http://bangladaily.online/%e0%a6%b0%e0%a6%be%e0%a6%ae%e0%a7%87%e0%a6%95-%e0%a6%b9%e0%a6%be%e0%a6%b8%e0%a6%aa%e0%a6%be%e0%a6%a4%e0%a6%be%e0%a6%b2%e0%a7%87-%e0%a6%aa%e0%a7%8d%e0%a6%b0%e0%a6%a5%e0%a6%ae%e0%a6%ac%e0%a6%be%e0%a6%b0/" "Mozilla/5.0 AppleWebKit/537.36 (KHTML, like Gecko; compatible; GPTBot/1.4; +https://openai.com/gptbot)"
43.157.20.63 - - [14/Sep/2026:22:10:40 +0600] "GET /%e0%a6%86%e0%a6%b8%e0%a6%9b%e0%a7%87-%e0%a6%ae%e0%a6%a8%e0%a6%bf%e0%a6%b0-%e0%a6%96%e0%a6%be%e0%a6%a8%e0%a7%87%e0%a6%b0-%e0%a6%ae%e0%a6%be/ HTTP/1.1" 200 18866 "-" "Mozilla/5.0 (iPhone; CPU iPhone OS 13_2_3 like Mac OS X) AppleWebKit/605.1.15 (KHTML, like Gecko) Version/13.0.3 Mobile/15E148 Safari/604.1"
74.7.243.200 - - [14/Sep/2026:22:11:05 +0600] "GET /wp-content/uploads/2026/09/hijeck-mu18l01z8otiu9d-20260914185404-300x156.jpg HTTP/1.1" 200 10276 "http://bangladaily.online/%E0%A6%AC%E0%A6%B0%E0%A6%BF%E0%A6%B6%E0%A6%BE%E0%A6%B2%E0%A7%87-%E0%A6%9A%E0%A6%A1%E0%A6%BC%E0%A6%BE-%E0%A6%A6%E0%A6%BE%E0%A6%AE%E0%A7%87-%E0%A6%AC%E0%A6%BF%E0%A6%95%E0%A7%8D%E0%A6%B0%E0%A6%BF/" "Mozilla/5.0 AppleWebKit/537.36 (KHTML, like Gecko; compatible; GPTBot/1.4; +https://openai.com/gptbot)"
74.7.243.200 - - [14/Sep/2026:22:08:21 +0600] "GET /%e0%a6%aa%e0%a6%af%e0%a6%bc%e0%a7%87%e0%a6%a8%e0%a7%8d%e0%a6%9f-%e0%a6%b9%e0%a6%be%e0%a6%b0%e0%a6%bf%e0%a6%af%e0%a6%bc%e0%a7%87-%e0%a6%9f%e0%a7%87%e0%a6%b8%e0%a7%8d%e0%a6%9f-%e0%a6%b0/ HTTP/1.1" 429 0 "http://bangladaily.online/%e0%a6%b6%e0%a7%87%e0%a6%b2%e0%a7%8d%e0%a6%9f%e0%a6%a8%e0%a6%95%e0%a7%87-%e0%a6%b9%e0%a6%be%e0%a6%b0%e0%a6%bf%e0%a6%af%e0%a6%bc%e0%a7%87-%e0%a6%87%e0%a6%89%e0%a6%8f%e0%a6%b8-%e0%a6%93%e0%a6%aa/" "Mozilla/5.0 AppleWebKit/537.36 (KHTML, like Gecko; compatible; GPTBot/1.4; +https://openai.com/gptbot)"
74.7.243.200 - - [14/Sep/2026:22:09:01 +0600] "GET /%e0%a6%87%e0%a6%a8%e0%a7%87%e0%a6%b8%e0%a7%87%e0%a6%b0-%e0%a6%b8%e0%a6%99%e0%a7%8d%e0%a6%97%e0%a7%87-%e0%a6%87%e0%a6%af%e0%a6%bc%e0%a6%be%e0%a6%ae%e0%a6%be%e0%a6%b2%e0%a7%87%e0%a6%b0/ HTTP/1.1" 429 0 "http://bangladaily.online/%e0%a6%a8%e0%a7%8d%e0%a6%af%e0%a6%be%e0%a6%af%e0%a6%bc%e0%a6%ac%e0%a6%bf%e0%a6%9a%e0%a6%be%e0%a6%b0%e0%a7%87%e0%a6%87-%e0%a6%b6%e0%a6%be%e0%a6%a8%e0%a7%8d%e0%a6%a4%e0%a6%bf%e0%a6%b0-%e0%a6%b8%e0%a6%82/" "Mozilla/5.0 AppleWebKit/537.36 (KHTML, like Gecko; compatible; GPTBot/1.4; +https://openai.com/gptbot)"
116.202.222.251 - - [14/Sep/2026:22:09:06 +0600] "POST /wp-cron.php?doing_wp_cron=1789402146.0738399028778076171875 HTTP/1.1" 200 0 "-" "WordPress/7.1; http://bangladaily.online"
74.7.243.200 - - [14/Sep/2026:22:09:21 +0600] "GET /%e0%a6%8f%e0%a6%95%e0%a6%be%e0%a6%a6%e0%a6%b6%e0%a7%87-%e0%a6%ad%e0%a6%b0%e0%a7%8d%e0%a6%a4%e0%a6%bf%e0%a6%a4%e0%a7%87-%e0%a6%aa%e0%a7%8d%e0%a6%b0%e0%a6%be%e0%a6%af%e0%a6%bc-%e0%a7%a7%e0%a7%a6/feed/ HTTP/1.1" 429 0 "http://bangladaily.online/%e0%a6%8f%e0%a6%95%e0%a6%be%e0%a6%a6%e0%a6%b6%e0%a7%87-%e0%a6%ad%e0%a6%b0%e0%a7%8d%e0%a6%a4%e0%a6%bf%e0%a6%a4%e0%a7%87-%e0%a6%aa%e0%a7%8d%e0%a6%b0%e0%a6%be%e0%a6%af%e0%a6%bc-%e0%a7%a7%e0%a7%a6/" "Mozilla/5.0 AppleWebKit/537.36 (KHTML, like Gecko; compatible; GPTBot/1.4; +https://openai.com/gptbot)"
116.202.222.251 - - [14/Sep/2026:22:09:42 +0600] "POST /wp-cron.php?doing_wp_cron=1789402182.5547969341278076171875 HTTP/1.1" 200 0 "-" "WordPress/7.1; http://bangladaily.online"
85.208.96.203 - - [14/Sep/2026:22:10:11 +0600] "GET /%E0%A6%A8%E0%A6%BE%E0%A6%B0%E0%A6%BF%E0%A6%95%E0%A7%87%E0%A6%B2-%E0%A6%97%E0%A6%BE%E0%A6%9B%E0%A6%95%E0%A7%87-%E0%A6%9F%E0%A7%8D%E0%A6%B0%E0%A6%BF-%E0%A6%85%E0%A6%AC-%E0%A6%B2%E0%A6%BE/ HTTP/1.1" 200 21479 "-" "Mozilla/5.0 (compatible; SemrushBot/7~bl; +http://www.semrush.com/bot.html)"
74.7.243.200 - - [14/Sep/2026:22:10:17 +0600] "GET /%e0%a6%a8%e0%a7%8d%e0%a6%af%e0%a6%be%e0%a6%af%e0%a6%bc%e0%a6%ac%e0%a6%bf%e0%a6%9a%e0%a6%be%e0%a6%b0%e0%a7%87%e0%a6%87-%e0%a6%b6%e0%a6%be%e0%a6%a8%e0%a7%8d%e0%a6%a4%e0%a6%bf%e0%a6%b0-%e0%a6%b8%e0%a6%82/feed/ HTTP/1.1" 429 0 "http://bangladaily.online/%e0%a6%a8%e0%a7%8d%e0%a6%af%e0%a6%be%e0%a6%af%e0%a6%bc%e0%a6%ac%e0%a6%bf%e0%a6%9a%e0%a6%be%e0%a6%b0%e0%a7%87%e0%a6%87-%e0%a6%b6%e0%a6%be%e0%a6%a8%e0%a7%8d%e0%a6%a4%e0%a6%bf%e0%a6%b0-%e0%a6%b8%e0%a6%82/" "Mozilla/5.0 AppleWebKit/537.36 (KHTML, like Gecko; compatible; GPTBot/1.4; +https://openai.com/gptbot)"
116.202.222.251 - - [14/Sep/2026:22:10:40 +0600] "POST /wp-cron.php?doing_wp_cron=1789402240.8015000820159912109375 HTTP/1.1" 200 0 "-" "WordPress/7.1; http://bangladaily.online"
74.7.243.200 - - [14/Sep/2026:22:10:49 +0600] "GET /?p=4914 HTTP/1.1" 301 52 "http://bangladaily.online/%E0%A6%AC%E0%A6%B0%E0%A6%BF%E0%A6%B6%E0%A6%BE%E0%A6%B2%E0%A7%87-%E0%A6%9A%E0%A6%A1%E0%A6%BC%E0%A6%BE-%E0%A6%A6%E0%A6%BE%E0%A6%AE%E0%A7%87-%E0%A6%AC%E0%A6%BF%E0%A6%95%E0%A7%8D%E0%A6%B0%E0%A6%BF/" "Mozilla/5.0 AppleWebKit/537.36 (KHTML, like Gecko; compatible; GPTBot/1.4; +https://openai.com/gptbot)"
116.202.222.251 - - [14/Sep/2026:22:11:02 +0600] "GET /?wp_automatic=cron HTTP/1.1" 200 1573 "-" "curl/7.61.1"
74.7.243.200 - - [14/Sep/2026:22:11:17 +0600] "GET /wp-content/uploads/2026/09/og_1789365014_6aa78b1685415.jpeg HTTP/1.1" 200 65500 "http://bangladaily.online/%E0%A6%AC%E0%A6%B0%E0%A6%BF%E0%A6%B6%E0%A6%BE%E0%A6%B2%E0%A7%87-%E0%A6%9A%E0%A6%A1%E0%A6%BC%E0%A6%BE-%E0%A6%A6%E0%A6%BE%E0%A6%AE%E0%A7%87-%E0%A6%AC%E0%A6%BF%E0%A6%95%E0%A7%8D%E0%A6%B0%E0%A6%BF/" "Mozilla/5.0 AppleWebKit/537.36 (KHTML, like Gecko; compatible; GPTBot/1.4; +https://openai.com/gptbot)"
74.7.243.200 - - [14/Sep/2026:22:11:27 +0600] "GET /%e0%a6%aa%e0%a6%b6%e0%a7%8d%e0%a6%9a%e0%a6%bf%e0%a6%ae%e0%a6%ac%e0%a6%99%e0%a7%8d%e0%a6%97%e0%a7%87-%e0%a7%a8%e0%a7%ab%e0%a7%a8-%e0%a6%ae%e0%a6%be%e0%a6%a6%e0%a7%8d%e0%a6%b0%e0%a6%be%e0%a6%b8%e0%a6%be/ HTTP/1.1" 200 15384 "http://bangladaily.online/%E0%A6%AC%E0%A6%B0%E0%A6%BF%E0%A6%B6%E0%A6%BE%E0%A6%B2%E0%A7%87-%E0%A6%9A%E0%A6%A1%E0%A6%BC%E0%A6%BE-%E0%A6%A6%E0%A6%BE%E0%A6%AE%E0%A7%87-%E0%A6%AC%E0%A6%BF%E0%A6%95%E0%A7%8D%E0%A6%B0%E0%A6%BF/" "Mozilla/5.0 AppleWebKit/537.36 (KHTML, like Gecko; compatible; GPTBot/1.4; +https://openai.com/gptbot)"
74.7.243.200 - - [14/Sep/2026:22:11:35 +0600] "GET /%e0%a6%b9%e0%a6%be%e0%a6%b2%e0%a6%be%e0%a6%a8%e0%a7%8d%e0%a6%a1%e0%a7%87%e0%a6%b0-%e0%a6%97%e0%a7%8b%e0%a6%b2-%e0%a6%ac%e0%a6%be%e0%a6%a4%e0%a6%bf%e0%a6%b2-%e0%a6%95%e0%a6%b0%e0%a7%87-%e0%a6%a6/ HTTP/1.1" 429 0 "http://bangladaily.online/%E0%A6%AC%E0%A6%B0%E0%A6%BF%E0%A6%B6%E0%A6%BE%E0%A6%B2%E0%A7%87-%E0%A6%9A%E0%A6%A1%E0%A6%BC%E0%A6%BE-%E0%A6%A6%E0%A6%BE%E0%A6%AE%E0%A7%87-%E0%A6%AC%E0%A6%BF%E0%A6%95%E0%A7%8D%E0%A6%B0%E0%A6%BF/" "Mozilla/5.0 AppleWebKit/537.36 (KHTML, like Gecko; compatible; GPTBot/1.4; +https://openai.com/gptbot)"
74.7.243.200 - - [14/Sep/2026:22:11:41 +0600] "GET /%e0%a6%87%e0%a6%b8%e0%a6%b2%e0%a6%be%e0%a6%ae%e0%a7%80-%e0%a6%86%e0%a6%87%e0%a6%a8%e0%a7%87-%e0%a6%a8%e0%a7%87%e0%a6%87-%e0%a6%ac%e0%a6%b2%e0%a7%87-%e0%a6%86%e0%a6%ab%e0%a6%97/feed/ HTTP/1.1" 429 0 "http://bangladaily.online/%e0%a6%87%e0%a6%b8%e0%a6%b2%e0%a6%be%e0%a6%ae%e0%a7%80-%e0%a6%86%e0%a6%87%e0%a6%a8%e0%a7%87-%e0%a6%a8%e0%a7%87%e0%a6%87-%e0%a6%ac%e0%a6%b2%e0%a7%87-%e0%a6%86%e0%a6%ab%e0%a6%97/" "Mozilla/5.0 AppleWebKit/537.36 (KHTML, like Gecko; compatible; GPTBot/1.4; +https://openai.com/gptbot)"
51.89.59.43 - - [14/Sep/2026:22:11:41 +0600] "GET /%E0%A6%85%E0%A6%AC%E0%A7%88%E0%A6%A7-%E0%A6%AC%E0%A6%A8%E0%A7%8D%E0%A6%AF%E0%A6%AA%E0%A7%8D%E0%A6%B0%E0%A6%BE%E0%A6%A3%E0%A7%80-%E0%A6%AC%E0%A6%BE%E0%A6%A3%E0%A6%BF%E0%A6%9C%E0%A7%8D%E0%A6%AF/feed/ HTTP/1.1" 200 634 "-" "Mozilla/5.0 (compatible; AhrefsBot/7.0; +http://ahrefs.com/robot/)"
74.7.243.200 - - [14/Sep/2026:22:11:50 +0600] "GET /%e0%a6%ac%e0%a6%b0%e0%a6%bf%e0%a6%b6%e0%a6%be%e0%a6%b2%e0%a7%87-%e0%a6%9a%e0%a6%a1%e0%a6%bc%e0%a6%be-%e0%a6%a6%e0%a6%be%e0%a6%ae%e0%a7%87-%e0%a6%ac%e0%a6%bf%e0%a6%95%e0%a7%8d%e0%a6%b0%e0%a6%bf/feed/ HTTP/1.1" 429 0 "http://bangladaily.online/%e0%a6%ac%e0%a6%b0%e0%a6%bf%e0%a6%b6%e0%a6%be%e0%a6%b2%e0%a7%87-%e0%a6%9a%e0%a6%a1%e0%a6%bc%e0%a6%be-%e0%a6%a6%e0%a6%be%e0%a6%ae%e0%a7%87-%e0%a6%ac%e0%a6%bf%e0%a6%95%e0%a7%8d%e0%a6%b0%e0%a6%bf/" "Mozilla/5.0 AppleWebKit/537.36 (KHTML, like Gecko; compatible; GPTBot/1.4; +https://openai.com/gptbot)"
116.202.222.251 - - [14/Sep/2026:22:12:25 +0600] "POST /wp-cron.php?doing_wp_cron=1789402345.6305398941040039062500 HTTP/1.1" 200 0 "-" "WordPress/7.1; http://bangladaily.online"
116.202.222.251 - - [14/Sep/2026:22:13:02 +0600] "GET /?wp_automatic=cron HTTP/1.1" 200 1589 "-" "curl/7.61.1"
74.7.243.200 - - [14/Sep/2026:22:13:21 +0600] "GET /%e0%a6%aa%e0%a6%b0%e0%a6%bf%e0%a6%b6%e0%a7%8b%e0%a6%a7%e0%a6%a8-%e0%a6%b8%e0%a6%95%e0%a7%8d%e0%a6%b7%e0%a6%ae%e0%a6%a4%e0%a6%be-%e0%a6%a4%e0%a6%bf%e0%a6%a8%e0%a6%97%e0%a7%81%e0%a6%a3-%e0%a6%ac/feed/ HTTP/1.1" 429 0 "http://bangladaily.online/%e0%a6%aa%e0%a6%b0%e0%a6%bf%e0%a6%b6%e0%a7%8b%e0%a6%a7%e0%a6%a8-%e0%a6%b8%e0%a6%95%e0%a7%8d%e0%a6%b7%e0%a6%ae%e0%a6%a4%e0%a6%be-%e0%a6%a4%e0%a6%bf%e0%a6%a8%e0%a6%97%e0%a7%81%e0%a6%a3-%e0%a6%ac/" "Mozilla/5.0 AppleWebKit/537.36 (KHTML, like Gecko; compatible; GPTBot/1.4; +https://openai.com/gptbot)"
85.208.96.195 - - [14/Sep/2026:22:11:59 +0600] "GET /%E0%A6%95%E0%A7%8B%E0%A6%B0%E0%A6%86%E0%A6%A8%E0%A7%87%E0%A6%B0-%E0%A6%95%E0%A6%A5%E0%A6%BE-%E0%A6%AC%E0%A6%B2%E0%A6%B2%E0%A7%87-%E0%A6%AE%E0%A7%8C%E0%A6%B2%E0%A6%AC%E0%A6%BE%E0%A6%A6%E0%A7%80/ HTTP/1.1" 200 20272 "-" "Mozilla/5.0 (compatible; SemrushBot/7~bl; +http://www.semrush.com/bot.html)"
116.202.222.251 - - [14/Sep/2026:22:12:02 +0600] "GET /?wp_automatic=cron HTTP/1.1" 200 1547 "-" "curl/7.61.1"
74.7.243.200 - - [14/Sep/2026:22:12:05 +0600] "GET /%e0%a6%b6%e0%a7%87%e0%a6%b2%e0%a7%8d%e0%a6%9f%e0%a6%a8%e0%a6%95%e0%a7%87-%e0%a6%b9%e0%a6%be%e0%a6%b0%e0%a6%bf%e0%a6%af%e0%a6%bc%e0%a7%87-%e0%a6%87%e0%a6%89%e0%a6%8f%e0%a6%b8-%e0%a6%93%e0%a6%aa/feed/ HTTP/1.1" 429 0 "http://bangladaily.online/%e0%a6%b6%e0%a7%87%e0%a6%b2%e0%a7%8d%e0%a6%9f%e0%a6%a8%e0%a6%95%e0%a7%87-%e0%a6%b9%e0%a6%be%e0%a6%b0%e0%a6%bf%e0%a6%af%e0%a6%bc%e0%a7%87-%e0%a6%87%e0%a6%89%e0%a6%8f%e0%a6%b8-%e0%a6%93%e0%a6%aa/" "Mozilla/5.0 AppleWebKit/537.36 (KHTML, like Gecko; compatible; GPTBot/1.4; +https://openai.com/gptbot)"
74.7.243.200 - - [14/Sep/2026:22:12:25 +0600] "GET /%e0%a6%ae%e0%a6%be%e0%a6%a6%e0%a6%95-%e0%a6%ae%e0%a6%be%e0%a6%ae%e0%a6%b2%e0%a6%be%e0%a6%b0-%e0%a6%86%e0%a6%b8%e0%a6%be%e0%a6%ae%e0%a6%bf-%e0%a6%a7%e0%a6%b0%e0%a6%a4%e0%a7%87-%e0%a6%97%e0%a6%bf/feed/ HTTP/1.1" 200 560 "http://bangladaily.online/%e0%a6%ae%e0%a6%be%e0%a6%a6%e0%a6%95-%e0%a6%ae%e0%a6%be%e0%a6%ae%e0%a6%b2%e0%a6%be%e0%a6%b0-%e0%a6%86%e0%a6%b8%e0%a6%be%e0%a6%ae%e0%a6%bf-%e0%a6%a7%e0%a6%b0%e0%a6%a4%e0%a7%87-%e0%a6%97%e0%a6%bf/" "Mozilla/5.0 AppleWebKit/537.36 (KHTML, like Gecko; compatible; GPTBot/1.4; +https://openai.com/gptbot)"
85.208.96.203 - - [14/Sep/2026:22:12:26 +0600] "GET /%E0%A6%A4%E0%A7%87%E0%A6%9C%E0%A6%97%E0%A6%BE%E0%A6%81%E0%A6%93-%E0%A6%A5%E0%A6%BE%E0%A6%A8%E0%A6%BE%E0%A6%AF%E0%A6%BC-%E0%A6%A8%E0%A6%A4%E0%A7%81%E0%A6%A8-%E0%A6%93%E0%A6%B8%E0%A6%BF-%E0%A6%9A/ HTTP/1.1" 200 18442 "-" "Mozilla/5.0 (compatible; SemrushBot/7~bl; +http://www.semrush.com/bot.html)"
74.7.243.200 - - [14/Sep/2026:22:12:45 +0600] "GET /%e0%a6%a6%e0%a7%87%e0%a6%b6%e0%a7%87-%e0%a6%ab%e0%a6%bf%e0%a6%b0%e0%a7%87-%e0%a6%ac%e0%a6%bf%e0%a6%ae%e0%a6%be%e0%a6%a8%e0%a6%ac%e0%a6%a8%e0%a7%8d%e0%a6%a6%e0%a6%b0%e0%a7%87-%e0%a6%af%e0%a6%be/feed/ HTTP/1.1" 429 0 "http://bangladaily.online/%e0%a6%a6%e0%a7%87%e0%a6%b6%e0%a7%87-%e0%a6%ab%e0%a6%bf%e0%a6%b0%e0%a7%87-%e0%a6%ac%e0%a6%bf%e0%a6%ae%e0%a6%be%e0%a6%a8%e0%a6%ac%e0%a6%a8%e0%a7%8d%e0%a6%a6%e0%a6%b0%e0%a7%87-%e0%a6%af%e0%a6%be/" "Mozilla/5.0 AppleWebKit/537.36 (KHTML, like Gecko; compatible; GPTBot/1.4; +https://openai.com/gptbot)"
74.7.243.200 - - [14/Sep/2026:22:13:01 +0600] "GET /%e0%a6%89%e0%a6%a4%e0%a7%8d%e0%a6%a4%e0%a6%b0-%e0%a6%95%e0%a7%8b%e0%a6%b0%e0%a6%bf%e0%a6%af%e0%a6%bc%e0%a6%be%e0%a6%b0-%e0%a6%ac%e0%a6%bf%e0%a6%aa%e0%a6%95%e0%a7%8d%e0%a6%b7%e0%a7%87-%e0%a7%a7/feed/ HTTP/1.1" 429 0 "http://bangladaily.online/%e0%a6%89%e0%a6%a4%e0%a7%8d%e0%a6%a4%e0%a6%b0-%e0%a6%95%e0%a7%8b%e0%a6%b0%e0%a6%bf%e0%a6%af%e0%a6%bc%e0%a6%be%e0%a6%b0-%e0%a6%ac%e0%a6%bf%e0%a6%aa%e0%a6%95%e0%a7%8d%e0%a6%b7%e0%a7%87-%e0%a7%a7/" "Mozilla/5.0 AppleWebKit/537.36 (KHTML, like Gecko; compatible; GPTBot/1.4; +https://openai.com/gptbot)"
